This is the mail archive of the
gcc-testresults@gcc.gnu.org
mailing list for the GCC project.
Results for 4.7.0 20110615 (experimental) [trunk revision 175083] (GCC) testsuite on hppa64-hp-hpux11.11
- From: John David Anglin <dave at hiauly3 dot hia dot nrc dot ca>
- To: dave at hiauly3 dot hia dot nrc dot ca, gcc-testresults at gcc dot gnu dot org
- Date: Thu, 16 Jun 2011 19:35:22 -0400 (EDT)
- Subject: Results for 4.7.0 20110615 (experimental) [trunk revision 175083] (GCC) testsuite on hppa64-hp-hpux11.11
Native configuration is hppa64-hp-hpux11.11
=== g++ tests ===
Running target unix
FAIL: g++.dg/cpp0x/lambda/lambda-eh2.C execution test
WARNING: program timed out.
FAIL: g++.old-deja/g++.jason/rfg10.C (test for errors, line 11)
FAIL: g++.old-deja/g++.jason/rfg10.C (test for excess errors)
=== g++ Summary ===
# of expected passes 25254
# of unexpected failures 3
# of expected failures 158
# of unsupported tests 594
/test/gnu/gcc/objdir/gcc/testsuite/g++/../../g++ version 4.7.0 20110615 (experimental) [trunk revision 175083] (GCC)
=== gcc tests ===
Running target unix
WARNING: program timed out.
FAIL: gcc.c-torture/compile/limits-fndefn.c -O3 -g (test for excess errors)
XPASS: gcc.dg/inline_1.c (test for excess errors)
XPASS: gcc.dg/inline_2.c (test for excess errors)
FAIL: gcc.dg/memcpy-3.c scan-tree-dump-not optimized "memcpy"
FAIL: gcc.dg/memcpy-3.c scan-tree-dump-times optimized "MEM" 1
XPASS: gcc.dg/unroll_1.c (test for excess errors)
WARNING: program timed out.
FAIL: gcc.dg/lto/20090116 c_lto_20090116_0.o-c_lto_20090116_0.o link, -O1 -flto -flto-partition=1to1 -fPIC (internal compiler error)
UNRESOLVED: gcc.dg/lto/20090116 c_lto_20090116_0.o-c_lto_20090116_0.o execute -O1 -flto -flto-partition=1to1 -fPIC
XPASS: gcc.dg/tree-ssa/20030807-7.c scan-tree-dump-times vrp1 "if " 1
FAIL: gcc.dg/tree-ssa/vrp47.c scan-tree-dump-times dom1 "x[^ ]* & y" 1
=== gcc Summary ===
# of expected passes 67311
# of unexpected failures 5
# of unexpected successes 4
# of expected failures 112
# of unresolved testcases 1
# of unsupported tests 1260
/test/gnu/gcc/objdir/gcc/xgcc version 4.7.0 20110615 (experimental) [trunk revision 175083] (GCC)
=== gfortran tests ===
Running target unix
=== gfortran Summary ===
# of expected passes 37893
# of expected failures 41
# of unsupported tests 363
/test/gnu/gcc/objdir/gcc/testsuite/gfortran/../../gfortran version 4.7.0 20110615 (experimental) [trunk revision 175083] (GCC)
=== obj-c++ tests ===
Running target unix
FAIL: obj-c++.dg/invalid-type-1.mm -fgnu-runtime (test for errors, line 21)
FAIL: obj-c++.dg/invalid-type-1.mm -fgnu-runtime (test for errors, line 24)
FAIL: obj-c++.dg/invalid-type-1.mm -fgnu-runtime (test for excess errors)
=== obj-c++ Summary ===
# of expected passes 1435
# of unexpected failures 3
# of expected failures 10
# of unsupported tests 86
/test/gnu/gcc/objdir/gcc/testsuite/obj-c++/../../g++ version 4.7.0 20110615 (experimental) [trunk revision 175083] (GCC)
=== objc tests ===
Running target unix
XPASS: objc.dg/torture/forward-1.m -O0 -fgnu-runtime execution test
XPASS: objc.dg/torture/forward-1.m -O1 -fgnu-runtime execution test
XPASS: objc.dg/torture/forward-1.m -O2 -fgnu-runtime execution test
XPASS: objc.dg/torture/forward-1.m -O3 -fomit-frame-pointer -fgnu-runtime execution test
XPASS: objc.dg/torture/forward-1.m -O3 -fomit-frame-pointer -funroll-loops -fgnu-runtime execution test
XPASS: objc.dg/torture/forward-1.m -O3 -fomit-frame-pointer -funroll-all-loops -finline-functions -fgnu-runtime execution test
XPASS: objc.dg/torture/forward-1.m -O3 -g -fgnu-runtime execution test
XPASS: objc.dg/torture/forward-1.m -Os -fgnu-runtime execution test
XPASS: objc.dg/torture/forward-1.m -O2 -flto -flto-partition=none -fgnu-runtime execution test
XPASS: objc.dg/torture/forward-1.m -O2 -flto -fgnu-runtime execution test
=== objc Summary ===
# of expected passes 2968
# of unexpected successes 10
# of unsupported tests 75
/test/gnu/gcc/objdir/gcc/xgcc version 4.7.0 20110615 (experimental) [trunk revision 175083] (GCC)
=== libgomp tests ===
Running target unix
=== libgomp Summary ===
# of expected passes 2572
# of unsupported tests 10
=== libstdc++ tests ===
Running target unix
=== libstdc++ Summary ===
# of expected passes 7032
# of expected failures 45
# of unsupported tests 781
Compiler version: 4.7.0 20110615 (experimental) [trunk revision 175083] (GCC)
Platform: hppa64-hp-hpux11.11
configure flags:Test Run By dave on Thu Jun 16 07:43:26 2011