This is the mail archive of the
gcc-testresults@gcc.gnu.org
mailing list for the GCC project.
Results for 4.4.6 (GCC) testsuite on powerpc-apple-darwin8.11.0
- From: David Fang <fang at hal-00 dot csl dot cornell dot edu>
- To: gcc-testresults at gcc dot gnu dot org
- Date: Wed, 8 Jun 2011 00:59:14 -0400
- Subject: Results for 4.4.6 (GCC) testsuite on powerpc-apple-darwin8.11.0
dual G4 (powerpc 7410) 533 MHz, 1.5G RAM
Mac OS X 10.4.11, apple-gcc-5370 (Xcode 2.5)
Using Fink packaging 4.4.6-1000 by Jack Howarth
previous report (4.4.4): http://gcc.gnu.org/ml/gcc-testresults/2011-06/msg00887.html
LAST_UPDATED: Obtained from SVN: tags/gcc_4_4_6_release revision 172579
Native configuration is powerpc-apple-darwin8.11.0
=== g++ tests ===
Running target unix
FAIL: g++.dg/debug/dwarf2/global-used-types-1.C scan-assembler-times DIE \\(0x.*?\\) DW_TAG_enumeration_type 1
FAIL: g++.dg/debug/dwarf2/global-used-types-1.C scan-assembler-times DIE \\(0x.*?\\) DW_TAG_enumerator 2
FAIL: g++.dg/debug/dwarf2/global-used-types-1.C scan-assembler-times ascii "a.0"[ ]+.*?DW_AT_name 1
FAIL: g++.dg/debug/dwarf2/global-used-types-1.C scan-assembler-times ascii "b.0"[ ]+.*?DW_AT_name 1
FAIL: g++.dg/debug/dwarf2/imported-module-2.C scan-assembler DW_TAG_imported_module
FAIL: g++.dg/debug/dwarf2/imported-module-3.C scan-assembler DW_TAG_imported_module
FAIL: g++.dg/debug/dwarf2/imported-module-4.C scan-assembler DW_TAG_imported_module
FAIL: g++.dg/debug/dwarf2/nested-1.C scan-assembler DW_TAG_typedef
FAIL: g++.dg/debug/dwarf2/pubnames-1.C scan-assembler-times .section[ ][^
FAIL: g++.dg/debug/dwarf2/pubnames-1.C scan-assembler-times "main.0"[^
FAIL: g++.dg/debug/dwarf2/pubnames-1.C scan-assembler-times "ns::ns_x[^
FAIL: g++.dg/debug/dwarf2/pubnames-1.C scan-assembler-times "y::y_x[^
FAIL: g++.dg/debug/dwarf2/static-local-var-in-ctor.C scan-assembler DW_OP_addr[^\\n\\r]*[\\n\\r]*[^\\n\\r]*staticvar1
FAIL: g++.dg/debug/dwarf2/static-local-var-in-ctor.C scan-assembler DW_OP_addr[^\\n\\r]*[\\n\\r]*[^\\n\\r]*staticvar2
FAIL: g++.dg/debug/dwarf2/typedef1.C scan-assembler-times DW_TAG_structure_type 2
FAIL: g++.dg/debug/dwarf2/typedef1.C scan-assembler-times DW_AT_name: "foo<1u>"|"foo<1u>.."[^
FAIL: g++.dg/debug/dwarf2/typedef1.C scan-assembler-times DW_TAG_enumeration_type 2
FAIL: g++.dg/debug/dwarf2/typedef1.C scan-assembler-times DW_AT_name: "typedef foo<1u>::type type"|"typedef foo<1u>::type type.."[^
FAIL: g++.dg/debug/dwarf2/typedef1.C scan-assembler-times DIE \\([^
FAIL: g++.dg/debug/dwarf2/typedef1.C scan-assembler-times "e0.."[^
FAIL: g++.dg/debug/dwarf2/typedef1.C scan-assembler-times "e1.."[^
FAIL: g++.dg/ext/alignof2.C execution test
FAIL: g++.dg/other/unused1.C scan-assembler (string|ascii?)z?[\\t ]"printer("|\\\\\\\\0)
FAIL: g++.dg/pch/pch.C -g assembly comparison
FAIL: g++.dg/pch/pch.C -O2 -g assembly comparison
=== g++ Summary ===
# of expected passes 19578
# of unexpected failures 25
# of expected failures 159
# of unsupported tests 181
/Volumes/Mercedes2/sw/src/fink.build/gcc44-4.4.6-1000/darwin_objdir/gcc/testsuite/g++/../../g++ version 4.4.6 (GCC)
=== gcc tests ===
Running target unix
FAIL: gcc.dg/debug/dwarf2/global-used-types.c scan-assembler-times DIE \\(0x.*?\\) DW_TAG_enumeration_type 1
FAIL: gcc.dg/debug/dwarf2/global-used-types.c scan-assembler-times DIE \\(0x.*?\\) DW_TAG_enumerator 2
FAIL: gcc.dg/debug/dwarf2/global-used-types.c scan-assembler-times ascii "a.0"[ ]+.*?DW_AT_name 1
FAIL: gcc.dg/debug/dwarf2/global-used-types.c scan-assembler-times ascii "b.0"[ ]+.*?DW_AT_name 1
FAIL: gcc.dg/debug/dwarf2/inline2.c scan-assembler-times \\(DIE \\([^
FAIL: gcc.dg/debug/dwarf2/inline2.c scan-assembler-times \\(DIE \\([^
FAIL: gcc.dg/debug/dwarf2/inline2.c scan-assembler-times (?:byte|data1)[^
FAIL: gcc.dg/debug/dwarf2/pr37726.c scan-assembler-times "parm[^
FAIL: gcc.dg/debug/dwarf2/pr37726.c scan-assembler-times "var[^
FAIL: gcc.dg/darwin-weakimport-1.c scan-assembler-not weak_[a-z \\t]*_b
FAIL: gcc.dg/darwin-weakimport-3.c scan-assembler-not coalesced
FAIL: gcc.dg/ssp-1.c (test for excess errors)
FAIL: gcc.dg/pch/save-temps-1.c -O0 -g assembly comparison
FAIL: gcc.dg/pch/save-temps-1.c -O3 -g assembly comparison
FAIL: gcc.dg/tree-ssa/pr42585.c scan-tree-dump-times optimized "struct _fat_ptr _ans" 0
FAIL: gcc.dg/tree-ssa/pr42585.c scan-tree-dump-times optimized "struct _fat_ptr _T2" 0
FAIL: gcc.dg/vect/section-anchors-pr27770.c (test for excess errors)
FAIL: gcc.dg/vect/section-anchors-vect-69.c (test for excess errors)
FAIL: gcc.dg/vect/section-anchors-vect-69.c scan-tree-dump-times vect "Alignment of access forced using peeling" 4
FAIL: gcc.target/powerpc/ppc64-double-1.c scan-assembler-not stfd
=== gcc Summary ===
# of expected passes 53690
# of unexpected failures 20
# of expected failures 190
# of unsupported tests 657
/Volumes/Mercedes2/sw/src/fink.build/gcc44-4.4.6-1000/darwin_objdir/gcc/xgcc version 4.4.6 (GCC)
=== gfortran tests ===
Running target unix
FAIL: gfortran.dg/large_real_kind_3.F90 -O0 execution test
=== gfortran Summary ===
# of expected passes 30208
# of unexpected failures 1
# of expected failures 41
# of unsupported tests 150
/Volumes/Mercedes2/sw/src/fink.build/gcc44-4.4.6-1000/darwin_objdir/gcc/testsuite/gfortran/../../gfortran version 4.4.6 (GCC)
=== obj-c++ tests ===
Running target unix
XPASS: obj-c++.dg/comp-types-10.mm (test for excess errors)
XPASS: obj-c++.dg/cxx-ivars-2.mm execution test
XPASS: obj-c++.dg/encode-8.mm execution test
XPASS: obj-c++.dg/isa-field-1.mm (test for excess errors)
XPASS: obj-c++.dg/lookup-2.mm (test for excess errors)
ERROR: obj-c++.dg/stubify-2.mm: error executing dg-final: couldn't open "stubify-2.mm.08.jump": no such file or directory
UNRESOLVED: obj-c++.dg/stubify-2.mm: error executing dg-final: couldn't open "stubify-2.mm.08.jump": no such file or directory
XPASS: obj-c++.dg/try-catch-2.mm (test for excess errors)
XPASS: obj-c++.dg/try-catch-9.mm (test for excess errors)
=== obj-c++ Summary ===
# of expected passes 469
# of unexpected successes 7
# of expected failures 3
# of unresolved testcases 1
/Volumes/Mercedes2/sw/src/fink.build/gcc44-4.4.6-1000/darwin_objdir/gcc/testsuite/obj-c++/../../g++ version 4.4.6 (GCC)
=== objc tests ===
Running target unix
FAIL: objc/execute/exceptions/handler-1.m compilation, -O0 -fnext-runtime
UNRESOLVED: objc/execute/exceptions/handler-1.m execution, -O0 -fnext-runtime
FAIL: objc/execute/exceptions/handler-1.m compilation, -O1 -fnext-runtime
UNRESOLVED: objc/execute/exceptions/handler-1.m execution, -O1 -fnext-runtime
FAIL: objc/execute/exceptions/handler-1.m compilation, -O2 -fnext-runtime
UNRESOLVED: objc/execute/exceptions/handler-1.m execution, -O2 -fnext-runtime
FAIL: objc/execute/exceptions/handler-1.m compilation, -O3 -fomit-frame-pointer -fnext-runtime
UNRESOLVED: objc/execute/exceptions/handler-1.m execution, -O3 -fomit-frame-pointer -fnext-runtime
FAIL: objc/execute/exceptions/handler-1.m compilation, -O3 -g -fnext-runtime
UNRESOLVED: objc/execute/exceptions/handler-1.m execution, -O3 -g -fnext-runtime
FAIL: objc/execute/exceptions/handler-1.m compilation, -Os -fnext-runtime
UNRESOLVED: objc/execute/exceptions/handler-1.m execution, -Os -fnext-runtime
FAIL: objc.dg-struct-layout-encoding-1/t001_main.m execution test
FAIL: objc.dg-struct-layout-encoding-1/t005_main.m execution test
FAIL: objc.dg-struct-layout-encoding-1/t009_main.m execution test
FAIL: objc.dg-struct-layout-encoding-1/t010_main.m execution test
FAIL: objc.dg-struct-layout-encoding-1/t013_main.m execution test
FAIL: objc.dg-struct-layout-encoding-1/t014_main.m execution test
FAIL: objc.dg-struct-layout-encoding-1/t016_main.m execution test
FAIL: objc.dg-struct-layout-encoding-1/t017_main.m execution test
FAIL: objc.dg-struct-layout-encoding-1/t018_main.m execution test
FAIL: objc.dg-struct-layout-encoding-1/t019_main.m execution test
FAIL: objc.dg-struct-layout-encoding-1/t020_main.m execution test
FAIL: objc.dg-struct-layout-encoding-1/t021_main.m execution test
FAIL: objc.dg-struct-layout-encoding-1/t023_main.m execution test
FAIL: objc.dg-struct-layout-encoding-1/t024_main.m execution test
=== objc Summary ===
# of expected passes 3121
# of unexpected failures 20
# of expected failures 25
# of unresolved testcases 6
# of unsupported tests 1
/Volumes/Mercedes2/sw/src/fink.build/gcc44-4.4.6-1000/darwin_objdir/gcc/xgcc version 4.4.6 (GCC)
=== libffi tests ===
Running target unix
=== libffi Summary ===
# of expected passes 1399
# of unsupported tests 10
=== libgomp tests ===
Running target unix
=== libgomp Summary ===
# of expected passes 2268
# of unsupported tests 128
=== libjava tests ===
Running target unix
WARNING: program timed out.
FAIL: Process_4 -findirect-dispatch execution - source compiled test
=== libjava Summary ===
# of expected passes 2572
# of unexpected failures 1
# of untested testcases 1
=== libstdc++ tests ===
Running target unix
FAIL: 26_numerics/headers/cmath/c99_classification_macros_c.cc (test for excess errors)
FAIL: 27_io/ios_base/storage/11584.cc execution test
=== libstdc++ Summary ===
# of expected passes 5635
# of unexpected failures 2
# of expected failures 75
# of unsupported tests 454
=== libstdc++ Summary ===
Compiler version: 4.4.6 (GCC)
Platform: powerpc-apple-darwin8.11.0
configure flags: --prefix=/sw --prefix=/sw/lib/gcc4.4 --mandir=/sw/share/man --infodir=/sw/lib/gcc4.4/info --enable-languages=c,c++,fortran,objc,obj-c++,java --with-gmp=/sw --with-libiconv-prefix=/sw --without-ppl --without-cloog --with-mpc=/sw --with-system-zlib --x-includes=/usr/X11R6/include --x-libraries=/usr/X11R6/lib --program-suffix=-fsf-4.4 --disable-libjava-multilib