This is the mail archive of the
gcc-testresults@gcc.gnu.org
mailing list for the GCC project.
Results for 4.6.1 20110603 (prerelease) (GCC) testsuite on alphaev6-unknown-linux-gnu
- From: Mikael Pettersson <mikpe at it dot uu dot se>
- To: gcc-testresults at gcc dot gnu dot org
- Date: Mon, 6 Jun 2011 22:57:40 +0200
- Subject: Results for 4.6.1 20110603 (prerelease) (GCC) testsuite on alphaev6-unknown-linux-gnu
LAST_UPDATED: Obtained from SVN: branches/gcc-4_6-branch revision 174624
Native configuration is alphaev6-unknown-linux-gnu
=== libgomp tests ===
Running target unix
=== libgomp Summary ===
# of expected passes 1061
# of unsupported tests 1
=== libstdc++ tests ===
Running target unix
FAIL: libstdc++-abi/abi_check
FAIL: 26_numerics/complex/13450.cc execution test
=== libstdc++ Summary ===
# of expected passes 8057
# of unexpected failures 2
# of expected failures 82
# of unsupported tests 127
=== g++ tests ===
Running target unix
FAIL: g++.dg/compat/eh/unexpected1 cp_compat_x_tst.o-cp_compat_y_tst.o execute
FAIL: g++.dg/cpp0x/lambda/lambda-eh2.C execution test
FAIL: g++.dg/eh/unexpected1.C execution test
FAIL: g++.old-deja/g++.eh/spec2.C execution test
FAIL: g++.old-deja/g++.eh/spec3.C execution test
FAIL: g++.old-deja/g++.mike/eh33.C execution test
FAIL: g++.old-deja/g++.mike/eh50.C execution test
FAIL: g++.old-deja/g++.mike/eh51.C execution test
=== g++ Summary ===
# of expected passes 25627
# of unexpected failures 8
# of expected failures 162
# of unsupported tests 386
/home/mikpe/objdir46/gcc/testsuite/g++/../../g++ version 4.6.1 20110603 (prerelease) (GCC)
=== gcc tests ===
Running target unix
FAIL: gcc.c-torture/compile/limits-exprparen.c -O0 (internal compiler error)
FAIL: gcc.c-torture/compile/limits-exprparen.c -O0 (test for excess errors)
FAIL: gcc.c-torture/compile/limits-exprparen.c -O1 (internal compiler error)
FAIL: gcc.c-torture/compile/limits-exprparen.c -O1 (test for excess errors)
FAIL: gcc.c-torture/compile/limits-exprparen.c -O2 (internal compiler error)
FAIL: gcc.c-torture/compile/limits-exprparen.c -O2 (test for excess errors)
FAIL: gcc.c-torture/compile/limits-exprparen.c -O3 -fomit-frame-pointer (internal compiler error)
FAIL: gcc.c-torture/compile/limits-exprparen.c -O3 -fomit-frame-pointer (test for excess errors)
FAIL: gcc.c-torture/compile/limits-exprparen.c -O3 -g (internal compiler error)
FAIL: gcc.c-torture/compile/limits-exprparen.c -O3 -g (test for excess errors)
FAIL: gcc.c-torture/compile/limits-exprparen.c -Os (internal compiler error)
FAIL: gcc.c-torture/compile/limits-exprparen.c -Os (test for excess errors)
FAIL: gcc.dg/cproj-fails-with-broken-glibc.c execution test
FAIL: gcc.dg/ipa/pr48195.c (test for excess errors)
=== gcc Summary ===
# of expected passes 58263
# of unexpected failures 14
# of expected failures 132
# of unsupported tests 859
/home/mikpe/objdir46/gcc/xgcc version 4.6.1 20110603 (prerelease) (GCC)
Compiler version: 4.6.1 20110603 (prerelease) (GCC)
Platform: alphaev6-unknown-linux-gnu
configure flags: --prefix=/home/mikpe/install46 --with-gmp=/home/mikpe/pkgs/linux-alpha/gmp-4.3.2 --with-mpfr=/home/mikpe/pkgs/linux-alpha/mpfr-2.4.2 --with-mpc=/home/mikpe/pkgs/linux-alpha/mpc-0.8.2 --disable-plugin --disable-lto --disable-nls --enable-threads=posix --enable-checking=release --disable-libmudflap --enable-languages=c,c++ --with-long-double-128 --with-cpu=ev6
BOOT_CFLAGS=-g -O2