This is the mail archive of the gcc-testresults@gcc.gnu.org mailing list for the GCC project.


Index Nav: [Date Index] [Subject Index] [Author Index] [Thread Index]
Message Nav: [Date Prev] [Date Next] [Thread Prev] [Thread Next]
Other format: [Raw text]

Results for 4.4.6 (GCC) testsuite on sparc-sun-solaris2.7


Built with:
Sun as (107058-02)
Sun ld (106950-24)
gmp 5.0.1
mpfr 3.0.1p4

CONFIG_SHELL=/bin/ksh

Bootstrap compiler:
Using built-in specs.
Target: sparc-sun-solaris2.7
Configured with: ../gcc-4.3.5/configure --prefix=/usr/tgcware/gcc-4.3.5 --with-local-prefix=/usr/tgcware/gcc-4.3.5 --with-gmp=/usr/tgcware --with-mpfr=/usr/tgcware --disable-nls --enable-shared --with-cpu=v7 --without-gnu-ld --with-ld=/usr/ccs/bin/ld --without-gnu-as --with-as=/usr/ccs/bin/as --enable-languages=c,ada,c++,fortran,objc,obj-c++,java --with-java-awt=xlib
Thread model: posix
gcc version 4.3.5 (GCC) 

LAST_UPDATED: Obtained from SVN: tags/gcc_4_4_6_release revision 172579

		=== acats tests ===

		=== acats Summary ===
# of expected passes		2315
# of unexpected failures	0
Native configuration is sparc-sun-solaris2.7

		=== g++ tests ===


Running target unix

		=== g++ Summary for unix ===

# of expected passes		19371
# of expected failures		161
# of unsupported tests		266

Running target unix/-m64

		=== g++ Summary for unix/-m64 ===

# of expected passes		19338
# of expected failures		161
# of unsupported tests		267

		=== g++ Summary ===

# of expected passes		38709
# of expected failures		322
# of unsupported tests		533
/export/home/tgc/buildpkg/gcc44/src/all_native/gcc/testsuite/g++/../../g++  version 4.4.6 (GCC) 

		=== gcc tests ===


Running target unix
FAIL: gcc.c-torture/compile/pr38789.c  -O0  (test for excess errors)
FAIL: gcc.c-torture/compile/pr38789.c  -O1  (test for excess errors)
FAIL: gcc.c-torture/compile/pr38789.c  -O2  (test for excess errors)
FAIL: gcc.c-torture/compile/pr38789.c  -O3 -fomit-frame-pointer  (test for excess errors)
FAIL: gcc.c-torture/compile/pr38789.c  -O3 -g  (test for excess errors)
FAIL: gcc.c-torture/compile/pr38789.c  -Os  (test for excess errors)
WARNING: program timed out.
FAIL: gcc.dg/pr28796-2.c execution test
FAIL: gcc.dg/vect/vect-35.c scan-tree-dump-times vect "vectorized 1 loops" 1

		=== gcc Summary for unix ===

# of expected passes		51528
# of unexpected failures	8
# of expected failures		223
# of unsupported tests		784

Running target unix/-m64
FAIL: gcc.c-torture/compile/pr38789.c  -O0  (test for excess errors)
FAIL: gcc.c-torture/compile/pr38789.c  -O1  (test for excess errors)
FAIL: gcc.c-torture/compile/pr38789.c  -O2  (test for excess errors)
FAIL: gcc.c-torture/compile/pr38789.c  -O3 -fomit-frame-pointer  (test for excess errors)
FAIL: gcc.c-torture/compile/pr38789.c  -O3 -g  (test for excess errors)
FAIL: gcc.c-torture/compile/pr38789.c  -Os  (test for excess errors)
WARNING: program timed out.
FAIL: gcc.dg/pr28796-2.c execution test

		=== gcc Summary for unix/-m64 ===

# of expected passes		51520
# of unexpected failures	7
# of expected failures		218
# of unsupported tests		791

		=== gcc Summary ===

# of expected passes		103048
# of unexpected failures	15
# of expected failures		441
# of unsupported tests		1575
/export/home/tgc/buildpkg/gcc44/src/all_native/gcc/xgcc  version 4.4.6 (GCC) 

		=== gfortran tests ===


Running target unix

		=== gfortran Summary for unix ===

# of expected passes		29933
# of expected failures		11
# of unsupported tests		298

Running target unix/-m64

		=== gfortran Summary for unix/-m64 ===

# of expected passes		30082
# of expected failures		11
# of unsupported tests		225

		=== gfortran Summary ===

# of expected passes		60015
# of expected failures		22
# of unsupported tests		523
/export/home/tgc/buildpkg/gcc44/src/all_native/gcc/testsuite/gfortran/../../gfortran  version 4.4.6 (GCC) 

		=== gnat tests ===


Running target unix

		=== gnat Summary for unix ===

# of expected passes		618
# of expected failures		6
# of unsupported tests		1

Running target unix/-m64

		=== gnat Summary for unix/-m64 ===

# of expected passes		618
# of expected failures		6
# of unsupported tests		1

		=== gnat Summary ===

# of expected passes		1236
# of expected failures		12
# of unsupported tests		2
		=== obj-c++ tests ===


Running target unix
XPASS: obj-c++.dg/comp-types-10.mm (test for excess errors)
WARNING: obj-c++.dg/lookup-2.mm compilation failed to produce executable
WARNING: obj-c++.dg/try-catch-2.mm compilation failed to produce executable
WARNING: obj-c++.dg/try-catch-9.mm compilation failed to produce executable

		=== obj-c++ Summary for unix ===

# of expected passes		436
# of unexpected successes	1
# of expected failures		9
# of unsupported tests		13

Running target unix/-m64
XPASS: obj-c++.dg/comp-types-10.mm (test for excess errors)
WARNING: obj-c++.dg/lookup-2.mm compilation failed to produce executable
WARNING: obj-c++.dg/try-catch-2.mm compilation failed to produce executable
WARNING: obj-c++.dg/try-catch-9.mm compilation failed to produce executable

		=== obj-c++ Summary for unix/-m64 ===

# of expected passes		425
# of unexpected successes	1
# of expected failures		20
# of unsupported tests		13

		=== obj-c++ Summary ===

# of expected passes		861
# of unexpected successes	2
# of expected failures		29
# of unsupported tests		26
/export/home/tgc/buildpkg/gcc44/src/all_native/gcc/testsuite/obj-c++/../../g++  version 4.4.6 (GCC) 

		=== objc tests ===


Running target unix

		=== objc Summary for unix ===

# of expected passes		1866
# of expected failures		15
# of unsupported tests		24

Running target unix/-m64

		=== objc Summary for unix/-m64 ===

# of expected passes		1866
# of expected failures		15
# of unsupported tests		24

		=== objc Summary ===

# of expected passes		3732
# of expected failures		30
# of unsupported tests		48
/export/home/tgc/buildpkg/gcc44/src/all_native/gcc/xgcc  version 4.4.6 (GCC) 

		=== libffi tests ===


Running target unix

		=== libffi Summary for unix ===

# of expected passes		1399
# of unsupported tests		10

Running target unix/-m64

		=== libffi Summary for unix/-m64 ===

# of expected passes		1399
# of unsupported tests		10

		=== libffi Summary ===

# of expected passes		2798
# of unsupported tests		20
		=== libgomp tests ===


Running target unix
WARNING: program timed out.
FAIL: libgomp.c/appendix-a/a.18.1.c execution test
WARNING: program timed out.
FAIL: libgomp.fortran/appendix-a/a.18.1.f90  -O0  execution test
WARNING: program timed out.
FAIL: libgomp.fortran/appendix-a/a.18.1.f90  -O1  execution test
WARNING: program timed out.
FAIL: libgomp.fortran/appendix-a/a.18.1.f90  -O2  execution test
WARNING: program timed out.
FAIL: libgomp.fortran/appendix-a/a.18.1.f90  -O3 -fomit-frame-pointer  execution test
WARNING: program timed out.
FAIL: libgomp.fortran/appendix-a/a.18.1.f90  -O3 -fomit-frame-pointer -funroll-loops  execution test
WARNING: program timed out.
FAIL: libgomp.fortran/appendix-a/a.18.1.f90  -O3 -fomit-frame-pointer -funroll-all-loops -finline-functions  execution test
WARNING: program timed out.
FAIL: libgomp.fortran/appendix-a/a.18.1.f90  -O3 -g  execution test
WARNING: program timed out.
FAIL: libgomp.fortran/appendix-a/a.18.1.f90  -Os  execution test

		=== libgomp Summary for unix ===

# of expected passes		2497
# of unexpected failures	9
# of unsupported tests		9

Running target unix/-m64
WARNING: program timed out.
FAIL: libgomp.c/appendix-a/a.18.1.c execution test
WARNING: program timed out.
FAIL: libgomp.fortran/appendix-a/a.18.1.f90  -O0  execution test
WARNING: program timed out.
FAIL: libgomp.fortran/appendix-a/a.18.1.f90  -O1  execution test
WARNING: program timed out.
FAIL: libgomp.fortran/appendix-a/a.18.1.f90  -O2  execution test
WARNING: program timed out.
FAIL: libgomp.fortran/appendix-a/a.18.1.f90  -O3 -fomit-frame-pointer  execution test
WARNING: program timed out.
FAIL: libgomp.fortran/appendix-a/a.18.1.f90  -O3 -fomit-frame-pointer -funroll-loops  execution test
WARNING: program timed out.
FAIL: libgomp.fortran/appendix-a/a.18.1.f90  -O3 -fomit-frame-pointer -funroll-all-loops -finline-functions  execution test
WARNING: program timed out.
FAIL: libgomp.fortran/appendix-a/a.18.1.f90  -O3 -g  execution test
WARNING: program timed out.
FAIL: libgomp.fortran/appendix-a/a.18.1.f90  -Os  execution test

		=== libgomp Summary for unix/-m64 ===

# of expected passes		2497
# of unexpected failures	9
# of unsupported tests		9

		=== libgomp Summary ===

# of expected passes		4994
# of unexpected failures	18
# of unsupported tests		18
		=== libjava tests ===


Running target unix
WARNING: program timed out.
FAIL: getallthreads run
FAIL: InvokeInterface execution - source compiled test
FAIL: InvokeInterface -O3 execution - source compiled test
WARNING: program timed out.
FAIL: PR18699 execution - source compiled test
WARNING: program timed out.
FAIL: PR27908 execution - source compiled test
WARNING: program timed out.
FAIL: PR27908 -findirect-dispatch execution - source compiled test
WARNING: program timed out.
FAIL: PR27908 -O3 execution - source compiled test
WARNING: program timed out.
FAIL: PR27908 -O3 -findirect-dispatch execution - source compiled test
FAIL: StackTrace2 -O3 -findirect-dispatch execution - source compiled test

		=== libjava Summary for unix ===

# of expected passes		2557
# of unexpected failures	9
# of untested testcases		9

Running target unix/-m64
FAIL: PR16923 run
WARNING: program timed out.
FAIL: getallthreads run
FAIL: InvokeInterface execution - source compiled test
FAIL: InvokeInterface -O3 execution - source compiled test
WARNING: program timed out.
FAIL: PR27908 execution - source compiled test
WARNING: program timed out.
FAIL: PR27908 -findirect-dispatch execution - source compiled test
WARNING: program timed out.
FAIL: PR27908 -O3 execution - source compiled test
WARNING: program timed out.
FAIL: PR27908 -O3 -findirect-dispatch execution - source compiled test
FAIL: StackTrace2 -findirect-dispatch execution - source compiled test

		=== libjava Summary for unix/-m64 ===

# of expected passes		2558
# of unexpected failures	9
# of untested testcases		9

		=== libjava Summary ===

# of expected passes		5115
# of unexpected failures	18
# of untested testcases		18
		=== libstdc++ tests ===


Running target unix
FAIL: 27_io/basic_istream/extractors_arithmetic/char/12.cc execution test
FAIL: 27_io/basic_istream/extractors_arithmetic/wchar_t/12.cc execution test

		=== libstdc++ Summary for unix ===

# of expected passes		5453
# of unexpected failures	2
# of expected failures		71
# of unsupported tests		553

Running target unix/-m64
FAIL: 27_io/basic_istream/extractors_arithmetic/char/12.cc execution test
FAIL: 27_io/basic_istream/extractors_arithmetic/wchar_t/12.cc execution test

		=== libstdc++ Summary for unix/-m64 ===

# of expected passes		5462
# of unexpected failures	2
# of expected failures		71
# of unsupported tests		548

		=== libstdc++ Summary ===

# of expected passes		10915
# of unexpected failures	4
# of expected failures		142
# of unsupported tests		1101

Compiler version: 4.4.6 (GCC) 
Platform: sparc-sun-solaris2.7
configure flags: --prefix=/usr/tgcware/gcc4.4 --with-local-prefix=/usr/tgcware/gcc4.4 --with-gmp=/usr/tgcware --with-mpfr=/usr/tgcware --disable-nls --enable-shared --with-cpu=v7 --without-gnu-ld --with-ld=/usr/ccs/bin/ld --without-gnu-as --with-as=/usr/ccs/bin/as --enable-languages=c,ada,c++,fortran,objc,obj-c++,java --with-java-awt=xlib


Index Nav: [Date Index] [Subject Index] [Author Index] [Thread Index]
Message Nav: [Date Prev] [Date Next] [Thread Prev] [Thread Next]