This is the mail archive of the gcc-testresults@gcc.gnu.org mailing list for the GCC project.


Index Nav: [Date Index] [Subject Index] [Author Index] [Thread Index]
Message Nav: [Date Prev] [Date Next] [Thread Prev] [Thread Next]
Other format: [Raw text]

Results for 4.7.0 20110531 (experimental) (GCC) testsuite on powerpc-apple-darwin9.8.0


This build run by an automatic regression tester.
See <http://gcc.gnu.org/regtest/HEAD/> for more information.

Date: 2011-05-31T16:46:27Z
Revision: 174497
URL: svn://gcc.gnu.org/svn/gcc/trunk
Status: regress-16
Prev-Endtime: 2011-05-31T16:43:21Z

Native configuration is powerpc-apple-darwin9.8.0

		=== g++ tests ===


Running target unix
FAIL: g++.dg/debug/dwarf2/cdtor-1.C scan-assembler-times [^\\n\\r]*DW_AT_MIPS_linkage_name: 2
FAIL: g++.dg/cpp0x/lambda/lambda-eh2.C execution test
FAIL: g++.dg/eh/simd-3.C execution test
FAIL: g++.dg/eh/simd-4.C execution test
FAIL: g++.dg/ext/alignof2.C execution test
WARNING: g++.dg/ext/label13.C compilation failed to produce executable

		=== g++ Summary ===

# of expected passes		26810
# of unexpected failures	5
# of expected failures		157
# of unsupported tests		392
/Users/regress/tbox/native/build/gcc/testsuite/g++/../../g++  version 4.7.0 20110531 (experimental) (GCC) 

		=== gcc tests ===


Running target unix
FAIL: gcc.c-torture/compile/pr44707.c  -O1  (test for excess errors)
FAIL: gcc.c-torture/compile/pr44707.c  -O2  (test for excess errors)
FAIL: gcc.c-torture/compile/pr44707.c  -O3 -fomit-frame-pointer  (test for excess errors)
FAIL: gcc.c-torture/compile/pr44707.c  -O3 -g  (test for excess errors)
FAIL: gcc.c-torture/compile/pr44707.c  -Os  (test for excess errors)
FAIL: gcc.c-torture/compile/pr44707.c  -O2 -flto -flto-partition=none  (test for excess errors)
FAIL: gcc.c-torture/compile/pr44707.c  -O2 -flto  (test for excess errors)
FAIL: gcc.c-torture/execute/20040811-1.c compilation,  -O3 -g 
UNRESOLVED: gcc.c-torture/execute/20040811-1.c execution,  -O3 -g 
FAIL: gcc.c-torture/execute/pr22061-4.c compilation,  -O3 -g 
UNRESOLVED: gcc.c-torture/execute/pr22061-4.c execution,  -O3 -g 
FAIL: gcc.c-torture/execute/pr43220.c compilation,  -O3 -g 
UNRESOLVED: gcc.c-torture/execute/pr43220.c execution,  -O3 -g 
FAIL: gcc.c-torture/execute/vla-dealloc-1.c compilation,  -O3 -g 
UNRESOLVED: gcc.c-torture/execute/vla-dealloc-1.c execution,  -O3 -g 
FAIL: gcc.dg/20020103-1.c scan-assembler-not LC[0-9]
FAIL: gcc.dg/and-1.c scan-assembler-not nand
FAIL: gcc.dg/binop-xor1.c scan-tree-dump-times optimized "<bb[^>]*>" 5
FAIL: gcc.dg/binop-xor1.c scan-tree-dump-times optimized "\\^" 1
FAIL: gcc.dg/binop-xor3.c scan-tree-dump-times optimized "<bb[^>]*>" 1
FAIL: gcc.dg/binop-xor3.c scan-tree-dump-times optimized "\\^" 1
FAIL: gcc.dg/sms-2.c scan-rtl-dump-times sms "SMS succeeded" 1
FAIL: gcc.dg/sms-4.c scan-rtl-dump-times sms "SMS succeeded" 1
FAIL: gcc.dg/sms-5.c scan-rtl-dump-times sms "SMS succeeded" 1
FAIL: gcc.dg/sms-6.c scan-rtl-dump-times sms "SMS succeeded" 3
FAIL: gcc.dg/sms-7.c scan-rtl-dump-times sms "SMS succeeded" 3
FAIL: gcc.dg/sms-8.c scan-rtl-dump-times sms "SMS succeeded" 1
XPASS: gcc.dg/tree-ssa/20030807-7.c scan-tree-dump-times vrp1 "if " 1
FAIL: gcc.dg/tree-ssa/ssa-dom-thread-4.c scan-tree-dump-times dom1 "Threaded" 3
FAIL: gcc.dg/tree-ssa/vrp47.c scan-tree-dump-times vrp1 "[xy][^ ]* !=" 0
FAIL: gcc.dg/tree-ssa/vrp47.c scan-tree-dump-times dom1 "x[^ ]* & y" 1
FAIL: gcc.target/powerpc/405-dlmzb-strlen-1.c scan-assembler dlmzb\\\\. 
FAIL: gcc.target/powerpc/440-dlmzb-strlen-1.c scan-assembler dlmzb\\\\. 
FAIL: gcc.target/powerpc/ppc-vector-memcpy.c scan-assembler lvx

		=== gcc Summary ===

# of expected passes		73931
# of unexpected failures	29
# of unexpected successes	1
# of expected failures		205
# of unresolved testcases	4
# of unsupported tests		1185
/Users/regress/tbox/native/build/gcc/xgcc  version 4.7.0 20110531 (experimental) (GCC) 

		=== gfortran tests ===


Running target unix
FAIL: gfortran.dg/large_real_kind_3.F90  -O0  execution test

		=== gfortran Summary ===

# of expected passes		38590
# of unexpected failures	1
# of expected failures		73
# of unsupported tests		238
/Users/regress/tbox/native/build/gcc/testsuite/gfortran/../../gfortran  version 4.7.0 20110531 (experimental) (GCC) 

		=== objc tests ===


Running target unix

		=== objc Summary ===

# of expected passes		6017
# of expected failures		14
# of unsupported tests		85
/Users/regress/tbox/native/build/gcc/xgcc  version 4.7.0 20110531 (experimental) (GCC) 

		=== boehm-gc tests ===


Running target unix

		=== boehm-gc Summary ===

# of expected passes		12
# of unsupported tests		1
		=== libffi tests ===


Running target unix
FAIL: libffi.call/nested_struct5.c -O0 -W -Wall execution test
FAIL: libffi.call/nested_struct5.c -O2 execution test
FAIL: libffi.call/nested_struct5.c -O3 execution test
FAIL: libffi.call/nested_struct5.c -Os execution test
FAIL: libffi.call/nested_struct5.c -O2 -fomit-frame-pointer execution test

		=== libffi Summary ===

# of expected passes		1624
# of unexpected failures	5
# of expected failures		10
# of unsupported tests		15
		=== libgomp tests ===


Running target unix

		=== libgomp Summary ===

# of expected passes		2586
# of unsupported tests		3
		=== libjava tests ===


Running target unix
FAIL: Thread_Sleep_2 -findirect-dispatch output - source compiled test
FAIL: Thread_Sleep_2 -O3 -findirect-dispatch output - source compiled test

		=== libjava Summary ===

# of expected passes		2572
# of unexpected failures	2
		=== libstdc++ tests ===


Running target unix
FAIL: ext/mt_allocator/deallocate_global_thread-1.cc execution test
FAIL: ext/mt_allocator/deallocate_global_thread-3.cc execution test

		=== libstdc++ Summary ===

# of expected passes		7122
# of unexpected failures	2
# of expected failures		82
# of unsupported tests		692

		=== libstdc++ Summary ===


Compiler version: 4.7.0 20110531 (experimental) (GCC) 
Platform: powerpc-apple-darwin9.8.0
configure flags: --prefix=/Users/regress/tbox/objs --target=powerpc-apple-darwin9.8.0


Index Nav: [Date Index] [Subject Index] [Author Index] [Thread Index]
Message Nav: [Date Prev] [Date Next] [Thread Prev] [Thread Next]