This is the mail archive of the
gcc-testresults@gcc.gnu.org
mailing list for the GCC project.
Results for 4.6.1 20110527 (prerelease) [gcc-4_6-branch revision 174314] (GCC) testsuite on sparc-sun-solaris2.9
- From: Rainer Orth <ro at CeBiTec dot Uni-Bielefeld dot DE>
- To: gcc-testresults at gcc dot gnu dot org
- Date: Mon, 30 May 2011 10:35:06 +0200 (MEST)
- Subject: Results for 4.6.1 20110527 (prerelease) [gcc-4_6-branch revision 174314] (GCC) testsuite on sparc-sun-solaris2.9
LAST_UPDATED: Fri May 27 16:52:02 UTC 2011 (revision 174314)
=== acats tests ===
=== acats Summary ===
# of expected passes 2321
# of unexpected failures 0
Native configuration is sparc-sun-solaris2.9
=== g++ tests ===
Running target unix
FAIL: g++.dg/cpp0x/lambda/lambda-eh2.C execution test
=== g++ Summary for unix ===
# of expected passes 26397
# of unexpected failures 1
# of expected failures 165
# of unsupported tests 430
Running target unix/-m64
FAIL: g++.dg/cpp0x/lambda/lambda-eh2.C execution test
=== g++ Summary for unix/-m64 ===
# of expected passes 27009
# of unexpected failures 1
# of expected failures 165
# of unsupported tests 427
=== g++ Summary ===
# of expected passes 53406
# of unexpected failures 2
# of expected failures 330
# of unsupported tests 857
/var/gcc/regression/gcc-4.6-branch/9-gcc-gas/build/gcc/testsuite/g++/../../g++ version 4.6.1 20110527 (prerelease) [gcc-4_6-branch revision 174314] (GCC)
=== gcc tests ===
Running target unix
FAIL: gcc.dg/lto/20110201-1 c_lto_20110201-1_0.o-c_lto_20110201-1_0.o link, -O0 -flto
UNRESOLVED: gcc.dg/lto/20110201-1 c_lto_20110201-1_0.o-c_lto_20110201-1_0.o execute -O0 -flto
FAIL: gcc.dg/vect/pr48377.c execution test
=== gcc Summary for unix ===
# of expected passes 69685
# of unexpected failures 2
# of expected failures 237
# of unresolved testcases 1
# of unsupported tests 1193
Running target unix/-m64
FAIL: gcc.dg/vect/pr48377.c execution test
=== gcc Summary for unix/-m64 ===
# of expected passes 70268
# of unexpected failures 1
# of expected failures 228
# of unsupported tests 1202
=== gcc Summary ===
# of expected passes 139953
# of unexpected failures 3
# of expected failures 465
# of unresolved testcases 1
# of unsupported tests 2395
/var/gcc/regression/gcc-4.6-branch/9-gcc-gas/build/gcc/xgcc version 4.6.1 20110527 (prerelease) [gcc-4_6-branch revision 174314] (GCC)
=== gfortran tests ===
Running target unix
=== gfortran Summary for unix ===
# of expected passes 37948
# of expected failures 43
# of unsupported tests 402
Running target unix/-m64
=== gfortran Summary for unix/-m64 ===
# of expected passes 38227
# of expected failures 43
# of unsupported tests 265
=== gfortran Summary ===
# of expected passes 76175
# of expected failures 86
# of unsupported tests 667
/var/gcc/regression/gcc-4.6-branch/9-gcc-gas/build/gcc/testsuite/gfortran/../../gfortran version 4.6.1 20110527 (prerelease) [gcc-4_6-branch revision 174314] (GCC)
=== gnat tests ===
Running target unix
=== gnat Summary for unix ===
# of expected passes 868
# of expected failures 10
# of unsupported tests 4
Running target unix/-m64
=== gnat Summary for unix/-m64 ===
# of expected passes 868
# of expected failures 10
# of unsupported tests 4
=== gnat Summary ===
# of expected passes 1736
# of expected failures 20
# of unsupported tests 8
/var/gcc/regression/gcc-4.6-branch/9-gcc-gas/build/gcc/gnatmake version 4.6.1 20110527 (prerelease) [gcc-4_6-branch revision 174314]
=== objc tests ===
Running target unix
=== objc Summary for unix ===
# of expected passes 2868
# of expected failures 10
# of unsupported tests 98
Running target unix/-m64
=== objc Summary for unix/-m64 ===
# of expected passes 2868
# of expected failures 10
# of unsupported tests 98
=== objc Summary ===
# of expected passes 5736
# of expected failures 20
# of unsupported tests 196
/var/gcc/regression/gcc-4.6-branch/9-gcc-gas/build/gcc/xgcc version 4.6.1 20110527 (prerelease) [gcc-4_6-branch revision 174314] (GCC)
=== libffi tests ===
Running target unix
=== libffi Summary for unix ===
# of expected passes 1634
# of expected failures 10
# of unsupported tests 15
Running target unix/-m64
=== libffi Summary for unix/-m64 ===
# of expected passes 1634
# of expected failures 10
# of unsupported tests 15
=== libffi Summary ===
# of expected passes 3268
# of expected failures 20
# of unsupported tests 30
=== libgomp tests ===
Running target unix
=== libgomp Summary for unix ===
# of expected passes 2572
# of unsupported tests 10
Running target unix/-m64
=== libgomp Summary for unix/-m64 ===
# of expected passes 2572
# of unsupported tests 10
=== libgomp Summary ===
# of expected passes 5144
# of unsupported tests 20
=== libjava tests ===
Running target unix
=== libjava Summary for unix ===
# of expected passes 2574
Running target unix/-m64
=== libjava Summary for unix/-m64 ===
# of expected passes 2574
=== libjava Summary ===
# of expected passes 5148
=== libstdc++ tests ===
Running target unix
=== libstdc++ Summary for unix ===
# of expected passes 6871
# of expected failures 84
# of unsupported tests 742
Running target unix/-m64
=== libstdc++ Summary for unix/-m64 ===
# of expected passes 6871
# of expected failures 84
# of unsupported tests 742
=== libstdc++ Summary ===
# of expected passes 13742
# of expected failures 168
# of unsupported tests 1484
Compiler version: 4.6.1 20110527 (prerelease) [gcc-4_6-branch revision 174314] (GCC)
Platform: sparc-sun-solaris2.9
configure flags: --prefix=/vol/gcc --target=sparc-sun-solaris2.9 --with-as=/vol/gcc/bin/gas-2.21 --with-gnu-as --with-gmp=/vol/gcc --with-mpfr=/vol/gcc --with-mpc=/vol/gcc --enable-languages=all,ada --without-ppl --without-cloog
BOOT_CFLAGS=-g -O2