This is the mail archive of the
gcc-testresults@gcc.gnu.org
mailing list for the GCC project.
Results for 4.6.1 20110527 (prerelease) [gcc-4_6-branch revision 174314] (GCC) testsuite on sparc-sun-solaris2.10
- From: ro at CeBiTec dot Uni-Bielefeld dot DE (Rainer Orth)
- To: gcc-testresults at gcc dot gnu dot org
- Date: Mon, 30 May 2011 10:34:45 +0200 (CEST)
- Subject: Results for 4.6.1 20110527 (prerelease) [gcc-4_6-branch revision 174314] (GCC) testsuite on sparc-sun-solaris2.10
LAST_UPDATED: Fri May 27 16:52:02 UTC 2011 (revision 174314)
=== acats tests ===
=== acats Summary ===
# of expected passes 2321
# of unexpected failures 0
Native configuration is sparc-sun-solaris2.10
=== g++ tests ===
Running target unix
FAIL: g++.dg/cpp0x/lambda/lambda-eh2.C execution test
=== g++ Summary for unix ===
# of expected passes 26399
# of unexpected failures 1
# of expected failures 165
# of unsupported tests 429
Running target unix/-m64
FAIL: g++.dg/cpp0x/lambda/lambda-eh2.C execution test
=== g++ Summary for unix/-m64 ===
# of expected passes 27011
# of unexpected failures 1
# of expected failures 165
# of unsupported tests 426
=== g++ Summary ===
# of expected passes 53410
# of unexpected failures 2
# of expected failures 330
# of unsupported tests 855
/var/gcc/regression/gcc-4.6-branch/10-gcc-gas/build/gcc/testsuite/g++/../../g++ version 4.6.1 20110527 (prerelease) [gcc-4_6-branch revision 174314] (GCC)
=== gcc tests ===
Running target unix
FAIL: gcc.dg/lto/20110201-1 c_lto_20110201-1_0.o-c_lto_20110201-1_0.o link, -O0 -flto
UNRESOLVED: gcc.dg/lto/20110201-1 c_lto_20110201-1_0.o-c_lto_20110201-1_0.o execute -O0 -flto
FAIL: gcc.dg/vect/pr48377.c execution test
=== gcc Summary for unix ===
# of expected passes 69766
# of unexpected failures 2
# of expected failures 237
# of unresolved testcases 1
# of unsupported tests 1156
Running target unix/-m64
FAIL: gcc.dg/vect/pr48377.c execution test
=== gcc Summary for unix/-m64 ===
# of expected passes 70348
# of unexpected failures 1
# of expected failures 228
# of unsupported tests 1166
=== gcc Summary ===
# of expected passes 140114
# of unexpected failures 3
# of expected failures 465
# of unresolved testcases 1
# of unsupported tests 2322
/var/gcc/regression/gcc-4.6-branch/10-gcc-gas/build/gcc/xgcc version 4.6.1 20110527 (prerelease) [gcc-4_6-branch revision 174314] (GCC)
=== gfortran tests ===
Running target unix
=== gfortran Summary for unix ===
# of expected passes 38229
# of expected failures 43
# of unsupported tests 265
Running target unix/-m64
=== gfortran Summary for unix/-m64 ===
# of expected passes 38556
# of expected failures 43
# of unsupported tests 104
=== gfortran Summary ===
# of expected passes 76785
# of expected failures 86
# of unsupported tests 369
/var/gcc/regression/gcc-4.6-branch/10-gcc-gas/build/gcc/testsuite/gfortran/../../gfortran version 4.6.1 20110527 (prerelease) [gcc-4_6-branch revision 174314] (GCC)
=== gnat tests ===
Running target unix
=== gnat Summary for unix ===
# of expected passes 868
# of expected failures 10
# of unsupported tests 4
Running target unix/-m64
=== gnat Summary for unix/-m64 ===
# of expected passes 868
# of expected failures 10
# of unsupported tests 4
=== gnat Summary ===
# of expected passes 1736
# of expected failures 20
# of unsupported tests 8
/var/gcc/regression/gcc-4.6-branch/10-gcc-gas/build/gcc/gnatmake version 4.6.1 20110527 (prerelease) [gcc-4_6-branch revision 174314]
=== objc tests ===
Running target unix
=== objc Summary for unix ===
# of expected passes 2916
# of expected failures 10
# of unsupported tests 74
Running target unix/-m64
=== objc Summary for unix/-m64 ===
# of expected passes 2916
# of expected failures 10
# of unsupported tests 74
=== objc Summary ===
# of expected passes 5832
# of expected failures 20
# of unsupported tests 148
/var/gcc/regression/gcc-4.6-branch/10-gcc-gas/build/gcc/xgcc version 4.6.1 20110527 (prerelease) [gcc-4_6-branch revision 174314] (GCC)
=== libffi tests ===
Running target unix
=== libffi Summary for unix ===
# of expected passes 1634
# of expected failures 10
# of unsupported tests 15
Running target unix/-m64
=== libffi Summary for unix/-m64 ===
# of expected passes 1634
# of expected failures 10
# of unsupported tests 15
=== libffi Summary ===
# of expected passes 3268
# of expected failures 20
# of unsupported tests 30
=== libgomp tests ===
Running target unix
=== libgomp Summary for unix ===
# of expected passes 2572
# of unsupported tests 10
Running target unix/-m64
=== libgomp Summary for unix/-m64 ===
# of expected passes 2572
# of unsupported tests 10
=== libgomp Summary ===
# of expected passes 5144
# of unsupported tests 20
=== libjava tests ===
Running target unix
=== libjava Summary for unix ===
# of expected passes 2574
Running target unix/-m64
=== libjava Summary for unix/-m64 ===
# of expected passes 2574
=== libjava Summary ===
# of expected passes 5148
=== libstdc++ tests ===
Running target unix
=== libstdc++ Summary for unix ===
# of expected passes 7392
# of expected failures 83
# of unsupported tests 460
Running target unix/-m64
=== libstdc++ Summary for unix/-m64 ===
# of expected passes 7392
# of expected failures 83
# of unsupported tests 460
=== libstdc++ Summary ===
# of expected passes 14784
# of expected failures 166
# of unsupported tests 920
Compiler version: 4.6.1 20110527 (prerelease) [gcc-4_6-branch revision 174314] (GCC)
Platform: sparc-sun-solaris2.10
configure flags: --prefix=/vol/gcc --target=sparc-sun-solaris2.10 --with-as=/vol/gcc/bin/gas-2.21 --with-gnu-as --with-gmp=/vol/gcc --with-mpfr=/vol/gcc --with-mpc=/vol/gcc --enable-languages=all,ada --without-ppl --without-cloog
BOOT_CFLAGS=-g -O2