This is the mail archive of the
gcc-testresults@gcc.gnu.org
mailing list for the GCC project.
Results for 4.7.0 20110527 (experimental) [trunk revision 174340] (GCC) testsuite on i386-pc-solaris2.8
- From: <ro at smtp-relay dot CeBiTec dot Uni-Bielefeld dot DE>
- To: gcc-testresults at gcc dot gnu dot org
- Date: Mon, 30 May 2011 10:33:57 +0200 (MEST)
- Subject: Results for 4.7.0 20110527 (experimental) [trunk revision 174340] (GCC) testsuite on i386-pc-solaris2.8
LAST_UPDATED: Fri May 27 16:50:48 UTC 2011 (revision 174340)
=== acats tests ===
=== acats Summary ===
# of expected passes 2321
# of unexpected failures 0
Native configuration is i386-pc-solaris2.8
=== g++ tests ===
Running target unix
XPASS: g++.dg/tree-ssa/pr43411.C scan-tree-dump-not optimized "OBJ_TYPE_REF"
FAIL: g++.dg/lto/20091219 cp_lto_20091219_0.o-cp_lto_20091219_0.o link, -O3 -flto
UNRESOLVED: g++.dg/lto/20091219 cp_lto_20091219_0.o-cp_lto_20091219_0.o execute -O3 -flto
FAIL: g++.dg/torture/pr31863.C -O2 -flto (test for excess errors)
=== g++ Summary ===
# of expected passes 26957
# of unexpected failures 2
# of unexpected successes 1
# of expected failures 157
# of unresolved testcases 1
# of unsupported tests 277
/var/gcc/regression/trunk/8-gcc/build/gcc/testsuite/g++/../../g++ version 4.7.0 20110527 (experimental) [trunk revision 174340] (GCC)
=== gcc tests ===
Running target unix
XPASS: gcc.dg/tree-ssa/20030807-7.c scan-tree-dump-times vrp1 "if " 1
FAIL: gcc.dg/tree-ssa/vrp47.c scan-tree-dump-times dom1 "x[^ ]* & y" 1
=== gcc Summary ===
# of expected passes 74610
# of unexpected failures 1
# of unexpected successes 1
# of expected failures 244
# of unsupported tests 1931
/var/gcc/regression/trunk/8-gcc/build/gcc/xgcc version 4.7.0 20110527 (experimental) [trunk revision 174340] (GCC)
=== gfortran tests ===
Running target unix
FAIL: gfortran.dg/graphite/vect-pr40979.f90 -O scan-tree-dump-times vect "vectorized 1 loops" 1
=== gfortran Summary ===
# of expected passes 37986
# of unexpected failures 1
# of expected failures 53
# of unsupported tests 369
/var/gcc/regression/trunk/8-gcc/build/gcc/testsuite/gfortran/../../gfortran version 4.7.0 20110527 (experimental) [trunk revision 174340] (GCC)
=== gnat tests ===
Running target unix
=== gnat Summary ===
# of expected passes 891
# of expected failures 11
# of unsupported tests 5
/var/gcc/regression/trunk/8-gcc/build/gcc/gnatmake version 4.7.0 20110527 (experimental) [trunk revision 174340]
=== go tests ===
Running target unix
FAIL: go.test/test/chan/powser1.go execution, -O2 -g
FAIL: go.test/test/chan/powser2.go execution, -O2 -g
FAIL: go.test/test/chan/select3.go execution, -O2 -g
FAIL: go.test/test/chan/sieve2.go execution, -O2 -g
FAIL: go.test/test/mallocfin.go execution, -O2 -g
WARNING: program timed out.
WARNING: program timed out.
WARNING: program timed out.
WARNING: program timed out.
WARNING: program timed out.
=== go Summary ===
# of expected passes 2982
# of unexpected failures 5
# of expected failures 23
/var/gcc/regression/trunk/8-gcc/build/gcc/testsuite/go/../../gccgo version 4.7.0 20110527 (experimental) [trunk revision 174340] (GCC)
=== obj-c++ tests ===
Running target unix
=== obj-c++ Summary ===
# of expected passes 1417
# of expected failures 2
# of unsupported tests 86
/var/gcc/regression/trunk/8-gcc/build/gcc/testsuite/obj-c++/../../g++ version 4.7.0 20110527 (experimental) [trunk revision 174340] (GCC)
=== objc tests ===
Running target unix
=== objc Summary ===
# of expected passes 2951
# of expected failures 6
# of unsupported tests 74
/var/gcc/regression/trunk/8-gcc/build/gcc/xgcc version 4.7.0 20110527 (experimental) [trunk revision 174340] (GCC)
=== boehm-gc tests ===
Running target unix
=== boehm-gc Summary ===
# of expected passes 12
# of unsupported tests 1
=== libffi tests ===
Running target unix
=== libffi Summary ===
# of expected passes 1634
# of expected failures 10
# of unsupported tests 15
=== libgo tests ===
Running target unix
FAIL: bufio
FAIL: exec
FAIL: gob
FAIL: http
FAIL: json
FAIL: netchan
FAIL: os
FAIL: rand
FAIL: regexp
FAIL: sort
FAIL: strconv
FAIL: sync
FAIL: time
FAIL: websocket
FAIL: xml
FAIL: archive/tar
FAIL: archive/zip
FAIL: compress/flate
FAIL: compress/gzip
FAIL: compress/lzw
FAIL: compress/zlib
FAIL: crypto/openpgp
FAIL: crypto/rand
FAIL: crypto/ripemd160
FAIL: crypto/tls
FAIL: crypto/x509
FAIL: debug/dwarf
FAIL: debug/elf
FAIL: encoding/git85
FAIL: exp/datafmt
FAIL: exp/eval
FAIL: go/printer
FAIL: http/spdy
FAIL: image/jpeg
FAIL: image/png
FAIL: mime/multipart
FAIL: rpc/jsonrpc
FAIL: sync/atomic
FAIL: testing/quick
=== libgo Summary ===
# of expected passes 85
# of unexpected failures 39
# of untested testcases 2
=== libgomp tests ===
Running target unix
FAIL: libgomp.graphite/force-parallel-1.c execution test
=== libgomp Summary ===
# of expected passes 2631
# of unexpected failures 1
# of unsupported tests 3
=== libjava tests ===
Running target unix
FAIL: PR16923 run
FAIL: Divide_1 output - source compiled test
FAIL: Divide_1 -findirect-dispatch output - source compiled test
FAIL: Divide_1 -O3 output - source compiled test
FAIL: Divide_1 -O3 -findirect-dispatch output - source compiled test
FAIL: InvokeInterface execution - source compiled test
FAIL: InvokeInterface -O3 execution - source compiled test
=== libjava Summary ===
# of expected passes 2565
# of unexpected failures 7
# of untested testcases 3
=== libstdc++ tests ===
Running target unix
=== libstdc++ Summary ===
# of expected passes 6991
# of expected failures 82
# of unsupported tests 756
Compiler version: 4.7.0 20110527 (experimental) [trunk revision 174340] (GCC)
Platform: i386-pc-solaris2.8
configure flags: --prefix=/vol/gcc --target=i386-pc-solaris2.8 --enable-obsolete --enable-objc-gc --with-host-libstdcxx='-Wl,-Bstatic -lstdc++ -Wl,-Bdynamic -lm' --with-boot-ldflags='-static-libstdc++ -static-libgcc -L/vol/gcc-4.4/lib' --with-gmp=/vol/gcc --with-mpfr=/vol/gcc --with-mpc=/vol/gcc --enable-languages=all,ada,obj-c++,go --with-ppl=/vol/gcc --with-cloog=/vol/gcc --enable-cloog-backend=ppl
BOOT_CFLAGS=-g -O2