This is the mail archive of the
gcc-testresults@gcc.gnu.org
mailing list for the GCC project.
Results for 4.7.0 20110526 (experimental) [trunk revision 174265] (GCC) testsuite on i386-pc-solaris2.10
- From: ro at CeBiTec dot Uni-Bielefeld dot DE (Rainer Orth)
- To: gcc-testresults at gcc dot gnu dot org
- Date: Mon, 30 May 2011 10:33:23 +0200 (CEST)
- Subject: Results for 4.7.0 20110526 (experimental) [trunk revision 174265] (GCC) testsuite on i386-pc-solaris2.10
LAST_UPDATED: Fri May 27 12:49:12 UTC 2011 (revision 174321)
=== acats tests ===
=== acats Summary ===
# of expected passes 2321
# of unexpected failures 0
Native configuration is i386-pc-solaris2.10
=== g++ tests ===
Running target unix
FAIL: g++.dg/cpp0x/auto7.C (test for errors, line 10)
FAIL: g++.dg/cpp0x/friend1.C (test for excess errors)
FAIL: g++.dg/cpp0x/friend2.C (test for excess errors)
FAIL: g++.dg/cpp0x/range-for5.C (test for errors, line 50)
FAIL: g++.dg/cpp0x/range-for5.C (test for errors, line 52)
FAIL: g++.dg/cpp0x/variadic111.C (test for excess errors)
ERROR: g++.dg/cpp0x/variadic111.C: error executing dg-final: couldn't open "variadic111.s": no such file or directory
UNRESOLVED: g++.dg/cpp0x/variadic111.C: error executing dg-final: couldn't open "variadic111.s": no such file or directory
FAIL: g++.dg/cpp0x/variadic41.C (test for excess errors)
FAIL: g++.dg/eh/cond5.C (internal compiler error)
FAIL: g++.dg/eh/cond5.C (test for excess errors)
WARNING: g++.dg/eh/cond5.C compilation failed to produce executable
FAIL: g++.dg/parse/pr18770.C prev (test for errors, line 14)
FAIL: g++.dg/parse/pr18770.C redecl (test for errors, line 17)
FAIL: g++.dg/parse/pr18770.C prev (test for errors, line 37)
FAIL: g++.dg/parse/pr18770.C redecl (test for errors, line 39)
FAIL: g++.dg/parse/pr18770.C prev (test for errors, line 47)
FAIL: g++.dg/parse/pr18770.C redecl (test for errors, line 53)
FAIL: g++.dg/parse/pr18770.C prev (test for errors, line 71)
FAIL: g++.dg/parse/pr18770.C redecl (test for errors, line 73)
FAIL: g++.dg/template/static9.C (test for excess errors)
XPASS: g++.dg/tree-ssa/pr43411.C scan-tree-dump-not optimized "OBJ_TYPE_REF"
FAIL: g++.dg/plugin/attribute_plugin-test-1.C -fplugin=./attribute_plugin.so (test for warnings, line 7)
FAIL: g++.dg/plugin/attribute_plugin-test-1.C -fplugin=./attribute_plugin.so (test for warnings, line 7)
FAIL: g++.dg/plugin/attribute_plugin-test-1.C -fplugin=./attribute_plugin.so (test for warnings, line 16)
FAIL: g++.dg/plugin/attribute_plugin-test-1.C -fplugin=./attribute_plugin.so (test for excess errors)
FAIL: g++.dg/plugin/self-assign-test-1.C -fplugin=./selfassign.so (test for warnings, line 10)
FAIL: g++.dg/plugin/self-assign-test-1.C -fplugin=./selfassign.so (test for warnings, line 13)
FAIL: g++.dg/plugin/self-assign-test-1.C -fplugin=./selfassign.so (test for warnings, line 26)
FAIL: g++.dg/plugin/self-assign-test-1.C -fplugin=./selfassign.so (test for warnings, line 27)
FAIL: g++.dg/plugin/self-assign-test-1.C -fplugin=./selfassign.so (test for warnings, line 33)
FAIL: g++.dg/plugin/self-assign-test-1.C -fplugin=./selfassign.so (test for warnings, line 34)
FAIL: g++.dg/plugin/self-assign-test-1.C -fplugin=./selfassign.so (test for warnings, line 40)
FAIL: g++.dg/plugin/self-assign-test-1.C -fplugin=./selfassign.so (test for warnings, line 41)
FAIL: g++.dg/plugin/self-assign-test-1.C -fplugin=./selfassign.so (test for warnings, line 42)
FAIL: g++.dg/plugin/self-assign-test-1.C -fplugin=./selfassign.so (test for warnings, line 43)
FAIL: g++.dg/plugin/self-assign-test-1.C -fplugin=./selfassign.so (test for warnings, line 44)
FAIL: g++.dg/plugin/self-assign-test-1.C -fplugin=./selfassign.so (test for warnings, line 46)
FAIL: g++.dg/plugin/self-assign-test-1.C -fplugin=./selfassign.so (test for warnings, line 47)
FAIL: g++.dg/plugin/self-assign-test-1.C -fplugin=./selfassign.so (test for excess errors)
FAIL: g++.dg/plugin/self-assign-test-2.C -fplugin=./selfassign.so (test for warnings, line 10)
FAIL: g++.dg/plugin/self-assign-test-2.C -fplugin=./selfassign.so (test for warnings, line 13)
FAIL: g++.dg/plugin/self-assign-test-2.C -fplugin=./selfassign.so (test for warnings, line 26)
FAIL: g++.dg/plugin/self-assign-test-2.C -fplugin=./selfassign.so (test for warnings, line 27)
FAIL: g++.dg/plugin/self-assign-test-2.C -fplugin=./selfassign.so (test for warnings, line 33)
FAIL: g++.dg/plugin/self-assign-test-2.C -fplugin=./selfassign.so (test for warnings, line 34)
FAIL: g++.dg/plugin/self-assign-test-2.C -fplugin=./selfassign.so (test for warnings, line 40)
FAIL: g++.dg/plugin/self-assign-test-2.C -fplugin=./selfassign.so (test for warnings, line 41)
FAIL: g++.dg/plugin/self-assign-test-2.C -fplugin=./selfassign.so (test for warnings, line 42)
FAIL: g++.dg/plugin/self-assign-test-2.C -fplugin=./selfassign.so (test for warnings, line 46)
FAIL: g++.dg/plugin/self-assign-test-2.C -fplugin=./selfassign.so (test for warnings, line 47)
FAIL: g++.dg/plugin/self-assign-test-2.C -fplugin=./selfassign.so (test for excess errors)
FAIL: g++.dg/plugin/self-assign-test-3.C -fplugin=./selfassign.so (test for excess errors)
FAIL: g++.dg/plugin/dumb-plugin-test-1.C -fplugin=./dumb_plugin.so (test for warnings, line 19)
FAIL: g++.dg/plugin/dumb-plugin-test-1.C -fplugin=./dumb_plugin.so (test for warnings, line 24)
FAIL: g++.dg/plugin/dumb-plugin-test-1.C -fplugin=./dumb_plugin.so (test for excess errors)
FAIL: g++.old-deja/g++.ext/memconst.C (test for excess errors)
FAIL: g++.old-deja/g++.jason/cond.C (test for errors, line 9)
FAIL: g++.old-deja/g++.jason/cond.C (test for errors, line 11)
FAIL: g++.old-deja/g++.jason/cond.C (test for errors, line 16)
FAIL: g++.old-deja/g++.jason/cond.C (test for errors, line 30)
FAIL: g++.old-deja/g++.jason/cond.C (test for errors, line 33)
=== g++ Summary for unix ===
# of expected passes 27122
# of unexpected failures 58
# of unexpected successes 1
# of expected failures 156
# of unresolved testcases 1
# of unsupported tests 183
Running target unix/-m64
FAIL: g++.dg/cpp0x/auto7.C (test for errors, line 10)
FAIL: g++.dg/cpp0x/friend1.C (test for excess errors)
FAIL: g++.dg/cpp0x/friend2.C (test for excess errors)
FAIL: g++.dg/cpp0x/range-for5.C (test for errors, line 50)
FAIL: g++.dg/cpp0x/range-for5.C (test for errors, line 52)
FAIL: g++.dg/cpp0x/variadic111.C (test for excess errors)
ERROR: g++.dg/cpp0x/variadic111.C: error executing dg-final: couldn't open "variadic111.s": no such file or directory
UNRESOLVED: g++.dg/cpp0x/variadic111.C: error executing dg-final: couldn't open "variadic111.s": no such file or directory
FAIL: g++.dg/cpp0x/variadic41.C (test for excess errors)
FAIL: g++.dg/eh/cond5.C (internal compiler error)
FAIL: g++.dg/eh/cond5.C (test for excess errors)
WARNING: g++.dg/eh/cond5.C compilation failed to produce executable
FAIL: g++.dg/parse/pr18770.C prev (test for errors, line 14)
FAIL: g++.dg/parse/pr18770.C redecl (test for errors, line 17)
FAIL: g++.dg/parse/pr18770.C prev (test for errors, line 37)
FAIL: g++.dg/parse/pr18770.C redecl (test for errors, line 39)
FAIL: g++.dg/parse/pr18770.C prev (test for errors, line 47)
FAIL: g++.dg/parse/pr18770.C redecl (test for errors, line 53)
FAIL: g++.dg/parse/pr18770.C prev (test for errors, line 71)
FAIL: g++.dg/parse/pr18770.C redecl (test for errors, line 73)
FAIL: g++.dg/template/static9.C (test for excess errors)
XPASS: g++.dg/tree-ssa/pr43411.C scan-tree-dump-not optimized "OBJ_TYPE_REF"
FAIL: g++.dg/plugin/attribute_plugin-test-1.C -fplugin=./attribute_plugin.so (test for warnings, line 7)
FAIL: g++.dg/plugin/attribute_plugin-test-1.C -fplugin=./attribute_plugin.so (test for warnings, line 7)
FAIL: g++.dg/plugin/attribute_plugin-test-1.C -fplugin=./attribute_plugin.so (test for warnings, line 16)
FAIL: g++.dg/plugin/attribute_plugin-test-1.C -fplugin=./attribute_plugin.so (test for excess errors)
FAIL: g++.dg/plugin/self-assign-test-1.C -fplugin=./selfassign.so (test for warnings, line 10)
FAIL: g++.dg/plugin/self-assign-test-1.C -fplugin=./selfassign.so (test for warnings, line 13)
FAIL: g++.dg/plugin/self-assign-test-1.C -fplugin=./selfassign.so (test for warnings, line 26)
FAIL: g++.dg/plugin/self-assign-test-1.C -fplugin=./selfassign.so (test for warnings, line 27)
FAIL: g++.dg/plugin/self-assign-test-1.C -fplugin=./selfassign.so (test for warnings, line 33)
FAIL: g++.dg/plugin/self-assign-test-1.C -fplugin=./selfassign.so (test for warnings, line 34)
FAIL: g++.dg/plugin/self-assign-test-1.C -fplugin=./selfassign.so (test for warnings, line 40)
FAIL: g++.dg/plugin/self-assign-test-1.C -fplugin=./selfassign.so (test for warnings, line 41)
FAIL: g++.dg/plugin/self-assign-test-1.C -fplugin=./selfassign.so (test for warnings, line 42)
FAIL: g++.dg/plugin/self-assign-test-1.C -fplugin=./selfassign.so (test for warnings, line 43)
FAIL: g++.dg/plugin/self-assign-test-1.C -fplugin=./selfassign.so (test for warnings, line 44)
FAIL: g++.dg/plugin/self-assign-test-1.C -fplugin=./selfassign.so (test for warnings, line 46)
FAIL: g++.dg/plugin/self-assign-test-1.C -fplugin=./selfassign.so (test for warnings, line 47)
FAIL: g++.dg/plugin/self-assign-test-1.C -fplugin=./selfassign.so (test for excess errors)
FAIL: g++.dg/plugin/self-assign-test-2.C -fplugin=./selfassign.so (test for warnings, line 10)
FAIL: g++.dg/plugin/self-assign-test-2.C -fplugin=./selfassign.so (test for warnings, line 13)
FAIL: g++.dg/plugin/self-assign-test-2.C -fplugin=./selfassign.so (test for warnings, line 26)
FAIL: g++.dg/plugin/self-assign-test-2.C -fplugin=./selfassign.so (test for warnings, line 27)
FAIL: g++.dg/plugin/self-assign-test-2.C -fplugin=./selfassign.so (test for warnings, line 33)
FAIL: g++.dg/plugin/self-assign-test-2.C -fplugin=./selfassign.so (test for warnings, line 34)
FAIL: g++.dg/plugin/self-assign-test-2.C -fplugin=./selfassign.so (test for warnings, line 40)
FAIL: g++.dg/plugin/self-assign-test-2.C -fplugin=./selfassign.so (test for warnings, line 41)
FAIL: g++.dg/plugin/self-assign-test-2.C -fplugin=./selfassign.so (test for warnings, line 42)
FAIL: g++.dg/plugin/self-assign-test-2.C -fplugin=./selfassign.so (test for warnings, line 46)
FAIL: g++.dg/plugin/self-assign-test-2.C -fplugin=./selfassign.so (test for warnings, line 47)
FAIL: g++.dg/plugin/self-assign-test-2.C -fplugin=./selfassign.so (test for excess errors)
FAIL: g++.dg/plugin/self-assign-test-3.C -fplugin=./selfassign.so (test for excess errors)
FAIL: g++.dg/plugin/dumb-plugin-test-1.C -fplugin=./dumb_plugin.so (test for warnings, line 19)
FAIL: g++.dg/plugin/dumb-plugin-test-1.C -fplugin=./dumb_plugin.so (test for warnings, line 24)
FAIL: g++.dg/plugin/dumb-plugin-test-1.C -fplugin=./dumb_plugin.so (test for excess errors)
FAIL: g++.old-deja/g++.ext/memconst.C (test for excess errors)
FAIL: g++.old-deja/g++.jason/cond.C (test for errors, line 9)
FAIL: g++.old-deja/g++.jason/cond.C (test for errors, line 11)
FAIL: g++.old-deja/g++.jason/cond.C (test for errors, line 16)
FAIL: g++.old-deja/g++.jason/cond.C (test for errors, line 30)
FAIL: g++.old-deja/g++.jason/cond.C (test for errors, line 33)
=== g++ Summary for unix/-m64 ===
# of expected passes 27354
# of unexpected failures 58
# of unexpected successes 1
# of expected failures 156
# of unresolved testcases 1
# of unsupported tests 382
=== g++ Summary ===
# of expected passes 54476
# of unexpected failures 116
# of unexpected successes 2
# of expected failures 312
# of unresolved testcases 2
# of unsupported tests 565
/var/gcc/regression/trunk/10-gcc-gas-gld/build/gcc/testsuite/g++/../../g++ version 4.7.0 20110526 (experimental) [trunk revision 174265] (GCC)
=== gcc tests ===
Running target unix
FAIL: gcc.c-torture/execute/pr49161.c execution, -O2
FAIL: gcc.c-torture/execute/pr49161.c execution, -O3 -fomit-frame-pointer
FAIL: gcc.c-torture/execute/pr49161.c execution, -O3 -g
FAIL: gcc.c-torture/execute/pr49161.c execution, -O2 -flto -flto-partition=none
FAIL: gcc.c-torture/execute/pr49161.c execution, -O2 -flto
FAIL: gcc.dg/lto/20081201-2 c_lto_20081201-2_0.o-c_lto_20081201-2_1.o execute -O3 -flto -flto-partition=1to1
FAIL: gcc.dg/lto/20110201-1 c_lto_20110201-1_0.o-c_lto_20110201-1_0.o link, -O0 -flto
UNRESOLVED: gcc.dg/lto/20110201-1 c_lto_20110201-1_0.o-c_lto_20110201-1_0.o execute -O0 -flto
FAIL: gcc.dg/lto/ipareference2 c_lto_ipareference2_0.o-c_lto_ipareference2_1.o execute -O1 -flto -flto-partition=1to1 -fwhole-program
FAIL: gcc.dg/plugin/self-assign-test-1.c -fplugin=./selfassign.so (test for warnings, line 15)
FAIL: gcc.dg/plugin/self-assign-test-1.c -fplugin=./selfassign.so (test for warnings, line 19)
FAIL: gcc.dg/plugin/self-assign-test-1.c -fplugin=./selfassign.so (test for warnings, line 20)
FAIL: gcc.dg/plugin/self-assign-test-1.c -fplugin=./selfassign.so (test for warnings, line 21)
FAIL: gcc.dg/plugin/self-assign-test-1.c -fplugin=./selfassign.so (test for warnings, line 22)
FAIL: gcc.dg/plugin/self-assign-test-1.c -fplugin=./selfassign.so (test for excess errors)
FAIL: gcc.dg/plugin/self-assign-test-2.c -fplugin=./selfassign.so (test for excess errors)
FAIL: gcc.dg/plugin/ggcplug-test-1.c -fplugin=./ggcplug.so (test for excess errors)
FAIL: gcc.dg/torture/pr48702.c -O1 execution test
FAIL: gcc.dg/torture/pr48702.c -O2 execution test
FAIL: gcc.dg/torture/pr48702.c -Os execution test
FAIL: gcc.dg/torture/pr48702.c -O2 -flto -flto-partition=none execution test
FAIL: gcc.dg/torture/pr48702.c -O2 -flto execution test
XPASS: gcc.dg/tree-ssa/20030807-7.c scan-tree-dump-times vrp1 "if " 1
FAIL: gcc.dg/tree-ssa/vrp47.c scan-tree-dump-times dom1 "x[^ ]* & y" 1
=== gcc Summary for unix ===
# of expected passes 77885
# of unexpected failures 22
# of unexpected successes 1
# of expected failures 244
# of unresolved testcases 1
# of unsupported tests 806
Running target unix/-m64
FAIL: gcc.c-torture/execute/pr49161.c execution, -O2
FAIL: gcc.c-torture/execute/pr49161.c execution, -O3 -fomit-frame-pointer
FAIL: gcc.c-torture/execute/pr49161.c execution, -O3 -g
FAIL: gcc.c-torture/execute/pr49161.c execution, -O2 -flto -flto-partition=none
FAIL: gcc.c-torture/execute/pr49161.c execution, -O2 -flto
FAIL: gcc.dg/lto/20081201-2 c_lto_20081201-2_0.o-c_lto_20081201-2_1.o execute -O3 -flto -flto-partition=1to1
FAIL: gcc.dg/lto/20110201-1 c_lto_20110201-1_0.o-c_lto_20110201-1_0.o link, -O0 -flto
UNRESOLVED: gcc.dg/lto/20110201-1 c_lto_20110201-1_0.o-c_lto_20110201-1_0.o execute -O0 -flto
FAIL: gcc.dg/lto/ipareference2 c_lto_ipareference2_0.o-c_lto_ipareference2_1.o execute -O1 -flto -flto-partition=1to1 -fwhole-program
FAIL: gcc.dg/plugin/self-assign-test-1.c -fplugin=./selfassign.so (test for warnings, line 15)
FAIL: gcc.dg/plugin/self-assign-test-1.c -fplugin=./selfassign.so (test for warnings, line 19)
FAIL: gcc.dg/plugin/self-assign-test-1.c -fplugin=./selfassign.so (test for warnings, line 20)
FAIL: gcc.dg/plugin/self-assign-test-1.c -fplugin=./selfassign.so (test for warnings, line 21)
FAIL: gcc.dg/plugin/self-assign-test-1.c -fplugin=./selfassign.so (test for warnings, line 22)
FAIL: gcc.dg/plugin/self-assign-test-1.c -fplugin=./selfassign.so (test for excess errors)
FAIL: gcc.dg/plugin/self-assign-test-2.c -fplugin=./selfassign.so (test for excess errors)
FAIL: gcc.dg/plugin/ggcplug-test-1.c -fplugin=./ggcplug.so (test for excess errors)
FAIL: gcc.dg/torture/pr48702.c -O1 execution test
FAIL: gcc.dg/torture/pr48702.c -O2 execution test
FAIL: gcc.dg/torture/pr48702.c -Os execution test
FAIL: gcc.dg/torture/pr48702.c -O2 -flto -flto-partition=none execution test
FAIL: gcc.dg/torture/pr48702.c -O2 -flto execution test
XPASS: gcc.dg/tree-ssa/20030807-7.c scan-tree-dump-times vrp1 "if " 1
FAIL: gcc.dg/tree-ssa/vrp47.c scan-tree-dump-times dom1 "x[^ ]* & y" 1
FAIL: gcc.misc-tests/linkage.c link
=== gcc Summary for unix/-m64 ===
# of expected passes 78040
# of unexpected failures 23
# of unexpected successes 1
# of expected failures 244
# of unresolved testcases 1
# of unsupported tests 1207
=== gcc Summary ===
# of expected passes 155925
# of unexpected failures 45
# of unexpected successes 2
# of expected failures 488
# of unresolved testcases 2
# of unsupported tests 2013
/var/gcc/regression/trunk/10-gcc-gas-gld/build/gcc/xgcc version 4.7.0 20110526 (experimental) [trunk revision 174265] (GCC)
=== gfortran tests ===
Running target unix
FAIL: gfortran.dg/dependency_40.f90 -O0 execution test
FAIL: gfortran.dg/dependency_40.f90 -O1 execution test
FAIL: gfortran.dg/dependency_40.f90 -O2 execution test
FAIL: gfortran.dg/dependency_40.f90 -O3 -fomit-frame-pointer execution test
FAIL: gfortran.dg/dependency_40.f90 -O3 -fomit-frame-pointer -funroll-loops execution test
FAIL: gfortran.dg/dependency_40.f90 -O3 -fomit-frame-pointer -funroll-all-loops -finline-functions execution test
FAIL: gfortran.dg/dependency_40.f90 -O3 -g execution test
FAIL: gfortran.dg/dependency_40.f90 -Os execution test
=== gfortran Summary for unix ===
# of expected passes 38790
# of unexpected failures 8
# of expected failures 53
# of unsupported tests 228
Running target unix/-m64
FAIL: gfortran.dg/dependency_40.f90 -O0 execution test
FAIL: gfortran.dg/dependency_40.f90 -O1 execution test
FAIL: gfortran.dg/dependency_40.f90 -O2 execution test
FAIL: gfortran.dg/dependency_40.f90 -O3 -fomit-frame-pointer execution test
FAIL: gfortran.dg/dependency_40.f90 -O3 -fomit-frame-pointer -funroll-loops execution test
FAIL: gfortran.dg/dependency_40.f90 -O3 -fomit-frame-pointer -funroll-all-loops -finline-functions execution test
FAIL: gfortran.dg/dependency_40.f90 -O3 -g execution test
FAIL: gfortran.dg/dependency_40.f90 -Os execution test
=== gfortran Summary for unix/-m64 ===
# of expected passes 39085
# of unexpected failures 8
# of expected failures 53
# of unsupported tests 90
=== gfortran Summary ===
# of expected passes 77875
# of unexpected failures 16
# of expected failures 106
# of unsupported tests 318
/var/gcc/regression/trunk/10-gcc-gas-gld/build/gcc/testsuite/gfortran/../../gfortran version 4.7.0 20110526 (experimental) [trunk revision 174265] (GCC)
=== gnat tests ===
Running target unix
=== gnat Summary for unix ===
# of expected passes 892
# of expected failures 11
# of unsupported tests 4
Running target unix/-m64
=== gnat Summary for unix/-m64 ===
# of expected passes 892
# of expected failures 11
# of unsupported tests 4
=== gnat Summary ===
# of expected passes 1784
# of expected failures 22
# of unsupported tests 8
/var/gcc/regression/trunk/10-gcc-gas-gld/build/gcc/gnatmake version 4.7.0 20110526 (experimental) [trunk revision 174265]
=== go tests ===
Running target unix
=== go Summary for unix ===
# of expected passes 2987
# of expected failures 23
Running target unix/-m64
=== go Summary for unix/-m64 ===
# of expected passes 2987
# of expected failures 23
=== go Summary ===
# of expected passes 5974
# of expected failures 46
/var/gcc/regression/trunk/10-gcc-gas-gld/build/gcc/testsuite/go/../../gccgo version 4.7.0 20110526 (experimental) [trunk revision 174265] (GCC)
=== obj-c++ tests ===
Running target unix
=== obj-c++ Summary for unix ===
# of expected passes 1417
# of expected failures 2
# of unsupported tests 86
Running target unix/-m64
FAIL: obj-c++.dg/basic.mm -fgnu-runtime execution test
FAIL: obj-c++.dg/bitfield-2.mm -fgnu-runtime execution test
FAIL: obj-c++.dg/cxx-ivars-1.mm -fgnu-runtime execution test
FAIL: obj-c++.dg/cxx-scope-1.mm -fgnu-runtime execution test
FAIL: obj-c++.dg/defs.mm -fgnu-runtime execution test
FAIL: obj-c++.dg/encode-4.mm -fgnu-runtime execution test
FAIL: obj-c++.dg/except-1.mm -fgnu-runtime execution test
FAIL: obj-c++.dg/gnu-runtime-3.mm -fgnu-runtime execution test
FAIL: obj-c++.dg/lookup-2.mm -fgnu-runtime execution test
FAIL: obj-c++.dg/method-10.mm -fgnu-runtime execution test
FAIL: obj-c++.dg/method-17.mm -fgnu-runtime execution test
FAIL: obj-c++.dg/method-22.mm -fgnu-runtime execution test
FAIL: obj-c++.dg/method-23.mm -fgnu-runtime execution test
FAIL: obj-c++.dg/qual-types-1.mm -fgnu-runtime execution test
FAIL: obj-c++.dg/template-1.mm -fgnu-runtime execution test
FAIL: obj-c++.dg/template-3.mm -fgnu-runtime execution test
FAIL: obj-c++.dg/template-4.mm -fgnu-runtime execution test
FAIL: obj-c++.dg/va-meth-1.mm -fgnu-runtime execution test
FAIL: obj-c++.dg/property/property-1.mm -fgnu-runtime execution test
FAIL: obj-c++.dg/torture/trivial.mm -O0 -fgnu-runtime execution test
FAIL: obj-c++.dg/torture/trivial.mm -O1 -fgnu-runtime execution test
FAIL: obj-c++.dg/torture/trivial.mm -O2 -fgnu-runtime execution test
FAIL: obj-c++.dg/torture/trivial.mm -O3 -fomit-frame-pointer -fgnu-runtime execution test
FAIL: obj-c++.dg/torture/trivial.mm -O3 -g -fgnu-runtime execution test
FAIL: obj-c++.dg/torture/trivial.mm -Os -fgnu-runtime execution test
FAIL: obj-c++.dg/torture/trivial.mm -O2 -flto -flto-partition=none -fgnu-runtime execution test
FAIL: obj-c++.dg/torture/trivial.mm -O2 -flto -fgnu-runtime execution test
FAIL: obj-c++.dg/torture/tls/thr-init-3.mm -O0 -fgnu-runtime execution test
FAIL: obj-c++.dg/torture/tls/thr-init-3.mm -O1 -fgnu-runtime execution test
FAIL: obj-c++.dg/torture/tls/thr-init-3.mm -O2 -fgnu-runtime execution test
FAIL: obj-c++.dg/torture/tls/thr-init-3.mm -O3 -fomit-frame-pointer -fgnu-runtime execution test
FAIL: obj-c++.dg/torture/tls/thr-init-3.mm -O3 -g -fgnu-runtime execution test
FAIL: obj-c++.dg/torture/tls/thr-init-3.mm -Os -fgnu-runtime execution test
FAIL: obj-c++.dg/torture/tls/thr-init-3.mm -O2 -flto -flto-partition=none -fgnu-runtime execution test
FAIL: obj-c++.dg/torture/tls/thr-init-3.mm -O2 -flto -fgnu-runtime execution test
=== obj-c++ Summary for unix/-m64 ===
# of expected passes 1374
# of unexpected failures 35
# of expected failures 10
# of unsupported tests 86
=== obj-c++ Summary ===
# of expected passes 2791
# of unexpected failures 35
# of expected failures 12
# of unsupported tests 172
/var/gcc/regression/trunk/10-gcc-gas-gld/build/gcc/testsuite/obj-c++/../../g++ version 4.7.0 20110526 (experimental) [trunk revision 174265] (GCC)
=== objc tests ===
Running target unix
=== objc Summary for unix ===
# of expected passes 2951
# of expected failures 6
# of unsupported tests 74
Running target unix/-m64
FAIL: objc.dg/bitfield-1.m -fgnu-runtime execution test
FAIL: objc.dg/call-super-1.m -fgnu-runtime execution test
FAIL: objc.dg/call-super-3.m -fgnu-runtime execution test
FAIL: objc.dg/category-1.m -fgnu-runtime execution test
FAIL: objc.dg/defs.m -fgnu-runtime execution test
FAIL: objc.dg/desig-init-1.m -fgnu-runtime execution test
FAIL: objc.dg/encode-2.m -fgnu-runtime execution test
FAIL: objc.dg/exceptions-2.m -fgnu-runtime execution test
FAIL: objc.dg/foreach-1.m -fgnu-runtime execution test
FAIL: objc.dg/foreach-2.m -fgnu-runtime execution test
FAIL: objc.dg/foreach-4.m -fgnu-runtime execution test
FAIL: objc.dg/foreach-5.m -fgnu-runtime execution test
FAIL: objc.dg/func-ptr-1.m -fgnu-runtime execution test
FAIL: objc.dg/func-ptr-2.m -fgnu-runtime execution test
FAIL: objc.dg/gnu-runtime-3.m -fgnu-runtime execution test
FAIL: objc.dg/lookup-1.m -fgnu-runtime execution test
FAIL: objc.dg/method-10.m -fgnu-runtime execution test
FAIL: objc.dg/method-20b.m -fgnu-runtime execution test
FAIL: objc.dg/method-3.m -fgnu-runtime execution test
FAIL: objc.dg/stret-1.m -fgnu-runtime execution test
FAIL: objc.dg/super-class-3.m -fgnu-runtime execution test
FAIL: objc.dg/va-meth-1.m -fgnu-runtime execution test
FAIL: objc.dg/property/property-1.m -fgnu-runtime execution test
FAIL: objc.dg/torture/trivial.m -O0 -fgnu-runtime execution test
FAIL: objc.dg/torture/trivial.m -O1 -fgnu-runtime execution test
FAIL: objc.dg/torture/trivial.m -O2 -fgnu-runtime execution test
FAIL: objc.dg/torture/trivial.m -O3 -fomit-frame-pointer -fgnu-runtime execution test
FAIL: objc.dg/torture/trivial.m -O3 -g -fgnu-runtime execution test
FAIL: objc.dg/torture/trivial.m -Os -fgnu-runtime execution test
FAIL: objc.dg/torture/trivial.m -O2 -flto -flto-partition=none -fgnu-runtime execution test
FAIL: objc.dg/torture/trivial.m -O2 -flto -fgnu-runtime execution test
FAIL: objc.dg/torture/tls/thr-init-3.m -O0 -fgnu-runtime execution test
FAIL: objc.dg/torture/tls/thr-init-3.m -O1 -fgnu-runtime execution test
FAIL: objc.dg/torture/tls/thr-init-3.m -O2 -fgnu-runtime execution test
FAIL: objc.dg/torture/tls/thr-init-3.m -O3 -fomit-frame-pointer -fgnu-runtime execution test
FAIL: objc.dg/torture/tls/thr-init-3.m -O3 -g -fgnu-runtime execution test
FAIL: objc.dg/torture/tls/thr-init-3.m -Os -fgnu-runtime execution test
FAIL: objc.dg/torture/tls/thr-init-3.m -O2 -flto -flto-partition=none -fgnu-runtime execution test
FAIL: objc.dg/torture/tls/thr-init-3.m -O2 -flto -fgnu-runtime execution test
=== objc Summary for unix/-m64 ===
# of expected passes 2902
# of unexpected failures 39
# of expected failures 16
# of unsupported tests 74
=== objc Summary ===
# of expected passes 5853
# of unexpected failures 39
# of expected failures 22
# of unsupported tests 148
/var/gcc/regression/trunk/10-gcc-gas-gld/build/gcc/xgcc version 4.7.0 20110526 (experimental) [trunk revision 174265] (GCC)
=== boehm-gc tests ===
Running target unix
=== boehm-gc Summary for unix ===
# of expected passes 12
# of unsupported tests 1
Running target unix/-m64
=== boehm-gc Summary for unix/-m64 ===
# of expected passes 12
# of unsupported tests 1
=== boehm-gc Summary ===
# of expected passes 24
# of unsupported tests 2
=== libffi tests ===
Running target unix
=== libffi Summary for unix ===
# of expected passes 1634
# of expected failures 10
# of unsupported tests 15
Running target unix/-m64
=== libffi Summary for unix/-m64 ===
# of expected passes 1634
# of expected failures 10
# of unsupported tests 15
=== libffi Summary ===
# of expected passes 3268
# of expected failures 20
# of unsupported tests 30
=== libgo tests ===
Running target unix
FAIL: compress/flate
FAIL: crypto/rand
=== libgo Summary for unix ===
# of expected passes 122
# of unexpected failures 2
# of untested testcases 2
Running target unix/-m64
FAIL: exec
FAIL: html
FAIL: http
FAIL: log
FAIL: mime
FAIL: netchan
FAIL: os
FAIL: rpc
FAIL: strconv
FAIL: template
FAIL: time
FAIL: websocket
FAIL: archive/tar
FAIL: archive/zip
FAIL: compress/flate
FAIL: compress/lzw
FAIL: compress/zlib
FAIL: crypto/dsa
FAIL: crypto/ecdsa
FAIL: crypto/elliptic
FAIL: crypto/openpgp
FAIL: crypto/rand
FAIL: crypto/x509
FAIL: debug/dwarf
FAIL: debug/elf
FAIL: debug/macho
FAIL: debug/pe
FAIL: go/parser
FAIL: go/printer
FAIL: go/typechecker
FAIL: image/jpeg
FAIL: image/png
FAIL: io/ioutil
FAIL: mime/multipart
FAIL: path/filepath
FAIL: rpc/jsonrpc
=== libgo Summary for unix/-m64 ===
# of expected passes 88
# of unexpected failures 36
# of untested testcases 2
=== libgo Summary ===
# of expected passes 210
# of unexpected failures 38
# of untested testcases 4
/var/gcc/regression/trunk/10-gcc-gas-gld/build/./gcc/gccgo version 4.7.0 20110526 (experimental) [trunk revision 174265] (GCC)
=== libgomp tests ===
Running target unix
FAIL: libgomp.graphite/force-parallel-1.c execution test
=== libgomp Summary for unix ===
# of expected passes 2631
# of unexpected failures 1
# of unsupported tests 3
Running target unix/-m64
FAIL: libgomp.graphite/force-parallel-1.c execution test
=== libgomp Summary for unix/-m64 ===
# of expected passes 2631
# of unexpected failures 1
# of unsupported tests 3
=== libgomp Summary ===
# of expected passes 5262
# of unexpected failures 2
# of unsupported tests 6
=== libjava tests ===
Running target unix
=== libjava Summary for unix ===
# of expected passes 2574
Running target unix/-m64
=== libjava Summary for unix/-m64 ===
# of expected passes 2574
=== libjava Summary ===
# of expected passes 5148
=== libstdc++ tests ===
Running target unix
=== libstdc++ Summary for unix ===
# of expected passes 7604
# of expected failures 84
# of unsupported tests 461
Running target unix/-m64
FAIL: 22_locale/num_put/put/char/14220.cc execution test
FAIL: 22_locale/num_put/put/wchar_t/14220.cc execution test
=== libstdc++ Summary for unix/-m64 ===
# of expected passes 7604
# of unexpected failures 2
# of expected failures 82
# of unsupported tests 461
=== libstdc++ Summary ===
# of expected passes 15208
# of unexpected failures 2
# of expected failures 166
# of unsupported tests 922
Compiler version: 4.7.0 20110526 (experimental) [trunk revision 174265] (GCC)
Platform: i386-pc-solaris2.10
configure flags: --prefix=/vol/gcc --target=i386-pc-solaris2.10 --enable-objc-gc --with-host-libstdcxx='-Wl,-Bstatic -lstdc++ -Wl,-Bdynamic -lm' --with-boot-ldflags='-static-libstdc++ -static-libgcc -L/vol/gcc-4.4/lib' --with-as=/vol/gcc/bin/gas-2.21 --with-gnu-as --with-ld=/vol/gcc/bin/gld-2.21 --with-gnu-ld --with-gmp=/vol/gcc --with-mpfr=/vol/gcc --with-mpc=/vol/gcc --enable-languages=all,ada,obj-c++,go --with-ppl=/vol/gcc --with-cloog=/vol/gcc --enable-cloog-backend=ppl
BOOT_CFLAGS=-g -O2