This is the mail archive of the
gcc-testresults@gcc.gnu.org
mailing list for the GCC project.
Results for 4.7.0 20110528 (experimental) [trunk revision 174386p3r1] (GCC) testsuite on x86_64-apple-darwin10.7.0
- From: dominiq at lps dot ens dot fr (Dominique Dhumieres)
- To: gcc-testresults at gcc dot gnu dot org
- Date: Sun, 29 May 2011 17:42:54 +0200
- Subject: Results for 4.7.0 20110528 (experimental) [trunk revision 174386p3r1] (GCC) testsuite on x86_64-apple-darwin10.7.0
LAST_UPDATED: Updated Sun May 29 00:09:02 CEST 2011 to revision 174386,
with revision 174286 reverted, patches for pr47601 and 48699 (gfortran),
and the patch in http://gcc.gnu.org/ml/gcc-patches/2011-05/msg02029.html.
Native configuration is x86_64-apple-darwin10.7.0
=== g++ tests ===
Running target unix/-m32
FAIL: g++.dg/eh/builtin1.C scan-tree-dump-times eh "resx" 2
FAIL: g++.dg/eh/builtin2.C scan-tree-dump-times eh "resx" 0
FAIL: g++.dg/eh/builtin3.C scan-tree-dump-times eh "resx" 1
WARNING: g++.dg/ext/label13.C compilation failed to produce executable
FAIL: g++.dg/tree-ssa/ehcleanup-1.C scan-tree-dump-times ehcleanup1 "Empty EH handler" 1
FAIL: g++.dg/tree-ssa/ehcleanup-1.C scan-tree-dump-times ehcleanup1 "Removing unreachable" 2
=== g++ Summary for unix/-m32 ===
# of expected passes 27204
# of unexpected failures 5
# of expected failures 157
# of unsupported tests 178
Running target unix/-m64
FAIL: g++.dg/eh/builtin1.C scan-tree-dump-times eh "resx" 2
FAIL: g++.dg/eh/builtin2.C scan-tree-dump-times eh "resx" 0
FAIL: g++.dg/eh/builtin3.C scan-tree-dump-times eh "resx" 1
WARNING: g++.dg/ext/label13.C compilation failed to produce executable
FAIL: g++.dg/tree-ssa/ehcleanup-1.C scan-tree-dump-times ehcleanup1 "Empty EH handler" 1
FAIL: g++.dg/tree-ssa/ehcleanup-1.C scan-tree-dump-times ehcleanup1 "Removing unreachable" 2
=== g++ Summary for unix/-m64 ===
# of expected passes 27437
# of unexpected failures 5
# of expected failures 157
# of unsupported tests 376
=== g++ Summary ===
# of expected passes 54641
# of unexpected failures 10
# of expected failures 314
# of unsupported tests 554
/opt/gcc/build_w/gcc/testsuite/g++/../../g++ version 4.7.0 20110528 (experimental) [trunk revision 174386p3r1] (GCC)
=== gcc tests ===
Running target unix/-m32
XPASS: gcc.dg/tree-ssa/20030807-7.c scan-tree-dump-times vrp1 "if " 1
FAIL: gcc.dg/tree-ssa/20031015-1.c scan-tree-dump-times alias "DEF" 2
FAIL: gcc.dg/tree-ssa/stdarg-2.c scan-tree-dump stdarg "f1: va_list escapes 0, needs to save 0 GPR units"
FAIL: gcc.dg/tree-ssa/stdarg-2.c scan-tree-dump stdarg "f2: va_list escapes 0, needs to save [148] GPR units"
FAIL: gcc.dg/tree-ssa/stdarg-2.c scan-tree-dump stdarg "f3: va_list escapes 0, needs to save [1-9][0-9]* GPR units"
FAIL: gcc.dg/tree-ssa/stdarg-2.c scan-tree-dump stdarg "f6: va_list escapes 0, needs to save (3|12|24) GPR units"
FAIL: gcc.dg/tree-ssa/stdarg-2.c scan-tree-dump stdarg "f11: va_list escapes 0, needs to save (3|12|24) GPR units"
FAIL: gcc.dg/tree-ssa/stdarg-2.c scan-tree-dump stdarg "f12: va_list escapes 0, needs to save [1-9][0-9]* GPR units"
FAIL: gcc.dg/tree-ssa/stdarg-2.c scan-tree-dump stdarg "f13: va_list escapes 0, needs to save [1-9][0-9]* GPR units"
FAIL: gcc.dg/tree-ssa/stdarg-2.c scan-tree-dump stdarg "f14: va_list escapes 0, needs to save [1-9][0-9]* GPR units"
FAIL: gcc.dg/tree-ssa/stdarg-4.c scan-tree-dump stdarg "f3: va_list escapes 0, needs to save [148] GPR units"
FAIL: gcc.dg/tree-ssa/stdarg-4.c scan-tree-dump stdarg "f4: va_list escapes 0, needs to save [148] GPR units"
FAIL: gcc.dg/tree-ssa/vrp47.c scan-tree-dump-times dom1 "x[^ ]* & y" 1
FAIL: gcc.dg/vect/pr49038.c (test for excess errors)
WARNING: gcc.dg/vect/pr49038.c compilation failed to produce executable
FAIL: gcc.dg/vect/pr49038.c -flto (test for excess errors)
WARNING: gcc.dg/vect/pr49038.c -flto compilation failed to produce executable
=== gcc Summary for unix/-m32 ===
# of expected passes 76593
# of unexpected failures 14
# of unexpected successes 1
# of expected failures 242
# of unsupported tests 1405
Running target unix/-m64
FAIL: gcc.dg/matrix/transpose-3.c execution, -fprofile-use -fipa-matrix-reorg -fdump-ipa-matrix-reorg -O3 -fwhole-program -fno-tree-fre
XPASS: gcc.dg/tree-ssa/20030807-7.c scan-tree-dump-times vrp1 "if " 1
FAIL: gcc.dg/tree-ssa/20031015-1.c scan-tree-dump-times alias "DEF" 2
FAIL: gcc.dg/tree-ssa/vrp47.c scan-tree-dump-times dom1 "x[^ ]* & y" 1
FAIL: gcc.dg/vect/pr49038.c (test for excess errors)
WARNING: gcc.dg/vect/pr49038.c compilation failed to produce executable
FAIL: gcc.dg/vect/pr49038.c -flto (test for excess errors)
WARNING: gcc.dg/vect/pr49038.c -flto compilation failed to produce executable
=== gcc Summary for unix/-m64 ===
# of expected passes 76753
# of unexpected failures 5
# of unexpected successes 1
# of expected failures 243
# of unsupported tests 1775
=== gcc Summary ===
# of expected passes 153346
# of unexpected failures 19
# of unexpected successes 2
# of expected failures 485
# of unsupported tests 3180
/opt/gcc/build_w/gcc/xgcc version 4.7.0 20110528 (experimental) [trunk revision 174386p3r1] (GCC)
=== gfortran tests ===
Running target unix/-m32
FAIL: gfortran.dg/vect/fast-math-vect-8.f90 scan-tree-dump-times vect "vectorized 1 loops" 1
=== gfortran Summary for unix/-m32 ===
# of expected passes 38783
# of unexpected failures 1
# of expected failures 53
# of unsupported tests 209
Running target unix/-m64
FAIL: gfortran.dg/vect/fast-math-vect-8.f90 scan-tree-dump-times vect "vectorized 1 loops" 1
=== gfortran Summary for unix/-m64 ===
# of expected passes 39070
# of unexpected failures 1
# of expected failures 53
# of unsupported tests 71
=== gfortran Summary ===
# of expected passes 77853
# of unexpected failures 2
# of expected failures 106
# of unsupported tests 280
/opt/gcc/build_w/gcc/testsuite/gfortran/../../gfortran version 4.7.0 20110528 (experimental) [trunk revision 174386p3r1] (GCC)
=== obj-c++ tests ===
Running target unix/-m32
FAIL: obj-c++.dg/exceptions-3.mm -fgnu-runtime (internal compiler error)
FAIL: obj-c++.dg/exceptions-3.mm -fgnu-runtime (test for excess errors)
FAIL: obj-c++.dg/exceptions-4.mm -fgnu-runtime (internal compiler error)
FAIL: obj-c++.dg/exceptions-4.mm -fgnu-runtime (test for excess errors)
FAIL: obj-c++.dg/exceptions-5.mm -fgnu-runtime (internal compiler error)
FAIL: obj-c++.dg/exceptions-5.mm -fgnu-runtime (test for excess errors)
FAIL: obj-c++.dg/fobjc-exceptions-1.mm -fgnu-runtime (internal compiler error)
FAIL: obj-c++.dg/fobjc-exceptions-1.mm -fgnu-runtime (test for excess errors)
FAIL: obj-c++.dg/fobjc-exceptions-2.mm -fgnu-runtime (internal compiler error)
FAIL: obj-c++.dg/fobjc-exceptions-2.mm -fgnu-runtime (test for excess errors)
FAIL: obj-c++.dg/fobjc-exceptions-3.mm -fgnu-runtime (internal compiler error)
FAIL: obj-c++.dg/fobjc-exceptions-3.mm -fgnu-runtime (test for excess errors)
FAIL: obj-c++.dg/try-catch-13.mm -fgnu-runtime (internal compiler error)
FAIL: obj-c++.dg/try-catch-13.mm -fgnu-runtime (test for excess errors)
FAIL: obj-c++.dg/try-catch-4.mm -fgnu-runtime (internal compiler error)
FAIL: obj-c++.dg/try-catch-4.mm -fgnu-runtime (test for excess errors)
=== obj-c++ Summary for unix/-m32 ===
# of expected passes 3085
# of unexpected failures 16
# of expected failures 2
# of unsupported tests 68
Running target unix/-m64
FAIL: obj-c++.dg/exceptions-3.mm -fgnu-runtime (internal compiler error)
FAIL: obj-c++.dg/exceptions-3.mm -fgnu-runtime (test for excess errors)
FAIL: obj-c++.dg/exceptions-4.mm -fgnu-runtime (internal compiler error)
FAIL: obj-c++.dg/exceptions-4.mm -fgnu-runtime (test for excess errors)
FAIL: obj-c++.dg/exceptions-5.mm -fgnu-runtime (internal compiler error)
FAIL: obj-c++.dg/exceptions-5.mm -fgnu-runtime (test for excess errors)
FAIL: obj-c++.dg/fobjc-exceptions-1.mm -fgnu-runtime (internal compiler error)
FAIL: obj-c++.dg/fobjc-exceptions-1.mm -fgnu-runtime (test for excess errors)
FAIL: obj-c++.dg/fobjc-exceptions-2.mm -fgnu-runtime (internal compiler error)
FAIL: obj-c++.dg/fobjc-exceptions-2.mm -fgnu-runtime (test for excess errors)
FAIL: obj-c++.dg/fobjc-exceptions-3.mm -fgnu-runtime (internal compiler error)
FAIL: obj-c++.dg/fobjc-exceptions-3.mm -fgnu-runtime (test for excess errors)
FAIL: obj-c++.dg/try-catch-13.mm -fgnu-runtime (internal compiler error)
FAIL: obj-c++.dg/try-catch-13.mm -fgnu-runtime (test for excess errors)
FAIL: obj-c++.dg/try-catch-4.mm -fgnu-runtime (internal compiler error)
FAIL: obj-c++.dg/try-catch-4.mm -fgnu-runtime (test for excess errors)
=== obj-c++ Summary for unix/-m64 ===
# of expected passes 3035
# of unexpected failures 16
# of expected failures 19
# of unsupported tests 73
=== obj-c++ Summary ===
# of expected passes 6120
# of unexpected failures 32
# of expected failures 21
# of unsupported tests 141
/opt/gcc/build_w/gcc/testsuite/obj-c++/../../g++ version 4.7.0 20110528 (experimental) [trunk revision 174386p3r1] (GCC)
=== objc tests ===
Running target unix/-m32
=== objc Summary for unix/-m32 ===
# of expected passes 6021
# of expected failures 6
# of unsupported tests 86
Running target unix/-m64
=== objc Summary for unix/-m64 ===
# of expected passes 5943
# of expected failures 24
# of unsupported tests 102
=== objc Summary ===
# of expected passes 11964
# of expected failures 30
# of unsupported tests 188
/opt/gcc/build_w/gcc/xgcc version 4.7.0 20110528 (experimental) [trunk revision 174386p3r1] (GCC)
=== boehm-gc tests ===
Running target unix/-m32
=== boehm-gc Summary for unix/-m32 ===
# of expected passes 12
# of unsupported tests 1
Running target unix/-m64
=== boehm-gc Summary for unix/-m64 ===
# of expected passes 12
# of unsupported tests 1
=== boehm-gc Summary ===
# of expected passes 24
# of unsupported tests 2
=== libffi tests ===
Running target unix/-m32
=== libffi Summary for unix/-m32 ===
# of expected passes 1634
# of expected failures 10
# of unsupported tests 15
Running target unix/-m64
=== libffi Summary for unix/-m64 ===
# of expected passes 1634
# of expected failures 10
# of unsupported tests 15
=== libffi Summary ===
# of expected passes 3268
# of expected failures 20
# of unsupported tests 30
=== libgomp tests ===
Running target unix/-m32
FAIL: libgomp.graphite/force-parallel-7.c execution test
=== libgomp Summary for unix/-m32 ===
# of expected passes 2631
# of unexpected failures 1
# of unsupported tests 3
Running target unix/-m64
FAIL: libgomp.graphite/force-parallel-7.c execution test
=== libgomp Summary for unix/-m64 ===
# of expected passes 2631
# of unexpected failures 1
# of unsupported tests 3
=== libgomp Summary ===
# of expected passes 5262
# of unexpected failures 2
# of unsupported tests 6
=== libjava tests ===
Running target unix/-m32
FAIL: PR16923.c compilation
=== libjava Summary for unix/-m32 ===
# of expected passes 2572
# of unexpected failures 1
Running target unix/-m64
=== libjava Summary for unix/-m64 ===
# of expected passes 2574
=== libjava Summary ===
# of expected passes 5146
# of unexpected failures 1
=== libstdc++ tests ===
Running target unix/-m32
=== libstdc++ Summary for unix/-m32 ===
# of expected passes 7103
# of expected failures 81
# of unsupported tests 700
Running target unix/-m64
=== libstdc++ Summary for unix/-m64 ===
# of expected passes 7101
# of expected failures 81
# of unsupported tests 701
=== libstdc++ Summary ===
# of expected passes 14204
# of expected failures 162
# of unsupported tests 1401
Compiler version: 4.7.0 20110528 (experimental) [trunk revision 174386p3r1] (GCC)
Platform: x86_64-apple-darwin10.7.0
configure flags: --prefix=/opt/gcc/gcc4.7w --enable-languages=c,c++,fortran,objc,obj-c++,java,lto --with-gmp=/opt/sw64 --with-libiconv-prefix=/opt/sw64 --with-system-zlib --with-cloog=/opt/sw64 --enable-cloog-backend=isl --enable-lto