This is the mail archive of the gcc-testresults@gcc.gnu.org mailing list for the GCC project.


Index Nav: [Date Index] [Subject Index] [Author Index] [Thread Index]
Message Nav: [Date Prev] [Date Next] [Thread Prev] [Thread Next]
Other format: [Raw text]

Results for 4.3.5 (GCC) testsuite on sparc-sun-solaris2.7


Built with:
Sun as (107058-02)
Sun ld (106950-24)
gmp 5.0.1
mpfr 3.0.1p4

CONFIG_SHELL=/bin/ksh

Bootstrap compiler:
Using built-in specs.
Target: sparc-sun-solaris2.7
Configured with: ../gcc-4.3.4/configure --prefix=/usr/tgcware/gcc-4.3.4--with-local-prefix=/usr/tgcware/gcc-4.3.4 --with-libiconv-prefix=/usr/tgcware --with-gmp=/usr/tgcware --with-mpfr=/usr/tgcware --disable-nls --enable-shared --without-gnu-ld --with-ld=/usr/ccs/bin/ld --without-gnu-as --with-as=/usr/ccs/bin/as --enable-languages=c,ada,c++,fortran,objc,obj-c++,java --with-java-awt=xlib
Thread model: posix
gcc version 4.3.4 (GCC) 

LAST_UPDATED: Obtained from SVN: tags/gcc_4_3_5_release revision 159743

		=== acats tests ===

		=== acats Summary ===
# of expected passes		2315
# of unexpected failures	0
Native configuration is sparc-sun-solaris2.7

		=== g++ tests ===


Running target unix
FAIL: g++.dg/debug/dwarf2/pubnames-1.C scan-assembler-times "main".*external name 1
FAIL: g++.dg/opt/anchor1.C execution test
WARNING: g++.dg/other/ucnid-1.C compilation failed to produce executable
XPASS: g++.old-deja/g++.other/init19.C execution test

		=== g++ Summary for unix ===

# of expected passes		17406
# of unexpected failures	2
# of unexpected successes	1
# of expected failures		95
# of unsupported tests		229

Running target unix/-m64
FAIL: g++.dg/debug/dwarf2/pubnames-1.C scan-assembler-times "main".*external name 1
FAIL: g++.dg/opt/anchor1.C execution test
WARNING: g++.dg/other/ucnid-1.C compilation failed to produce executable
XPASS: g++.old-deja/g++.other/init19.C execution test

		=== g++ Summary for unix/-m64 ===

# of expected passes		17374
# of unexpected failures	2
# of unexpected successes	1
# of expected failures		95
# of unsupported tests		231

		=== g++ Summary ===

# of expected passes		34780
# of unexpected failures	4
# of unexpected successes	2
# of expected failures		190
# of unsupported tests		460
/export/home/tgc/buildpkg/gcc43/src/all_native/gcc/testsuite/g++/../../g++  version 4.3.5 (GCC) 

		=== gcc tests ===


Running target unix
FAIL: gcc.c-torture/compile/pr38789.c  -O0  (test for excess errors)
FAIL: gcc.c-torture/compile/pr38789.c  -O1  (test for excess errors)
FAIL: gcc.c-torture/compile/pr38789.c  -O2  (test for excess errors)
FAIL: gcc.c-torture/compile/pr38789.c  -O3 -fomit-frame-pointer  (test for excess errors)
FAIL: gcc.c-torture/compile/pr38789.c  -O3 -g  (test for excess errors)
FAIL: gcc.c-torture/compile/pr38789.c  -Os  (test for excess errors)
WARNING: program timed out.
FAIL: gcc.dg/pr28796-2.c execution test
WARNING: gcc.dg/ucnid-2.c compilation failed to produce executable
WARNING: gcc.dg/ucnid-3.c compilation failed to produce executable
WARNING: gcc.dg/ucnid-4.c compilation failed to produce executable
FAIL: gcc.dg/vect/pr33804.c scan-tree-dump-times vect "vectorized 1 loops" 1
FAIL: gcc.dg/vect/pr33804.c scan-tree-dump-times vect "vectorizing stmts using SLP" 1
FAIL: gcc.dg/vect/vect-35.c scan-tree-dump-times vect "vectorized 1 loops" 1
FAIL: gcc.dg/vect/vect-iv-6.c scan-tree-dump-times vect "vectorized 1 loops" 1
FAIL: gcc.dg/vect/vect-multitypes-5.c scan-tree-dump-times vect "vectorized 1 loops" 1
FAIL: gcc.dg/vect/vect-multitypes-6.c scan-tree-dump-times vect "vectorized 1 loops" 1
FAIL: gcc.dg/vect/vect-outer-5.c scan-tree-dump-times vect "OUTER LOOP VECTORIZED" 1
FAIL: gcc.dg/vect/vect-outer-5.c scan-tree-dump-times vect "zero step in outer loop." 1
FAIL: gcc.dg/vect/vect-outer-6.c scan-tree-dump-times vect "OUTER LOOP VECTORIZED" 1
FAIL: gcc.dg/vect/vect-outer-6.c scan-tree-dump-times vect "zero step in outer loop." 1
FAIL: gcc.dg/vect/vect-vfa-slp.c scan-tree-dump-times vect "vectorized 1 loops" 1
FAIL: gcc.dg/vect/slp-15.c scan-tree-dump-times vect "vectorizing stmts using SLP" 2
FAIL: gcc.dg/vect/slp-25.c scan-tree-dump-times vect "Alignment of access forced using peeling" 2
FAIL: gcc.dg/vect/slp-3.c scan-tree-dump-times vect "vectorized 3 loops" 1
FAIL: gcc.dg/vect/slp-3.c scan-tree-dump-times vect "vectorizing stmts using SLP" 3
FAIL: gcc.dg/vect/no-vfa-pr29145.c scan-tree-dump-times vect "vectorized 0 loops" 2
FAIL: gcc.dg/vect/no-vfa-pr29145.c scan-tree-dump-times vect "vectorized 1 loops" 1
FAIL: gcc.dg/vect/no-vfa-vect-depend-1.c scan-tree-dump-times vect "vectorized 1 loops" 1

		=== gcc Summary for unix ===

# of expected passes		47451
# of unexpected failures	25
# of expected failures		196
# of untested testcases		35
# of unsupported tests		557

Running target unix/-m64
WARNING: program timed out.
FAIL: gcc.c-torture/compile/limits-fnargs.c  -O2  (test for excess errors)
WARNING: program timed out.
FAIL: gcc.c-torture/compile/limits-fnargs.c  -O3 -fomit-frame-pointer  (test for excess errors)
WARNING: program timed out.
FAIL: gcc.c-torture/compile/limits-fnargs.c  -O3 -g  (test for excess errors)
WARNING: program timed out.
FAIL: gcc.c-torture/compile/limits-fnargs.c  -Os  (test for excess errors)
FAIL: gcc.c-torture/compile/pr38789.c  -O0  (test for excess errors)
FAIL: gcc.c-torture/compile/pr38789.c  -O1  (test for excess errors)
FAIL: gcc.c-torture/compile/pr38789.c  -O2  (test for excess errors)
FAIL: gcc.c-torture/compile/pr38789.c  -O3 -fomit-frame-pointer  (test for excess errors)
FAIL: gcc.c-torture/compile/pr38789.c  -O3 -g  (test for excess errors)
FAIL: gcc.c-torture/compile/pr38789.c  -Os  (test for excess errors)
WARNING: program timed out.
FAIL: gcc.dg/pr28796-2.c execution test
WARNING: gcc.dg/ucnid-2.c compilation failed to produce executable
WARNING: gcc.dg/ucnid-3.c compilation failed to produce executable
WARNING: gcc.dg/ucnid-4.c compilation failed to produce executable
FAIL: gcc.dg/vect/pr33804.c scan-tree-dump-times vect "vectorized 1 loops" 1
FAIL: gcc.dg/vect/pr33804.c scan-tree-dump-times vect "vectorizing stmts using SLP" 1
FAIL: gcc.dg/vect/vect-iv-6.c scan-tree-dump-times vect "vectorized 1 loops" 1
FAIL: gcc.dg/vect/vect-outer-5.c scan-tree-dump-times vect "OUTER LOOP VECTORIZED" 1
FAIL: gcc.dg/vect/vect-outer-5.c scan-tree-dump-times vect "zero step in outer loop." 1
FAIL: gcc.dg/vect/vect-outer-6.c scan-tree-dump-times vect "OUTER LOOP VECTORIZED" 1
FAIL: gcc.dg/vect/vect-outer-6.c scan-tree-dump-times vect "zero step in outer loop." 1
FAIL: gcc.dg/vect/vect-vfa-slp.c scan-tree-dump-times vect "vectorized 1 loops" 1
FAIL: gcc.dg/vect/slp-15.c scan-tree-dump-times vect "vectorizing stmts using SLP" 2
FAIL: gcc.dg/vect/slp-25.c scan-tree-dump-times vect "Alignment of access forced using peeling" 2
FAIL: gcc.dg/vect/slp-3.c scan-tree-dump-times vect "vectorized 3 loops" 1
FAIL: gcc.dg/vect/slp-3.c scan-tree-dump-times vect "vectorizing stmts using SLP" 3
FAIL: gcc.dg/vect/no-vfa-pr29145.c scan-tree-dump-times vect "vectorized 0 loops" 2
FAIL: gcc.dg/vect/no-vfa-pr29145.c scan-tree-dump-times vect "vectorized 1 loops" 1
FAIL: gcc.dg/vect/no-vfa-vect-depend-1.c scan-tree-dump-times vect "vectorized 1 loops" 1

		=== gcc Summary for unix/-m64 ===

# of expected passes		47424
# of unexpected failures	26
# of expected failures		196
# of untested testcases		35
# of unsupported tests		569

		=== gcc Summary ===

# of expected passes		94875
# of unexpected failures	51
# of expected failures		392
# of untested testcases		70
# of unsupported tests		1126
/export/home/tgc/buildpkg/gcc43/src/all_native/gcc/xgcc  version 4.3.5 (GCC) 

		=== gfortran tests ===


Running target unix
FAIL: gfortran.dg/nint_2.f90  -O0  execution test

		=== gfortran Summary for unix ===

# of expected passes		25222
# of unexpected failures	1
# of expected failures		5
# of unsupported tests		171

Running target unix/-m64
FAIL: gfortran.dg/deallocate_stat.f90  -O1  (internal compiler error)
FAIL: gfortran.dg/deallocate_stat.f90  -O1  (test for excess errors)
WARNING: gfortran.dg/deallocate_stat.f90  -O1  compilation failed to produce executable
FAIL: gfortran.dg/nint_2.f90  -O0  execution test

		=== gfortran Summary for unix/-m64 ===

# of expected passes		25236
# of unexpected failures	3
# of expected failures		5
# of unsupported tests		163

		=== gfortran Summary ===

# of expected passes		50458
# of unexpected failures	4
# of expected failures		10
# of unsupported tests		334
/export/home/tgc/buildpkg/gcc43/src/all_native/gcc/testsuite/gfortran/../../gfortran  version 4.3.5 (GCC) 

		=== gnat tests ===


Running target unix

		=== gnat Summary for unix ===

# of expected passes		376
# of expected failures		1

Running target unix/-m64
FAIL: gnat.dg/abstract_with_anonymous_result.adb (test for excess errors)
WARNING: gnat.dg/abstract_with_anonymous_result.adb compilation failed to produce executable
FAIL: gnat.dg/access3.adb (test for excess errors)
FAIL: gnat.dg/access4.adb (test for excess errors)
WARNING: gnat.dg/access4.adb compilation failed to produce executable
FAIL: gnat.dg/access_discr.adb (test for excess errors)
FAIL: gnat.dg/access_test.adb (test for excess errors)
WARNING: gnat.dg/access_test.adb compilation failed to produce executable
FAIL: gnat.dg/addr2.adb (test for excess errors)
WARNING: gnat.dg/addr2.adb compilation failed to produce executable
FAIL: gnat.dg/address_conversion.adb (test for excess errors)
WARNING: gnat.dg/address_conversion.adb compilation failed to produce executable
FAIL: gnat.dg/aggr1.adb (test for excess errors)
WARNING: gnat.dg/aggr1.adb compilation failed to produce executable
FAIL: gnat.dg/aggr3.adb (test for excess errors)
WARNING: gnat.dg/aggr3.adb compilation failed to produce executable
FAIL: gnat.dg/aggr7.adb (test for excess errors)
FAIL: gnat.dg/aliased_prefix_accessibility.adb (test for excess errors)
WARNING: gnat.dg/aliased_prefix_accessibility.adb compilation failed to produce executable
FAIL: gnat.dg/align_check.adb (test for excess errors)
WARNING: gnat.dg/align_check.adb compilation failed to produce executable
FAIL: gnat.dg/alignment1.adb (test for excess errors)
WARNING: gnat.dg/alignment1.adb compilation failed to produce executable
FAIL: gnat.dg/alignment2.adb (test for excess errors)
WARNING: gnat.dg/alignment2.adb compilation failed to produce executable
FAIL: gnat.dg/alignment3.adb (test for excess errors)
FAIL: gnat.dg/array3.adb (test for excess errors)
WARNING: gnat.dg/array3.adb compilation failed to produce executable
FAIL: gnat.dg/array5.adb (test for excess errors)
WARNING: gnat.dg/array5.adb compilation failed to produce executable
FAIL: gnat.dg/assert1.adb (test for excess errors)
WARNING: gnat.dg/assert1.adb compilation failed to produce executable
FAIL: gnat.dg/asynch.adb (test for excess errors)
FAIL: gnat.dg/biased_uc.adb (test for excess errors)
WARNING: gnat.dg/biased_uc.adb compilation failed to produce executable
FAIL: gnat.dg/bip_prim_func.adb (test for excess errors)
FAIL: gnat.dg/bit_packed_array3.adb (test for excess errors)
WARNING: gnat.dg/bit_packed_array3.adb compilation failed to produce executable
FAIL: gnat.dg/c_words.adb (test for excess errors)
FAIL: gnat.dg/capture_value.adb (test for excess errors)
WARNING: gnat.dg/capture_value.adb compilation failed to produce executable
FAIL: gnat.dg/check_elaboration_code.adb (test for excess errors)
WARNING: gnat.dg/check_elaboration_code.adb compilation failed to produce executable
FAIL: gnat.dg/class_wide.adb (test for excess errors)
FAIL: gnat.dg/compose.adb (test for excess errors)
WARNING: gnat.dg/compose.adb compilation failed to produce executable
FAIL: gnat.dg/controlled_record.adb (test for excess errors)
FAIL: gnat.dg/conv_bug.adb (test for excess errors)
WARNING: gnat.dg/conv_bug.adb compilation failed to produce executable
FAIL: gnat.dg/conv_decimal.adb (test for excess errors)
WARNING: gnat.dg/conv_decimal.adb compilation failed to produce executable
FAIL: gnat.dg/conv_real.adb (test for excess errors)
WARNING: gnat.dg/conv_real.adb compilation failed to produce executable
FAIL: gnat.dg/curr_task.adb (test for excess errors)
WARNING: gnat.dg/curr_task.adb compilation failed to produce executable
FAIL: gnat.dg/derived_aggregate.adb (test for excess errors)
WARNING: gnat.dg/derived_aggregate.adb compilation failed to produce executable
FAIL: gnat.dg/discr4.adb (test for excess errors)
WARNING: gnat.dg/discr4.adb compilation failed to produce executable
FAIL: gnat.dg/dispatch1.adb (test for excess errors)
WARNING: gnat.dg/dispatch1.adb compilation failed to produce executable
FAIL: gnat.dg/dispatch2.adb (test for excess errors)
WARNING: gnat.dg/dispatch2.adb compilation failed to produce executable
FAIL: gnat.dg/dispatch2_p.adb (test for excess errors)
FAIL: gnat.dg/elim1.adb (test for excess errors)
FAIL: gnat.dg/elim2.adb (test for excess errors)
WARNING: gnat.dg/elim2.adb compilation failed to produce executable
FAIL: gnat.dg/entry_queues.adb (test for excess errors)
WARNING: gnat.dg/entry_queues.adb compilation failed to produce executable
FAIL: gnat.dg/expect1.adb (test for excess errors)
WARNING: gnat.dg/expect1.adb compilation failed to produce executable
FAIL: gnat.dg/finalized.adb (test for excess errors)
FAIL: gnat.dg/fixedpnt.adb (test for excess errors)
WARNING: gnat.dg/fixedpnt.adb compilation failed to produce executable
FAIL: gnat.dg/frame_overflow.adb  (test for errors, line 14)
FAIL: gnat.dg/frame_overflow.adb  (test for errors, line 23)
FAIL: gnat.dg/generic_dispatch.adb (test for excess errors)
WARNING: gnat.dg/generic_dispatch.adb compilation failed to produce executable
FAIL: gnat.dg/generic_dispatch_p.adb (test for excess errors)
FAIL: gnat.dg/gnat_malloc.adb (test for excess errors)
WARNING: gnat.dg/gnat_malloc.adb compilation failed to produce executable
FAIL: gnat.dg/gnatg.adb (test for excess errors)
FAIL: gnat.dg/graphic.adb (test for excess errors)
FAIL: gnat.dg/ifaces.adb (test for excess errors)
FAIL: gnat.dg/in_out_parameter.adb (test for excess errors)
WARNING: gnat.dg/in_out_parameter.adb compilation failed to produce executable
FAIL: gnat.dg/inline_tagged.adb (test for excess errors)
WARNING: gnat.dg/inline_tagged.adb compilation failed to produce executable
FAIL: gnat.dg/interface1.adb (test for excess errors)
WARNING: gnat.dg/interface1.adb compilation failed to produce executable
FAIL: gnat.dg/interface2.adb (test for excess errors)
WARNING: gnat.dg/interface2.adb compilation failed to produce executable
FAIL: gnat.dg/interface3.adb (test for excess errors)
WARNING: gnat.dg/interface3.adb compilation failed to produce executable
FAIL: gnat.dg/interface_conv.adb (test for excess errors)
WARNING: gnat.dg/interface_conv.adb compilation failed to produce executable
FAIL: gnat.dg/iprot_test.adb (test for excess errors)
WARNING: gnat.dg/iprot_test.adb compilation failed to produce executable
FAIL: gnat.dg/kill_value.adb (test for excess errors)
WARNING: gnat.dg/kill_value.adb compilation failed to produce executable
FAIL: gnat.dg/late_overriding.adb (test for excess errors)
FAIL: gnat.dg/lhs_view_convert.adb (test for excess errors)
WARNING: gnat.dg/lhs_view_convert.adb compilation failed to produce executable
FAIL: gnat.dg/loop_address2.adb (test for excess errors)
FAIL: gnat.dg/loop_optimization3.adb (test for excess errors)
WARNING: gnat.dg/loop_optimization3.adb compilation failed to produce executable
FAIL: gnat.dg/loop_optimization4.adb (test for excess errors)
WARNING: gnat.dg/loop_optimization4.adb compilation failed to produce executable
FAIL: gnat.dg/md5_test.adb (test for excess errors)
WARNING: gnat.dg/md5_test.adb compilation failed to produce executable
FAIL: gnat.dg/mutable1.adb (test for excess errors)
WARNING: gnat.dg/mutable1.adb compilation failed to produce executable
FAIL: gnat.dg/named_test.adb (test for excess errors)
WARNING: gnat.dg/named_test.adb compilation failed to produce executable
FAIL: gnat.dg/nat1r.adb (test for excess errors)
WARNING: gnat.dg/nat1r.adb compilation failed to produce executable
FAIL: gnat.dg/nested_controlled_alloc.adb (test for excess errors)
WARNING: gnat.dg/nested_controlled_alloc.adb compilation failed to produce executable
FAIL: gnat.dg/nested_return_test.adb (test for excess errors)
WARNING: gnat.dg/nested_return_test.adb compilation failed to produce executable
FAIL: gnat.dg/no_final.adb (test for excess errors)
WARNING: gnat.dg/no_final.adb compilation failed to produce executable
FAIL: gnat.dg/outer_agg_bitfield_constructor.adb (test for excess errors)
WARNING: gnat.dg/outer_agg_bitfield_constructor.adb compilation failed to produce executable
FAIL: gnat.dg/overriding_ops.adb (test for excess errors)
FAIL: gnat.dg/packed_subtype.adb (test for excess errors)
WARNING: gnat.dg/packed_subtype.adb compilation failed to produce executable
FAIL: gnat.dg/pointer_conversion.adb (test for excess errors)
WARNING: gnat.dg/pointer_conversion.adb compilation failed to produce executable
FAIL: gnat.dg/prefix1.adb (test for excess errors)
FAIL: gnat.dg/prefix2.adb (test for excess errors)
FAIL: gnat.dg/quote.adb (test for excess errors)
WARNING: gnat.dg/quote.adb compilation failed to produce executable
FAIL: gnat.dg/range_check.adb (test for excess errors)
WARNING: gnat.dg/range_check.adb compilation failed to produce executable
FAIL: gnat.dg/ref_type.adb (test for excess errors)
FAIL: gnat.dg/regpat1.adb (test for excess errors)
WARNING: gnat.dg/regpat1.adb compilation failed to produce executable
FAIL: gnat.dg/release_unc_maxalign.adb (test for excess errors)
WARNING: gnat.dg/release_unc_maxalign.adb compilation failed to produce executable
FAIL: gnat.dg/renaming2.adb (test for excess errors)
WARNING: gnat.dg/renaming2.adb compilation failed to produce executable
FAIL: gnat.dg/renaming3.adb (test for excess errors)
WARNING: gnat.dg/renaming3.adb compilation failed to produce executable
FAIL: gnat.dg/requeue1.adb (test for excess errors)
WARNING: gnat.dg/requeue1.adb compilation failed to produce executable
FAIL: gnat.dg/return1.adb (test for excess errors)
FAIL: gnat.dg/scalar_mode_agg_compare.adb (test for excess errors)
WARNING: gnat.dg/scalar_mode_agg_compare.adb compilation failed to produce executable
FAIL: gnat.dg/self_aggregate_with_array.adb (test for excess errors)
WARNING: gnat.dg/self_aggregate_with_array.adb compilation failed to produce executable
FAIL: gnat.dg/self_aggregate_with_call.adb (test for excess errors)
WARNING: gnat.dg/self_aggregate_with_call.adb compilation failed to produce executable
FAIL: gnat.dg/self_aggregate_with_pointer.adb (test for excess errors)
WARNING: gnat.dg/self_aggregate_with_pointer.adb compilation failed to produce executable
FAIL: gnat.dg/self_aggregate_with_zeros.adb (test for excess errors)
WARNING: gnat.dg/self_aggregate_with_zeros.adb compilation failed to produce executable
FAIL: gnat.dg/sizetype.adb (test for excess errors)
WARNING: gnat.dg/sizetype.adb compilation failed to produce executable
FAIL: gnat.dg/slice3.adb (test for excess errors)
WARNING: gnat.dg/slice3.adb compilation failed to produce executable
FAIL: gnat.dg/slice4.adb (test for excess errors)
WARNING: gnat.dg/slice4.adb compilation failed to produce executable
FAIL: gnat.dg/socket1.adb (test for excess errors)
WARNING: gnat.dg/socket1.adb compilation failed to produce executable
FAIL: gnat.dg/socket2.adb (test for excess errors)
WARNING: gnat.dg/socket2.adb compilation failed to produce executable
FAIL: gnat.dg/sort2.adb (test for excess errors)
WARNING: gnat.dg/sort2.adb compilation failed to produce executable
FAIL: gnat.dg/spipaterr.adb (test for excess errors)
WARNING: gnat.dg/spipaterr.adb compilation failed to produce executable
FAIL: gnat.dg/string_slice.adb (test for excess errors)
WARNING: gnat.dg/string_slice.adb compilation failed to produce executable
FAIL: gnat.dg/tag1.adb (test for excess errors)
WARNING: gnat.dg/tag1.adb compilation failed to produce executable
FAIL: gnat.dg/tagged_type_pkg.adb (test for excess errors)
FAIL: gnat.dg/tail_call.adb (test for excess errors)
WARNING: gnat.dg/tail_call.adb compilation failed to produce executable
FAIL: gnat.dg/task_name.adb (test for excess errors)
FAIL: gnat.dg/test_address_null_init.adb (test for excess errors)
WARNING: gnat.dg/test_address_null_init.adb compilation failed to produce executable
FAIL: gnat.dg/test_bounded.adb (test for excess errors)
WARNING: gnat.dg/test_bounded.adb compilation failed to produce executable
FAIL: gnat.dg/test_delay.adb (test for excess errors)
WARNING: gnat.dg/test_delay.adb compilation failed to produce executable
FAIL: gnat.dg/test_enum_io.adb (test for excess errors)
WARNING: gnat.dg/test_enum_io.adb compilation failed to produce executable
FAIL: gnat.dg/test_fixed_io.adb (test for excess errors)
WARNING: gnat.dg/test_fixed_io.adb compilation failed to produce executable
FAIL: gnat.dg/test_ifaces.adb (test for excess errors)
WARNING: gnat.dg/test_ifaces.adb compilation failed to produce executable
FAIL: gnat.dg/test_image.adb (test for excess errors)
WARNING: gnat.dg/test_image.adb compilation failed to produce executable
FAIL: gnat.dg/test_image_p.adb (test for excess errors)
FAIL: gnat.dg/test_nested_subtype_byref.adb (test for excess errors)
WARNING: gnat.dg/test_nested_subtype_byref.adb compilation failed to produce executable
FAIL: gnat.dg/test_oalign.adb (test for excess errors)
WARNING: gnat.dg/test_oalign.adb compilation failed to produce executable
FAIL: gnat.dg/test_prefix1.adb (test for excess errors)
WARNING: gnat.dg/test_prefix1.adb compilation failed to produce executable
FAIL: gnat.dg/test_prio.adb (test for excess errors)
WARNING: gnat.dg/test_prio.adb compilation failed to produce executable
FAIL: gnat.dg/test_self.adb (test for excess errors)
WARNING: gnat.dg/test_self.adb compilation failed to produce executable
FAIL: gnat.dg/test_self_ref.adb (test for excess errors)
WARNING: gnat.dg/test_self_ref.adb compilation failed to produce executable
FAIL: gnat.dg/test_table1.adb (test for excess errors)
WARNING: gnat.dg/test_table1.adb compilation failed to produce executable
FAIL: gnat.dg/test_tamdt.adb (test for excess errors)
WARNING: gnat.dg/test_tamdt.adb compilation failed to produce executable
FAIL: gnat.dg/tfren.adb (test for excess errors)
WARNING: gnat.dg/tfren.adb compilation failed to produce executable
FAIL: gnat.dg/timing_events.adb (test for excess errors)
WARNING: gnat.dg/timing_events.adb compilation failed to produce executable
FAIL: gnat.dg/unc_memfree.adb (test for excess errors)
WARNING: gnat.dg/unc_memfree.adb compilation failed to produce executable
FAIL: gnat.dg/unchecked_convert1.adb (test for excess errors)
WARNING: gnat.dg/unchecked_convert1.adb compilation failed to produce executable
FAIL: gnat.dg/unchecked_convert2.adb (test for excess errors)
WARNING: gnat.dg/unchecked_convert2.adb compilation failed to produce executable
FAIL: gnat.dg/unchecked_union1.adb (test for excess errors)
WARNING: gnat.dg/unchecked_union1.adb compilation failed to produce executable
FAIL: gnat.dg/valid1.adb (test for excess errors)
WARNING: gnat.dg/valid1.adb compilation failed to produce executable
FAIL: gnat.dg/warn1.adb (test for excess errors)
WARNING: gnat.dg/warn1.adb compilation failed to produce executable
FAIL: gnat.dg/warn5.adb (test for excess errors)
FAIL: gnat.dg/wide_test.adb (test for excess errors)
WARNING: gnat.dg/wide_test.adb compilation failed to produce executable
FAIL: gnat.dg/specs/abstract_limited.ads (test for excess errors)
FAIL: gnat.dg/specs/ai_116.ads (test for excess errors)
FAIL: gnat.dg/specs/box1.ads (test for excess errors)
FAIL: gnat.dg/specs/controller.ads (test for excess errors)
FAIL: gnat.dg/specs/cpp1.ads (test for excess errors)
FAIL: gnat.dg/specs/double_record_extension1.ads (test for excess errors)
FAIL: gnat.dg/specs/double_record_extension2.ads (test for excess errors)
FAIL: gnat.dg/specs/elab1.ads (test for excess errors)
FAIL: gnat.dg/specs/gen_interface.ads (test for excess errors)
FAIL: gnat.dg/specs/limited1.ads (test for excess errors)
FAIL: gnat.dg/specs/preelab.ads (test for excess errors)
FAIL: gnat.dg/specs/private_with.ads (test for excess errors)
FAIL: gnat.dg/specs/tag1.ads (test for excess errors)

		=== gnat Summary for unix/-m64 ===

# of expected passes		134
# of unexpected failures	142
# of expected failures		1

		=== gnat Summary ===

# of expected passes		510
# of unexpected failures	142
# of expected failures		2
		=== obj-c++ tests ===


Running target unix
WARNING: obj-c++.dg/lookup-2.mm compilation failed to produce executable
WARNING: obj-c++.dg/try-catch-2.mm compilation failed to produce executable
WARNING: obj-c++.dg/try-catch-9.mm compilation failed to produce executable

		=== obj-c++ Summary for unix ===

# of expected passes		437
# of expected failures		9
# of unsupported tests		13

Running target unix/-m64
WARNING: obj-c++.dg/lookup-2.mm compilation failed to produce executable
WARNING: obj-c++.dg/try-catch-2.mm compilation failed to produce executable
WARNING: obj-c++.dg/try-catch-9.mm compilation failed to produce executable

		=== obj-c++ Summary for unix/-m64 ===

# of expected passes		423
# of expected failures		23
# of unsupported tests		13

		=== obj-c++ Summary ===

# of expected passes		860
# of expected failures		32
# of unsupported tests		26
/export/home/tgc/buildpkg/gcc43/src/all_native/gcc/testsuite/obj-c++/../../g++  version 4.3.5 (GCC) 

		=== objc tests ===


Running target unix

		=== objc Summary for unix ===

# of expected passes		1832
# of expected failures		7
# of unsupported tests		24

Running target unix/-m64

		=== objc Summary for unix/-m64 ===

# of expected passes		1832
# of expected failures		7
# of unsupported tests		24

		=== objc Summary ===

# of expected passes		3664
# of expected failures		14
# of unsupported tests		48
/export/home/tgc/buildpkg/gcc43/src/all_native/gcc/xgcc  version 4.3.5 (GCC) 

		=== libffi tests ===


Running target unix

		=== libffi Summary for unix ===

# of expected passes		1389
# of unsupported tests		10

Running target unix/-m64

		=== libffi Summary for unix/-m64 ===

# of expected passes		1389
# of unsupported tests		10

		=== libffi Summary ===

# of expected passes		2778
# of unsupported tests		20
		=== libgomp tests ===


Running target unix
WARNING: program timed out.
FAIL: libgomp.c/appendix-a/a.18.1.c execution test
WARNING: program timed out.
FAIL: libgomp.fortran/appendix-a/a.18.1.f90  -O0  execution test
WARNING: program timed out.
FAIL: libgomp.fortran/appendix-a/a.18.1.f90  -O1  execution test
WARNING: program timed out.
FAIL: libgomp.fortran/appendix-a/a.18.1.f90  -O2  execution test
WARNING: program timed out.
FAIL: libgomp.fortran/appendix-a/a.18.1.f90  -O3 -fomit-frame-pointer  execution test
WARNING: program timed out.
FAIL: libgomp.fortran/appendix-a/a.18.1.f90  -O3 -fomit-frame-pointer -funroll-loops  execution test
WARNING: program timed out.
FAIL: libgomp.fortran/appendix-a/a.18.1.f90  -O3 -fomit-frame-pointer -funroll-all-loops -finline-functions  execution test
WARNING: program timed out.
FAIL: libgomp.fortran/appendix-a/a.18.1.f90  -O3 -g  execution test
WARNING: program timed out.
FAIL: libgomp.fortran/appendix-a/a.18.1.f90  -Os  execution test

		=== libgomp Summary for unix ===

# of expected passes		1740
# of unexpected failures	9
# of unsupported tests		7

Running target unix/-m64
WARNING: program timed out.
FAIL: libgomp.c/appendix-a/a.18.1.c execution test
WARNING: program timed out.
FAIL: libgomp.fortran/appendix-a/a.18.1.f90  -O0  execution test
WARNING: program timed out.
FAIL: libgomp.fortran/appendix-a/a.18.1.f90  -O1  execution test
WARNING: program timed out.
FAIL: libgomp.fortran/appendix-a/a.18.1.f90  -O2  execution test
WARNING: program timed out.
FAIL: libgomp.fortran/appendix-a/a.18.1.f90  -O3 -fomit-frame-pointer  execution test
WARNING: program timed out.
FAIL: libgomp.fortran/appendix-a/a.18.1.f90  -O3 -fomit-frame-pointer -funroll-loops  execution test
WARNING: program timed out.
FAIL: libgomp.fortran/appendix-a/a.18.1.f90  -O3 -fomit-frame-pointer -funroll-all-loops -finline-functions  execution test
WARNING: program timed out.
FAIL: libgomp.fortran/appendix-a/a.18.1.f90  -O3 -g  execution test
WARNING: program timed out.
FAIL: libgomp.fortran/appendix-a/a.18.1.f90  -Os  execution test

		=== libgomp Summary for unix/-m64 ===

# of expected passes		1740
# of unexpected failures	9
# of unsupported tests		7

		=== libgomp Summary ===

# of expected passes		3480
# of unexpected failures	18
# of unsupported tests		14
		=== libjava tests ===


Running target unix
WARNING: program timed out.
FAIL: getallthreads run
FAIL: InvokeInterface execution - source compiled test
FAIL: InvokeInterface -O3 execution - source compiled test
WARNING: program timed out.
FAIL: PR18699 -O3 execution - source compiled test
WARNING: program timed out.
FAIL: PR27908 execution - source compiled test
WARNING: program timed out.
FAIL: PR27908 -findirect-dispatch execution - source compiled test
WARNING: program timed out.
FAIL: PR27908 -O3 execution - source compiled test
WARNING: program timed out.
FAIL: PR27908 -O3 -findirect-dispatch execution - source compiled test

		=== libjava Summary for unix ===

# of expected passes		2547
# of unexpected failures	8
# of untested testcases		8

Running target unix/-m64
FAIL: PR16923 run
WARNING: program timed out.
FAIL: getallthreads run
FAIL: InvokeInterface execution - source compiled test
FAIL: InvokeInterface -O3 execution - source compiled test
WARNING: program timed out.
FAIL: PR18699 execution - source compiled test
WARNING: program timed out.
FAIL: PR18699 -O3 -findirect-dispatch execution - source compiled test
WARNING: program timed out.
FAIL: PR27908 execution - source compiled test
WARNING: program timed out.
FAIL: PR27908 -findirect-dispatch execution - source compiled test
WARNING: program timed out.
FAIL: PR27908 -O3 execution - source compiled test
WARNING: program timed out.
FAIL: PR27908 -O3 -findirect-dispatch execution - source compiled test

		=== libjava Summary for unix/-m64 ===

# of expected passes		2544
# of unexpected failures	10
# of untested testcases		10

		=== libjava Summary ===

# of expected passes		5091
# of unexpected failures	18
# of untested testcases		18
		=== libstdc++ tests ===


Running target unix

		=== libstdc++ Summary for unix ===

# of expected passes		4858
# of expected failures		61
# of unsupported tests		376

Running target unix/-m64

		=== libstdc++ Summary for unix/-m64 ===

# of expected passes		4858
# of expected failures		61
# of unsupported tests		376

		=== libstdc++ Summary ===

# of expected passes		9716
# of expected failures		122
# of unsupported tests		752

Compiler version: 4.3.5 (GCC) 
Platform: sparc-sun-solaris2.7
configure flags: --prefix=/usr/tgcware/gcc-4.3.5 --with-local-prefix=/usr/tgcware/gcc-4.3.5 --with-gmp=/usr/tgcware --with-mpfr=/usr/tgcware --disable-nls --enable-shared --with-cpu=v7 --without-gnu-ld --with-ld=/usr/ccs/bin/ld --without-gnu-as --with-as=/usr/ccs/bin/as --enable-languages=c,ada,c++,fortran,objc,obj-c++,java --with-java-awt=xlib


Index Nav: [Date Index] [Subject Index] [Author Index] [Thread Index]
Message Nav: [Date Prev] [Date Next] [Thread Prev] [Thread Next]