This is the mail archive of the
gcc-testresults@gcc.gnu.org
mailing list for the GCC project.
Results for 4.7.0 20110520 (experimental) [trunk revision 173967] (GCC) testsuite on alpha-dec-osf5.1b
- From: <ro at smtp-relay dot CeBiTec dot Uni-Bielefeld dot DE>
- To: gcc-testresults at gcc dot gnu dot org
- Date: Mon, 23 May 2011 11:02:52 +0200 (MEST)
- Subject: Results for 4.7.0 20110520 (experimental) [trunk revision 173967] (GCC) testsuite on alpha-dec-osf5.1b
LAST_UPDATED: Fri May 20 19:32:03 UTC 2011 (revision 173967)
Native configuration is alpha-dec-osf5.1b
=== boehm-gc tests ===
Running target unix
=== boehm-gc Summary ===
# of expected passes 12
# of unsupported tests 1
=== libffi tests ===
Running target unix
FAIL: libffi.call/huge_struct.c -O0 -W -Wall execution test
FAIL: libffi.call/huge_struct.c -O2 execution test
FAIL: libffi.call/huge_struct.c -O3 execution test
FAIL: libffi.call/huge_struct.c -Os execution test
FAIL: libffi.call/huge_struct.c -O2 -fomit-frame-pointer execution test
=== libffi Summary ===
# of expected passes 1624
# of unexpected failures 5
# of expected failures 10
# of unsupported tests 15
=== libgomp tests ===
Running target unix
=== libgomp Summary ===
# of expected passes 2586
# of unsupported tests 3
=== libjava tests ===
Running target unix
FAIL: Throw_2 execution - source compiled test
FAIL: Throw_2 -findirect-dispatch execution - source compiled test
FAIL: Throw_2 -O3 execution - source compiled test
FAIL: Throw_2 -O3 -findirect-dispatch execution - source compiled test
FAIL: md5test output - source compiled test
FAIL: md5test -findirect-dispatch output - source compiled test
FAIL: md5test -O3 output - source compiled test
FAIL: md5test -O3 -findirect-dispatch output - source compiled test
FAIL: shatest execution - source compiled test
FAIL: shatest -findirect-dispatch execution - source compiled test
FAIL: shatest -O3 execution - source compiled test
FAIL: shatest -O3 -findirect-dispatch execution - source compiled test
=== libjava Summary ===
# of expected passes 2554
# of unexpected failures 12
# of untested testcases 8
=== libstdc++ tests ===
Running target unix
FAIL: 18_support/bad_alloc/cons_virtual_derivation.cc (test for excess errors)
WARNING: 18_support/bad_alloc/cons_virtual_derivation.cc compilation failed to produce executable
FAIL: 18_support/bad_cast/cons_virtual_derivation.cc (test for excess errors)
WARNING: 18_support/bad_cast/cons_virtual_derivation.cc compilation failed to produce executable
FAIL: 18_support/bad_exception/cons_virtual_derivation.cc (test for excess errors)
WARNING: 18_support/bad_exception/cons_virtual_derivation.cc compilation failed to produce executable
FAIL: 18_support/bad_typeid/cons_virtual_derivation.cc (test for excess errors)
WARNING: 18_support/bad_typeid/cons_virtual_derivation.cc compilation failed to produce executable
FAIL: 18_support/nested_exception/rethrow_if_nested.cc (test for excess errors)
WARNING: 18_support/nested_exception/rethrow_if_nested.cc compilation failed to produce executable
FAIL: 18_support/nested_exception/throw_with_nested.cc (test for excess errors)
WARNING: 18_support/nested_exception/throw_with_nested.cc compilation failed to produce executable
FAIL: 19_diagnostics/logic_error/cons_virtual_derivation.cc (test for excess errors)
WARNING: 19_diagnostics/logic_error/cons_virtual_derivation.cc compilation failed to produce executable
FAIL: 19_diagnostics/runtime_error/cons_virtual_derivation.cc (test for excess errors)
WARNING: 19_diagnostics/runtime_error/cons_virtual_derivation.cc compilation failed to produce executable
FAIL: 19_diagnostics/system_error/cons_virtual_derivation.cc (test for excess errors)
WARNING: 19_diagnostics/system_error/cons_virtual_derivation.cc compilation failed to produce executable
FAIL: 20_util/bad_function_call/cons_virtual_derivation.cc (test for excess errors)
WARNING: 20_util/bad_function_call/cons_virtual_derivation.cc compilation failed to produce executable
FAIL: 21_strings/basic_string/inserters_extractors/pod/10081-in.cc (test for excess errors)
WARNING: 21_strings/basic_string/inserters_extractors/pod/10081-in.cc compilation failed to produce executable
FAIL: 21_strings/basic_string/inserters_extractors/pod/10081-out.cc (test for excess errors)
WARNING: 21_strings/basic_string/inserters_extractors/pod/10081-out.cc compilation failed to produce executable
FAIL: 22_locale/numpunct/members/pod/2.cc (test for excess errors)
WARNING: 22_locale/numpunct/members/pod/2.cc compilation failed to produce executable
FAIL: 26_numerics/complex/cons/48760.cc (test for excess errors)
WARNING: 26_numerics/complex/cons/48760.cc compilation failed to produce executable
FAIL: 26_numerics/complex/cons/48760_c++0x.cc (test for excess errors)
WARNING: 26_numerics/complex/cons/48760_c++0x.cc compilation failed to produce executable
FAIL: 26_numerics/complex/inserters_extractors/char/1.cc (test for excess errors)
WARNING: 26_numerics/complex/inserters_extractors/char/1.cc compilation failed to produce executable
FAIL: 26_numerics/complex/inserters_extractors/wchar_t/1.cc (test for excess errors)
WARNING: 26_numerics/complex/inserters_extractors/wchar_t/1.cc compilation failed to produce executable
FAIL: 27_io/basic_fstream/cons/1.cc (test for excess errors)
WARNING: 27_io/basic_fstream/cons/1.cc compilation failed to produce executable
FAIL: 27_io/basic_fstream/requirements/explicit_instantiation.cc (test for excess errors)
FAIL: 27_io/basic_ifstream/cons/2020.cc (test for excess errors)
WARNING: 27_io/basic_ifstream/cons/2020.cc compilation failed to produce executable
FAIL: 27_io/basic_ifstream/requirements/explicit_instantiation.cc (test for excess errors)
FAIL: 27_io/basic_ios/cons/char/3.cc (test for excess errors)
WARNING: 27_io/basic_ios/cons/char/3.cc compilation failed to produce executable
FAIL: 27_io/basic_ios/imbue/14072.cc (test for excess errors)
WARNING: 27_io/basic_ios/imbue/14072.cc compilation failed to produce executable
FAIL: 27_io/basic_iostream/cons/2020.cc (test for excess errors)
WARNING: 27_io/basic_iostream/cons/2020.cc compilation failed to produce executable
FAIL: 27_io/basic_iostream/requirements/explicit_instantiation.cc (test for excess errors)
FAIL: 27_io/basic_istream/cons/3.cc (test for excess errors)
WARNING: 27_io/basic_istream/cons/3.cc compilation failed to produce executable
FAIL: 27_io/basic_istream/extractors_arithmetic/pod/3983-1.cc (test for excess errors)
WARNING: 27_io/basic_istream/extractors_arithmetic/pod/3983-1.cc compilation failed to produce executable
FAIL: 27_io/basic_istream/extractors_character/char/9826.cc (test for excess errors)
FAIL: 27_io/basic_istream/extractors_character/pod/3983-2.cc (test for excess errors)
WARNING: 27_io/basic_istream/extractors_character/pod/3983-2.cc compilation failed to produce executable
FAIL: 27_io/basic_istream/extractors_other/pod/3983-3.cc (test for excess errors)
WARNING: 27_io/basic_istream/extractors_other/pod/3983-3.cc compilation failed to produce executable
FAIL: 27_io/basic_istream/sentry/pod/1.cc (test for excess errors)
WARNING: 27_io/basic_istream/sentry/pod/1.cc compilation failed to produce executable
FAIL: 27_io/basic_istringstream/cons/2020.cc (test for excess errors)
WARNING: 27_io/basic_istringstream/cons/2020.cc compilation failed to produce executable
FAIL: 27_io/basic_istringstream/requirements/explicit_instantiation.cc (test for excess errors)
FAIL: 27_io/basic_ofstream/cons/2020.cc (test for excess errors)
WARNING: 27_io/basic_ofstream/cons/2020.cc compilation failed to produce executable
FAIL: 27_io/basic_ofstream/requirements/explicit_instantiation.cc (test for excess errors)
FAIL: 27_io/basic_ostream/cons/2020.cc (test for excess errors)
WARNING: 27_io/basic_ostream/cons/2020.cc compilation failed to produce executable
FAIL: 27_io/basic_ostream/inserters_arithmetic/pod/23875.cc (test for excess errors)
WARNING: 27_io/basic_ostream/inserters_arithmetic/pod/23875.cc compilation failed to produce executable
FAIL: 27_io/basic_ostream/sentry/pod/1.cc (test for excess errors)
WARNING: 27_io/basic_ostream/sentry/pod/1.cc compilation failed to produce executable
FAIL: 27_io/basic_ostringstream/cons/2020.cc (test for excess errors)
WARNING: 27_io/basic_ostringstream/cons/2020.cc compilation failed to produce executable
FAIL: 27_io/basic_ostringstream/requirements/explicit_instantiation.cc (test for excess errors)
FAIL: 27_io/basic_ostringstream/str/char/2.cc (test for excess errors)
WARNING: 27_io/basic_ostringstream/str/char/2.cc compilation failed to produce executable
FAIL: 27_io/basic_ostringstream/str/wchar_t/2.cc (test for excess errors)
WARNING: 27_io/basic_ostringstream/str/wchar_t/2.cc compilation failed to produce executable
FAIL: 27_io/basic_stringstream/cons/2020.cc (test for excess errors)
WARNING: 27_io/basic_stringstream/cons/2020.cc compilation failed to produce executable
FAIL: 27_io/basic_stringstream/requirements/explicit_instantiation.cc (test for excess errors)
FAIL: 27_io/ios_base/failure/cons_virtual_derivation.cc (test for excess errors)
WARNING: 27_io/ios_base/failure/cons_virtual_derivation.cc compilation failed to produce executable
FAIL: ext/concurrence_lock_error/cons_virtual_derivation.cc (test for excess errors)
WARNING: ext/concurrence_lock_error/cons_virtual_derivation.cc compilation failed to produce executable
FAIL: ext/concurrence_unlock_error/cons_virtual_derivation.cc (test for excess errors)
WARNING: ext/concurrence_unlock_error/cons_virtual_derivation.cc compilation failed to produce executable
=== libstdc++ Summary ===
# of expected passes 6833
# of unexpected failures 47
# of expected failures 81
# of unsupported tests 777
=== libstdc++ Summary ===
=== acats tests ===
FAIL: c250002
FAIL: cd5011m
FAIL: cxa5a03
FAIL: cxg2017
FAIL: cxg2020
=== acats Summary ===
# of expected passes 2316
# of unexpected failures 5
=== g++ tests ===
Running target unix
FAIL: tmpdir-g++.dg-struct-layout-1/t027 cp_compat_x_tst.o-cp_compat_y_tst.o execute
FAIL: g++.dg/abi/covariant2.C (internal compiler error)
FAIL: g++.dg/abi/covariant2.C (test for excess errors)
FAIL: g++.dg/abi/covariant4.C (internal compiler error)
FAIL: g++.dg/abi/covariant4.C (test for excess errors)
WARNING: g++.dg/abi/covariant4.C compilation failed to produce executable
FAIL: g++.dg/abi/dcast1.C (internal compiler error)
FAIL: g++.dg/abi/dcast1.C (test for excess errors)
FAIL: g++.dg/abi/local1.C execution test
FAIL: g++.dg/abi/thunk4.C (internal compiler error)
FAIL: g++.dg/abi/thunk4.C (test for excess errors)
ERROR: g++.dg/abi/thunk4.C: error executing dg-final: couldn't open "thunk4.s": no such file or directory
UNRESOLVED: g++.dg/abi/thunk4.C: error executing dg-final: couldn't open "thunk4.s": no such file or directory
FAIL: g++.dg/abi/thunk5.C (internal compiler error)
FAIL: g++.dg/abi/thunk5.C (test for excess errors)
ERROR: g++.dg/abi/thunk5.C: error executing dg-final: couldn't open "thunk5.s": no such file or directory
UNRESOLVED: g++.dg/abi/thunk5.C: error executing dg-final: couldn't open "thunk5.s": no such file or directory
FAIL: g++.dg/abi/vcall1.C (internal compiler error)
FAIL: g++.dg/abi/vcall1.C (test for excess errors)
WARNING: g++.dg/abi/vcall1.C compilation failed to produce executable
FAIL: g++.dg/abi/vthunk1.C (internal compiler error)
FAIL: g++.dg/abi/vthunk1.C (test for excess errors)
FAIL: g++.dg/cpp0x/constexpr-virtual.C (internal compiler error)
FAIL: g++.dg/cpp0x/constexpr-virtual.C (test for excess errors)
WARNING: g++.dg/ext/label13.C compilation failed to produce executable
FAIL: g++.dg/inherit/conv3.C (internal compiler error)
FAIL: g++.dg/inherit/conv3.C (test for excess errors)
FAIL: g++.dg/inherit/covariant1.C (internal compiler error)
FAIL: g++.dg/inherit/covariant1.C (test for excess errors)
WARNING: g++.dg/inherit/covariant1.C compilation failed to produce executable
FAIL: g++.dg/inherit/covariant10.C (internal compiler error)
FAIL: g++.dg/inherit/covariant10.C (test for excess errors)
FAIL: g++.dg/inherit/covariant11.C (internal compiler error)
FAIL: g++.dg/inherit/covariant11.C (test for excess errors)
FAIL: g++.dg/inherit/covariant17.C (internal compiler error)
FAIL: g++.dg/inherit/covariant17.C (test for excess errors)
WARNING: g++.dg/inherit/covariant17.C compilation failed to produce executable
FAIL: g++.dg/inherit/covariant18.C (internal compiler error)
FAIL: g++.dg/inherit/covariant18.C (test for excess errors)
WARNING: g++.dg/inherit/covariant18.C compilation failed to produce executable
FAIL: g++.dg/inherit/covariant2.C (internal compiler error)
FAIL: g++.dg/inherit/covariant2.C (test for excess errors)
WARNING: g++.dg/inherit/covariant2.C compilation failed to produce executable
FAIL: g++.dg/inherit/covariant3.C (internal compiler error)
FAIL: g++.dg/inherit/covariant3.C (test for excess errors)
WARNING: g++.dg/inherit/covariant3.C compilation failed to produce executable
FAIL: g++.dg/inherit/covariant4.C (internal compiler error)
FAIL: g++.dg/inherit/covariant4.C (test for excess errors)
WARNING: g++.dg/inherit/covariant4.C compilation failed to produce executable
FAIL: g++.dg/inherit/covariant9.C (internal compiler error)
FAIL: g++.dg/inherit/covariant9.C (test for excess errors)
FAIL: g++.dg/inherit/ptrmem2.C (internal compiler error)
FAIL: g++.dg/inherit/ptrmem2.C (test for excess errors)
FAIL: g++.dg/inherit/thunk11.C (internal compiler error)
FAIL: g++.dg/inherit/thunk11.C (test for excess errors)
FAIL: g++.dg/inherit/thunk7.C (internal compiler error)
FAIL: g++.dg/inherit/thunk7.C (test for excess errors)
WARNING: g++.dg/inherit/thunk7.C compilation failed to produce executable
FAIL: g++.dg/inherit/thunk9.C (internal compiler error)
FAIL: g++.dg/inherit/thunk9.C (test for excess errors)
FAIL: g++.dg/inherit/virtual8.C (internal compiler error)
FAIL: g++.dg/inherit/virtual8.C (test for excess errors)
WARNING: g++.dg/inherit/virtual8.C compilation failed to produce executable
FAIL: g++.dg/init/delete2.C (internal compiler error)
FAIL: g++.dg/init/delete2.C (test for excess errors)
WARNING: g++.dg/init/delete2.C compilation failed to produce executable
FAIL: g++.dg/init/new6.C (internal compiler error)
FAIL: g++.dg/init/new6.C (test for excess errors)
FAIL: g++.dg/ipa/pr46053.C (internal compiler error)
FAIL: g++.dg/ipa/pr46053.C (test for excess errors)
WARNING: g++.dg/ipa/pr46053.C compilation failed to produce executable
FAIL: g++.dg/ipa/pr46287-1.C (internal compiler error)
FAIL: g++.dg/ipa/pr46287-1.C (test for excess errors)
WARNING: g++.dg/ipa/pr46287-1.C compilation failed to produce executable
FAIL: g++.dg/opt/anchor1.C (internal compiler error)
FAIL: g++.dg/opt/anchor1.C (test for excess errors)
WARNING: g++.dg/opt/anchor1.C compilation failed to produce executable
FAIL: g++.dg/opt/covariant1.C (internal compiler error)
FAIL: g++.dg/opt/covariant1.C (test for excess errors)
WARNING: g++.dg/opt/covariant1.C compilation failed to produce executable
FAIL: g++.dg/opt/dtor3.C (internal compiler error)
FAIL: g++.dg/opt/dtor3.C (test for excess errors)
FAIL: g++.dg/opt/inline17.C (internal compiler error)
FAIL: g++.dg/opt/inline17.C (test for excess errors)
FAIL: g++.dg/opt/pr47366.C (internal compiler error)
FAIL: g++.dg/opt/pr47366.C (test for excess errors)
FAIL: g++.dg/opt/thunk2.C (internal compiler error)
FAIL: g++.dg/opt/thunk2.C (test for excess errors)
WARNING: g++.dg/opt/thunk2.C compilation failed to produce executable
FAIL: g++.dg/opt/thunk3-1.C (internal compiler error)
FAIL: g++.dg/opt/thunk3-1.C (test for excess errors)
FAIL: g++.dg/opt/thunk4.C (internal compiler error)
FAIL: g++.dg/opt/thunk4.C (test for excess errors)
FAIL: g++.dg/other/pr22358.C (internal compiler error)
FAIL: g++.dg/other/pr22358.C (test for excess errors)
FAIL: g++.dg/other/pr47218-1.C (internal compiler error)
FAIL: g++.dg/other/pr47218-1.C (test for excess errors)
FAIL: g++.dg/other/pr47218.C (internal compiler error)
FAIL: g++.dg/other/pr47218.C (test for excess errors)
FAIL: g++.dg/other/unused1.C scan-assembler (string|ascii?)z?[\\t ]"printer("|\\\\\\\\0)
FAIL: g++.dg/other/vthunk1.C (internal compiler error)
FAIL: g++.dg/other/vthunk1.C (test for excess errors)
WARNING: g++.dg/other/vthunk1.C compilation failed to produce executable
FAIL: g++.dg/parse/parse5.C (internal compiler error)
FAIL: g++.dg/parse/parse5.C (test for excess errors)
FAIL: g++.dg/pr47053.C (internal compiler error)
FAIL: g++.dg/pr47053.C (test for excess errors)
FAIL: g++.dg/rtti/crash4.C (internal compiler error)
FAIL: g++.dg/rtti/crash4.C (test for excess errors)
FAIL: g++.dg/tree-ssa/copyprop.C (internal compiler error)
FAIL: g++.dg/tree-ssa/copyprop.C (test for excess errors)
FAIL: g++.dg/tree-ssa/pr22488.C (internal compiler error)
FAIL: g++.dg/tree-ssa/pr22488.C (test for excess errors)
XPASS: g++.dg/tree-ssa/pr43411.C scan-tree-dump-not optimized "OBJ_TYPE_REF"
FAIL: g++.dg/tree-ssa/pr46987.C (internal compiler error)
FAIL: g++.dg/tree-ssa/pr46987.C (test for excess errors)
FAIL: g++.dg/tls/diag-1.C (internal compiler error)
FAIL: g++.dg/tls/diag-1.C (test for excess errors)
FAIL: g++.dg/torture/covariant-1.C -O0 (internal compiler error)
FAIL: g++.dg/torture/covariant-1.C -O0 (test for excess errors)
WARNING: g++.dg/torture/covariant-1.C -O0 compilation failed to produce executable
FAIL: g++.dg/torture/covariant-1.C -O1 (internal compiler error)
FAIL: g++.dg/torture/covariant-1.C -O1 (test for excess errors)
WARNING: g++.dg/torture/covariant-1.C -O1 compilation failed to produce executable
FAIL: g++.dg/torture/covariant-1.C -O2 (internal compiler error)
FAIL: g++.dg/torture/covariant-1.C -O2 (test for excess errors)
WARNING: g++.dg/torture/covariant-1.C -O2 compilation failed to produce executable
FAIL: g++.dg/torture/covariant-1.C -O3 -fomit-frame-pointer (internal compiler error)
FAIL: g++.dg/torture/covariant-1.C -O3 -fomit-frame-pointer (test for excess errors)
WARNING: g++.dg/torture/covariant-1.C -O3 -fomit-frame-pointer compilation failed to produce executable
FAIL: g++.dg/torture/covariant-1.C -O3 -g (internal compiler error)
FAIL: g++.dg/torture/covariant-1.C -O3 -g (test for excess errors)
WARNING: g++.dg/torture/covariant-1.C -O3 -g compilation failed to produce executable
FAIL: g++.dg/torture/covariant-1.C -Os (internal compiler error)
FAIL: g++.dg/torture/covariant-1.C -Os (test for excess errors)
WARNING: g++.dg/torture/covariant-1.C -Os compilation failed to produce executable
FAIL: g++.dg/torture/pr41257-2.C -O0 (internal compiler error)
FAIL: g++.dg/torture/pr41257-2.C -O0 (test for excess errors)
FAIL: g++.dg/torture/pr41257-2.C -O1 (internal compiler error)
FAIL: g++.dg/torture/pr41257-2.C -O1 (test for excess errors)
FAIL: g++.dg/torture/pr41257-2.C -O2 (internal compiler error)
FAIL: g++.dg/torture/pr41257-2.C -O2 (test for excess errors)
FAIL: g++.dg/torture/pr41257-2.C -O3 -fomit-frame-pointer (internal compiler error)
FAIL: g++.dg/torture/pr41257-2.C -O3 -fomit-frame-pointer (test for excess errors)
FAIL: g++.dg/torture/pr41257-2.C -O3 -g (internal compiler error)
FAIL: g++.dg/torture/pr41257-2.C -O3 -g (test for excess errors)
FAIL: g++.dg/torture/pr41257-2.C -Os (internal compiler error)
FAIL: g++.dg/torture/pr41257-2.C -Os (test for excess errors)
FAIL: g++.dg/torture/pr41257.C -O0 (internal compiler error)
FAIL: g++.dg/torture/pr41257.C -O0 (test for excess errors)
FAIL: g++.dg/torture/pr41257.C -O1 (internal compiler error)
FAIL: g++.dg/torture/pr41257.C -O1 (test for excess errors)
FAIL: g++.dg/torture/pr41257.C -O2 (internal compiler error)
FAIL: g++.dg/torture/pr41257.C -O2 (test for excess errors)
FAIL: g++.dg/torture/pr41257.C -O3 -fomit-frame-pointer (internal compiler error)
FAIL: g++.dg/torture/pr41257.C -O3 -fomit-frame-pointer (test for excess errors)
FAIL: g++.dg/torture/pr41257.C -O3 -g (internal compiler error)
FAIL: g++.dg/torture/pr41257.C -O3 -g (test for excess errors)
FAIL: g++.dg/torture/pr41257.C -Os (internal compiler error)
FAIL: g++.dg/torture/pr41257.C -Os (test for excess errors)
FAIL: g++.dg/torture/pr42450.C -O0 (internal compiler error)
FAIL: g++.dg/torture/pr42450.C -O0 (test for excess errors)
FAIL: g++.dg/torture/pr42450.C -O1 (internal compiler error)
FAIL: g++.dg/torture/pr42450.C -O1 (test for excess errors)
FAIL: g++.dg/torture/pr42450.C -O2 (internal compiler error)
FAIL: g++.dg/torture/pr42450.C -O2 (test for excess errors)
FAIL: g++.dg/torture/pr42450.C -O3 -fomit-frame-pointer (internal compiler error)
FAIL: g++.dg/torture/pr42450.C -O3 -fomit-frame-pointer (test for excess errors)
FAIL: g++.dg/torture/pr42450.C -O3 -fomit-frame-pointer -funroll-loops (internal compiler error)
FAIL: g++.dg/torture/pr42450.C -O3 -fomit-frame-pointer -funroll-loops (test for excess errors)
FAIL: g++.dg/torture/pr42450.C -O3 -fomit-frame-pointer -funroll-all-loops -finline-functions (internal compiler error)
FAIL: g++.dg/torture/pr42450.C -O3 -fomit-frame-pointer -funroll-all-loops -finline-functions (test for excess errors)
FAIL: g++.dg/torture/pr42450.C -O3 -g (internal compiler error)
FAIL: g++.dg/torture/pr42450.C -O3 -g (test for excess errors)
FAIL: g++.dg/torture/pr42450.C -Os (internal compiler error)
FAIL: g++.dg/torture/pr42450.C -Os (test for excess errors)
FAIL: g++.dg/torture/pr43801.C -O0 (internal compiler error)
FAIL: g++.dg/torture/pr43801.C -O0 (test for excess errors)
FAIL: g++.dg/torture/pr43801.C -O1 (internal compiler error)
FAIL: g++.dg/torture/pr43801.C -O1 (test for excess errors)
FAIL: g++.dg/torture/pr43801.C -O2 (internal compiler error)
FAIL: g++.dg/torture/pr43801.C -O2 (test for excess errors)
FAIL: g++.dg/torture/pr43801.C -O3 -fomit-frame-pointer (internal compiler error)
FAIL: g++.dg/torture/pr43801.C -O3 -fomit-frame-pointer (test for excess errors)
FAIL: g++.dg/torture/pr43801.C -O3 -g (internal compiler error)
FAIL: g++.dg/torture/pr43801.C -O3 -g (test for excess errors)
FAIL: g++.dg/torture/pr43801.C -Os (internal compiler error)
FAIL: g++.dg/torture/pr43801.C -Os (test for excess errors)
FAIL: g++.dg/torture/pr48661.C -O0 (internal compiler error)
FAIL: g++.dg/torture/pr48661.C -O0 (test for excess errors)
WARNING: g++.dg/torture/pr48661.C -O0 compilation failed to produce executable
FAIL: g++.dg/torture/pr48661.C -O1 (internal compiler error)
FAIL: g++.dg/torture/pr48661.C -O1 (test for excess errors)
WARNING: g++.dg/torture/pr48661.C -O1 compilation failed to produce executable
FAIL: g++.dg/torture/pr48661.C -O2 (internal compiler error)
FAIL: g++.dg/torture/pr48661.C -O2 (test for excess errors)
WARNING: g++.dg/torture/pr48661.C -O2 compilation failed to produce executable
FAIL: g++.dg/torture/pr48661.C -O3 -fomit-frame-pointer (internal compiler error)
FAIL: g++.dg/torture/pr48661.C -O3 -fomit-frame-pointer (test for excess errors)
WARNING: g++.dg/torture/pr48661.C -O3 -fomit-frame-pointer compilation failed to produce executable
FAIL: g++.dg/torture/pr48661.C -O3 -g (internal compiler error)
FAIL: g++.dg/torture/pr48661.C -O3 -g (test for excess errors)
WARNING: g++.dg/torture/pr48661.C -O3 -g compilation failed to produce executable
FAIL: g++.dg/torture/pr48661.C -Os (internal compiler error)
FAIL: g++.dg/torture/pr48661.C -Os (test for excess errors)
WARNING: g++.dg/torture/pr48661.C -Os compilation failed to produce executable
FAIL: g++.old-deja/g++.abi/vbase1.C (internal compiler error)
FAIL: g++.old-deja/g++.abi/vbase1.C (test for excess errors)
WARNING: g++.old-deja/g++.abi/vbase1.C compilation failed to produce executable
FAIL: g++.old-deja/g++.abi/vbase2.C (internal compiler error)
FAIL: g++.old-deja/g++.abi/vbase2.C (test for excess errors)
WARNING: g++.old-deja/g++.abi/vbase2.C compilation failed to produce executable
FAIL: g++.old-deja/g++.abi/vbase7.C (internal compiler error)
FAIL: g++.old-deja/g++.abi/vbase7.C (test for excess errors)
WARNING: g++.old-deja/g++.abi/vbase7.C compilation failed to produce executable
FAIL: g++.old-deja/g++.abi/vtable3a.C (internal compiler error)
FAIL: g++.old-deja/g++.abi/vtable3a.C (test for excess errors)
WARNING: g++.old-deja/g++.abi/vtable3a.C compilation failed to produce executable
FAIL: g++.old-deja/g++.abi/vtable3b.C (internal compiler error)
FAIL: g++.old-deja/g++.abi/vtable3b.C (test for excess errors)
WARNING: g++.old-deja/g++.abi/vtable3b.C compilation failed to produce executable
FAIL: g++.old-deja/g++.abi/vtable3c.C (internal compiler error)
FAIL: g++.old-deja/g++.abi/vtable3c.C (test for excess errors)
WARNING: g++.old-deja/g++.abi/vtable3c.C compilation failed to produce executable
FAIL: g++.old-deja/g++.abi/vtable3d.C (internal compiler error)
FAIL: g++.old-deja/g++.abi/vtable3d.C (test for excess errors)
WARNING: g++.old-deja/g++.abi/vtable3d.C compilation failed to produce executable
FAIL: g++.old-deja/g++.abi/vtable3e.C (internal compiler error)
FAIL: g++.old-deja/g++.abi/vtable3e.C (test for excess errors)
WARNING: g++.old-deja/g++.abi/vtable3e.C compilation failed to produce executable
FAIL: g++.old-deja/g++.abi/vtable3f.C (internal compiler error)
FAIL: g++.old-deja/g++.abi/vtable3f.C (test for excess errors)
WARNING: g++.old-deja/g++.abi/vtable3f.C compilation failed to produce executable
FAIL: g++.old-deja/g++.abi/vtable3g.C (internal compiler error)
FAIL: g++.old-deja/g++.abi/vtable3g.C (test for excess errors)
WARNING: g++.old-deja/g++.abi/vtable3g.C compilation failed to produce executable
FAIL: g++.old-deja/g++.abi/vtable3h.C (internal compiler error)
FAIL: g++.old-deja/g++.abi/vtable3h.C (test for excess errors)
WARNING: g++.old-deja/g++.abi/vtable3h.C compilation failed to produce executable
FAIL: g++.old-deja/g++.abi/vtable3i.C (internal compiler error)
FAIL: g++.old-deja/g++.abi/vtable3i.C (test for excess errors)
WARNING: g++.old-deja/g++.abi/vtable3i.C compilation failed to produce executable
FAIL: g++.old-deja/g++.abi/vtable3j.C (internal compiler error)
FAIL: g++.old-deja/g++.abi/vtable3j.C (test for excess errors)
WARNING: g++.old-deja/g++.abi/vtable3j.C compilation failed to produce executable
FAIL: g++.old-deja/g++.brendan/misc11.C (internal compiler error)
FAIL: g++.old-deja/g++.brendan/misc11.C (test for excess errors)
FAIL: g++.old-deja/g++.brendan/rtti1.C (internal compiler error)
FAIL: g++.old-deja/g++.brendan/rtti1.C (test for excess errors)
FAIL: g++.old-deja/g++.eh/catch3p.C (internal compiler error)
FAIL: g++.old-deja/g++.eh/catch3p.C (test for excess errors)
WARNING: g++.old-deja/g++.eh/catch3p.C compilation failed to produce executable
FAIL: g++.old-deja/g++.eh/catch4p.C (internal compiler error)
FAIL: g++.old-deja/g++.eh/catch4p.C (test for excess errors)
WARNING: g++.old-deja/g++.eh/catch4p.C compilation failed to produce executable
FAIL: g++.old-deja/g++.eh/catch5p.C (internal compiler error)
FAIL: g++.old-deja/g++.eh/catch5p.C (test for excess errors)
WARNING: g++.old-deja/g++.eh/catch5p.C compilation failed to produce executable
FAIL: g++.old-deja/g++.eh/catch6p.C (internal compiler error)
FAIL: g++.old-deja/g++.eh/catch6p.C (test for excess errors)
WARNING: g++.old-deja/g++.eh/catch6p.C compilation failed to produce executable
FAIL: g++.old-deja/g++.eh/catch7p.C (internal compiler error)
FAIL: g++.old-deja/g++.eh/catch7p.C (test for excess errors)
WARNING: g++.old-deja/g++.eh/catch7p.C compilation failed to produce executable
FAIL: g++.old-deja/g++.eh/catch8p.C (internal compiler error)
FAIL: g++.old-deja/g++.eh/catch8p.C (test for excess errors)
WARNING: g++.old-deja/g++.eh/catch8p.C compilation failed to produce executable
FAIL: g++.old-deja/g++.eh/catch9p.C (internal compiler error)
FAIL: g++.old-deja/g++.eh/catch9p.C (test for excess errors)
WARNING: g++.old-deja/g++.eh/catch9p.C compilation failed to produce executable
FAIL: g++.old-deja/g++.eh/vbase3.C (internal compiler error)
FAIL: g++.old-deja/g++.eh/vbase3.C (test for excess errors)
FAIL: g++.old-deja/g++.eh/vbase4.C (internal compiler error)
FAIL: g++.old-deja/g++.eh/vbase4.C (test for excess errors)
WARNING: g++.old-deja/g++.eh/vbase4.C compilation failed to produce executable
FAIL: g++.old-deja/g++.jason/destruct2.C (internal compiler error)
FAIL: g++.old-deja/g++.jason/destruct2.C (test for excess errors)
FAIL: g++.old-deja/g++.jason/destruct3.C (internal compiler error)
FAIL: g++.old-deja/g++.jason/destruct3.C (test for excess errors)
FAIL: g++.old-deja/g++.jason/destruct4.C (internal compiler error)
FAIL: g++.old-deja/g++.jason/destruct4.C (test for excess errors)
FAIL: g++.old-deja/g++.jason/mi.C (internal compiler error)
FAIL: g++.old-deja/g++.jason/mi.C (test for excess errors)
WARNING: g++.old-deja/g++.jason/mi.C compilation failed to produce executable
FAIL: g++.old-deja/g++.jason/overload13.C (internal compiler error)
FAIL: g++.old-deja/g++.jason/overload13.C (test for excess errors)
WARNING: g++.old-deja/g++.jason/overload13.C compilation failed to produce executable
FAIL: g++.old-deja/g++.jason/overload33.C (internal compiler error)
FAIL: g++.old-deja/g++.jason/overload33.C (test for excess errors)
FAIL: g++.old-deja/g++.jason/virtual.C (internal compiler error)
FAIL: g++.old-deja/g++.jason/virtual.C (test for excess errors)
FAIL: g++.old-deja/g++.law/cvt10.C (internal compiler error)
FAIL: g++.old-deja/g++.law/cvt10.C (test for excess errors)
FAIL: g++.old-deja/g++.law/virtual3.C (internal compiler error)
FAIL: g++.old-deja/g++.law/virtual3.C (test for excess errors)
WARNING: g++.old-deja/g++.law/virtual3.C compilation failed to produce executable
FAIL: g++.old-deja/g++.law/visibility11.C (internal compiler error)
FAIL: g++.old-deja/g++.law/visibility11.C (test for excess errors)
FAIL: g++.old-deja/g++.law/vtable1.C (internal compiler error)
FAIL: g++.old-deja/g++.law/vtable1.C (test for excess errors)
FAIL: g++.old-deja/g++.mike/dyncast5.C (internal compiler error)
FAIL: g++.old-deja/g++.mike/dyncast5.C (test for excess errors)
WARNING: g++.old-deja/g++.mike/dyncast5.C compilation failed to produce executable
FAIL: g++.old-deja/g++.mike/eh46.C (internal compiler error)
FAIL: g++.old-deja/g++.mike/eh46.C (test for excess errors)
FAIL: g++.old-deja/g++.mike/mi1.C (internal compiler error)
FAIL: g++.old-deja/g++.mike/mi1.C (test for excess errors)
WARNING: g++.old-deja/g++.mike/mi1.C compilation failed to produce executable
FAIL: g++.old-deja/g++.mike/mi2.C (internal compiler error)
FAIL: g++.old-deja/g++.mike/mi2.C (test for excess errors)
WARNING: g++.old-deja/g++.mike/mi2.C compilation failed to produce executable
FAIL: g++.old-deja/g++.mike/misc13.C (internal compiler error)
FAIL: g++.old-deja/g++.mike/misc13.C (test for excess errors)
WARNING: g++.old-deja/g++.mike/misc13.C compilation failed to produce executable
FAIL: g++.old-deja/g++.mike/misc8.C (internal compiler error)
FAIL: g++.old-deja/g++.mike/misc8.C (test for excess errors)
FAIL: g++.old-deja/g++.mike/net38.C (internal compiler error)
FAIL: g++.old-deja/g++.mike/net38.C (test for excess errors)
WARNING: g++.old-deja/g++.mike/net38.C compilation failed to produce executable
FAIL: g++.old-deja/g++.mike/net39.C (internal compiler error)
FAIL: g++.old-deja/g++.mike/net39.C (test for excess errors)
WARNING: g++.old-deja/g++.mike/net39.C compilation failed to produce executable
FAIL: g++.old-deja/g++.mike/offset1.C (internal compiler error)
FAIL: g++.old-deja/g++.mike/offset1.C (test for excess errors)
WARNING: g++.old-deja/g++.mike/offset1.C compilation failed to produce executable
FAIL: g++.old-deja/g++.mike/p1567.C (internal compiler error)
FAIL: g++.old-deja/g++.mike/p1567.C (test for excess errors)
WARNING: g++.old-deja/g++.mike/p1567.C compilation failed to produce executable
FAIL: g++.old-deja/g++.mike/p16146.C (internal compiler error)
FAIL: g++.old-deja/g++.mike/p16146.C (test for excess errors)
WARNING: g++.old-deja/g++.mike/p16146.C compilation failed to produce executable
FAIL: g++.old-deja/g++.mike/p1862.C (internal compiler error)
FAIL: g++.old-deja/g++.mike/p1862.C (test for excess errors)
WARNING: g++.old-deja/g++.mike/p1862.C compilation failed to produce executable
FAIL: g++.old-deja/g++.mike/p2846b.C (internal compiler error)
FAIL: g++.old-deja/g++.mike/p2846b.C (test for excess errors)
WARNING: g++.old-deja/g++.mike/p2846b.C compilation failed to produce executable
FAIL: g++.old-deja/g++.mike/p2960.C (internal compiler error)
FAIL: g++.old-deja/g++.mike/p2960.C (test for excess errors)
WARNING: g++.old-deja/g++.mike/p2960.C compilation failed to produce executable
FAIL: g++.old-deja/g++.mike/p3041.C (internal compiler error)
FAIL: g++.old-deja/g++.mike/p3041.C (test for excess errors)
WARNING: g++.old-deja/g++.mike/p3041.C compilation failed to produce executable
FAIL: g++.old-deja/g++.mike/p3068.C (internal compiler error)
FAIL: g++.old-deja/g++.mike/p3068.C (test for excess errors)
WARNING: g++.old-deja/g++.mike/p3068.C compilation failed to produce executable
FAIL: g++.old-deja/g++.mike/p3139.C (internal compiler error)
FAIL: g++.old-deja/g++.mike/p3139.C (test for excess errors)
WARNING: g++.old-deja/g++.mike/p3139.C compilation failed to produce executable
FAIL: g++.old-deja/g++.mike/p3708.C (internal compiler error)
FAIL: g++.old-deja/g++.mike/p3708.C (test for excess errors)
WARNING: g++.old-deja/g++.mike/p3708.C compilation failed to produce executable
FAIL: g++.old-deja/g++.mike/p3708a.C (internal compiler error)
FAIL: g++.old-deja/g++.mike/p3708a.C (test for excess errors)
WARNING: g++.old-deja/g++.mike/p3708a.C compilation failed to produce executable
FAIL: g++.old-deja/g++.mike/p3708b.C (internal compiler error)
FAIL: g++.old-deja/g++.mike/p3708b.C (test for excess errors)
WARNING: g++.old-deja/g++.mike/p3708b.C compilation failed to produce executable
FAIL: g++.old-deja/g++.mike/p4246.C (internal compiler error)
FAIL: g++.old-deja/g++.mike/p4246.C (test for excess errors)
WARNING: g++.old-deja/g++.mike/p4246.C compilation failed to produce executable
FAIL: g++.old-deja/g++.mike/p4511.C (internal compiler error)
FAIL: g++.old-deja/g++.mike/p4511.C (test for excess errors)
WARNING: g++.old-deja/g++.mike/p4511.C compilation failed to produce executable
FAIL: g++.old-deja/g++.mike/p4693.C (internal compiler error)
FAIL: g++.old-deja/g++.mike/p4693.C (test for excess errors)
FAIL: g++.old-deja/g++.mike/p4736a.C (internal compiler error)
FAIL: g++.old-deja/g++.mike/p4736a.C (test for excess errors)
WARNING: g++.old-deja/g++.mike/p4736a.C compilation failed to produce executable
FAIL: g++.old-deja/g++.mike/p4736b.C (internal compiler error)
FAIL: g++.old-deja/g++.mike/p4736b.C (test for excess errors)
WARNING: g++.old-deja/g++.mike/p4736b.C compilation failed to produce executable
FAIL: g++.old-deja/g++.mike/p4736c.C (internal compiler error)
FAIL: g++.old-deja/g++.mike/p4736c.C (test for excess errors)
WARNING: g++.old-deja/g++.mike/p4736c.C compilation failed to produce executable
FAIL: g++.old-deja/g++.mike/p789.C (internal compiler error)
FAIL: g++.old-deja/g++.mike/p789.C (test for excess errors)
WARNING: g++.old-deja/g++.mike/p789.C compilation failed to produce executable
FAIL: g++.old-deja/g++.mike/pmf2.C (internal compiler error)
FAIL: g++.old-deja/g++.mike/pmf2.C (test for excess errors)
WARNING: g++.old-deja/g++.mike/pmf2.C compilation failed to produce executable
FAIL: g++.old-deja/g++.mike/rtti3.C (internal compiler error)
FAIL: g++.old-deja/g++.mike/rtti3.C (test for excess errors)
WARNING: g++.old-deja/g++.mike/rtti3.C compilation failed to produce executable
FAIL: g++.old-deja/g++.mike/s9959.C (internal compiler error)
FAIL: g++.old-deja/g++.mike/s9959.C (test for excess errors)
FAIL: g++.old-deja/g++.mike/virt1.C (internal compiler error)
FAIL: g++.old-deja/g++.mike/virt1.C (test for excess errors)
FAIL: g++.old-deja/g++.mike/virt2.C (internal compiler error)
FAIL: g++.old-deja/g++.mike/virt2.C (test for excess errors)
WARNING: g++.old-deja/g++.mike/virt2.C compilation failed to produce executable
FAIL: g++.old-deja/g++.mike/virt4.C (internal compiler error)
FAIL: g++.old-deja/g++.mike/virt4.C (test for excess errors)
WARNING: g++.old-deja/g++.mike/virt4.C compilation failed to produce executable
FAIL: g++.old-deja/g++.mike/virt5.C (internal compiler error)
FAIL: g++.old-deja/g++.mike/virt5.C (test for excess errors)
WARNING: g++.old-deja/g++.mike/virt5.C compilation failed to produce executable
FAIL: g++.old-deja/g++.mike/virt6.C (internal compiler error)
FAIL: g++.old-deja/g++.mike/virt6.C (test for excess errors)
WARNING: g++.old-deja/g++.mike/virt6.C compilation failed to produce executable
FAIL: g++.old-deja/g++.oliva/thunk1.C (internal compiler error)
FAIL: g++.old-deja/g++.oliva/thunk1.C (test for excess errors)
WARNING: g++.old-deja/g++.oliva/thunk1.C compilation failed to produce executable
FAIL: g++.old-deja/g++.other/dtor9.C (internal compiler error)
FAIL: g++.old-deja/g++.other/dtor9.C (test for excess errors)
WARNING: g++.old-deja/g++.other/dtor9.C compilation failed to produce executable
FAIL: g++.old-deja/g++.other/dyncast1.C (internal compiler error)
FAIL: g++.old-deja/g++.other/dyncast1.C (test for excess errors)
WARNING: g++.old-deja/g++.other/dyncast1.C compilation failed to produce executable
FAIL: g++.old-deja/g++.other/dyncast2.C (internal compiler error)
FAIL: g++.old-deja/g++.other/dyncast2.C (test for excess errors)
WARNING: g++.old-deja/g++.other/dyncast2.C compilation failed to produce executable
FAIL: g++.old-deja/g++.other/dyncast3.C (internal compiler error)
FAIL: g++.old-deja/g++.other/dyncast3.C (test for excess errors)
WARNING: g++.old-deja/g++.other/dyncast3.C compilation failed to produce executable
FAIL: g++.old-deja/g++.other/dyncast5.C (internal compiler error)
FAIL: g++.old-deja/g++.other/dyncast5.C (test for excess errors)
WARNING: g++.old-deja/g++.other/dyncast5.C compilation failed to produce executable
FAIL: g++.old-deja/g++.other/optimize2.C (internal compiler error)
FAIL: g++.old-deja/g++.other/optimize2.C (test for excess errors)
WARNING: g++.old-deja/g++.other/optimize2.C compilation failed to produce executable
FAIL: g++.old-deja/g++.other/thunk1.C (internal compiler error)
FAIL: g++.old-deja/g++.other/thunk1.C (test for excess errors)
WARNING: g++.old-deja/g++.other/thunk1.C compilation failed to produce executable
FAIL: g++.old-deja/g++.other/vbase4.C (internal compiler error)
FAIL: g++.old-deja/g++.other/vbase4.C (test for excess errors)
FAIL: g++.old-deja/g++.other/vtbl2.C (internal compiler error)
FAIL: g++.old-deja/g++.other/vtbl2.C (test for excess errors)
WARNING: g++.old-deja/g++.other/vtbl2.C compilation failed to produce executable
FAIL: g++.old-deja/g++.pt/mi1.C (internal compiler error)
FAIL: g++.old-deja/g++.pt/mi1.C (test for excess errors)
WARNING: g++.old-deja/g++.pt/mi1.C compilation failed to produce executable
FAIL: g++.old-deja/g++.pt/repo3.C (internal compiler error)
FAIL: g++.old-deja/g++.pt/repo3.C (test for excess errors)
FAIL: g++.old-deja/g++.pt/virtual1.C (internal compiler error)
FAIL: g++.old-deja/g++.pt/virtual1.C (test for excess errors)
WARNING: g++.old-deja/g++.pt/virtual1.C compilation failed to produce executable
FAIL: g++.old-deja/g++.robertl/eb30.C (internal compiler error)
FAIL: g++.old-deja/g++.robertl/eb30.C (test for excess errors)
=== g++ Summary ===
# of expected passes 24594
# of unexpected failures 339
# of unexpected successes 1
# of expected failures 163
# of unresolved testcases 2
# of unsupported tests 478
/var/gcc/regression/trunk/5.1b-gcc/build/gcc/testsuite/g++/../../g++ version 4.7.0 20110520 (experimental) [trunk revision 173967] (GCC)
=== gcc tests ===
Running target unix
FAIL: tmpdir-gcc.dg-struct-layout-1/t001 c_compat_x_tst.o-c_compat_y_tst.o execute
FAIL: tmpdir-gcc.dg-struct-layout-1/t002 c_compat_x_tst.o-c_compat_y_tst.o execute
FAIL: tmpdir-gcc.dg-struct-layout-1/t003 c_compat_x_tst.o-c_compat_y_tst.o execute
FAIL: tmpdir-gcc.dg-struct-layout-1/t004 c_compat_x_tst.o-c_compat_y_tst.o execute
FAIL: tmpdir-gcc.dg-struct-layout-1/t005 c_compat_x_tst.o-c_compat_y_tst.o execute
FAIL: tmpdir-gcc.dg-struct-layout-1/t006 c_compat_x_tst.o-c_compat_y_tst.o execute
FAIL: tmpdir-gcc.dg-struct-layout-1/t007 c_compat_x_tst.o-c_compat_y_tst.o execute
FAIL: tmpdir-gcc.dg-struct-layout-1/t008 c_compat_x_tst.o-c_compat_y_tst.o execute
FAIL: tmpdir-gcc.dg-struct-layout-1/t009 c_compat_x_tst.o-c_compat_y_tst.o execute
FAIL: tmpdir-gcc.dg-struct-layout-1/t010 c_compat_x_tst.o-c_compat_y_tst.o execute
FAIL: tmpdir-gcc.dg-struct-layout-1/t011 c_compat_x_tst.o-c_compat_y_tst.o execute
FAIL: tmpdir-gcc.dg-struct-layout-1/t012 c_compat_x_tst.o-c_compat_y_tst.o execute
FAIL: tmpdir-gcc.dg-struct-layout-1/t013 c_compat_x_tst.o-c_compat_y_tst.o execute
FAIL: tmpdir-gcc.dg-struct-layout-1/t014 c_compat_x_tst.o-c_compat_y_tst.o execute
FAIL: tmpdir-gcc.dg-struct-layout-1/t015 c_compat_x_tst.o-c_compat_y_tst.o execute
FAIL: tmpdir-gcc.dg-struct-layout-1/t017 c_compat_x_tst.o-c_compat_y_tst.o execute
FAIL: tmpdir-gcc.dg-struct-layout-1/t018 c_compat_x_tst.o-c_compat_y_tst.o execute
FAIL: tmpdir-gcc.dg-struct-layout-1/t024 c_compat_x_tst.o-c_compat_y_tst.o execute
FAIL: tmpdir-gcc.dg-struct-layout-1/t025 c_compat_x_tst.o-c_compat_y_tst.o execute
FAIL: tmpdir-gcc.dg-struct-layout-1/t026 c_compat_x_tst.o-c_compat_y_tst.o execute
FAIL: tmpdir-gcc.dg-struct-layout-1/t027 c_compat_x_tst.o-c_compat_y_tst.o execute
FAIL: tmpdir-gcc.dg-struct-layout-1/t028 c_compat_x_tst.o-c_compat_y_tst.o execute
FAIL: gcc.dg/array-quals-1.c scan-assembler-not \\\\.data(?!\\\\.rel\\\\.ro)
FAIL: gcc.dg/tree-ssa/pr42585.c scan-tree-dump-times optimized "struct _fat_ptr _ans" 0
FAIL: gcc.dg/tree-ssa/pr42585.c scan-tree-dump-times optimized "struct _fat_ptr _T2" 0
FAIL: gcc.dg/tree-ssa/vrp47.c scan-tree-dump-times dom1 "x[^ ]* & y" 1
=== gcc Summary ===
# of expected passes 57530
# of unexpected failures 26
# of expected failures 105
# of unsupported tests 1031
/var/gcc/regression/trunk/5.1b-gcc/build/gcc/xgcc version 4.7.0 20110520 (experimental) [trunk revision 173967] (GCC)
=== gfortran tests ===
Running target unix
FAIL: gfortran.dg/bessel_6.f90 -O0 execution test
FAIL: gfortran.dg/bessel_6.f90 -O1 execution test
FAIL: gfortran.dg/bessel_6.f90 -O2 execution test
FAIL: gfortran.dg/bessel_6.f90 -O3 -fomit-frame-pointer execution test
FAIL: gfortran.dg/bessel_6.f90 -O3 -fomit-frame-pointer -funroll-loops execution test
FAIL: gfortran.dg/bessel_6.f90 -O3 -fomit-frame-pointer -funroll-all-loops -finline-functions execution test
FAIL: gfortran.dg/bessel_6.f90 -O3 -g execution test
FAIL: gfortran.dg/bessel_6.f90 -Os execution test
FAIL: gfortran.dg/large_real_kind_2.F90 -O0 execution test
FAIL: gfortran.dg/large_real_kind_2.F90 -O1 execution test
FAIL: gfortran.dg/large_real_kind_2.F90 -O2 execution test
FAIL: gfortran.dg/large_real_kind_2.F90 -O3 -fomit-frame-pointer execution test
FAIL: gfortran.dg/large_real_kind_2.F90 -O3 -fomit-frame-pointer -funroll-loops execution test
FAIL: gfortran.dg/large_real_kind_2.F90 -O3 -fomit-frame-pointer -funroll-all-loops -finline-functions execution test
FAIL: gfortran.dg/large_real_kind_2.F90 -O3 -g execution test
FAIL: gfortran.dg/large_real_kind_2.F90 -Os execution test
FAIL: gfortran.dg/nint_2.f90 -O0 execution test
FAIL: gfortran.dg/pr45636.f90 -O scan-tree-dump-times forwprop2 "memset" 0
FAIL: gfortran.dg/realloc_on_assign_5.f03 -O0 execution test
FAIL: gfortran.dg/realloc_on_assign_5.f03 -O1 execution test
FAIL: gfortran.dg/realloc_on_assign_5.f03 -O2 execution test
FAIL: gfortran.dg/realloc_on_assign_5.f03 -O3 -fomit-frame-pointer execution test
FAIL: gfortran.dg/realloc_on_assign_5.f03 -O3 -fomit-frame-pointer -funroll-loops execution test
FAIL: gfortran.dg/realloc_on_assign_5.f03 -O3 -fomit-frame-pointer -funroll-all-loops -finline-functions execution test
FAIL: gfortran.dg/realloc_on_assign_5.f03 -O3 -g execution test
FAIL: gfortran.dg/realloc_on_assign_5.f03 -Os execution test
=== gfortran Summary ===
# of expected passes 38600
# of unexpected failures 26
# of expected failures 41
# of unsupported tests 79
/var/gcc/regression/trunk/5.1b-gcc/build/gcc/testsuite/gfortran/../../gfortran version 4.7.0 20110520 (experimental) [trunk revision 173967] (GCC)
=== gnat tests ===
Running target unix
=== gnat Summary ===
# of expected passes 893
# of expected failures 11
# of unsupported tests 4
/var/gcc/regression/trunk/5.1b-gcc/build/gcc/gnatmake version 4.7.0 20110520 (experimental) [trunk revision 173967]
=== obj-c++ tests ===
Running target unix
=== obj-c++ Summary ===
# of expected passes 1360
# of expected failures 10
# of unsupported tests 69
/var/gcc/regression/trunk/5.1b-gcc/build/gcc/testsuite/obj-c++/../../g++ version 4.7.0 20110520 (experimental) [trunk revision 173967] (GCC)
=== objc tests ===
Running target unix
=== objc Summary ===
# of expected passes 2860
# of expected failures 8
# of unsupported tests 66
/var/gcc/regression/trunk/5.1b-gcc/build/gcc/xgcc version 4.7.0 20110520 (experimental) [trunk revision 173967] (GCC)
Compiler version: 4.7.0 20110520 (experimental) [trunk revision 173967] (GCC)
Platform: alpha-dec-osf5.1b
configure flags: --prefix=/vol/gcc --target=alpha-dec-osf5.1b --enable-objc-gc --with-gmp=/vol/gcc --with-mpfr=/vol/gcc --with-mpc=/vol/gcc --enable-languages=all,ada,obj-c++ --build=alpha-dec-osf5.1b --host=alpha-dec-osf5.1b
BOOT_CFLAGS=-g -O2