This is the mail archive of the
gcc-testresults@gcc.gnu.org
mailing list for the GCC project.
Results for 4.7.0 20110518 (experimental) [trunk revision 173849] (GCC) testsuite on sparc-sun-solaris2.11
- From: Rainer Orth <ro at CeBiTec dot Uni-Bielefeld dot DE>
- To: gcc-testresults at gcc dot gnu dot org
- Date: Thu, 19 May 2011 09:46:22 +0200 (MEST)
- Subject: Results for 4.7.0 20110518 (experimental) [trunk revision 173849] (GCC) testsuite on sparc-sun-solaris2.11
LAST_UPDATED: Wed May 18 11:08:55 UTC 2011 (revision 173849)
=== acats tests ===
=== acats Summary ===
# of expected passes 2321
# of unexpected failures 0
Native configuration is sparc-sun-solaris2.11
=== g++ tests ===
Running target unix
XPASS: g++.dg/tree-ssa/pr43411.C scan-tree-dump-not optimized "OBJ_TYPE_REF"
=== g++ Summary for unix ===
# of expected passes 26526
# of unexpected successes 1
# of expected failures 163
# of unsupported tests 430
Running target unix/-m64
XPASS: g++.dg/tree-ssa/pr43411.C scan-tree-dump-not optimized "OBJ_TYPE_REF"
=== g++ Summary for unix/-m64 ===
# of expected passes 27138
# of unexpected successes 1
# of expected failures 163
# of unsupported tests 427
=== g++ Summary ===
# of expected passes 53664
# of unexpected successes 2
# of expected failures 326
# of unsupported tests 857
/var/gcc/regression/trunk/11-gcc-gas/build/gcc/testsuite/g++/../../g++ version 4.7.0 20110518 (experimental) [trunk revision 173849] (GCC)
=== gcc tests ===
Running target unix
FAIL: gcc.dg/tree-ssa/vrp47.c scan-tree-dump-times dom1 "x[^ ]* & y" 1
FAIL: gcc.dg/vect/pr48377.c execution test
FAIL: gcc.dg/vect/pr48377.c -flto execution test
=== gcc Summary for unix ===
# of expected passes 70928
# of unexpected failures 3
# of expected failures 290
# of unsupported tests 1291
Running target unix/-m64
FAIL: gcc.dg/tree-ssa/vrp47.c scan-tree-dump-times dom1 "x[^ ]* & y" 1
FAIL: gcc.dg/vect/pr33804.c scan-tree-dump-times vect "vectorized 1 loops" 1
FAIL: gcc.dg/vect/pr33804.c scan-tree-dump-times vect "vectorizing stmts using SLP" 1
FAIL: gcc.dg/vect/pr48377.c execution test
FAIL: gcc.dg/vect/slp-multitypes-3.c scan-tree-dump-times vect "vectorized 1 loops" 1
FAIL: gcc.dg/vect/slp-multitypes-3.c scan-tree-dump-times vect "vectorizing stmts using SLP" 2
FAIL: gcc.dg/vect/pr33804.c -flto scan-tree-dump-times vect "vectorized 1 loops" 1
FAIL: gcc.dg/vect/pr33804.c -flto scan-tree-dump-times vect "vectorizing stmts using SLP" 1
FAIL: gcc.dg/vect/pr48377.c -flto execution test
FAIL: gcc.dg/vect/slp-multitypes-3.c -flto scan-tree-dump-times vect "vectorized 1 loops" 1
FAIL: gcc.dg/vect/slp-multitypes-3.c -flto scan-tree-dump-times vect "vectorizing stmts using SLP" 2
=== gcc Summary for unix/-m64 ===
# of expected passes 71560
# of unexpected failures 11
# of expected failures 271
# of unsupported tests 1301
=== gcc Summary ===
# of expected passes 142488
# of unexpected failures 14
# of expected failures 561
# of unsupported tests 2592
/var/gcc/regression/trunk/11-gcc-gas/build/gcc/xgcc version 4.7.0 20110518 (experimental) [trunk revision 173849] (GCC)
=== gfortran tests ===
Running target unix
FAIL: gfortran.dg/lto/pr46036 f_lto_pr46036_0.o assemble, -O -flto -ftree-vectorize
UNRESOLVED: gfortran.dg/lto/pr46036 f_lto_pr46036_0.o-f_lto_pr46036_0.o link -O -flto -ftree-vectorize
UNRESOLVED: gfortran.dg/lto/pr46036 f_lto_pr46036_0.o-f_lto_pr46036_0.o execute -O -flto -ftree-vectorize
=== gfortran Summary for unix ===
# of expected passes 38666
# of unexpected failures 1
# of expected failures 55
# of unresolved testcases 2
# of unsupported tests 268
Running target unix/-m64
FAIL: gfortran.dg/lto/pr46036 f_lto_pr46036_0.o assemble, -O -flto -ftree-vectorize
UNRESOLVED: gfortran.dg/lto/pr46036 f_lto_pr46036_0.o-f_lto_pr46036_0.o link -O -flto -ftree-vectorize
UNRESOLVED: gfortran.dg/lto/pr46036 f_lto_pr46036_0.o-f_lto_pr46036_0.o execute -O -flto -ftree-vectorize
=== gfortran Summary for unix/-m64 ===
# of expected passes 38993
# of unexpected failures 1
# of expected failures 55
# of unresolved testcases 2
# of unsupported tests 107
=== gfortran Summary ===
# of expected passes 77659
# of unexpected failures 2
# of expected failures 110
# of unresolved testcases 4
# of unsupported tests 375
/var/gcc/regression/trunk/11-gcc-gas/build/gcc/testsuite/gfortran/../../gfortran version 4.7.0 20110518 (experimental) [trunk revision 173849] (GCC)
=== gnat tests ===
Running target unix
FAIL: gnat.dg/lto1.adb (test for excess errors)
WARNING: gnat.dg/lto1.adb compilation failed to produce executable
=== gnat Summary for unix ===
# of expected passes 889
# of unexpected failures 1
# of expected failures 11
# of unsupported tests 5
Running target unix/-m64
FAIL: gnat.dg/lto1.adb (test for excess errors)
WARNING: gnat.dg/lto1.adb compilation failed to produce executable
=== gnat Summary for unix/-m64 ===
# of expected passes 889
# of unexpected failures 1
# of expected failures 11
# of unsupported tests 5
=== gnat Summary ===
# of expected passes 1778
# of unexpected failures 2
# of expected failures 22
# of unsupported tests 10
/var/gcc/regression/trunk/11-gcc-gas/build/gcc/gnatmake version 4.7.0 20110518 (experimental) [trunk revision 173849]
=== go tests ===
Running target unix
FAIL: ./64bit-out.go compilation, -O2 -g
FAIL: ./select5-out.go compilation, -O2 -g
FAIL: ./tmp.go compilation, -O2 -g
WARNING: program timed out.
WARNING: program timed out.
WARNING: program timed out.
=== go Summary for unix ===
# of expected passes 2981
# of unexpected failures 3
# of expected failures 23
# of untested testcases 3
Running target unix/-m64
FAIL: ./64bit-out.go compilation, -O2 -g
FAIL: ./select5-out.go compilation, -O2 -g
FAIL: ./tmp.go compilation, -O2 -g
WARNING: program timed out.
WARNING: program timed out.
WARNING: program timed out.
=== go Summary for unix/-m64 ===
# of expected passes 2981
# of unexpected failures 3
# of expected failures 23
# of untested testcases 3
=== go Summary ===
# of expected passes 5962
# of unexpected failures 6
# of expected failures 46
# of untested testcases 6
/var/gcc/regression/trunk/11-gcc-gas/build/gcc/testsuite/go/../../gccgo version 4.7.0 20110518 (experimental) [trunk revision 173849] (GCC)
=== obj-c++ tests ===
Running target unix
=== obj-c++ Summary for unix ===
# of expected passes 1410
# of expected failures 2
# of unsupported tests 86
Running target unix/-m64
=== obj-c++ Summary for unix/-m64 ===
# of expected passes 1402
# of expected failures 10
# of unsupported tests 86
=== obj-c++ Summary ===
# of expected passes 2812
# of expected failures 12
# of unsupported tests 172
/var/gcc/regression/trunk/11-gcc-gas/build/gcc/testsuite/obj-c++/../../g++ version 4.7.0 20110518 (experimental) [trunk revision 173849] (GCC)
=== objc tests ===
Running target unix
=== objc Summary for unix ===
# of expected passes 2934
# of expected failures 10
# of unsupported tests 74
Running target unix/-m64
=== objc Summary for unix/-m64 ===
# of expected passes 2934
# of expected failures 10
# of unsupported tests 74
=== objc Summary ===
# of expected passes 5868
# of expected failures 20
# of unsupported tests 148
/var/gcc/regression/trunk/11-gcc-gas/build/gcc/xgcc version 4.7.0 20110518 (experimental) [trunk revision 173849] (GCC)
=== boehm-gc tests ===
Running target unix
=== boehm-gc Summary for unix ===
# of expected passes 12
# of unsupported tests 1
Running target unix/-m64
=== boehm-gc Summary for unix/-m64 ===
# of expected passes 12
# of unsupported tests 1
=== boehm-gc Summary ===
# of expected passes 24
# of unsupported tests 2
=== libffi tests ===
Running target unix
=== libffi Summary for unix ===
# of expected passes 1634
# of expected failures 10
# of unsupported tests 15
Running target unix/-m64
=== libffi Summary for unix/-m64 ===
# of expected passes 1634
# of expected failures 10
# of unsupported tests 15
=== libffi Summary ===
# of expected passes 3268
# of expected failures 20
# of unsupported tests 30
=== libgo tests ===
Running target unix
FAIL: big
FAIL: flag
FAIL: fmt
FAIL: gob
FAIL: json
FAIL: os
FAIL: regexp
FAIL: rpc
FAIL: sync
FAIL: template
FAIL: time
FAIL: try
FAIL: archive/zip
FAIL: testing/quick
=== libgo Summary for unix ===
# of expected passes 103
# of unexpected failures 14
# of untested testcases 2
Running target unix/-m64
FAIL: big
FAIL: flag
FAIL: fmt
FAIL: gob
FAIL: json
FAIL: os
FAIL: reflect
FAIL: regexp
FAIL: rpc
FAIL: sync
FAIL: template
FAIL: time
FAIL: try
FAIL: archive/zip
FAIL: testing/quick
=== libgo Summary for unix/-m64 ===
# of expected passes 102
# of unexpected failures 15
# of untested testcases 2
=== libgo Summary ===
# of expected passes 205
# of unexpected failures 29
# of untested testcases 4
/var/gcc/regression/trunk/11-gcc-gas/build/./gcc/gccgo version 4.7.0 20110518 (experimental) [trunk revision 173849] (GCC)
=== libgomp tests ===
Running target unix
=== libgomp Summary for unix ===
# of expected passes 2586
# of unsupported tests 10
Running target unix/-m64
=== libgomp Summary for unix/-m64 ===
# of expected passes 2586
# of unsupported tests 10
=== libgomp Summary ===
# of expected passes 5172
# of unsupported tests 20
=== libjava tests ===
Running target unix
=== libjava Summary for unix ===
# of expected passes 2574
Running target unix/-m64
=== libjava Summary for unix/-m64 ===
# of expected passes 2574
=== libjava Summary ===
# of expected passes 5148
=== libstdc++ tests ===
Running target unix
=== libstdc++ Summary for unix ===
# of expected passes 7552
# of expected failures 82
# of unsupported tests 461
Running target unix/-m64
=== libstdc++ Summary for unix/-m64 ===
# of expected passes 7552
# of expected failures 82
# of unsupported tests 461
=== libstdc++ Summary ===
# of expected passes 15104
# of expected failures 164
# of unsupported tests 922
Compiler version: 4.7.0 20110518 (experimental) [trunk revision 173849] (GCC)
Platform: sparc-sun-solaris2.11
configure flags: --prefix=/vol/gcc --target=sparc-sun-solaris2.11 --enable-objc-gc --with-host-libstdcxx='-Wl,-Bstatic -lstdc++ -Wl,-Bdynamic -lm' --with-boot-ldflags='-static-libstdc++ -static-libgcc -L/vol/gcc-4.4/lib' --with-as=/vol/gcc/bin/gas-2.21 --with-gnu-as --with-gmp=/vol/gcc --with-mpfr=/vol/gcc --with-mpc=/vol/gcc --enable-languages=all,ada,obj-c++,go --with-ppl=/vol/gcc --with-cloog=/vol/gcc --enable-cloog-backend=ppl
BOOT_CFLAGS=-g -O2