This is the mail archive of the
gcc-testresults@gcc.gnu.org
mailing list for the GCC project.
Results for 4.7.0 20110518 (experimental) [trunk revision 173849] (GCC) testsuite on sparc-sun-solaris2.10
- From: ro at CeBiTec dot Uni-Bielefeld dot DE (Rainer Orth)
- To: gcc-testresults at gcc dot gnu dot org
- Date: Thu, 19 May 2011 09:46:50 +0200 (CEST)
- Subject: Results for 4.7.0 20110518 (experimental) [trunk revision 173849] (GCC) testsuite on sparc-sun-solaris2.10
LAST_UPDATED: Wed May 18 11:08:55 UTC 2011 (revision 173849)
=== acats tests ===
=== acats Summary ===
# of expected passes 2321
# of unexpected failures 0
Native configuration is sparc-sun-solaris2.10
=== g++ tests ===
Running target unix
FAIL: g++.dg/opt/devirt2.C scan-assembler-times xyzzy 2
XPASS: g++.dg/tree-ssa/pr43411.C scan-tree-dump-not optimized "OBJ_TYPE_REF"
FAIL: g++.dg/lto/20091219 cp_lto_20091219_0.o-cp_lto_20091219_0.o link, -O3 -flto
UNRESOLVED: g++.dg/lto/20091219 cp_lto_20091219_0.o-cp_lto_20091219_0.o execute -O3 -flto
=== g++ Summary for unix ===
# of expected passes 26521
# of unexpected failures 2
# of unexpected successes 1
# of expected failures 163
# of unresolved testcases 1
# of unsupported tests 431
Running target unix/-m64
XPASS: g++.dg/tree-ssa/pr43411.C scan-tree-dump-not optimized "OBJ_TYPE_REF"
FAIL: g++.dg/lto/20091219 cp_lto_20091219_0.o-cp_lto_20091219_0.o link, -O3 -flto
UNRESOLVED: g++.dg/lto/20091219 cp_lto_20091219_0.o-cp_lto_20091219_0.o execute -O3 -flto
=== g++ Summary for unix/-m64 ===
# of expected passes 27134
# of unexpected failures 1
# of unexpected successes 1
# of expected failures 163
# of unresolved testcases 1
# of unsupported tests 428
=== g++ Summary ===
# of expected passes 53655
# of unexpected failures 3
# of unexpected successes 2
# of expected failures 326
# of unresolved testcases 2
# of unsupported tests 859
/var/gcc/regression/trunk/10-gcc/build/gcc/testsuite/g++/../../g++ version 4.7.0 20110518 (experimental) [trunk revision 173849] (GCC)
=== gcc tests ===
Running target unix
FAIL: gcc.dg/tree-ssa/vrp47.c scan-tree-dump-times dom1 "x[^ ]* & y" 1
FAIL: gcc.dg/vect/pr48377.c execution test
FAIL: gcc.dg/vect/slp-multitypes-2.c execution test
FAIL: gcc.dg/vect/pr48377.c -flto execution test
FAIL: gcc.dg/vect/slp-multitypes-2.c -flto execution test
=== gcc Summary for unix ===
# of expected passes 70911
# of unexpected failures 5
# of expected failures 288
# of unsupported tests 1299
Running target unix/-m64
FAIL: gcc.dg/tree-ssa/vrp47.c scan-tree-dump-times dom1 "x[^ ]* & y" 1
FAIL: gcc.dg/vect/pr33804.c scan-tree-dump-times vect "vectorized 1 loops" 1
FAIL: gcc.dg/vect/pr33804.c scan-tree-dump-times vect "vectorizing stmts using SLP" 1
FAIL: gcc.dg/vect/pr48377.c execution test
FAIL: gcc.dg/vect/slp-multitypes-3.c scan-tree-dump-times vect "vectorized 1 loops" 1
FAIL: gcc.dg/vect/slp-multitypes-3.c scan-tree-dump-times vect "vectorizing stmts using SLP" 2
FAIL: gcc.dg/vect/pr33804.c -flto scan-tree-dump-times vect "vectorized 1 loops" 1
FAIL: gcc.dg/vect/pr33804.c -flto scan-tree-dump-times vect "vectorizing stmts using SLP" 1
FAIL: gcc.dg/vect/pr48377.c -flto execution test
FAIL: gcc.dg/vect/slp-multitypes-3.c -flto scan-tree-dump-times vect "vectorized 1 loops" 1
FAIL: gcc.dg/vect/slp-multitypes-3.c -flto scan-tree-dump-times vect "vectorizing stmts using SLP" 2
=== gcc Summary for unix/-m64 ===
# of expected passes 71543
# of unexpected failures 11
# of expected failures 271
# of unsupported tests 1309
=== gcc Summary ===
# of expected passes 142454
# of unexpected failures 16
# of expected failures 559
# of unsupported tests 2608
/var/gcc/regression/trunk/10-gcc/build/gcc/xgcc version 4.7.0 20110518 (experimental) [trunk revision 173849] (GCC)
=== gfortran tests ===
Running target unix
FAIL: gfortran.dg/lto/pr46036 f_lto_pr46036_0.o assemble, -O -flto -ftree-vectorize (internal compiler error)
UNRESOLVED: gfortran.dg/lto/pr46036 f_lto_pr46036_0.o-f_lto_pr46036_0.o link -O -flto -ftree-vectorize
UNRESOLVED: gfortran.dg/lto/pr46036 f_lto_pr46036_0.o-f_lto_pr46036_0.o execute -O -flto -ftree-vectorize
=== gfortran Summary for unix ===
# of expected passes 38673
# of unexpected failures 1
# of expected failures 55
# of unresolved testcases 2
# of unsupported tests 261
Running target unix/-m64
FAIL: gfortran.dg/lto/pr46036 f_lto_pr46036_0.o assemble, -O -flto -ftree-vectorize (internal compiler error)
UNRESOLVED: gfortran.dg/lto/pr46036 f_lto_pr46036_0.o-f_lto_pr46036_0.o link -O -flto -ftree-vectorize
UNRESOLVED: gfortran.dg/lto/pr46036 f_lto_pr46036_0.o-f_lto_pr46036_0.o execute -O -flto -ftree-vectorize
=== gfortran Summary for unix/-m64 ===
# of expected passes 39000
# of unexpected failures 1
# of expected failures 55
# of unresolved testcases 2
# of unsupported tests 100
=== gfortran Summary ===
# of expected passes 77673
# of unexpected failures 2
# of expected failures 110
# of unresolved testcases 4
# of unsupported tests 361
/var/gcc/regression/trunk/10-gcc/build/gcc/testsuite/gfortran/../../gfortran version 4.7.0 20110518 (experimental) [trunk revision 173849] (GCC)
=== gnat tests ===
Running target unix
FAIL: gnat.dg/lto1.adb (test for excess errors)
WARNING: gnat.dg/lto1.adb compilation failed to produce executable
=== gnat Summary for unix ===
# of expected passes 889
# of unexpected failures 1
# of expected failures 11
# of unsupported tests 5
Running target unix/-m64
FAIL: gnat.dg/lto1.adb (test for excess errors)
WARNING: gnat.dg/lto1.adb compilation failed to produce executable
=== gnat Summary for unix/-m64 ===
# of expected passes 889
# of unexpected failures 1
# of expected failures 11
# of unsupported tests 5
=== gnat Summary ===
# of expected passes 1778
# of unexpected failures 2
# of expected failures 22
# of unsupported tests 10
/var/gcc/regression/trunk/10-gcc/build/gcc/gnatmake version 4.7.0 20110518 (experimental) [trunk revision 173849]
=== go tests ===
Running target unix
FAIL: go.go-torture/execute/array-1.go execution, -O2 -fomit-frame-pointer -finline-functions
FAIL: ./64bit-out.go compilation, -O2 -g
FAIL: ./select5-out.go compilation, -O2 -g
FAIL: ./tmp.go compilation, -O2 -g
WARNING: program timed out.
WARNING: program timed out.
WARNING: program timed out.
=== go Summary for unix ===
# of expected passes 2980
# of unexpected failures 4
# of expected failures 23
# of untested testcases 3
Running target unix/-m64
FAIL: ./64bit-out.go compilation, -O2 -g
FAIL: ./select5-out.go compilation, -O2 -g
FAIL: ./tmp.go compilation, -O2 -g
WARNING: program timed out.
WARNING: program timed out.
WARNING: program timed out.
=== go Summary for unix/-m64 ===
# of expected passes 2981
# of unexpected failures 3
# of expected failures 23
# of untested testcases 3
=== go Summary ===
# of expected passes 5961
# of unexpected failures 7
# of expected failures 46
# of untested testcases 6
/var/gcc/regression/trunk/10-gcc/build/gcc/testsuite/go/../../gccgo version 4.7.0 20110518 (experimental) [trunk revision 173849] (GCC)
=== obj-c++ tests ===
Running target unix
=== obj-c++ Summary for unix ===
# of expected passes 1410
# of expected failures 2
# of unsupported tests 86
Running target unix/-m64
=== obj-c++ Summary for unix/-m64 ===
# of expected passes 1402
# of expected failures 10
# of unsupported tests 86
=== obj-c++ Summary ===
# of expected passes 2812
# of expected failures 12
# of unsupported tests 172
/var/gcc/regression/trunk/10-gcc/build/gcc/testsuite/obj-c++/../../g++ version 4.7.0 20110518 (experimental) [trunk revision 173849] (GCC)
=== objc tests ===
Running target unix
=== objc Summary for unix ===
# of expected passes 2934
# of expected failures 10
# of unsupported tests 74
Running target unix/-m64
=== objc Summary for unix/-m64 ===
# of expected passes 2934
# of expected failures 10
# of unsupported tests 74
=== objc Summary ===
# of expected passes 5868
# of expected failures 20
# of unsupported tests 148
/var/gcc/regression/trunk/10-gcc/build/gcc/xgcc version 4.7.0 20110518 (experimental) [trunk revision 173849] (GCC)
=== boehm-gc tests ===
Running target unix
=== boehm-gc Summary for unix ===
# of expected passes 12
# of unsupported tests 1
Running target unix/-m64
=== boehm-gc Summary for unix/-m64 ===
# of expected passes 12
# of unsupported tests 1
=== boehm-gc Summary ===
# of expected passes 24
# of unsupported tests 2
=== libffi tests ===
Running target unix
=== libffi Summary for unix ===
# of expected passes 1634
# of expected failures 10
# of unsupported tests 15
Running target unix/-m64
=== libffi Summary for unix/-m64 ===
# of expected passes 1634
# of expected failures 10
# of unsupported tests 15
=== libffi Summary ===
# of expected passes 3268
# of expected failures 20
# of unsupported tests 30
=== libgo tests ===
Running target unix
FAIL: big
FAIL: bufio
FAIL: exec
FAIL: flag
FAIL: fmt
FAIL: gob
FAIL: http
FAIL: json
FAIL: os
FAIL: regexp
FAIL: rpc
FAIL: sync
FAIL: template
FAIL: time
FAIL: try
FAIL: utf8
FAIL: xml
FAIL: archive/zip
FAIL: compress/flate
FAIL: compress/lzw
FAIL: compress/zlib
FAIL: crypto/rand
FAIL: testing/quick
=== libgo Summary for unix ===
# of expected passes 94
# of unexpected failures 23
# of untested testcases 2
Running target unix/-m64
FAIL: big
FAIL: flag
FAIL: fmt
FAIL: gob
FAIL: http
FAIL: json
FAIL: os
FAIL: reflect
FAIL: regexp
FAIL: rpc
FAIL: sync
FAIL: template
FAIL: time
FAIL: try
FAIL: archive/zip
FAIL: compress/flate
FAIL: compress/lzw
FAIL: compress/zlib
FAIL: crypto/rand
FAIL: testing/quick
=== libgo Summary for unix/-m64 ===
# of expected passes 97
# of unexpected failures 20
# of untested testcases 2
=== libgo Summary ===
# of expected passes 191
# of unexpected failures 43
# of untested testcases 4
/var/gcc/regression/trunk/10-gcc/build/./gcc/gccgo version 4.7.0 20110518 (experimental) [trunk revision 173849] (GCC)
=== libgomp tests ===
Running target unix
FAIL: libgomp.graphite/force-parallel-1.c execution test
=== libgomp Summary for unix ===
# of expected passes 2585
# of unexpected failures 1
# of unsupported tests 10
Running target unix/-m64
FAIL: libgomp.graphite/force-parallel-1.c execution test
=== libgomp Summary for unix/-m64 ===
# of expected passes 2585
# of unexpected failures 1
# of unsupported tests 10
=== libgomp Summary ===
# of expected passes 5170
# of unexpected failures 2
# of unsupported tests 20
=== libjava tests ===
Running target unix
=== libjava Summary for unix ===
# of expected passes 2574
Running target unix/-m64
=== libjava Summary for unix/-m64 ===
# of expected passes 2574
=== libjava Summary ===
# of expected passes 5148
=== libstdc++ tests ===
Running target unix
=== libstdc++ Summary for unix ===
# of expected passes 7551
# of expected failures 83
# of unsupported tests 461
Running target unix/-m64
=== libstdc++ Summary for unix/-m64 ===
# of expected passes 7551
# of expected failures 83
# of unsupported tests 461
=== libstdc++ Summary ===
# of expected passes 15102
# of expected failures 166
# of unsupported tests 922
Compiler version: 4.7.0 20110518 (experimental) [trunk revision 173849] (GCC)
Platform: sparc-sun-solaris2.10
configure flags: --prefix=/vol/gcc --target=sparc-sun-solaris2.10 --enable-objc-gc --with-host-libstdcxx='-Wl,-Bstatic -lstdc++ -Wl,-Bdynamic -lm' --with-boot-ldflags='-static-libstdc++ -static-libgcc -L/vol/gcc-4.4/lib' --with-gmp=/vol/gcc --with-mpfr=/vol/gcc --with-mpc=/vol/gcc --enable-languages=all,ada,obj-c++,go --with-ppl=/vol/gcc --with-cloog=/vol/gcc --enable-cloog-backend=ppl
BOOT_CFLAGS=-g -O2