This is the mail archive of the
gcc-testresults@gcc.gnu.org
mailing list for the GCC project.
Results for 4.7.0 20110518 (experimental) [trunk revision 173849] (GCC) testsuite on i386-pc-solaris2.11
- From: Rainer Orth <ro at CeBiTec dot Uni-Bielefeld dot DE>
- To: gcc-testresults at gcc dot gnu dot org
- Date: Thu, 19 May 2011 09:46:43 +0200 (MEST)
- Subject: Results for 4.7.0 20110518 (experimental) [trunk revision 173849] (GCC) testsuite on i386-pc-solaris2.11
LAST_UPDATED: Wed May 18 11:08:55 UTC 2011 (revision 173849)
=== acats tests ===
FAIL: cxg2001
=== acats Summary ===
# of expected passes 2320
# of unexpected failures 1
Native configuration is i386-pc-solaris2.11
=== g++ tests ===
Running target unix
XPASS: g++.dg/tree-ssa/pr43411.C scan-tree-dump-not optimized "OBJ_TYPE_REF"
FAIL: g++.dg/lto/20091219 cp_lto_20091219_0.o-cp_lto_20091219_0.o link, -O3 -flto
UNRESOLVED: g++.dg/lto/20091219 cp_lto_20091219_0.o-cp_lto_20091219_0.o execute -O3 -flto
=== g++ Summary for unix ===
# of expected passes 26986
# of unexpected failures 1
# of unexpected successes 1
# of expected failures 163
# of unresolved testcases 1
# of unsupported tests 192
Running target unix/-m64
XPASS: g++.dg/tree-ssa/pr43411.C scan-tree-dump-not optimized "OBJ_TYPE_REF"
FAIL: g++.dg/lto/20091219 cp_lto_20091219_0.o-cp_lto_20091219_0.o link, -O3 -flto
UNRESOLVED: g++.dg/lto/20091219 cp_lto_20091219_0.o-cp_lto_20091219_0.o execute -O3 -flto
=== g++ Summary for unix/-m64 ===
# of expected passes 27218
# of unexpected failures 1
# of unexpected successes 1
# of expected failures 163
# of unresolved testcases 1
# of unsupported tests 391
=== g++ Summary ===
# of expected passes 54204
# of unexpected failures 2
# of unexpected successes 2
# of expected failures 326
# of unresolved testcases 2
# of unsupported tests 583
/var/gcc/regression/trunk/11-gcc/build/gcc/testsuite/g++/../../g++ version 4.7.0 20110518 (experimental) [trunk revision 173849] (GCC)
=== gcc tests ===
Running target unix
FAIL: gcc.dg/tree-ssa/vrp47.c scan-tree-dump-times dom1 "x[^ ]* & y" 1
=== gcc Summary for unix ===
# of expected passes 77505
# of unexpected failures 1
# of expected failures 246
# of unsupported tests 839
Running target unix/-m64
XPASS: gcc.c-torture/execute/960321-1.c compilation, -O1
XPASS: gcc.c-torture/execute/960321-1.c compilation, -O2
XPASS: gcc.c-torture/execute/960321-1.c compilation, -O3 -fomit-frame-pointer
XPASS: gcc.c-torture/execute/960321-1.c compilation, -O3 -g
XPASS: gcc.c-torture/execute/960321-1.c compilation, -Os
XPASS: gcc.c-torture/execute/960321-1.c compilation, -O2 -flto -flto-partition=none
XPASS: gcc.c-torture/execute/960321-1.c compilation, -O2 -flto
FAIL: gcc.dg/tree-ssa/vrp47.c scan-tree-dump-times dom1 "x[^ ]* & y" 1
=== gcc Summary for unix/-m64 ===
# of expected passes 77643
# of unexpected failures 1
# of unexpected successes 7
# of expected failures 246
# of unsupported tests 1247
=== gcc Summary ===
# of expected passes 155148
# of unexpected failures 2
# of unexpected successes 7
# of expected failures 492
# of unsupported tests 2086
/var/gcc/regression/trunk/11-gcc/build/gcc/xgcc version 4.7.0 20110518 (experimental) [trunk revision 173849] (GCC)
=== gfortran tests ===
Running target unix
FAIL: gfortran.dg/lto/pr46036 f_lto_pr46036_0.o assemble, -O -flto -ftree-vectorize
UNRESOLVED: gfortran.dg/lto/pr46036 f_lto_pr46036_0.o-f_lto_pr46036_0.o link -O -flto -ftree-vectorize
UNRESOLVED: gfortran.dg/lto/pr46036 f_lto_pr46036_0.o-f_lto_pr46036_0.o execute -O -flto -ftree-vectorize
=== gfortran Summary for unix ===
# of expected passes 38745
# of unexpected failures 1
# of expected failures 53
# of unresolved testcases 2
# of unsupported tests 228
Running target unix/-m64
FAIL: gfortran.dg/lto/pr46036 f_lto_pr46036_0.o assemble, -O -flto -ftree-vectorize
UNRESOLVED: gfortran.dg/lto/pr46036 f_lto_pr46036_0.o-f_lto_pr46036_0.o link -O -flto -ftree-vectorize
UNRESOLVED: gfortran.dg/lto/pr46036 f_lto_pr46036_0.o-f_lto_pr46036_0.o execute -O -flto -ftree-vectorize
=== gfortran Summary for unix/-m64 ===
# of expected passes 39040
# of unexpected failures 1
# of expected failures 53
# of unresolved testcases 2
# of unsupported tests 90
=== gfortran Summary ===
# of expected passes 77785
# of unexpected failures 2
# of expected failures 106
# of unresolved testcases 4
# of unsupported tests 318
/var/gcc/regression/trunk/11-gcc/build/gcc/testsuite/gfortran/../../gfortran version 4.7.0 20110518 (experimental) [trunk revision 173849] (GCC)
=== gnat tests ===
Running target unix
FAIL: gnat.dg/lto1.adb (test for excess errors)
WARNING: gnat.dg/lto1.adb compilation failed to produce executable
=== gnat Summary for unix ===
# of expected passes 890
# of unexpected failures 1
# of expected failures 11
# of unsupported tests 4
Running target unix/-m64
FAIL: gnat.dg/lto1.adb (test for excess errors)
WARNING: gnat.dg/lto1.adb compilation failed to produce executable
=== gnat Summary for unix/-m64 ===
# of expected passes 890
# of unexpected failures 1
# of expected failures 11
# of unsupported tests 4
=== gnat Summary ===
# of expected passes 1780
# of unexpected failures 2
# of expected failures 22
# of unsupported tests 8
/var/gcc/regression/trunk/11-gcc/build/gcc/gnatmake version 4.7.0 20110518 (experimental) [trunk revision 173849]
=== go tests ===
Running target unix
FAIL: go.test/test/chan/select2.go execution, -O2 -g
=== go Summary for unix ===
# of expected passes 2986
# of unexpected failures 1
# of expected failures 23
Running target unix/-m64
=== go Summary for unix/-m64 ===
# of expected passes 2987
# of expected failures 23
=== go Summary ===
# of expected passes 5973
# of unexpected failures 1
# of expected failures 46
/var/gcc/regression/trunk/11-gcc/build/gcc/testsuite/go/../../gccgo version 4.7.0 20110518 (experimental) [trunk revision 173849] (GCC)
=== obj-c++ tests ===
Running target unix
=== obj-c++ Summary for unix ===
# of expected passes 1410
# of expected failures 2
# of unsupported tests 86
Running target unix/-m64
=== obj-c++ Summary for unix/-m64 ===
# of expected passes 1402
# of expected failures 10
# of unsupported tests 86
=== obj-c++ Summary ===
# of expected passes 2812
# of expected failures 12
# of unsupported tests 172
/var/gcc/regression/trunk/11-gcc/build/gcc/testsuite/obj-c++/../../g++ version 4.7.0 20110518 (experimental) [trunk revision 173849] (GCC)
=== objc tests ===
Running target unix
=== objc Summary for unix ===
# of expected passes 2938
# of expected failures 6
# of unsupported tests 74
Running target unix/-m64
=== objc Summary for unix/-m64 ===
# of expected passes 2928
# of expected failures 16
# of unsupported tests 74
=== objc Summary ===
# of expected passes 5866
# of expected failures 22
# of unsupported tests 148
/var/gcc/regression/trunk/11-gcc/build/gcc/xgcc version 4.7.0 20110518 (experimental) [trunk revision 173849] (GCC)
=== boehm-gc tests ===
Running target unix
=== boehm-gc Summary for unix ===
# of expected passes 12
# of unsupported tests 1
Running target unix/-m64
=== boehm-gc Summary for unix/-m64 ===
# of expected passes 12
# of unsupported tests 1
=== boehm-gc Summary ===
# of expected passes 24
# of unsupported tests 2
=== libffi tests ===
Running target unix
=== libffi Summary for unix ===
# of expected passes 1634
# of expected failures 10
# of unsupported tests 15
Running target unix/-m64
=== libffi Summary for unix/-m64 ===
# of expected passes 1634
# of expected failures 10
# of unsupported tests 15
=== libffi Summary ===
# of expected passes 3268
# of expected failures 20
# of unsupported tests 30
=== libgo tests ===
Running target unix
FAIL: http
FAIL: os
=== libgo Summary for unix ===
# of expected passes 115
# of unexpected failures 2
# of untested testcases 2
Running target unix/-m64
FAIL: os
=== libgo Summary for unix/-m64 ===
# of expected passes 116
# of unexpected failures 1
# of untested testcases 2
=== libgo Summary ===
# of expected passes 231
# of unexpected failures 3
# of untested testcases 4
/var/gcc/regression/trunk/11-gcc/build/./gcc/gccgo version 4.7.0 20110518 (experimental) [trunk revision 173849] (GCC)
=== libgomp tests ===
Running target unix
=== libgomp Summary for unix ===
# of expected passes 2600
# of unsupported tests 3
Running target unix/-m64
=== libgomp Summary for unix/-m64 ===
# of expected passes 2600
# of unsupported tests 3
=== libgomp Summary ===
# of expected passes 5200
# of unsupported tests 6
=== libjava tests ===
Running target unix
=== libjava Summary for unix ===
# of expected passes 2574
Running target unix/-m64
=== libjava Summary for unix/-m64 ===
# of expected passes 2574
=== libjava Summary ===
# of expected passes 5148
=== libstdc++ tests ===
Running target unix
=== libstdc++ Summary for unix ===
# of expected passes 7552
# of expected failures 82
# of unsupported tests 461
Running target unix/-m64
FAIL: libstdc++-abi/abi_check
=== libstdc++ Summary for unix/-m64 ===
# of expected passes 7551
# of unexpected failures 1
# of expected failures 82
# of unsupported tests 461
=== libstdc++ Summary ===
# of expected passes 15103
# of unexpected failures 1
# of expected failures 164
# of unsupported tests 922
Compiler version: 4.7.0 20110518 (experimental) [trunk revision 173849] (GCC)
Platform: i386-pc-solaris2.11
configure flags: --prefix=/vol/gcc --target=i386-pc-solaris2.11 --enable-objc-gc --with-host-libstdcxx='-Wl,-Bstatic -lstdc++ -Wl,-Bdynamic -lm' --with-boot-ldflags='-static-libstdc++ -static-libgcc -L/vol/gcc-4.4/lib' --with-gmp=/vol/gcc --with-mpfr=/vol/gcc --with-mpc=/vol/gcc --enable-languages=all,ada,obj-c++,go --with-ppl=/vol/gcc --with-cloog=/vol/gcc --enable-cloog-backend=ppl
BOOT_CFLAGS=-g -O2