This is the mail archive of the
gcc-testresults@gcc.gnu.org
mailing list for the GCC project.
Results for 4.7.0 20110514 (experimental) [trunk revision 173762] (GCC) testsuite on hppa2.0w-hp-hpux11.11
- From: John David Anglin <dave at hiauly3 dot hia dot nrc dot ca>
- To: dave at hiauly3 dot hia dot nrc dot ca, gcc-testresults at gcc dot gnu dot org
- Date: Mon, 16 May 2011 09:58:44 -0400 (EDT)
- Subject: Results for 4.7.0 20110514 (experimental) [trunk revision 173762] (GCC) testsuite on hppa2.0w-hp-hpux11.11
Native configuration is hppa2.0w-hp-hpux11.11
=== gcc tests ===
Running target unix
WARNING: program timed out.
FAIL: gcc.dg/tree-ssa/vrp47.c scan-tree-dump-times dom1 "x[^ ]* & y" 1
=== gcc Summary ===
# of expected passes 55863
# of unexpected failures 1
# of expected failures 110
# of unsupported tests 1171
/test/gnu/gcc/objdir.1/gcc/xgcc version 4.7.0 20110514 (experimental) [trunk revision 173762] (GCC)
=== libgomp tests ===
Running target unix
=== libgomp Summary ===
# of expected passes 248
# of unsupported tests 10
Compiler version: 4.7.0 20110514 (experimental) [trunk revision 173762] (GCC)
Platform: hppa2.0w-hp-hpux11.11
configure flags:Test Run By dave on Mon May 16 00:09:52 2011