This is the mail archive of the
gcc-testresults@gcc.gnu.org
mailing list for the GCC project.
Results for 4.7.0 20110514 (experimental) [trunk revision 173762] (GCC) testsuite on hppa2.0w-hp-hpux11.11
- From: John David Anglin <dave at hiauly3 dot hia dot nrc dot ca>
- To: dave at hiauly3 dot hia dot nrc dot ca, gcc-testresults at gcc dot gnu dot org
- Date: Mon, 16 May 2011 09:56:31 -0400 (EDT)
- Subject: Results for 4.7.0 20110514 (experimental) [trunk revision 173762] (GCC) testsuite on hppa2.0w-hp-hpux11.11
=== acats tests ===
=== acats Summary ===
# of expected passes 2321
# of unexpected failures 0
Native configuration is hppa2.0w-hp-hpux11.11
=== g++ tests ===
Running target unix
WARNING: g++.dg/ext/label13.C compilation failed to produce executable
FAIL: g++.dg/opt/devirt2.C scan-assembler-times xyzzy 2
XPASS: g++.dg/tree-ssa/pr43411.C scan-tree-dump-not optimized "OBJ_TYPE_REF"
WARNING: program timed out.
FAIL: g++.dg/torture/20090706-1.C -O0 (internal compiler error)
FAIL: g++.dg/torture/20090706-1.C -O0 (test for excess errors)
FAIL: g++.dg/torture/20090706-1.C -O1 (internal compiler error)
FAIL: g++.dg/torture/20090706-1.C -O1 (test for excess errors)
FAIL: g++.dg/torture/20090706-1.C -O2 (internal compiler error)
FAIL: g++.dg/torture/20090706-1.C -O2 (test for excess errors)
FAIL: g++.dg/torture/20090706-1.C -O3 -fomit-frame-pointer (internal compiler error)
FAIL: g++.dg/torture/20090706-1.C -O3 -fomit-frame-pointer (test for excess errors)
FAIL: g++.dg/torture/20090706-1.C -O3 -g (internal compiler error)
FAIL: g++.dg/torture/20090706-1.C -O3 -g (test for excess errors)
FAIL: g++.dg/torture/20090706-1.C -Os (internal compiler error)
FAIL: g++.dg/torture/20090706-1.C -Os (test for excess errors)
=== g++ Summary ===
# of expected passes 23468
# of unexpected failures 13
# of unexpected successes 1
# of expected failures 163
# of unsupported tests 589
/test/gnu/gcc/objdir/gcc/testsuite/g++/../../g++ version 4.7.0 20110514 (experimental) [trunk revision 173762] (GCC)
=== gcc tests ===
Running target unix
WARNING: program timed out.
FAIL: gcc.dg/tree-ssa/vrp47.c scan-tree-dump-times dom1 "x[^ ]* & y" 1
=== gcc Summary ===
# of expected passes 55863
# of unexpected failures 1
# of expected failures 110
# of unsupported tests 1171
/test/gnu/gcc/objdir/gcc/xgcc version 4.7.0 20110514 (experimental) [trunk revision 173762] (GCC)
=== gfortran tests ===
Running target unix
FAIL: gfortran.dg/pr45636.f90 -O scan-tree-dump-times forwprop2 "memset" 0
FAIL: gfortran.dg/guality/pr41558.f90 -O0 line 7 s == 'foo'
FAIL: gfortran.dg/guality/pr41558.f90 -O1 line 7 s == 'foo'
FAIL: gfortran.dg/guality/pr41558.f90 -O2 line 7 s == 'foo'
FAIL: gfortran.dg/guality/pr41558.f90 -O3 -fomit-frame-pointer line 7 s == 'foo'
FAIL: gfortran.dg/guality/pr41558.f90 -O3 -fomit-frame-pointer -funroll-loops line 7 s == 'foo'
FAIL: gfortran.dg/guality/pr41558.f90 -O3 -fomit-frame-pointer -funroll-all-loops -finline-functions line 7 s == 'foo'
FAIL: gfortran.dg/guality/pr41558.f90 -O3 -g line 7 s == 'foo'
FAIL: gfortran.dg/guality/pr41558.f90 -Os line 7 s == 'foo'
=== gfortran Summary ===
# of expected passes 37484
# of unexpected failures 9
# of expected failures 41
# of unsupported tests 375
/test/gnu/gcc/objdir/gcc/testsuite/gfortran/../../gfortran version 4.7.0 20110514 (experimental) [trunk revision 173762] (GCC)
=== gnat tests ===
Running target unix
=== gnat Summary ===
# of expected passes 891
# of expected failures 11
# of unsupported tests 4
/test/gnu/gcc/objdir/gcc/gnatmake version 4.7.0 20110514 (experimental) [trunk revision 173762]
=== obj-c++ tests ===
Running target unix
=== obj-c++ Summary ===
# of expected passes 1368
# of expected failures 2
# of unsupported tests 69
/test/gnu/gcc/objdir/gcc/testsuite/obj-c++/../../g++ version 4.7.0 20110514 (experimental) [trunk revision 173762] (GCC)
=== objc tests ===
Running target unix
=== objc Summary ===
# of expected passes 2862
# of expected failures 8
# of unsupported tests 65
/test/gnu/gcc/objdir/gcc/xgcc version 4.7.0 20110514 (experimental) [trunk revision 173762] (GCC)
=== boehm-gc tests ===
Running target unix
FAIL: boehm-gc.c/gctest.c -O2 (test for excess errors)
FAIL: boehm-gc.c/leak_test.c -O2 (test for excess errors)
FAIL: boehm-gc.c/middle.c -O2 (test for excess errors)
FAIL: boehm-gc.c/thread_leak_test.c -O2 (test for excess errors)
FAIL: boehm-gc.lib/staticrootstest.c -O2 (test for excess errors)
=== boehm-gc Summary ===
# of expected passes 7
# of unexpected failures 5
# of unsupported tests 1
=== libffi tests ===
Running target unix
=== libffi Summary ===
# of expected passes 1634
# of expected failures 10
# of unsupported tests 15
=== libgomp tests ===
Running target unix
=== libgomp Summary ===
# of expected passes 2540
# of unsupported tests 10
=== libjava tests ===
Running target unix
FAIL: LargeFile execution - source compiled test
FAIL: LargeFile -findirect-dispatch execution - source compiled test
FAIL: LargeFile -O3 execution - source compiled test
FAIL: LargeFile -O3 -findirect-dispatch execution - source compiled test
FAIL: Throw_3 -O3 -findirect-dispatch output - source compiled test
=== libjava Summary ===
# of expected passes 2565
# of unexpected failures 5
# of untested testcases 4
=== libstdc++ tests ===
Running target unix
=== libstdc++ Summary ===
# of expected passes 6898
# of expected failures 82
# of unsupported tests 766
Compiler version: 4.7.0 20110514 (experimental) [trunk revision 173762] (GCC)
Platform: hppa2.0w-hp-hpux11.11
configure flags:Test Run By dave on Sun May 15 05:09:07 EDT 2011