This is the mail archive of the gcc-testresults@gcc.gnu.org mailing list for the GCC project.


Index Nav: [Date Index] [Subject Index] [Author Index] [Thread Index]
Message Nav: [Date Prev] [Date Next] [Thread Prev] [Thread Next]
Other format: [Raw text]

Results for 4.3.6 20110514 (prerelease) [gcc-4_3-branch revision 173762] (GCC) testsuite on hppa2.0w-hp-hpux11.11


LAST_UPDATED: Sat May 14 20:19:29 UTC 2011 (revision 173762)

		=== acats tests ===
FAIL:	c954a01
FAIL:	cxf3a01

		=== acats Summary ===
# of expected passes		2313
# of unexpected failures	2
Native configuration is hppa2.0w-hp-hpux11.11

		=== g++ tests ===


Running target unix
XPASS: g++.old-deja/g++.pt/static6.C (test for excess errors)

		=== g++ Summary ===

# of expected passes		16639
# of unexpected successes	1
# of expected failures		94
# of unsupported tests		228
/mnt/gnu/gcc/objdir-test/gcc/testsuite/g++/../../g++  version 4.3.6 20110514 (prerelease) [gcc-4_3-branch revision 173762] (GCC) 

		=== gcc tests ===


Running target unix
XPASS: gcc.dg/cpp/cmdlne-dI-M.c scan-file (^|\\\\n)cmdlne-dI-M.*:[^\\\\n]*cmdlne-dI-M.c
XPASS: gcc.dg/cpp/cmdlne-dM-M.c scan-file (^|\\\\n)cmdlne-dM-M[^\\\\n]*:[^\\\\n]*cmdlne-dM-M.c

		=== gcc Summary ===

# of expected passes		45753
# of unexpected successes	2
# of expected failures		91
# of untested testcases		35
# of unsupported tests		500
/mnt/gnu/gcc/objdir-test/gcc/xgcc  version 4.3.6 20110514 (prerelease) [gcc-4_3-branch revision 173762] (GCC) 

		=== gfortran tests ===


Running target unix

		=== gfortran Summary ===

# of expected passes		24719
# of expected failures		3
# of unsupported tests		162
/mnt/gnu/gcc/objdir-test/gcc/testsuite/gfortran/../../gfortran  version 4.3.6 20110514 (prerelease) [gcc-4_3-branch revision 173762] (GCC) 

		=== gnat tests ===


Running target unix

		=== gnat Summary ===

# of expected passes		376
# of expected failures		1
		=== obj-c++ tests ===


Running target unix
WARNING: obj-c++.dg/lookup-2.mm compilation failed to produce executable
WARNING: obj-c++.dg/try-catch-2.mm compilation failed to produce executable
WARNING: obj-c++.dg/try-catch-9.mm compilation failed to produce executable

		=== obj-c++ Summary ===

# of expected passes		435
# of expected failures		9
# of unsupported tests		14
/mnt/gnu/gcc/objdir-test/gcc/testsuite/obj-c++/../../g++  version 4.3.6 20110514 (prerelease) [gcc-4_3-branch revision 173762] (GCC) 

		=== objc tests ===


Running target unix

		=== objc Summary ===

# of expected passes		1826
# of expected failures		7
# of unsupported tests		27
/mnt/gnu/gcc/objdir-test/gcc/xgcc  version 4.3.6 20110514 (prerelease) [gcc-4_3-branch revision 173762] (GCC) 

		=== libffi tests ===


Running target unix

		=== libffi Summary ===

# of expected passes		1389
# of unsupported tests		10
		=== libgomp tests ===


Running target unix
FAIL: libgomp.fortran/vla6.f90  -O3 -fomit-frame-pointer -funroll-all-loops -finline-functions  execution test

		=== libgomp Summary ===

# of expected passes		1748
# of unexpected failures	1
# of unsupported tests		7
		=== libjava tests ===


Running target unix
FAIL: LargeFile execution - source compiled test
FAIL: LargeFile -findirect-dispatch execution - source compiled test
FAIL: LargeFile -O3 execution - source compiled test
FAIL: LargeFile -O3 -findirect-dispatch execution - source compiled test

		=== libjava Summary ===

# of expected passes		2554
# of unexpected failures	4
# of untested testcases		4
		=== libstdc++ tests ===


Running target unix

		=== libstdc++ Summary ===

# of expected passes		4899
# of expected failures		60
# of unsupported tests		345

Compiler version: 4.3.6 20110514 (prerelease) [gcc-4_3-branch revision 173762] (GCC) 
Platform: hppa2.0w-hp-hpux11.11
configure flags: --with-gnu-as --with-as=/opt/gnu/bin/as --enable-shared --with-local-prefix=/opt/gnu --prefix=/opt/gnu/gcc/gcc-4.3.6 --with-gmp=/opt/gnu/gcc/gcc-4.3.6 --enable-threads=posix --enable-debug=no --disable-nls --enable-checking=release --enable-languages=c,c++,objc,fortran,java,ada,obj-c++


Index Nav: [Date Index] [Subject Index] [Author Index] [Thread Index]
Message Nav: [Date Prev] [Date Next] [Thread Prev] [Thread Next]