This is the mail archive of the gcc-testresults@gcc.gnu.org mailing list for the GCC project.


Index Nav: [Date Index] [Subject Index] [Author Index] [Thread Index]
Message Nav: [Date Prev] [Date Next] [Thread Prev] [Thread Next]
Other format: [Raw text]

Results for 4.7.0 20110513 (experimental) (GCC) testsuite on powerpc-apple-darwin9.8.0


This build run by an automatic regression tester.
See <http://gcc.gnu.org/regtest/HEAD/> for more information.

Date: 2011-05-13T07:07:13Z
Revision: 173722
URL: svn://gcc.gnu.org/svn/gcc/trunk
Status: regress-23
Prev-Endtime: 2011-05-13T07:04:19Z

Native configuration is powerpc-apple-darwin9.8.0

		=== g++ tests ===


Running target unix
FAIL: g++.dg/eh/simd-3.C execution test
FAIL: g++.dg/eh/simd-4.C execution test
FAIL: g++.dg/ext/alignof2.C execution test
WARNING: g++.dg/ext/label13.C compilation failed to produce executable
XPASS: g++.dg/tree-ssa/pr43411.C scan-tree-dump-not optimized "OBJ_TYPE_REF"
FAIL: g++.dg/torture/20090706-1.C  -O0  (internal compiler error)
FAIL: g++.dg/torture/20090706-1.C  -O0  (test for excess errors)
FAIL: g++.dg/torture/20090706-1.C  -O1  (internal compiler error)
FAIL: g++.dg/torture/20090706-1.C  -O1  (test for excess errors)
FAIL: g++.dg/torture/20090706-1.C  -O2  (internal compiler error)
FAIL: g++.dg/torture/20090706-1.C  -O2  (test for excess errors)
FAIL: g++.dg/torture/20090706-1.C  -O3 -fomit-frame-pointer  (internal compiler error)
FAIL: g++.dg/torture/20090706-1.C  -O3 -fomit-frame-pointer  (test for excess errors)
FAIL: g++.dg/torture/20090706-1.C  -O3 -g  (internal compiler error)
FAIL: g++.dg/torture/20090706-1.C  -O3 -g  (test for excess errors)
FAIL: g++.dg/torture/20090706-1.C  -Os  (internal compiler error)
FAIL: g++.dg/torture/20090706-1.C  -Os  (test for excess errors)
FAIL: g++.dg/torture/20090706-1.C  -O2 -flto -flto-partition=none  (internal compiler error)
FAIL: g++.dg/torture/20090706-1.C  -O2 -flto -flto-partition=none  (test for excess errors)
FAIL: g++.dg/torture/20090706-1.C  -O2 -flto  (internal compiler error)
FAIL: g++.dg/torture/20090706-1.C  -O2 -flto  (test for excess errors)

		=== g++ Summary ===

# of expected passes		26593
# of unexpected failures	19
# of unexpected successes	1
# of expected failures		163
# of unsupported tests		391
/Users/regress/tbox/native/build/gcc/testsuite/g++/../../g++  version 4.7.0 20110513 (experimental) (GCC) 

		=== gcc tests ===


Running target unix
FAIL: gcc.c-torture/compile/pr44707.c  -O1  (test for excess errors)
FAIL: gcc.c-torture/compile/pr44707.c  -O2  (test for excess errors)
FAIL: gcc.c-torture/compile/pr44707.c  -O3 -fomit-frame-pointer  (test for excess errors)
FAIL: gcc.c-torture/compile/pr44707.c  -O3 -g  (test for excess errors)
FAIL: gcc.c-torture/compile/pr44707.c  -Os  (test for excess errors)
FAIL: gcc.c-torture/compile/pr44707.c  -O2 -flto -flto-partition=none  (test for excess errors)
FAIL: gcc.c-torture/compile/pr44707.c  -O2 -flto  (test for excess errors)
FAIL: gcc.c-torture/execute/20040811-1.c compilation,  -O3 -g 
UNRESOLVED: gcc.c-torture/execute/20040811-1.c execution,  -O3 -g 
FAIL: gcc.c-torture/execute/pr22061-4.c compilation,  -O3 -g 
UNRESOLVED: gcc.c-torture/execute/pr22061-4.c execution,  -O3 -g 
FAIL: gcc.c-torture/execute/pr43220.c compilation,  -O3 -g 
UNRESOLVED: gcc.c-torture/execute/pr43220.c execution,  -O3 -g 
FAIL: gcc.c-torture/execute/vla-dealloc-1.c compilation,  -O3 -g 
UNRESOLVED: gcc.c-torture/execute/vla-dealloc-1.c execution,  -O3 -g 
FAIL: gcc.dg/20020103-1.c scan-assembler-not LC[0-9]
FAIL: gcc.dg/and-1.c scan-assembler-not nand
FAIL: gcc.dg/binop-xor1.c scan-tree-dump-times optimized "<bb[^>]*>" 5
FAIL: gcc.dg/binop-xor1.c scan-tree-dump-times optimized "\\^" 1
FAIL: gcc.dg/binop-xor3.c scan-tree-dump-times optimized "<bb[^>]*>" 1
FAIL: gcc.dg/binop-xor3.c scan-tree-dump-times optimized "\\^" 1
FAIL: gcc.dg/sms-2.c scan-rtl-dump-times sms "SMS succeeded" 1
FAIL: gcc.dg/sms-4.c scan-rtl-dump-times sms "SMS succeeded" 1
FAIL: gcc.dg/sms-5.c scan-rtl-dump-times sms "SMS succeeded" 1
FAIL: gcc.dg/sms-6.c scan-rtl-dump-times sms "SMS succeeded" 3
FAIL: gcc.dg/sms-7.c scan-rtl-dump-times sms "SMS succeeded" 3
FAIL: gcc.dg/sms-8.c scan-rtl-dump-times sms "SMS succeeded" 1
FAIL: gcc.dg/tree-ssa/ssa-dom-thread-4.c scan-tree-dump-times dom1 "Threaded" 3
FAIL: gcc.dg/tree-ssa/vrp47.c scan-tree-dump-times vrp1 "[xy][^ ]* !=" 0
FAIL: gcc.dg/tree-ssa/vrp47.c scan-tree-dump-times dom1 "x[^ ]* & y" 1
FAIL: gcc.target/powerpc/405-dlmzb-strlen-1.c scan-assembler dlmzb\\\\. 
FAIL: gcc.target/powerpc/440-dlmzb-strlen-1.c scan-assembler dlmzb\\\\. 
FAIL: gcc.target/powerpc/ppc-vector-memcpy.c scan-assembler lvx

		=== gcc Summary ===

# of expected passes		73563
# of unexpected failures	29
# of expected failures		207
# of unresolved testcases	4
# of unsupported tests		1185
/Users/regress/tbox/native/build/gcc/xgcc  version 4.7.0 20110513 (experimental) (GCC) 

		=== gfortran tests ===


Running target unix
FAIL: gfortran.dg/block_name_1.f90  -O  (internal compiler error)
FAIL: gfortran.dg/block_name_1.f90  -O  (test for excess errors)
FAIL: gfortran.dg/dependency_23.f90  -O0  (internal compiler error)
FAIL: gfortran.dg/dependency_23.f90  -O0  (test for excess errors)
WARNING: gfortran.dg/dependency_23.f90  -O0  compilation failed to produce executable
FAIL: gfortran.dg/dependency_23.f90  -O1  (internal compiler error)
FAIL: gfortran.dg/dependency_23.f90  -O1  (test for excess errors)
WARNING: gfortran.dg/dependency_23.f90  -O1  compilation failed to produce executable
FAIL: gfortran.dg/dependency_23.f90  -O2  (internal compiler error)
FAIL: gfortran.dg/dependency_23.f90  -O2  (test for excess errors)
WARNING: gfortran.dg/dependency_23.f90  -O2  compilation failed to produce executable
FAIL: gfortran.dg/dependency_23.f90  -O3 -fomit-frame-pointer  (internal compiler error)
FAIL: gfortran.dg/dependency_23.f90  -O3 -fomit-frame-pointer  (test for excess errors)
WARNING: gfortran.dg/dependency_23.f90  -O3 -fomit-frame-pointer  compilation failed to produce executable
FAIL: gfortran.dg/dependency_23.f90  -O3 -fomit-frame-pointer -funroll-loops  (internal compiler error)
FAIL: gfortran.dg/dependency_23.f90  -O3 -fomit-frame-pointer -funroll-loops  (test for excess errors)
WARNING: gfortran.dg/dependency_23.f90  -O3 -fomit-frame-pointer -funroll-loops  compilation failed to produce executable
FAIL: gfortran.dg/dependency_23.f90  -O3 -fomit-frame-pointer -funroll-all-loops -finline-functions  (internal compiler error)
FAIL: gfortran.dg/dependency_23.f90  -O3 -fomit-frame-pointer -funroll-all-loops -finline-functions  (test for excess errors)
WARNING: gfortran.dg/dependency_23.f90  -O3 -fomit-frame-pointer -funroll-all-loops -finline-functions  compilation failed to produce executable
FAIL: gfortran.dg/dependency_23.f90  -O3 -g  (internal compiler error)
FAIL: gfortran.dg/dependency_23.f90  -O3 -g  (test for excess errors)
WARNING: gfortran.dg/dependency_23.f90  -O3 -g  compilation failed to produce executable
FAIL: gfortran.dg/dependency_23.f90  -Os  (internal compiler error)
FAIL: gfortran.dg/dependency_23.f90  -Os  (test for excess errors)
WARNING: gfortran.dg/dependency_23.f90  -Os  compilation failed to produce executable
FAIL: gfortran.dg/large_real_kind_3.F90  -O0  execution test
FAIL: gfortran.dg/where_1.f90  -O0  (internal compiler error)
FAIL: gfortran.dg/where_1.f90  -O0  (test for excess errors)
WARNING: gfortran.dg/where_1.f90  -O0  compilation failed to produce executable
FAIL: gfortran.dg/where_1.f90  -O1  (internal compiler error)
FAIL: gfortran.dg/where_1.f90  -O1  (test for excess errors)
WARNING: gfortran.dg/where_1.f90  -O1  compilation failed to produce executable
FAIL: gfortran.dg/where_1.f90  -O2  (internal compiler error)
FAIL: gfortran.dg/where_1.f90  -O2  (test for excess errors)
WARNING: gfortran.dg/where_1.f90  -O2  compilation failed to produce executable
FAIL: gfortran.dg/where_1.f90  -O3 -fomit-frame-pointer  (internal compiler error)
FAIL: gfortran.dg/where_1.f90  -O3 -fomit-frame-pointer  (test for excess errors)
WARNING: gfortran.dg/where_1.f90  -O3 -fomit-frame-pointer  compilation failed to produce executable
FAIL: gfortran.dg/where_1.f90  -O3 -fomit-frame-pointer -funroll-loops  (internal compiler error)
FAIL: gfortran.dg/where_1.f90  -O3 -fomit-frame-pointer -funroll-loops  (test for excess errors)
WARNING: gfortran.dg/where_1.f90  -O3 -fomit-frame-pointer -funroll-loops  compilation failed to produce executable
FAIL: gfortran.dg/where_1.f90  -O3 -fomit-frame-pointer -funroll-all-loops -finline-functions  (internal compiler error)
FAIL: gfortran.dg/where_1.f90  -O3 -fomit-frame-pointer -funroll-all-loops -finline-functions  (test for excess errors)
WARNING: gfortran.dg/where_1.f90  -O3 -fomit-frame-pointer -funroll-all-loops -finline-functions  compilation failed to produce executable
FAIL: gfortran.dg/where_1.f90  -O3 -g  (internal compiler error)
FAIL: gfortran.dg/where_1.f90  -O3 -g  (test for excess errors)
WARNING: gfortran.dg/where_1.f90  -O3 -g  compilation failed to produce executable
FAIL: gfortran.dg/where_1.f90  -Os  (internal compiler error)
FAIL: gfortran.dg/where_1.f90  -Os  (test for excess errors)
WARNING: gfortran.dg/where_1.f90  -Os  compilation failed to produce executable
FAIL: gfortran.dg/where_nested_1.f90  -O  (internal compiler error)
FAIL: gfortran.dg/where_nested_1.f90  -O  (test for excess errors)
FAIL: gfortran.dg/where_operator_assign_1.f90  -O  (internal compiler error)
FAIL: gfortran.dg/where_operator_assign_1.f90  -O  (test for excess errors)
FAIL: gfortran.dg/where_operator_assign_2.f90  -O  (internal compiler error)
FAIL: gfortran.dg/where_operator_assign_2.f90  -O  (test for excess errors)
FAIL: gfortran.dg/where_operator_assign_3.f90  -O  (internal compiler error)
FAIL: gfortran.dg/where_operator_assign_3.f90  -O  (test for excess errors)
FAIL: gfortran.fortran-torture/execute/inquire_5.f90,  -O0  (internal compiler error)
FAIL: gfortran.fortran-torture/execute/inquire_5.f90,  -O1  (internal compiler error)
FAIL: gfortran.fortran-torture/execute/inquire_5.f90,  -O2  (internal compiler error)
FAIL: gfortran.fortran-torture/execute/inquire_5.f90,  -O2 -fomit-frame-pointer -finline-functions  (internal compiler error)
FAIL: gfortran.fortran-torture/execute/inquire_5.f90,  -O2 -fomit-frame-pointer -finline-functions -funroll-loops  (internal compiler error)
FAIL: gfortran.fortran-torture/execute/inquire_5.f90,  -O2 -fbounds-check  (internal compiler error)
FAIL: gfortran.fortran-torture/execute/inquire_5.f90,  -O3 -g  (internal compiler error)
FAIL: gfortran.fortran-torture/execute/inquire_5.f90,  -Os  (internal compiler error)
FAIL: gfortran.fortran-torture/execute/inquire_5.f90, -O2 -ftree-vectorize -maltivec  (internal compiler error)
FAIL: gfortran.fortran-torture/execute/intrinsic_associated_2.f90,  -O0  (internal compiler error)
FAIL: gfortran.fortran-torture/execute/intrinsic_associated_2.f90,  -O1  (internal compiler error)
FAIL: gfortran.fortran-torture/execute/intrinsic_associated_2.f90,  -O2  (internal compiler error)
FAIL: gfortran.fortran-torture/execute/intrinsic_associated_2.f90,  -O2 -fomit-frame-pointer -finline-functions  (internal compiler error)
FAIL: gfortran.fortran-torture/execute/intrinsic_associated_2.f90,  -O2 -fomit-frame-pointer -finline-functions -funroll-loops  (internal compiler error)
FAIL: gfortran.fortran-torture/execute/intrinsic_associated_2.f90,  -O2 -fbounds-check  (internal compiler error)
FAIL: gfortran.fortran-torture/execute/intrinsic_associated_2.f90,  -O3 -g  (internal compiler error)
FAIL: gfortran.fortran-torture/execute/intrinsic_associated_2.f90,  -Os  (internal compiler error)
FAIL: gfortran.fortran-torture/execute/intrinsic_associated_2.f90, -O2 -ftree-vectorize -maltivec  (internal compiler error)
FAIL: gfortran.fortran-torture/execute/where17.f90,  -O0  (internal compiler error)
FAIL: gfortran.fortran-torture/execute/where17.f90,  -O1  (internal compiler error)
FAIL: gfortran.fortran-torture/execute/where17.f90,  -O2  (internal compiler error)
FAIL: gfortran.fortran-torture/execute/where17.f90,  -O2 -fomit-frame-pointer -finline-functions  (internal compiler error)
FAIL: gfortran.fortran-torture/execute/where17.f90,  -O2 -fomit-frame-pointer -finline-functions -funroll-loops  (internal compiler error)
FAIL: gfortran.fortran-torture/execute/where17.f90,  -O2 -fbounds-check  (internal compiler error)
FAIL: gfortran.fortran-torture/execute/where17.f90,  -O3 -g  (internal compiler error)
FAIL: gfortran.fortran-torture/execute/where17.f90,  -Os  (internal compiler error)
FAIL: gfortran.fortran-torture/execute/where17.f90, -O2 -ftree-vectorize -maltivec  (internal compiler error)
FAIL: gfortran.fortran-torture/execute/where18.f90,  -O0  (internal compiler error)
FAIL: gfortran.fortran-torture/execute/where18.f90,  -O1  (internal compiler error)
FAIL: gfortran.fortran-torture/execute/where18.f90,  -O2  (internal compiler error)
FAIL: gfortran.fortran-torture/execute/where18.f90,  -O2 -fomit-frame-pointer -finline-functions  (internal compiler error)
FAIL: gfortran.fortran-torture/execute/where18.f90,  -O2 -fomit-frame-pointer -finline-functions -funroll-loops  (internal compiler error)
FAIL: gfortran.fortran-torture/execute/where18.f90,  -O2 -fbounds-check  (internal compiler error)
FAIL: gfortran.fortran-torture/execute/where18.f90,  -O3 -g  (internal compiler error)
FAIL: gfortran.fortran-torture/execute/where18.f90,  -Os  (internal compiler error)
FAIL: gfortran.fortran-torture/execute/where18.f90, -O2 -ftree-vectorize -maltivec  (internal compiler error)
FAIL: gfortran.fortran-torture/execute/where20.f90,  -O0  (internal compiler error)
FAIL: gfortran.fortran-torture/execute/where20.f90,  -O1  (internal compiler error)
FAIL: gfortran.fortran-torture/execute/where20.f90,  -O2  (internal compiler error)
FAIL: gfortran.fortran-torture/execute/where20.f90,  -O2 -fomit-frame-pointer -finline-functions  (internal compiler error)
FAIL: gfortran.fortran-torture/execute/where20.f90,  -O2 -fomit-frame-pointer -finline-functions -funroll-loops  (internal compiler error)
FAIL: gfortran.fortran-torture/execute/where20.f90,  -O2 -fbounds-check  (internal compiler error)
FAIL: gfortran.fortran-torture/execute/where20.f90,  -O3 -g  (internal compiler error)
FAIL: gfortran.fortran-torture/execute/where20.f90,  -Os  (internal compiler error)
FAIL: gfortran.fortran-torture/execute/where20.f90, -O2 -ftree-vectorize -maltivec  (internal compiler error)
FAIL: gfortran.fortran-torture/execute/where_1.f90,  -O0  (internal compiler error)
FAIL: gfortran.fortran-torture/execute/where_1.f90,  -O1  (internal compiler error)
FAIL: gfortran.fortran-torture/execute/where_1.f90,  -O2  (internal compiler error)
FAIL: gfortran.fortran-torture/execute/where_1.f90,  -O2 -fomit-frame-pointer -finline-functions  (internal compiler error)
FAIL: gfortran.fortran-torture/execute/where_1.f90,  -O2 -fomit-frame-pointer -finline-functions -funroll-loops  (internal compiler error)
FAIL: gfortran.fortran-torture/execute/where_1.f90,  -O2 -fbounds-check  (internal compiler error)
FAIL: gfortran.fortran-torture/execute/where_1.f90,  -O3 -g  (internal compiler error)
FAIL: gfortran.fortran-torture/execute/where_1.f90,  -Os  (internal compiler error)
FAIL: gfortran.fortran-torture/execute/where_1.f90, -O2 -ftree-vectorize -maltivec  (internal compiler error)
FAIL: gfortran.fortran-torture/execute/where_10.f90,  -O0  (internal compiler error)
FAIL: gfortran.fortran-torture/execute/where_10.f90,  -O1  (internal compiler error)
FAIL: gfortran.fortran-torture/execute/where_10.f90,  -O2  (internal compiler error)
FAIL: gfortran.fortran-torture/execute/where_10.f90,  -O2 -fomit-frame-pointer -finline-functions  (internal compiler error)
FAIL: gfortran.fortran-torture/execute/where_10.f90,  -O2 -fomit-frame-pointer -finline-functions -funroll-loops  (internal compiler error)
FAIL: gfortran.fortran-torture/execute/where_10.f90,  -O2 -fbounds-check  (internal compiler error)
FAIL: gfortran.fortran-torture/execute/where_10.f90,  -O3 -g  (internal compiler error)
FAIL: gfortran.fortran-torture/execute/where_10.f90,  -Os  (internal compiler error)
FAIL: gfortran.fortran-torture/execute/where_10.f90, -O2 -ftree-vectorize -maltivec  (internal compiler error)
FAIL: gfortran.fortran-torture/execute/where_11.f90,  -O0  (internal compiler error)
FAIL: gfortran.fortran-torture/execute/where_11.f90,  -O1  (internal compiler error)
FAIL: gfortran.fortran-torture/execute/where_11.f90,  -O2  (internal compiler error)
FAIL: gfortran.fortran-torture/execute/where_11.f90,  -O2 -fomit-frame-pointer -finline-functions  (internal compiler error)
FAIL: gfortran.fortran-torture/execute/where_11.f90,  -O2 -fomit-frame-pointer -finline-functions -funroll-loops  (internal compiler error)
FAIL: gfortran.fortran-torture/execute/where_11.f90,  -O2 -fbounds-check  (internal compiler error)
FAIL: gfortran.fortran-torture/execute/where_11.f90,  -O3 -g  (internal compiler error)
FAIL: gfortran.fortran-torture/execute/where_11.f90,  -Os  (internal compiler error)
FAIL: gfortran.fortran-torture/execute/where_11.f90, -O2 -ftree-vectorize -maltivec  (internal compiler error)
FAIL: gfortran.fortran-torture/execute/where_15.f90,  -O0  (internal compiler error)
FAIL: gfortran.fortran-torture/execute/where_15.f90,  -O1  (internal compiler error)
FAIL: gfortran.fortran-torture/execute/where_15.f90,  -O2  (internal compiler error)
FAIL: gfortran.fortran-torture/execute/where_15.f90,  -O2 -fomit-frame-pointer -finline-functions  (internal compiler error)
FAIL: gfortran.fortran-torture/execute/where_15.f90,  -O2 -fomit-frame-pointer -finline-functions -funroll-loops  (internal compiler error)
FAIL: gfortran.fortran-torture/execute/where_15.f90,  -O2 -fbounds-check  (internal compiler error)
FAIL: gfortran.fortran-torture/execute/where_15.f90,  -O3 -g  (internal compiler error)
FAIL: gfortran.fortran-torture/execute/where_15.f90,  -Os  (internal compiler error)
FAIL: gfortran.fortran-torture/execute/where_15.f90, -O2 -ftree-vectorize -maltivec  (internal compiler error)
FAIL: gfortran.fortran-torture/execute/where_16.f90,  -O0  (internal compiler error)
FAIL: gfortran.fortran-torture/execute/where_16.f90,  -O1  (internal compiler error)
FAIL: gfortran.fortran-torture/execute/where_16.f90,  -O2  (internal compiler error)
FAIL: gfortran.fortran-torture/execute/where_16.f90,  -O2 -fomit-frame-pointer -finline-functions  (internal compiler error)
FAIL: gfortran.fortran-torture/execute/where_16.f90,  -O2 -fomit-frame-pointer -finline-functions -funroll-loops  (internal compiler error)
FAIL: gfortran.fortran-torture/execute/where_16.f90,  -O2 -fbounds-check  (internal compiler error)
FAIL: gfortran.fortran-torture/execute/where_16.f90,  -O3 -g  (internal compiler error)
FAIL: gfortran.fortran-torture/execute/where_16.f90,  -Os  (internal compiler error)
FAIL: gfortran.fortran-torture/execute/where_16.f90, -O2 -ftree-vectorize -maltivec  (internal compiler error)
FAIL: gfortran.fortran-torture/execute/where_2.f90,  -O0  (internal compiler error)
FAIL: gfortran.fortran-torture/execute/where_2.f90,  -O1  (internal compiler error)
FAIL: gfortran.fortran-torture/execute/where_2.f90,  -O2  (internal compiler error)
FAIL: gfortran.fortran-torture/execute/where_2.f90,  -O2 -fomit-frame-pointer -finline-functions  (internal compiler error)
FAIL: gfortran.fortran-torture/execute/where_2.f90,  -O2 -fomit-frame-pointer -finline-functions -funroll-loops  (internal compiler error)
FAIL: gfortran.fortran-torture/execute/where_2.f90,  -O2 -fbounds-check  (internal compiler error)
FAIL: gfortran.fortran-torture/execute/where_2.f90,  -O3 -g  (internal compiler error)
FAIL: gfortran.fortran-torture/execute/where_2.f90,  -Os  (internal compiler error)
FAIL: gfortran.fortran-torture/execute/where_2.f90, -O2 -ftree-vectorize -maltivec  (internal compiler error)
FAIL: gfortran.fortran-torture/execute/where_6.f90,  -O0  (internal compiler error)
FAIL: gfortran.fortran-torture/execute/where_6.f90,  -O1  (internal compiler error)
FAIL: gfortran.fortran-torture/execute/where_6.f90,  -O2  (internal compiler error)
FAIL: gfortran.fortran-torture/execute/where_6.f90,  -O2 -fomit-frame-pointer -finline-functions  (internal compiler error)
FAIL: gfortran.fortran-torture/execute/where_6.f90,  -O2 -fomit-frame-pointer -finline-functions -funroll-loops  (internal compiler error)
FAIL: gfortran.fortran-torture/execute/where_6.f90,  -O2 -fbounds-check  (internal compiler error)
FAIL: gfortran.fortran-torture/execute/where_6.f90,  -O3 -g  (internal compiler error)
FAIL: gfortran.fortran-torture/execute/where_6.f90,  -Os  (internal compiler error)
FAIL: gfortran.fortran-torture/execute/where_6.f90, -O2 -ftree-vectorize -maltivec  (internal compiler error)

		=== gfortran Summary ===

# of expected passes		38197
# of unexpected failures	151
# of expected failures		73
# of unsupported tests		237
/Users/regress/tbox/native/build/gcc/testsuite/gfortran/../../gfortran  version 4.7.0 20110513 (experimental) (GCC) 

		=== objc tests ===


Running target unix

		=== objc Summary ===

# of expected passes		5991
# of expected failures		14
# of unsupported tests		85
/Users/regress/tbox/native/build/gcc/xgcc  version 4.7.0 20110513 (experimental) (GCC) 

		=== boehm-gc tests ===


Running target unix

		=== boehm-gc Summary ===

# of expected passes		12
# of unsupported tests		1
		=== libffi tests ===


Running target unix
FAIL: libffi.call/nested_struct5.c -O0 -W -Wall execution test
FAIL: libffi.call/nested_struct5.c -O2 execution test
FAIL: libffi.call/nested_struct5.c -O3 execution test
FAIL: libffi.call/nested_struct5.c -Os execution test
FAIL: libffi.call/nested_struct5.c -O2 -fomit-frame-pointer execution test

		=== libffi Summary ===

# of expected passes		1624
# of unexpected failures	5
# of expected failures		10
# of unsupported tests		15
		=== libgomp tests ===


Running target unix
FAIL: libgomp.fortran/omp_parse4.f90  -O0  (internal compiler error)
FAIL: libgomp.fortran/omp_parse4.f90  -O0  (test for excess errors)
WARNING: libgomp.fortran/omp_parse4.f90  -O0  compilation failed to produce executable
FAIL: libgomp.fortran/omp_parse4.f90  -O1  (internal compiler error)
FAIL: libgomp.fortran/omp_parse4.f90  -O1  (test for excess errors)
WARNING: libgomp.fortran/omp_parse4.f90  -O1  compilation failed to produce executable
FAIL: libgomp.fortran/omp_parse4.f90  -O2  (internal compiler error)
FAIL: libgomp.fortran/omp_parse4.f90  -O2  (test for excess errors)
WARNING: libgomp.fortran/omp_parse4.f90  -O2  compilation failed to produce executable
FAIL: libgomp.fortran/omp_parse4.f90  -O3 -fomit-frame-pointer  (internal compiler error)
FAIL: libgomp.fortran/omp_parse4.f90  -O3 -fomit-frame-pointer  (test for excess errors)
WARNING: libgomp.fortran/omp_parse4.f90  -O3 -fomit-frame-pointer  compilation failed to produce executable
FAIL: libgomp.fortran/omp_parse4.f90  -O3 -fomit-frame-pointer -funroll-loops  (internal compiler error)
FAIL: libgomp.fortran/omp_parse4.f90  -O3 -fomit-frame-pointer -funroll-loops  (test for excess errors)
WARNING: libgomp.fortran/omp_parse4.f90  -O3 -fomit-frame-pointer -funroll-loops  compilation failed to produce executable
FAIL: libgomp.fortran/omp_parse4.f90  -O3 -fomit-frame-pointer -funroll-all-loops -finline-functions  (internal compiler error)
FAIL: libgomp.fortran/omp_parse4.f90  -O3 -fomit-frame-pointer -funroll-all-loops -finline-functions  (test for excess errors)
WARNING: libgomp.fortran/omp_parse4.f90  -O3 -fomit-frame-pointer -funroll-all-loops -finline-functions  compilation failed to produce executable
FAIL: libgomp.fortran/omp_parse4.f90  -O3 -g  (internal compiler error)
FAIL: libgomp.fortran/omp_parse4.f90  -O3 -g  (test for excess errors)
WARNING: libgomp.fortran/omp_parse4.f90  -O3 -g  compilation failed to produce executable
FAIL: libgomp.fortran/omp_parse4.f90  -Os  (internal compiler error)
FAIL: libgomp.fortran/omp_parse4.f90  -Os  (test for excess errors)
WARNING: libgomp.fortran/omp_parse4.f90  -Os  compilation failed to produce executable

		=== libgomp Summary ===

# of expected passes		2538
# of unexpected failures	16
# of unsupported tests		3
		=== libjava tests ===


Running target unix
FAIL: Thread_Sleep_2 -findirect-dispatch output - source compiled test
FAIL: Thread_Sleep_2 -O3 output - source compiled test

		=== libjava Summary ===

# of expected passes		2572
# of unexpected failures	2
		=== libstdc++ tests ===


Running target unix
FAIL: ext/mt_allocator/deallocate_global_thread-1.cc execution test
FAIL: ext/mt_allocator/deallocate_global_thread-3.cc execution test

		=== libstdc++ Summary ===

# of expected passes		7063
# of unexpected failures	2
# of expected failures		82
# of unsupported tests		682

		=== libstdc++ Summary ===


Compiler version: 4.7.0 20110513 (experimental) (GCC) 
Platform: powerpc-apple-darwin9.8.0
configure flags: --prefix=/Users/regress/tbox/objs --target=powerpc-apple-darwin9.8.0


Index Nav: [Date Index] [Subject Index] [Author Index] [Thread Index]
Message Nav: [Date Prev] [Date Next] [Thread Prev] [Thread Next]