This is the mail archive of the
gcc-testresults@gcc.gnu.org
mailing list for the GCC project.
Results for 4.7.0 20110511 (experimental) [trunk revision 173641] (GCC) testsuite on armv7l-unknown-linux-gnueabi
- From: Robert Nelson <robertcnelson at gmail dot com>
- To: gcc-testresults at gcc dot gnu dot org
- Date: Thu, 12 May 2011 09:16:15 -0500
- Subject: Results for 4.7.0 20110511 (experimental) [trunk revision 173641] (GCC) testsuite on armv7l-unknown-linux-gnueabi
LAST_UPDATED: Wed May 11 01:55:42 UTC 2011 (revision 173641)
Native configuration is armv7l-unknown-linux-gnueabi
=== libgomp tests ===
Running target unix
FAIL: libgomp.c++/ctor-3.C -O0 execution test
FAIL: libgomp.c++/ctor-3.C -O1 execution test
FAIL: libgomp.c++/ctor-3.C -O2 execution test
FAIL: libgomp.c++/ctor-3.C -O3 -fomit-frame-pointer execution test
FAIL: libgomp.c++/ctor-3.C -O3 -fomit-frame-pointer -funroll-loops execution test
FAIL: libgomp.c++/ctor-3.C -O3 -fomit-frame-pointer -funroll-all-loops -finline-functions execution test
FAIL: libgomp.c++/ctor-3.C -O3 -g execution test
FAIL: libgomp.c++/ctor-3.C -Os execution test
=== libgomp Summary ===
# of expected passes 1067
# of unexpected failures 8
# of unsupported tests 1
=== libmudflap tests ===
Running target unix
FAIL: libmudflap.c/fail40-frag.c output pattern test
FAIL: libmudflap.c/pass51-frag.c execution test
FAIL: libmudflap.c/pass51-frag.c execution test
FAIL: libmudflap.c/fail40-frag.c (-static) output pattern test
FAIL: libmudflap.c/pass51-frag.c (-static) execution test
FAIL: libmudflap.c/pass51-frag.c (-static) execution test
FAIL: libmudflap.c/fail40-frag.c (-O2) output pattern test
FAIL: libmudflap.c/pass51-frag.c (-O2) execution test
FAIL: libmudflap.c/pass51-frag.c (-O2) execution test
FAIL: libmudflap.c/fail40-frag.c (-O3) output pattern test
FAIL: libmudflap.c/pass51-frag.c (-O3) execution test
FAIL: libmudflap.c/pass51-frag.c (-O3) execution test
FAIL: libmudflap.c++/pass55-frag.cxx ( -O) execution test
WARNING: program timed out.
FAIL: libmudflap.cth/pass40-frag.c execution test
FAIL: libmudflap.cth/pass40-frag.c output pattern test
WARNING: program timed out.
FAIL: libmudflap.cth/pass40-frag.c (-static -DSTATIC) execution test
FAIL: libmudflap.cth/pass40-frag.c (-static -DSTATIC) output pattern test
WARNING: program timed out.
FAIL: libmudflap.cth/pass40-frag.c (-O2) execution test
FAIL: libmudflap.cth/pass40-frag.c (-O2) output pattern test
WARNING: program timed out.
FAIL: libmudflap.cth/pass37-frag.c (-O3) (test for excess errors)
WARNING: libmudflap.cth/pass37-frag.c (-O3) compilation failed to produce executable
WARNING: program timed out.
FAIL: libmudflap.cth/pass39-frag.c (-O3) (test for excess errors)
WARNING: libmudflap.cth/pass39-frag.c (-O3) compilation failed to produce executable
WARNING: program timed out.
FAIL: libmudflap.cth/pass40-frag.c (-O3) execution test
FAIL: libmudflap.cth/pass40-frag.c (-O3) output pattern test
=== libmudflap Summary ===
# of expected passes 1791
# of unexpected failures 23
=== libstdc++ tests ===
Running target unix
=== libstdc++ Summary ===
# of expected passes 7616
# of expected failures 82
# of unsupported tests 431
=== gcc tests ===
Running target unix
WARNING: program timed out.
FAIL: gcc.c-torture/compile/limits-fndefn.c -O3 -g (test for excess errors)
FAIL: gcc.c-torture/execute/920302-1.c compilation, -O1 (internal compiler error)
UNRESOLVED: gcc.c-torture/execute/920302-1.c execution, -O1
FAIL: gcc.c-torture/execute/920302-1.c compilation, -O2 (internal compiler error)
UNRESOLVED: gcc.c-torture/execute/920302-1.c execution, -O2
FAIL: gcc.c-torture/execute/920302-1.c compilation, -O3 -fomit-frame-pointer (internal compiler error)
UNRESOLVED: gcc.c-torture/execute/920302-1.c execution, -O3 -fomit-frame-pointer
FAIL: gcc.c-torture/execute/920302-1.c compilation, -O3 -fomit-frame-pointer -funroll-loops (internal compiler error)
UNRESOLVED: gcc.c-torture/execute/920302-1.c execution, -O3 -fomit-frame-pointer -funroll-loops
FAIL: gcc.c-torture/execute/920302-1.c compilation, -O3 -fomit-frame-pointer -funroll-all-loops -finline-functions (internal compiler error)
UNRESOLVED: gcc.c-torture/execute/920302-1.c execution, -O3 -fomit-frame-pointer -funroll-all-loops -finline-functions
FAIL: gcc.c-torture/execute/920302-1.c compilation, -O3 -g (internal compiler error)
UNRESOLVED: gcc.c-torture/execute/920302-1.c execution, -O3 -g
FAIL: gcc.c-torture/execute/920302-1.c compilation, -Os (internal compiler error)
UNRESOLVED: gcc.c-torture/execute/920302-1.c execution, -Os
FAIL: gcc.c-torture/execute/920302-1.c compilation, -O2 -flto -flto-partition=none (internal compiler error)
UNRESOLVED: gcc.c-torture/execute/920302-1.c execution, -O2 -flto -flto-partition=none
FAIL: gcc.c-torture/execute/920302-1.c compilation, -O2 -flto (internal compiler error)
UNRESOLVED: gcc.c-torture/execute/920302-1.c execution, -O2 -flto
FAIL: gcc.dg/c99-stdint-1.c (test for excess errors)
FAIL: gcc.dg/c99-stdint-7.c (test for excess errors)
FAIL: gcc.dg/cproj-fails-with-broken-glibc.c execution test
FAIL: gcc.dg/march.c (test for excess errors)
FAIL: gcc.dg/pr45055.c (test for excess errors)
FAIL: gcc.dg/pr48335-2.c (internal compiler error)
FAIL: gcc.dg/pr48335-2.c (test for excess errors)
FAIL: gcc.dg/uninit-13.c unconditional (test for warnings, line 8)
FAIL: gcc.dg/uninit-13.c (test for excess errors)
FAIL: gcc.dg/tls/pr45870.c (test for excess errors)
FAIL: gcc.dg/torture/stackalign/builtin-apply-4.c -O2 -flto -flto-partition=none execution test
FAIL: gcc.dg/torture/stackalign/builtin-apply-4.c -O2 -flto execution test
FAIL: gcc.dg/torture/stackalign/builtin-apply-4.c -O2 -flto -flto-partition=none execution test
FAIL: gcc.dg/torture/stackalign/builtin-apply-4.c -O2 -flto execution test
XPASS: gcc.dg/tree-ssa/20040204-1.c scan-tree-dump-times optimized "link_error" 0
FAIL: gcc.dg/tree-ssa/pr42585.c scan-tree-dump-times optimized "struct _fat_ptr _ans" 0
FAIL: gcc.dg/tree-ssa/pr42585.c scan-tree-dump-times optimized "struct _fat_ptr _T2" 0
XPASS: gcc.dg/vect/vect-16.c scan-tree-dump-times vect "vectorized 1 loops" 1
FAIL: gcc.dg/vect/vect-72.c scan-tree-dump-times vect "Alignment of access forced using peeling" 0
FAIL: gcc.dg/vect/vect-peel-3.c scan-tree-dump-times vect "Vectorizing an unaligned access" 1
FAIL: gcc.dg/vect/vect-peel-4.c scan-tree-dump-times vect "Vectorizing an unaligned access" 1
FAIL: gcc.dg/vect/bb-slp-10.c scan-tree-dump-times slp "unsupported alignment in basic block." 1
XPASS: gcc.dg/vect/vect-16.c -flto scan-tree-dump-times vect "vectorized 1 loops" 1
FAIL: gcc.dg/vect/vect-72.c -flto scan-tree-dump-times vect "Alignment of access forced using peeling" 0
FAIL: gcc.dg/vect/vect-peel-3.c -flto scan-tree-dump-times vect "Vectorizing an unaligned access" 1
FAIL: gcc.dg/vect/vect-peel-4.c -flto scan-tree-dump-times vect "Vectorizing an unaligned access" 1
FAIL: gcc.dg/vect/bb-slp-10.c -flto scan-tree-dump-times slp "unsupported alignment in basic block." 1
FAIL: gcc.target/arm/fp16-compile-none-1.c (test for errors, line 6)
FAIL: gcc.target/arm/fp16-compile-none-1.c (test for excess errors)
FAIL: gcc.target/arm/pr42093.c scan-assembler-not tbb
FAIL: gcc.target/arm/pr42575.c scan-assembler-not mov
=== gcc Summary ===
# of expected passes 76109
# of unexpected failures 38
# of unexpected successes 3
# of expected failures 231
# of unresolved testcases 9
# of unsupported tests 1021
/var/builds/opt/trunk/objdir/gcc/xgcc version 4.7.0 20110511 (experimental) [trunk revision 173641] (GCC)
=== g++ tests ===
Running target unix
FAIL: g++.dg/abi/local1.C execution test
FAIL: g++.dg/abi/packed1.C (test for excess errors)
FAIL: g++.dg/cpp0x/constexpr-abi1.C (internal compiler error)
FAIL: g++.dg/cpp0x/constexpr-abi1.C (test for excess errors)
FAIL: g++.dg/cpp0x/constexpr-ex4.C (internal compiler error)
FAIL: g++.dg/cpp0x/constexpr-ex4.C (test for excess errors)
FAIL: g++.dg/cpp0x/constexpr-static6.C (internal compiler error)
FAIL: g++.dg/cpp0x/constexpr-static6.C (test for excess errors)
XPASS: g++.dg/other/packed1.C execution test
FAIL: g++.dg/template/cond5.C (internal compiler error)
FAIL: g++.dg/template/cond5.C (test for excess errors)
FAIL: g++.dg/template/stdarg1.C (test for excess errors)
XPASS: g++.dg/tree-ssa/pr43411.C scan-tree-dump-not optimized "OBJ_TYPE_REF"
FAIL: g++.dg/warn/Wunused-parm-3.C (test for excess errors)
FAIL: 23:is 1:should be 2
FAIL: g++.dg/gcov/gcov-2.C gcov: 1 failures in line counts, 0 in branch percentages, 0 in return percentages
FAIL: g++.dg/gomp/clause-2.C (test for errors, line 32)
FAIL: g++.dg/vect/pr36648.cc scan-tree-dump-times vect "vectorized 1 loops" 1
FAIL: g++.dg/vect/pr36648.cc scan-tree-dump-times vect "vectorizing stmts using SLP" 1
=== g++ Summary ===
# of expected passes 26554
# of unexpected failures 17
# of unexpected successes 2
# of expected failures 162
# of unsupported tests 386
/var/builds/opt/trunk/objdir/gcc/testsuite/g++/../../g++ version 4.7.0 20110511 (experimental) [trunk revision 173641] (GCC)
Compiler version: 4.7.0 20110511 (experimental) [trunk revision 173641] (GCC)
Platform: armv7l-unknown-linux-gnueabi
configure flags: --prefix=/opt/install-gcc-trunk --enable-languages=c,c++ --with-cpu=cortex-a8 --with-fpu=neon --with-float=softfp
Build Logs: http://rcn-ee.homeip.net:81/dl/gcc/