This is the mail archive of the
gcc-testresults@gcc.gnu.org
mailing list for the GCC project.
Results for 4.7.0 20110510 (experimental) (GCC) testsuite on powerpc-apple-darwin9.8.0
- From: regress at apple dot com (regress)
- To: gcc-testresults at gcc dot gnu dot org
- Date: Tue, 10 May 2011 22:22:05 -0700 (PDT)
- Subject: Results for 4.7.0 20110510 (experimental) (GCC) testsuite on powerpc-apple-darwin9.8.0
This build run by an automatic regression tester.
See <http://gcc.gnu.org/regtest/HEAD/> for more information.
Date: 2011-05-10T19:34:27Z
Revision: 173632
URL: svn://gcc.gnu.org/svn/gcc/trunk
Status: regress-17
Prev-Endtime: 2011-05-10T19:31:35Z
Native configuration is powerpc-apple-darwin9.8.0
=== g++ tests ===
Running target unix
FAIL: g++.dg/eh/simd-3.C execution test
FAIL: g++.dg/eh/simd-4.C execution test
FAIL: g++.dg/ext/alignof2.C execution test
WARNING: g++.dg/ext/label13.C compilation failed to produce executable
XPASS: g++.dg/tree-ssa/pr43411.C scan-tree-dump-not optimized "OBJ_TYPE_REF"
FAIL: g++.dg/torture/20090706-1.C -O0 (internal compiler error)
FAIL: g++.dg/torture/20090706-1.C -O0 (test for excess errors)
FAIL: g++.dg/torture/20090706-1.C -O1 (internal compiler error)
FAIL: g++.dg/torture/20090706-1.C -O1 (test for excess errors)
FAIL: g++.dg/torture/20090706-1.C -O2 (internal compiler error)
FAIL: g++.dg/torture/20090706-1.C -O2 (test for excess errors)
FAIL: g++.dg/torture/20090706-1.C -O3 -fomit-frame-pointer (internal compiler error)
FAIL: g++.dg/torture/20090706-1.C -O3 -fomit-frame-pointer (test for excess errors)
FAIL: g++.dg/torture/20090706-1.C -O3 -g (internal compiler error)
FAIL: g++.dg/torture/20090706-1.C -O3 -g (test for excess errors)
FAIL: g++.dg/torture/20090706-1.C -Os (internal compiler error)
FAIL: g++.dg/torture/20090706-1.C -Os (test for excess errors)
FAIL: g++.dg/torture/20090706-1.C -O2 -flto -flto-partition=none (internal compiler error)
FAIL: g++.dg/torture/20090706-1.C -O2 -flto -flto-partition=none (test for excess errors)
FAIL: g++.dg/torture/20090706-1.C -O2 -flto (internal compiler error)
FAIL: g++.dg/torture/20090706-1.C -O2 -flto (test for excess errors)
=== g++ Summary ===
# of expected passes 26581
# of unexpected failures 19
# of unexpected successes 1
# of expected failures 163
# of unsupported tests 391
/Users/regress/tbox/native/build/gcc/testsuite/g++/../../g++ version 4.7.0 20110510 (experimental) (GCC)
=== gcc tests ===
Running target unix
FAIL: gcc.c-torture/compile/pr44707.c -O1 (test for excess errors)
FAIL: gcc.c-torture/compile/pr44707.c -O2 (test for excess errors)
FAIL: gcc.c-torture/compile/pr44707.c -O3 -fomit-frame-pointer (test for excess errors)
FAIL: gcc.c-torture/compile/pr44707.c -O3 -g (test for excess errors)
FAIL: gcc.c-torture/compile/pr44707.c -Os (test for excess errors)
FAIL: gcc.c-torture/compile/pr44707.c -O2 -flto -flto-partition=none (test for excess errors)
FAIL: gcc.c-torture/compile/pr44707.c -O2 -flto (test for excess errors)
FAIL: gcc.c-torture/execute/20040811-1.c compilation, -O3 -g
UNRESOLVED: gcc.c-torture/execute/20040811-1.c execution, -O3 -g
FAIL: gcc.c-torture/execute/pr22061-4.c compilation, -O3 -g
UNRESOLVED: gcc.c-torture/execute/pr22061-4.c execution, -O3 -g
FAIL: gcc.c-torture/execute/pr43220.c compilation, -O3 -g
UNRESOLVED: gcc.c-torture/execute/pr43220.c execution, -O3 -g
FAIL: gcc.c-torture/execute/vla-dealloc-1.c compilation, -O3 -g
UNRESOLVED: gcc.c-torture/execute/vla-dealloc-1.c execution, -O3 -g
FAIL: gcc.dg/20020103-1.c scan-assembler-not LC[0-9]
FAIL: gcc.dg/and-1.c scan-assembler-not nand
FAIL: gcc.dg/binop-xor1.c scan-tree-dump-times optimized "<bb[^>]*>" 5
FAIL: gcc.dg/binop-xor1.c scan-tree-dump-times optimized "\\^" 1
FAIL: gcc.dg/binop-xor3.c scan-tree-dump-times optimized "<bb[^>]*>" 1
FAIL: gcc.dg/binop-xor3.c scan-tree-dump-times optimized "\\^" 1
FAIL: gcc.dg/sms-2.c scan-rtl-dump-times sms "SMS succeeded" 1
FAIL: gcc.dg/sms-3.c scan-rtl-dump-times sms "SMS succeeded" 1
FAIL: gcc.dg/sms-4.c scan-rtl-dump-times sms "SMS succeeded" 1
FAIL: gcc.dg/sms-5.c scan-rtl-dump-times sms "SMS succeeded" 1
FAIL: gcc.dg/sms-6.c scan-rtl-dump-times sms "SMS succeeded" 3
FAIL: gcc.dg/sms-7.c scan-rtl-dump-times sms "SMS succeeded" 3
FAIL: gcc.dg/sms-8.c scan-rtl-dump-times sms "SMS succeeded" 1
FAIL: gcc.dg/tree-ssa/ssa-dom-thread-4.c scan-tree-dump-times dom1 "Threaded" 3
FAIL: gcc.dg/tree-ssa/vrp47.c scan-tree-dump-times vrp1 "[xy][^ ]* !=" 0
FAIL: gcc.dg/tree-ssa/vrp47.c scan-tree-dump-times dom1 "x[^ ]* & y" 1
FAIL: gcc.target/powerpc/405-dlmzb-strlen-1.c scan-assembler dlmzb\\\\.
FAIL: gcc.target/powerpc/440-dlmzb-strlen-1.c scan-assembler dlmzb\\\\.
FAIL: gcc.target/powerpc/ppc-vector-memcpy.c scan-assembler lvx
=== gcc Summary ===
# of expected passes 73534
# of unexpected failures 30
# of expected failures 207
# of unresolved testcases 4
# of unsupported tests 1185
/Users/regress/tbox/native/build/gcc/xgcc version 4.7.0 20110510 (experimental) (GCC)
=== gfortran tests ===
Running target unix
FAIL: gfortran.dg/large_real_kind_3.F90 -O0 execution test
=== gfortran Summary ===
# of expected passes 38448
# of unexpected failures 1
# of expected failures 73
# of unsupported tests 237
/Users/regress/tbox/native/build/gcc/testsuite/gfortran/../../gfortran version 4.7.0 20110510 (experimental) (GCC)
=== objc tests ===
Running target unix
=== objc Summary ===
# of expected passes 5991
# of expected failures 14
# of unsupported tests 85
/Users/regress/tbox/native/build/gcc/xgcc version 4.7.0 20110510 (experimental) (GCC)
=== boehm-gc tests ===
Running target unix
=== boehm-gc Summary ===
# of expected passes 12
# of unsupported tests 1
=== libffi tests ===
Running target unix
FAIL: libffi.call/nested_struct5.c -O0 -W -Wall execution test
FAIL: libffi.call/nested_struct5.c -O2 execution test
FAIL: libffi.call/nested_struct5.c -O3 execution test
FAIL: libffi.call/nested_struct5.c -Os execution test
FAIL: libffi.call/nested_struct5.c -O2 -fomit-frame-pointer execution test
=== libffi Summary ===
# of expected passes 1624
# of unexpected failures 5
# of expected failures 10
# of unsupported tests 15
=== libgomp tests ===
Running target unix
=== libgomp Summary ===
# of expected passes 2554
# of unsupported tests 3
=== libjava tests ===
Running target unix
FAIL: Thread_Sleep_2 -findirect-dispatch output - source compiled test
FAIL: Thread_Sleep_2 -O3 output - source compiled test
FAIL: Thread_Sleep_2 -O3 -findirect-dispatch output - source compiled test
=== libjava Summary ===
# of expected passes 2571
# of unexpected failures 3
=== libstdc++ tests ===
Running target unix
FAIL: 26_numerics/headers/cmath/overloads_c++0x_neg.cc (test for errors, line 29)
FAIL: 26_numerics/headers/cmath/overloads_c++0x_neg.cc (test for errors, line 30)
FAIL: 26_numerics/headers/cmath/overloads_c++0x_neg.cc (test for errors, line 31)
FAIL: 26_numerics/headers/cmath/overloads_c++0x_neg.cc (test for errors, line 32)
FAIL: 26_numerics/headers/cmath/overloads_c++0x_neg.cc (test for errors, line 33)
FAIL: 26_numerics/headers/cmath/overloads_c++0x_neg.cc (test for errors, line 34)
FAIL: 26_numerics/headers/cmath/overloads_c++0x_neg.cc (test for errors, line 35)
FAIL: 26_numerics/headers/cmath/overloads_c++0x_neg.cc (test for errors, line 36)
FAIL: 26_numerics/headers/cmath/overloads_c++0x_neg.cc (test for errors, line 37)
FAIL: 26_numerics/headers/cmath/overloads_c++0x_neg.cc (test for errors, line 38)
FAIL: 26_numerics/headers/cmath/overloads_c++0x_neg.cc (test for errors, line 39)
FAIL: 26_numerics/headers/cmath/overloads_c++0x_neg.cc (test for errors, line 40)
FAIL: 26_numerics/headers/cmath/overloads_c++0x_neg.cc (test for errors, line 41)
FAIL: 26_numerics/headers/cmath/overloads_c++0x_neg.cc (test for errors, line 42)
FAIL: 26_numerics/headers/cmath/overloads_c++0x_neg.cc (test for errors, line 43)
FAIL: 26_numerics/headers/cmath/overloads_c++0x_neg.cc (test for errors, line 44)
FAIL: 26_numerics/headers/cmath/overloads_c++0x_neg.cc (test for errors, line 45)
FAIL: 26_numerics/headers/cmath/overloads_c++0x_neg.cc (test for errors, line 46)
FAIL: 26_numerics/headers/cmath/overloads_c++0x_neg.cc (test for errors, line 47)
FAIL: 26_numerics/headers/cmath/overloads_c++0x_neg.cc (test for errors, line 48)
FAIL: 26_numerics/headers/cmath/overloads_c++0x_neg.cc (test for errors, line 49)
FAIL: 26_numerics/headers/cmath/overloads_c++0x_neg.cc (test for errors, line 50)
FAIL: 26_numerics/headers/cmath/overloads_c++0x_neg.cc (test for errors, line 51)
FAIL: 26_numerics/headers/cmath/overloads_c++0x_neg.cc (test for errors, line 52)
FAIL: 26_numerics/headers/cmath/overloads_c++0x_neg.cc (test for errors, line 53)
FAIL: 26_numerics/headers/cmath/overloads_c++0x_neg.cc (test for errors, line 54)
FAIL: 26_numerics/headers/cmath/overloads_c++0x_neg.cc (test for errors, line 55)
FAIL: 26_numerics/headers/cmath/overloads_c++0x_neg.cc (test for errors, line 56)
FAIL: 26_numerics/headers/cmath/overloads_c++0x_neg.cc (test for errors, line 57)
FAIL: 26_numerics/headers/cmath/overloads_c++0x_neg.cc (test for errors, line 58)
FAIL: 26_numerics/headers/cmath/overloads_c++0x_neg.cc (test for errors, line 59)
FAIL: 26_numerics/headers/cmath/overloads_c++0x_neg.cc (test for errors, line 60)
FAIL: 26_numerics/headers/cmath/overloads_c++0x_neg.cc (test for errors, line 61)
FAIL: 26_numerics/headers/cmath/overloads_c++0x_neg.cc (test for errors, line 62)
FAIL: 26_numerics/headers/cmath/overloads_c++0x_neg.cc (test for errors, line 63)
FAIL: ext/mt_allocator/deallocate_global_thread-1.cc execution test
FAIL: ext/mt_allocator/deallocate_global_thread-3.cc execution test
FAIL: tr1/8_c_compatibility/cmath/overloads_neg.cc (test for errors, line 30)
FAIL: tr1/8_c_compatibility/cmath/overloads_neg.cc (test for errors, line 31)
FAIL: tr1/8_c_compatibility/cmath/overloads_neg.cc (test for errors, line 32)
FAIL: tr1/8_c_compatibility/cmath/overloads_neg.cc (test for errors, line 33)
FAIL: tr1/8_c_compatibility/cmath/overloads_neg.cc (test for errors, line 34)
FAIL: tr1/8_c_compatibility/cmath/overloads_neg.cc (test for errors, line 35)
FAIL: tr1/8_c_compatibility/cmath/overloads_neg.cc (test for errors, line 36)
FAIL: tr1/8_c_compatibility/cmath/overloads_neg.cc (test for errors, line 37)
FAIL: tr1/8_c_compatibility/cmath/overloads_neg.cc (test for errors, line 38)
FAIL: tr1/8_c_compatibility/cmath/overloads_neg.cc (test for errors, line 39)
FAIL: tr1/8_c_compatibility/cmath/overloads_neg.cc (test for errors, line 40)
FAIL: tr1/8_c_compatibility/cmath/overloads_neg.cc (test for errors, line 41)
FAIL: tr1/8_c_compatibility/cmath/overloads_neg.cc (test for errors, line 42)
FAIL: tr1/8_c_compatibility/cmath/overloads_neg.cc (test for errors, line 43)
FAIL: tr1/8_c_compatibility/cmath/overloads_neg.cc (test for errors, line 44)
FAIL: tr1/8_c_compatibility/cmath/overloads_neg.cc (test for errors, line 45)
FAIL: tr1/8_c_compatibility/cmath/overloads_neg.cc (test for errors, line 46)
FAIL: tr1/8_c_compatibility/cmath/overloads_neg.cc (test for errors, line 47)
FAIL: tr1/8_c_compatibility/cmath/overloads_neg.cc (test for errors, line 48)
FAIL: tr1/8_c_compatibility/cmath/overloads_neg.cc (test for errors, line 49)
FAIL: tr1/8_c_compatibility/cmath/overloads_neg.cc (test for errors, line 50)
FAIL: tr1/8_c_compatibility/cmath/overloads_neg.cc (test for errors, line 51)
FAIL: tr1/8_c_compatibility/cmath/overloads_neg.cc (test for errors, line 52)
FAIL: tr1/8_c_compatibility/cmath/overloads_neg.cc (test for errors, line 53)
FAIL: tr1/8_c_compatibility/cmath/overloads_neg.cc (test for errors, line 54)
FAIL: tr1/8_c_compatibility/cmath/overloads_neg.cc (test for errors, line 55)
FAIL: tr1/8_c_compatibility/cmath/overloads_neg.cc (test for errors, line 56)
FAIL: tr1/8_c_compatibility/cmath/overloads_neg.cc (test for errors, line 57)
FAIL: tr1/8_c_compatibility/cmath/overloads_neg.cc (test for errors, line 58)
FAIL: tr1/8_c_compatibility/cmath/overloads_neg.cc (test for errors, line 59)
FAIL: tr1/8_c_compatibility/cmath/overloads_neg.cc (test for errors, line 60)
FAIL: tr1/8_c_compatibility/cmath/overloads_neg.cc (test for errors, line 61)
FAIL: tr1/8_c_compatibility/cmath/overloads_neg.cc (test for errors, line 62)
FAIL: tr1/8_c_compatibility/cmath/overloads_neg.cc (test for errors, line 63)
FAIL: tr1/8_c_compatibility/cmath/overloads_neg.cc (test for errors, line 64)
=== libstdc++ Summary ===
# of expected passes 7065
# of unexpected failures 72
# of expected failures 82
# of unsupported tests 680
=== libstdc++ Summary ===
Compiler version: 4.7.0 20110510 (experimental) (GCC)
Platform: powerpc-apple-darwin9.8.0
configure flags: --prefix=/Users/regress/tbox/objs --target=powerpc-apple-darwin9.8.0