This is the mail archive of the
gcc-testresults@gcc.gnu.org
mailing list for the GCC project.
Results for 4.7.0 20110507 (experimental) [trunk revision 173525] (GCC) testsuite on hppa-unknown-linux-gnu
- From: dave at mx3210 dot hia dot nrc dot ca (dave)
- To: dave at mx3210 dot hia dot nrc dot ca, gcc-testresults at gcc dot gnu dot org
- Date: Sun, 8 May 2011 12:14:38 -0400 (EDT)
- Subject: Results for 4.7.0 20110507 (experimental) [trunk revision 173525] (GCC) testsuite on hppa-unknown-linux-gnu
LAST_UPDATED: Sat May 7 00:22:28 UTC 2011 (revision 173525)
=== acats tests ===
=== acats Summary ===
# of expected passes 2321
# of unexpected failures 0
Native configuration is hppa-unknown-linux-gnu
=== gcc tests ===
Running target unix
FAIL: gcc.dg/cproj-fails-with-broken-glibc.c execution test
XPASS: gcc.dg/guality/example.c -O0 execution test
XPASS: gcc.dg/guality/example.c -O1 execution test
XPASS: gcc.dg/guality/example.c -O2 execution test
XPASS: gcc.dg/guality/guality.c -O0 execution test
XPASS: gcc.dg/guality/guality.c -O1 execution test
XPASS: gcc.dg/guality/guality.c -O2 execution test
XPASS: gcc.dg/guality/guality.c -O3 -fomit-frame-pointer execution test
XPASS: gcc.dg/guality/guality.c -O3 -g execution test
XPASS: gcc.dg/guality/guality.c -Os execution test
XPASS: gcc.dg/guality/guality.c -O2 -flto -flto-partition=none execution test
XPASS: gcc.dg/guality/guality.c -O2 -flto execution test
XPASS: gcc.dg/guality/inline-params.c -O2 execution test
XPASS: gcc.dg/guality/inline-params.c -O3 -fomit-frame-pointer execution test
XPASS: gcc.dg/guality/inline-params.c -O3 -g execution test
XPASS: gcc.dg/guality/inline-params.c -Os execution test
FAIL: gcc.dg/guality/nrv-1.c -O2 line 20 a2.i[0] == 42
FAIL: gcc.dg/guality/nrv-1.c -O3 -fomit-frame-pointer line 20 a2.i[0] == 42
FAIL: gcc.dg/guality/nrv-1.c -O3 -g line 20 a2.i[0] == 42
FAIL: gcc.dg/guality/nrv-1.c -Os line 20 a2.i[0] == 42
FAIL: gcc.dg/guality/nrv-1.c -O2 -flto -flto-partition=none line 20 a2.i[0] == 42
FAIL: gcc.dg/guality/nrv-1.c -O2 -flto line 20 a2.i[0] == 42
XPASS: gcc.dg/guality/pr41353-1.c -O0 line 28 j == 28 + 37
XPASS: gcc.dg/guality/pr41353-1.c -O1 line 28 j == 28 + 37
XPASS: gcc.dg/guality/pr41353-1.c -O2 line 28 j == 28 + 37
XPASS: gcc.dg/guality/pr41353-1.c -O3 -fomit-frame-pointer line 28 j == 28 + 37
XPASS: gcc.dg/guality/pr41353-1.c -O3 -g line 28 j == 28 + 37
XPASS: gcc.dg/guality/pr41353-1.c -Os line 28 j == 28 + 37
XPASS: gcc.dg/guality/pr41353-1.c -O2 -flto -flto-partition=none line 28 j == 28 + 37
XPASS: gcc.dg/guality/pr41353-1.c -O2 -flto line 28 j == 28 + 37
FAIL: gcc.dg/guality/pr41404-1.c -O1 line 10 *foo == 'f'
FAIL: gcc.dg/guality/pr41404-1.c -O2 line 10 *foo == 'f'
FAIL: gcc.dg/guality/pr41404-1.c -O3 -fomit-frame-pointer line 10 *foo == 'f'
FAIL: gcc.dg/guality/pr41404-1.c -O3 -g line 10 *foo == 'f'
FAIL: gcc.dg/guality/pr41404-1.c -Os line 10 *foo == 'f'
XPASS: gcc.dg/guality/pr41447-1.c -O0 execution test
XPASS: gcc.dg/guality/pr41447-1.c -O1 execution test
XPASS: gcc.dg/guality/pr41447-1.c -O2 execution test
XPASS: gcc.dg/guality/pr41447-1.c -O3 -fomit-frame-pointer execution test
XPASS: gcc.dg/guality/pr41447-1.c -O3 -g execution test
XPASS: gcc.dg/guality/pr41447-1.c -Os execution test
XPASS: gcc.dg/guality/pr41616-1.c -O0 execution test
XPASS: gcc.dg/guality/pr41616-1.c -O1 execution test
XPASS: gcc.dg/guality/pr41616-1.c -O2 execution test
XPASS: gcc.dg/guality/pr41616-1.c -O3 -fomit-frame-pointer execution test
XPASS: gcc.dg/guality/pr41616-1.c -O3 -g execution test
XPASS: gcc.dg/guality/pr41616-1.c -Os execution test
FAIL: gcc.dg/guality/pr43479.c -O1 line 13 h == 9
FAIL: gcc.dg/guality/pr43479.c -O2 line 13 h == 9
FAIL: gcc.dg/guality/pr43479.c -O3 -fomit-frame-pointer line 13 h == 9
FAIL: gcc.dg/guality/pr43479.c -O3 -g line 13 h == 9
FAIL: gcc.dg/guality/pr43479.c -Os line 13 h == 9
FAIL: gcc.dg/guality/pr43479.c -O2 -flto line 13 h == 9
FAIL: gcc.dg/guality/sra-1.c -O1 line 43 a.j == 14
FAIL: gcc.dg/guality/sra-1.c -O2 line 43 a.j == 14
FAIL: gcc.dg/guality/sra-1.c -O3 -fomit-frame-pointer line 43 a.j == 14
FAIL: gcc.dg/guality/sra-1.c -O3 -g line 43 a.j == 14
FAIL: gcc.dg/guality/sra-1.c -Os line 43 a.j == 14
FAIL: gcc.dg/guality/sra-1.c -O2 -flto -flto-partition=none line 43 a.j == 14
FAIL: gcc.dg/guality/sra-1.c -O2 -flto line 43 a.j == 14
FAIL: gcc.dg/guality/vla-1.c -O0 line 17 sizeof (a) == 6
FAIL: gcc.dg/guality/vla-1.c -O0 line 24 sizeof (a) == 17 * sizeof (short)
FAIL: gcc.dg/guality/vla-1.c -O1 line 24 sizeof (a) == 17 * sizeof (short)
FAIL: gcc.dg/guality/vla-1.c -O2 line 17 sizeof (a) == 6
FAIL: gcc.dg/guality/vla-1.c -O2 line 24 sizeof (a) == 17 * sizeof (short)
FAIL: gcc.dg/guality/vla-1.c -O3 -fomit-frame-pointer line 17 sizeof (a) == 6
FAIL: gcc.dg/guality/vla-1.c -O3 -fomit-frame-pointer line 24 sizeof (a) == 17 * sizeof (short)
FAIL: gcc.dg/guality/vla-1.c -O3 -g line 17 sizeof (a) == 6
FAIL: gcc.dg/guality/vla-1.c -O3 -g line 24 sizeof (a) == 17 * sizeof (short)
FAIL: gcc.dg/guality/vla-1.c -Os line 17 sizeof (a) == 6
FAIL: gcc.dg/guality/vla-1.c -Os line 24 sizeof (a) == 17 * sizeof (short)
FAIL: gcc.dg/guality/vla-1.c -O2 -flto -flto-partition=none line 17 sizeof (a) == 6
FAIL: gcc.dg/guality/vla-1.c -O2 -flto -flto-partition=none line 24 sizeof (a) == 17 * sizeof (short)
FAIL: gcc.dg/guality/vla-1.c -O2 -flto line 17 sizeof (a) == 6
FAIL: gcc.dg/guality/vla-1.c -O2 -flto line 24 sizeof (a) == 17 * sizeof (short)
FAIL: gcc.dg/guality/vla-2.c -O0 line 16 sizeof (a) == 5 * sizeof (int)
FAIL: gcc.dg/guality/vla-2.c -O0 line 25 sizeof (a) == 6 * sizeof (int)
FAIL: gcc.dg/guality/vla-2.c -O1 line 16 sizeof (a) == 5 * sizeof (int)
FAIL: gcc.dg/guality/vla-2.c -O1 line 25 sizeof (a) == 6 * sizeof (int)
FAIL: gcc.dg/guality/vla-2.c -O2 line 16 sizeof (a) == 5 * sizeof (int)
FAIL: gcc.dg/guality/vla-2.c -O2 line 25 sizeof (a) == 6 * sizeof (int)
FAIL: gcc.dg/guality/vla-2.c -O3 -fomit-frame-pointer line 16 sizeof (a) == 5 * sizeof (int)
FAIL: gcc.dg/guality/vla-2.c -O3 -fomit-frame-pointer line 25 sizeof (a) == 6 * sizeof (int)
FAIL: gcc.dg/guality/vla-2.c -O3 -g line 16 sizeof (a) == 5 * sizeof (int)
FAIL: gcc.dg/guality/vla-2.c -O3 -g line 25 sizeof (a) == 6 * sizeof (int)
FAIL: gcc.dg/guality/vla-2.c -Os line 16 sizeof (a) == 5 * sizeof (int)
FAIL: gcc.dg/guality/vla-2.c -Os line 25 sizeof (a) == 6 * sizeof (int)
FAIL: gcc.dg/guality/vla-2.c -O2 -flto -flto-partition=none line 16 sizeof (a) == 5 * sizeof (int)
FAIL: gcc.dg/guality/vla-2.c -O2 -flto -flto-partition=none line 25 sizeof (a) == 6 * sizeof (int)
FAIL: gcc.dg/guality/vla-2.c -O2 -flto line 16 sizeof (a) == 5 * sizeof (int)
FAIL: gcc.dg/guality/vla-2.c -O2 -flto line 25 sizeof (a) == 6 * sizeof (int)
XPASS: gcc.dg/tree-ssa/loop-1.c scan-assembler-times foo 5
=== gcc Summary ===
# of expected passes 69760
# of unexpected failures 56
# of unexpected successes 36
# of expected failures 116
# of unsupported tests 1071
/home/dave/gnu/gcc/objdir/gcc/xgcc version 4.7.0 20110507 (experimental) [trunk revision 173525] (GCC)
=== gfortran tests ===
Running target unix
FAIL: gfortran.dg/coarray/this_image_2.f90 -fcoarray=lib -O2 -lcaf_single (test for excess errors)
UNRESOLVED: gfortran.dg/coarray/this_image_2.f90 -fcoarray=lib -O2 -lcaf_single compilation failed to produce executable
WARNING: program timed out.
FAIL: gfortran.dg/array_constructor_type_5.f03 -O3 -fomit-frame-pointer (test for excess errors)
UNRESOLVED: gfortran.dg/array_constructor_type_5.f03 -O3 -fomit-frame-pointer compilation failed to produce executable
WARNING: program timed out.
FAIL: gfortran.dg/char_cshift_1.f90 -O3 -g (test for excess errors)
UNRESOLVED: gfortran.dg/char_cshift_1.f90 -O3 -g compilation failed to produce executable
WARNING: program timed out.
FAIL: gfortran.dg/char_cshift_3.f90 -Os (test for excess errors)
UNRESOLVED: gfortran.dg/char_cshift_3.f90 -Os compilation failed to produce executable
WARNING: program timed out.
FAIL: gfortran.dg/cray_pointers_5.f90 -O0 (test for excess errors)
UNRESOLVED: gfortran.dg/cray_pointers_5.f90 -O0 compilation failed to produce executable
WARNING: program timed out.
FAIL: gfortran.dg/fmt_read_bz_bn.f90 -Os (test for excess errors)
UNRESOLVED: gfortran.dg/fmt_read_bz_bn.f90 -Os compilation failed to produce executable
WARNING: program timed out.
FAIL: gfortran.dg/intrinsic_intkinds_1.f90 -O3 -fomit-frame-pointer (test for excess errors)
UNRESOLVED: gfortran.dg/intrinsic_intkinds_1.f90 -O3 -fomit-frame-pointer compilation failed to produce executable
WARNING: program timed out.
FAIL: gfortran.dg/matmul_bounds_2.f90 -O3 -fomit-frame-pointer -funroll-loops (test for excess errors)
UNRESOLVED: gfortran.dg/matmul_bounds_2.f90 -O3 -fomit-frame-pointer -funroll-loops compilation failed to produce executable
WARNING: program timed out.
FAIL: gfortran.dg/open_status_1.f90 -O1 (test for excess errors)
UNRESOLVED: gfortran.dg/open_status_1.f90 -O1 compilation failed to produce executable
FAIL: gfortran.dg/pr45636.f90 -O scan-tree-dump-times forwprop2 "memset" 0
WARNING: program timed out.
FAIL: gfortran.dg/ret_pointer_2.f90 -Os (test for excess errors)
UNRESOLVED: gfortran.dg/ret_pointer_2.f90 -Os compilation failed to produce executable
WARNING: program timed out.
FAIL: gfortran.dg/select_type_13.f03 -Os (test for excess errors)
UNRESOLVED: gfortran.dg/select_type_13.f03 -Os compilation failed to produce executable
WARNING: program timed out.
FAIL: gfortran.dg/widechar_9.f90 -O (test for excess errors)
WARNING: program timed out.
FAIL: gfortran.dg/g77/intrinsic-unix-erf.f -O1 (test for excess errors)
UNRESOLVED: gfortran.dg/g77/intrinsic-unix-erf.f -O1 compilation failed to produce executable
WARNING: program timed out.
FAIL: gfortran.fortran-torture/execute/intrinsic_eoshift.f90 compilation, -O1
=== gfortran Summary ===
# of expected passes 37644
# of unexpected failures 15
# of expected failures 41
# of unresolved testcases 12
# of untested testcases 1
# of unsupported tests 385
/home/dave/gnu/gcc/objdir/gcc/testsuite/gfortran/../../gfortran version 4.7.0 20110507 (experimental) [trunk revision 173525] (GCC)
=== g++ tests ===
Running target unix
XPASS: g++.dg/tree-ssa/pr43411.C scan-tree-dump-not optimized "OBJ_TYPE_REF"
=== g++ Summary ===
# of expected passes 26462
# of unexpected successes 1
# of expected failures 162
# of unsupported tests 429
/home/dave/gnu/gcc/objdir/gcc/testsuite/g++/../../g++ version 4.7.0 20110507 (experimental) [trunk revision 173525] (GCC)
=== gnat tests ===
Running target unix
=== gnat Summary ===
# of expected passes 891
# of expected failures 11
# of unsupported tests 3
/home/dave/gnu/gcc/objdir/gcc/gnatmake version 4.7.0 20110507 (experimental) [trunk revision 173525]
=== obj-c++ tests ===
Running target unix
=== obj-c++ Summary ===
# of expected passes 1410
# of expected failures 2
# of unsupported tests 86
/home/dave/gnu/gcc/objdir/gcc/testsuite/obj-c++/../../g++ version 4.7.0 20110507 (experimental) [trunk revision 173525] (GCC)
=== objc tests ===
Running target unix
=== objc Summary ===
# of expected passes 2934
# of expected failures 10
# of unsupported tests 74
/home/dave/gnu/gcc/objdir/gcc/xgcc version 4.7.0 20110507 (experimental) [trunk revision 173525] (GCC)
=== boehm-gc tests ===
Running target unix
FAIL: boehm-gc.c/thread_leak_test.c -O2 (test for excess errors)
=== boehm-gc Summary ===
# of expected passes 11
# of unexpected failures 1
# of unsupported tests 1
=== libffi tests ===
Running target unix
=== libffi Summary ===
# of expected passes 1634
# of expected failures 10
# of unsupported tests 15
=== libgomp tests ===
Running target unix
FAIL: libgomp.c/loop-6.c execution test
WARNING: program timed out.
FAIL: libgomp.c++/for-7.C -O3 -g (test for excess errors)
UNRESOLVED: libgomp.c++/for-7.C -O3 -g compilation failed to produce executable
FAIL: libgomp.c++/pr43893.C -Os execution test
FAIL: libgomp.fortran/appendix-a/a.28.1.f90 -O1 execution test
FAIL: libgomp.fortran/reduction2.f90 -O2 execution test
WARNING: program timed out.
FAIL: libgomp.fortran/retval1.f90 -O3 -g (test for excess errors)
UNRESOLVED: libgomp.fortran/retval1.f90 -O3 -g compilation failed to produce executable
WARNING: program timed out.
FAIL: libgomp.fortran/threadprivate1.f90 -O0 (test for excess errors)
UNRESOLVED: libgomp.fortran/threadprivate1.f90 -O0 compilation failed to produce executable
WARNING: program timed out.
FAIL: libgomp.fortran/vla2.f90 -O3 -fomit-frame-pointer -funroll-loops (test for excess errors)
UNRESOLVED: libgomp.fortran/vla2.f90 -O3 -fomit-frame-pointer -funroll-loops compilation failed to produce executable
=== libgomp Summary ===
# of expected passes 2546
# of unexpected failures 8
# of unresolved testcases 4
# of unsupported tests 1
=== libjava tests ===
Running target unix
=== libjava Summary ===
# of expected passes 2574
=== libmudflap tests ===
Running target unix
FAIL: libmudflap.c/fail40-frag.c output pattern test
FAIL: libmudflap.c/pass51-frag.c execution test
FAIL: libmudflap.c/pass51-frag.c execution test
FAIL: libmudflap.c/fail40-frag.c (-static) output pattern test
FAIL: libmudflap.c/pass51-frag.c (-static) execution test
FAIL: libmudflap.c/pass51-frag.c (-static) execution test
FAIL: libmudflap.c/fail40-frag.c (-O2) output pattern test
FAIL: libmudflap.c/pass51-frag.c (-O2) execution test
FAIL: libmudflap.c/pass51-frag.c (-O2) execution test
FAIL: libmudflap.c/fail40-frag.c (-O3) output pattern test
FAIL: libmudflap.c/pass51-frag.c (-O3) execution test
FAIL: libmudflap.c/pass51-frag.c (-O3) execution test
FAIL: libmudflap.c++/pass55-frag.cxx ( -O) execution test
=== libmudflap Summary ===
# of expected passes 1881
# of unexpected failures 13
=== libstdc++ tests ===
Running target unix
WARNING: program timed out.
FAIL: 28_regex/basic_regex/assign/wchar_t/pstring.cc (test for excess errors)
WARNING: program timed out.
FAIL: ext/rope/pthread7-rope.cc execution test
=== libstdc++ Summary ===
# of expected passes 7503
# of unexpected failures 2
# of expected failures 82
# of unsupported tests 451
Compiler version: 4.7.0 20110507 (experimental) [trunk revision 173525] (GCC)
Platform: hppa-unknown-linux-gnu
configure flags: --with-gnu-as --with-gnu-ld --enable-shared --prefix=/home/dave/opt/gnu/gcc/gcc-4.7.0 --with-local-prefix=/home/dave/opt/gnu --enable-threads=posix --enable-__cxa_atexit --build=hppa-linux-gnu --enable-clocale=gnu --enable-java-gc=boehm --without-cloog --without-ppl --enable-languages=c,c++,objc,fortran,obj-c++,java,ada,lto