This is the mail archive of the gcc-testresults@gcc.gnu.org mailing list for the GCC project.


Index Nav: [Date Index] [Subject Index] [Author Index] [Thread Index]
Message Nav: [Date Prev] [Date Next] [Thread Prev] [Thread Next]
Other format: [Raw text]

Results for 4.5.3 (Blastwave.org Inc. Thu May 6 04:43:19 GMT 2011) testsuite on sparc-sun-solaris2.8


$ date
Sun May  8 02:42:12 GMT 2011
$
$
$
$ uname -a
SunOS mimas 5.8 Generic_127721-03 sun4u sparc SUNW,UltraAX-i2
$ cat /etc/release
                       Solaris 8 2/04 s28s_hw4wos_05a SPARC
           Copyright 2004 Sun Microsystems, Inc.  All Rights Reserved.
                            Assembled 08 January 2004
$ which ld
/usr/ccs/bin/ld
$ ld -V
ld: Software Generation Utilities - Solaris Link Editors: 5.8-1.302
ld: fatal: no files on input command line
$ which as
/usr/ccs/bin/as
$
$ file /usr/ccs/bin/as
/usr/ccs/bin/as:        ELF 32-bit MSB executable SPARC Version 1,
dynamically linked, stripped
$
$ which gcc
/opt/csw/gcc4/bin/gcc
$
$ gcc --version
gcc (Blastwave.org Inc. Mon Aug  9 07:10:45 GMT 2010) 4.5.1
Copyright (C) 2010 Free Software Foundation, Inc.
This is free software; see the source for copying conditions.  There is NO
warranty; not even for MERCHANTABILITY or FITNESS FOR A PARTICULAR PURPOSE.

$
$
$ ../gcc-4.5.3/contrib/test_summary
cat <<'EOF' |
LAST_UPDATED: Obtained from SVN: tags/gcc_4_5_3_release revision 173114

                === acats tests ===

                === acats Summary ===
# of expected passes            2321
# of unexpected failures        0
Native configuration is sparc-sun-solaris2.8

                === g++ tests ===


Running target unix

                === g++ Summary ===

# of expected passes            22083
# of expected failures          155
# of unsupported tests          311
/opt/bw/src/GCC/gcc-4.5.3_SunOS5.8_Sparc/gcc/testsuite/g++/../../g++ 
version 4.5.3 (Blastwave.org Inc. Thu May  6 04:43:19 GMT 2011)

                === gcc tests ===


Running target unix
FAIL: gcc.c-torture/compile/limits-exprparen.c  -O0  (test for excess errors)
FAIL: gcc.c-torture/compile/limits-exprparen.c  -O1  (test for excess errors)
FAIL: gcc.c-torture/compile/limits-exprparen.c  -O2  (test for excess errors)
FAIL: gcc.c-torture/compile/limits-exprparen.c  -O3 -fomit-frame-pointer 
(test for excess errors)
FAIL: gcc.c-torture/compile/limits-exprparen.c  -O3 -g  (test for excess
errors)
FAIL: gcc.c-torture/compile/limits-exprparen.c  -Os  (test for excess errors)
FAIL: gcc.c-torture/compile/limits-exprparen.c  -O2 -flto  (test for
excess errors)
FAIL: gcc.c-torture/compile/limits-exprparen.c  -O2 -fwhopr  (test for
excess errors)
FAIL: gcc.dg/lto/20081201-2 c_lto_20081201-2_0.o-c_lto_20081201-2_1.o
execute -O3 -fwhopr

                === gcc Summary ===

# of expected passes            64796
# of unexpected failures        9
# of expected failures          194
# of unsupported tests          992
/opt/bw/src/GCC/gcc-4.5.3_SunOS5.8_Sparc/gcc/xgcc  version 4.5.3
(Blastwave.org Inc. Thu May  6 04:43:19 GMT 2011)

                === gfortran tests ===


Running target unix

                === gfortran Summary ===

# of expected passes            33993
# of expected failures          23
# of unsupported tests          324
/opt/bw/src/GCC/gcc-4.5.3_SunOS5.8_Sparc/gcc/testsuite/gfortran/../../gfortran
 version 4.5.3 (Blastwave.org Inc. Thu May  6 04:43:19 GMT 2011)

                === gnat tests ===


Running target unix

                === gnat Summary ===

# of expected passes            765
# of expected failures          7
# of unsupported tests          2
                === objc tests ===


Running target unix

                === objc Summary ===

# of expected passes            1874
# of expected failures          15
# of unsupported tests          20
/opt/bw/src/GCC/gcc-4.5.3_SunOS5.8_Sparc/gcc/xgcc  version 4.5.3
(Blastwave.org Inc. Thu May  6 04:43:19 GMT 2011)

                === libgomp tests ===


Running target unix

                === libgomp Summary ===

# of expected passes            2524
# of unsupported tests          9
                === libstdc++ tests ===


Running target unix

                === libstdc++ Summary ===

# of expected passes            6303
# of expected failures          90
# of unsupported tests          640

Compiler version: 4.5.3 (Blastwave.org Inc. Thu May 6 04:43:19 GMT 2011)
Platform: sparc-sun-solaris2.8
configure flags: --host=sparc-sun-solaris2.8 --build=sparc-sun-solaris2.8
--with-as=/usr/ccs/bin/as --without-gnu-ld --with-ld=/usr/ccs/bin/ld
--with-cpu=v7 --enable-stage1-languages=c --enable-nls
--enable-threads=posix --prefix=/opt/bw --enable-shared
--libdir=/opt/bw/lib/sparcv8 --enable-multilib
--with-mpc-include=/opt/bw/include --with-mpc-lib=/opt/bw/lib/sparcv8
--with-mpfr-include=/opt/bw/include --with-mpfr-lib=/opt/bw/lib/sparcv8
--with-gmp-include=/opt/bw/include --with-gmp-lib=/opt/bw/lib/sparcv8
--with-pkgversion='Blastwave.org Inc. Thu May  6 04:43:19 GMT 2011'
--with-bugurl=http://www.blastwave.org/support
--enable-languages=c,c++,objc,fortran,ada --enable-bootstrap
EOF


-- 
Dennis Clarke
dclarke@blastwave.org



Index Nav: [Date Index] [Subject Index] [Author Index] [Thread Index]
Message Nav: [Date Prev] [Date Next] [Thread Prev] [Thread Next]