This is the mail archive of the
gcc-testresults@gcc.gnu.org
mailing list for the GCC project.
Results for 4.5.3 (Blastwave.org Inc. Thu May 6 02:24:12 GMT 2011) testsuite on i386-pc-solaris2.8
- From: Dennis Clarke <dclarke at blastwave dot org>
- To: gcc-testresults at gcc dot gnu dot org
- Date: Sat, 07 May 2011 16:40:31 -0400 (EDT)
- Subject: Results for 4.5.3 (Blastwave.org Inc. Thu May 6 02:24:12 GMT 2011) testsuite on i386-pc-solaris2.8
- Reply-to: dclarke at blastwave dot org
$
$ uname -a
SunOS titan 5.8 Generic_127722-03 i86pc i386 i86pc
$ cat /etc/release
Solaris 8 2/02 s28x_u7wos_08a INTEL
Copyright 2002 Sun Microsystems, Inc. All Rights Reserved.
Assembled 18 December 2001
$ which ld
/usr/ccs/bin/ld
$ ld -V
ld: Software Generation Utilities - Solaris Link Editors: 5.8-1.302
ld: fatal: no files on input command line
$ which gas
/opt/bw/bin/gas
$ gas --version
GNU assembler (Blastwave.org Inc. Fri Apr 1 04:11:54 GMT 2011) 2.21
Copyright 2010 Free Software Foundation, Inc.
This program is free software; you may redistribute it under the terms of
the GNU General Public License version 3 or later.
This program has absolutely no warranty.
This assembler was configured for a target of `i386-pc-solaris2.8'.
$ ../gcc-4.5.3/contrib/test_summary
cat <<'EOF' |
LAST_UPDATED: Obtained from SVN: tags/gcc_4_5_3_release revision 173114
=== acats tests ===
=== acats Summary ===
# of expected passes 2321
# of unexpected failures 0
Native configuration is i386-pc-solaris2.8
=== g++ tests ===
Running target unix
FAIL: g++.dg/torture/pr44900.C -O0 execution test
FAIL: g++.dg/torture/pr44900.C -O1 execution test
FAIL: g++.dg/torture/pr44900.C -O2 execution test
FAIL: g++.dg/torture/pr44900.C -O3 -fomit-frame-pointer execution test
FAIL: g++.dg/torture/pr44900.C -O3 -g execution test
FAIL: g++.dg/torture/pr44900.C -Os execution test
FAIL: g++.dg/torture/pr44900.C -O2 -flto execution test
FAIL: g++.dg/torture/pr44900.C -O2 -fwhopr execution test
=== g++ Summary ===
# of expected passes 22843
# of unexpected failures 8
# of expected failures 155
# of unsupported tests 248
/opt/bw/src/GCC/gcc-4.5.3_SunOS5.8_i386.002/gcc/testsuite/g++/../../g++
version 4.5.3 (Blastwave.org Inc. Thu May 6 02:24:12 GMT 2011)
=== gcc tests ===
Running target unix
FAIL: gcc.c-torture/compile/limits-exprparen.c -O0 (test for excess errors)
FAIL: gcc.c-torture/compile/limits-exprparen.c -O1 (test for excess errors)
FAIL: gcc.c-torture/compile/limits-exprparen.c -O2 (test for excess errors)
FAIL: gcc.c-torture/compile/limits-exprparen.c -O3 -fomit-frame-pointer
(test for excess errors)
FAIL: gcc.c-torture/compile/limits-exprparen.c -O3 -g (test for excess
errors)
FAIL: gcc.c-torture/compile/limits-exprparen.c -Os (test for excess errors)
FAIL: gcc.c-torture/compile/limits-exprparen.c -O2 -flto (test for
excess errors)
FAIL: gcc.c-torture/compile/limits-exprparen.c -O2 -fwhopr (test for
excess errors)
=== gcc Summary ===
# of expected passes 70487
# of unexpected failures 8
# of expected failures 166
# of unsupported tests 967
/opt/bw/src/GCC/gcc-4.5.3_SunOS5.8_i386.002/gcc/xgcc version 4.5.3
(Blastwave.org Inc. Thu May 6 02:24:12 GMT 2011)
=== gfortran tests ===
Running target unix
=== gfortran Summary ===
# of expected passes 33536
# of expected failures 20
# of unsupported tests 298
/opt/bw/src/GCC/gcc-4.5.3_SunOS5.8_i386.002/gcc/testsuite/gfortran/../../gfortran
version 4.5.3 (Blastwave.org Inc. Thu May 6 02:24:12 GMT 2011)
=== gnat tests ===
Running target unix
=== gnat Summary ===
# of expected passes 764
# of expected failures 7
# of unsupported tests 2
=== objc tests ===
Running target unix
=== objc Summary ===
# of expected passes 1882
# of expected failures 7
# of unsupported tests 20
/opt/bw/src/GCC/gcc-4.5.3_SunOS5.8_i386.002/gcc/xgcc version 4.5.3
(Blastwave.org Inc. Thu May 6 02:24:12 GMT 2011)
=== libgomp tests ===
Running target unix
=== libgomp Summary ===
# of expected passes 2538
# of unsupported tests 2
=== libstdc++ tests ===
Running target unix
=== libstdc++ Summary ===
# of expected passes 6337
# of expected failures 91
# of unsupported tests 622
Compiler version: 4.5.3 (Blastwave.org Inc. Thu May 6 02:24:12 GMT 2011)
Platform: i386-pc-solaris2.8
configure flags: --host=i386-pc-solaris2.8 --build=i386-pc-solaris2.8
--with-gnu-as --with-as=/opt/bw/bin/gas --without-gnu-ld
--with-ld=/usr/ccs/bin/ld --with-cpu=i386 --enable-stage1-languages=c
--enable-nls --enable-threads=posix --prefix=/opt/bw --enable-shared
--libdir=/opt/bw/lib/i386 --enable-multilib
--with-mpc-include=/opt/bw/include --with-mpc-lib=/opt/bw/lib/i386
--with-mpfr-include=/opt/bw/include --with-mpfr-lib=/opt/bw/lib/i386
--with-gmp-include=/opt/bw/include --with-gmp-lib=/opt/bw/lib/i386
--with-pkgversion='Blastwave.org Inc. Thu May 6 02:24:12 GMT 2011'
--with-bugurl=http://www.blastwave.org/support
--enable-languages=c,c++,objc,fortran,ada --enable-bootstrap
EOF
--
Dennis Clarke
dclarke@blastwave.org