This is the mail archive of the
gcc-testresults@gcc.gnu.org
mailing list for the GCC project.
Results for 4.7.0 20110505 (experimental) [trunk revision 173407] (GCC) testsuite on x86_64-apple-darwin10.7.0
- From: sean at seanmcgovern dot ca (Sean McGovern)
- To: gcc-testresults at gcc dot gnu dot org
- Date: Wed, 4 May 2011 23:38:10 -0400 (EDT)
- Subject: Results for 4.7.0 20110505 (experimental) [trunk revision 173407] (GCC) testsuite on x86_64-apple-darwin10.7.0
\$ uname -a
Darwin mahoro 10.7.0 Darwin Kernel Version 10.7.0: Sat Jan 29 15:17:16 PST 2011; root:xnu-1504.9.37~1/RELEASE_I386 i386
********
LAST_UPDATED: Thu May 5 00:24:01 UTC 2011 (revision 173407)
Native configuration is x86_64-apple-darwin10.7.0
=== gcc tests ===
Running target unix/-m32
=== gcc Summary for unix/-m32 ===
# of expected passes 63147
# of expected failures 182
# of unsupported tests 1330
Running target unix/-m64
FAIL: gcc.c-torture/execute/20000113-1.c compilation, -O2
UNRESOLVED: gcc.c-torture/execute/20000113-1.c execution, -O2
WARNING: program timed out.
FAIL: gcc.dg/matrix/transpose-3.c execution, -fprofile-use -fipa-matrix-reorg -fdump-ipa-matrix-reorg -O3 -fwhole-program -fno-tree-fre
=== gcc Summary for unix/-m64 ===
# of expected passes 63439
# of unexpected failures 2
# of expected failures 183
# of unresolved testcases 1
# of unsupported tests 1627
=== gcc Summary ===
# of expected passes 126586
# of unexpected failures 2
# of expected failures 365
# of unresolved testcases 1
# of unsupported tests 2957
/BUILD/gcc/obj-173407/gcc/xgcc version 4.7.0 20110505 (experimental) [trunk revision 173407] (GCC)
=== libgomp tests ===
Running target unix/-m64
=== libgomp Summary for unix/-m64 ===
# of expected passes 262
# of unsupported tests 3
Running target unix/-m32
=== libgomp Summary for unix/-m32 ===
# of expected passes 262
# of unsupported tests 3
=== libgomp Summary ===
# of expected passes 524
# of unsupported tests 6
Compiler version: 4.7.0 20110505 (experimental) [trunk revision 173407] (GCC)
Platform: x86_64-apple-darwin10.7.0
configure flags: --prefix=/BUILD/gcc/173407 --target=x86_64-apple-darwin10.7.0 --host=x86_64-apple-darwin10.7.0 --build=x86_64-apple-darwin10.7.0 --with-tune=core2 --with-gmp=/opt/gnu --with-mpfr=/opt/gnu --with-mpc=/opt/gnu --disable-libmudflap --disable-libssp --enable-stage1-languages=c --enable-languages=c --program-suffix=-trunk
BOOT_CFLAGS=-g -O2