This is the mail archive of the gcc-testresults@gcc.gnu.org mailing list for the GCC project.


Index Nav: [Date Index] [Subject Index] [Author Index] [Thread Index]
Message Nav: [Date Prev] [Date Next] [Thread Prev] [Thread Next]
Other format: [Raw text]

Results for 4.7.0 20110502 (experimental) (GCC) testsuite on x86_64-unknown-freebsd8.2


Native configuration is x86_64-unknown-freebsd8.2

		=== g++ tests ===


Running target unix
FAIL: g++.dg/eh/gcsec1.C (test for excess errors)
XPASS: g++.dg/tree-ssa/pr43411.C scan-tree-dump-not optimized "OBJ_TYPE_REF"
FAIL: g++.dg/lto/20091219 cp_lto_20091219_0.o-cp_lto_20091219_0.o link, -O3 -flto
UNRESOLVED: g++.dg/lto/20091219 cp_lto_20091219_0.o-cp_lto_20091219_0.o execute -O3 -flto
UNRESOLVED: attribute_plugin.c compilation, -I. -I/scratch/tmp/gerald/gcc-HEAD/gcc/testsuite -I/scratch/tmp/gerald/gcc-HEAD/gcc/testsuite/../../gcc -I/scratch/tmp/gerald/OBJ-0502-1848/gcc/testsuite/g++/../../../gcc  -I/scratch/tmp/gerald/gcc-HEAD/gcc/testsuite/../../include -I/scratch/tmp/gerald/gcc-HEAD/gcc/testsuite/../../libcpp/include  -I/home/gerald/8-amd64/include  -I/scratch/tmp/gerald/OBJ-0502-1848/gcc/testsuite/g++/../../../intl  -DIN_GCC -fPIC -shared
UNRESOLVED: pragma_plugin.c compilation, -I. -I/scratch/tmp/gerald/gcc-HEAD/gcc/testsuite -I/scratch/tmp/gerald/gcc-HEAD/gcc/testsuite/../../gcc -I/scratch/tmp/gerald/OBJ-0502-1848/gcc/testsuite/g++/../../../gcc  -I/scratch/tmp/gerald/gcc-HEAD/gcc/testsuite/../../include -I/scratch/tmp/gerald/gcc-HEAD/gcc/testsuite/../../libcpp/include  -I/home/gerald/8-amd64/include  -I/scratch/tmp/gerald/OBJ-0502-1848/gcc/testsuite/g++/../../../intl  -DIN_GCC -fPIC -shared
UNRESOLVED: selfassign.c compilation, -I. -I/scratch/tmp/gerald/gcc-HEAD/gcc/testsuite -I/scratch/tmp/gerald/gcc-HEAD/gcc/testsuite/../../gcc -I/scratch/tmp/gerald/OBJ-0502-1848/gcc/testsuite/g++/../../../gcc  -I/scratch/tmp/gerald/gcc-HEAD/gcc/testsuite/../../include -I/scratch/tmp/gerald/gcc-HEAD/gcc/testsuite/../../libcpp/include  -I/home/gerald/8-amd64/include  -I/scratch/tmp/gerald/OBJ-0502-1848/gcc/testsuite/g++/../../../intl -O -DIN_GCC -fPIC -shared
UNRESOLVED: dumb_plugin.c compilation, -I. -I/scratch/tmp/gerald/gcc-HEAD/gcc/testsuite -I/scratch/tmp/gerald/gcc-HEAD/gcc/testsuite/../../gcc -I/scratch/tmp/gerald/OBJ-0502-1848/gcc/testsuite/g++/../../../gcc  -I/scratch/tmp/gerald/gcc-HEAD/gcc/testsuite/../../include -I/scratch/tmp/gerald/gcc-HEAD/gcc/testsuite/../../libcpp/include  -I/home/gerald/8-amd64/include  -I/scratch/tmp/gerald/OBJ-0502-1848/gcc/testsuite/g++/../../../intl  -DIN_GCC -fPIC -shared
UNRESOLVED: header_plugin.c compilation, -I. -I/scratch/tmp/gerald/gcc-HEAD/gcc/testsuite -I/scratch/tmp/gerald/gcc-HEAD/gcc/testsuite/../../gcc -I/scratch/tmp/gerald/OBJ-0502-1848/gcc/testsuite/g++/../../../gcc  -I/scratch/tmp/gerald/gcc-HEAD/gcc/testsuite/../../include -I/scratch/tmp/gerald/gcc-HEAD/gcc/testsuite/../../libcpp/include  -I/home/gerald/8-amd64/include  -I/scratch/tmp/gerald/OBJ-0502-1848/gcc/testsuite/g++/../../../intl  -DIN_GCC -fPIC -shared
FAIL: g++.dg/torture/pr48661.C  -O1  (internal compiler error)
FAIL: g++.dg/torture/pr48661.C  -O1  (test for excess errors)
WARNING: g++.dg/torture/pr48661.C  -O1  compilation failed to produce executable
FAIL: g++.dg/torture/pr48661.C  -O2  (internal compiler error)
FAIL: g++.dg/torture/pr48661.C  -O2  (test for excess errors)
WARNING: g++.dg/torture/pr48661.C  -O2  compilation failed to produce executable
FAIL: g++.dg/torture/pr48661.C  -O3 -fomit-frame-pointer  (internal compiler error)
FAIL: g++.dg/torture/pr48661.C  -O3 -fomit-frame-pointer  (test for excess errors)
WARNING: g++.dg/torture/pr48661.C  -O3 -fomit-frame-pointer  compilation failed to produce executable
FAIL: g++.dg/torture/pr48661.C  -O3 -g  (internal compiler error)
FAIL: g++.dg/torture/pr48661.C  -O3 -g  (test for excess errors)
WARNING: g++.dg/torture/pr48661.C  -O3 -g  compilation failed to produce executable
FAIL: g++.dg/torture/pr48661.C  -Os  (internal compiler error)
FAIL: g++.dg/torture/pr48661.C  -Os  (test for excess errors)
WARNING: g++.dg/torture/pr48661.C  -Os  compilation failed to produce executable
FAIL: g++.dg/torture/pr48661.C  -O2 -flto -flto-partition=none  (internal compiler error)
FAIL: g++.dg/torture/pr48661.C  -O2 -flto -flto-partition=none  (test for excess errors)
WARNING: g++.dg/torture/pr48661.C  -O2 -flto -flto-partition=none  compilation failed to produce executable
FAIL: g++.dg/torture/pr48661.C  -O2 -flto  (internal compiler error)
FAIL: g++.dg/torture/pr48661.C  -O2 -flto  (test for excess errors)
WARNING: g++.dg/torture/pr48661.C  -O2 -flto  compilation failed to produce executable
FAIL: g++.old-deja/g++.other/init18.C execution test
FAIL: g++.old-deja/g++.other/init19.C execution test

		=== g++ Summary ===

# of expected passes		27084
# of unexpected failures	18
# of unexpected successes	1
# of expected failures		162
# of unresolved testcases	6
# of unsupported tests		374
/scratch/tmp/gerald/OBJ-0502-1848/gcc/testsuite/g++/../../g++  version 4.7.0 20110502 (experimental) (GCC) 

		=== gcc tests ===


Running target unix
FAIL: gcc.dg/20021014-1.c consider using \`-pg' instead of \`-p' with gprof(1) (test for warnings, line )
FAIL: gcc.dg/c99-stdint-1.c (test for excess errors)
FAIL: gcc.dg/c99-stdint-2.c (test for excess errors)
FAIL: gcc.dg/c99-stdint-5.c (test for excess errors)
FAIL: gcc.dg/c99-stdint-6.c (test for excess errors)
FAIL: gcc.dg/mallign.c execution test
FAIL: gcc.dg/utf-array-short-wchar.c  (test for errors, line 39)
FAIL: gcc.dg/utf-array-short-wchar.c  (test for errors, line 41)
FAIL: gcc.dg/utf-array-short-wchar.c (test for excess errors)
UNRESOLVED: selfassign.c compilation, -I. -I/scratch/tmp/gerald/gcc-HEAD/gcc/testsuite -I/scratch/tmp/gerald/gcc-HEAD/gcc/testsuite/../../gcc -I/scratch/tmp/gerald/OBJ-0502-1848/gcc/testsuite/gcc/../../../gcc  -I/scratch/tmp/gerald/gcc-HEAD/gcc/testsuite/../../include -I/scratch/tmp/gerald/gcc-HEAD/gcc/testsuite/../../libcpp/include  -I/home/gerald/8-amd64/include  -I/scratch/tmp/gerald/OBJ-0502-1848/gcc/testsuite/gcc/../../../intl -O -DIN_GCC -fPIC -shared
UNRESOLVED: ggcplug.c compilation, -I. -I/scratch/tmp/gerald/gcc-HEAD/gcc/testsuite -I/scratch/tmp/gerald/gcc-HEAD/gcc/testsuite/../../gcc -I/scratch/tmp/gerald/OBJ-0502-1848/gcc/testsuite/gcc/../../../gcc  -I/scratch/tmp/gerald/gcc-HEAD/gcc/testsuite/../../include -I/scratch/tmp/gerald/gcc-HEAD/gcc/testsuite/../../libcpp/include  -I/home/gerald/8-amd64/include  -I/scratch/tmp/gerald/OBJ-0502-1848/gcc/testsuite/gcc/../../../intl -O -DIN_GCC -fPIC -shared
UNRESOLVED: one_time_plugin.c compilation, -I. -I/scratch/tmp/gerald/gcc-HEAD/gcc/testsuite -I/scratch/tmp/gerald/gcc-HEAD/gcc/testsuite/../../gcc -I/scratch/tmp/gerald/OBJ-0502-1848/gcc/testsuite/gcc/../../../gcc  -I/scratch/tmp/gerald/gcc-HEAD/gcc/testsuite/../../include -I/scratch/tmp/gerald/gcc-HEAD/gcc/testsuite/../../libcpp/include  -I/home/gerald/8-amd64/include  -I/scratch/tmp/gerald/OBJ-0502-1848/gcc/testsuite/gcc/../../../intl  -DIN_GCC -fPIC -shared
UNRESOLVED: start_unit_plugin.c compilation, -I. -I/scratch/tmp/gerald/gcc-HEAD/gcc/testsuite -I/scratch/tmp/gerald/gcc-HEAD/gcc/testsuite/../../gcc -I/scratch/tmp/gerald/OBJ-0502-1848/gcc/testsuite/gcc/../../../gcc  -I/scratch/tmp/gerald/gcc-HEAD/gcc/testsuite/../../include -I/scratch/tmp/gerald/gcc-HEAD/gcc/testsuite/../../libcpp/include  -I/home/gerald/8-amd64/include  -I/scratch/tmp/gerald/OBJ-0502-1848/gcc/testsuite/gcc/../../../intl  -DIN_GCC -fPIC -shared
UNRESOLVED: finish_unit_plugin.c compilation, -I. -I/scratch/tmp/gerald/gcc-HEAD/gcc/testsuite -I/scratch/tmp/gerald/gcc-HEAD/gcc/testsuite/../../gcc -I/scratch/tmp/gerald/OBJ-0502-1848/gcc/testsuite/gcc/../../../gcc  -I/scratch/tmp/gerald/gcc-HEAD/gcc/testsuite/../../include -I/scratch/tmp/gerald/gcc-HEAD/gcc/testsuite/../../libcpp/include  -I/home/gerald/8-amd64/include  -I/scratch/tmp/gerald/OBJ-0502-1848/gcc/testsuite/gcc/../../../intl  -DIN_GCC -fPIC -shared

		=== gcc Summary ===

# of expected passes		75968
# of unexpected failures	9
# of expected failures		243
# of unresolved testcases	5
# of unsupported tests		1843
/scratch/tmp/gerald/OBJ-0502-1848/gcc/xgcc  version 4.7.0 20110502 (experimental) (GCC) 

		=== gfortran tests ===


Running target unix
FAIL: gfortran.dg/bessel_6.f90  -O0  execution test
FAIL: gfortran.dg/bessel_6.f90  -O1  execution test
FAIL: gfortran.dg/bessel_6.f90  -O2  execution test
FAIL: gfortran.dg/bessel_6.f90  -O3 -fomit-frame-pointer  execution test
FAIL: gfortran.dg/bessel_6.f90  -O3 -fomit-frame-pointer -funroll-loops  execution test
FAIL: gfortran.dg/bessel_6.f90  -O3 -fomit-frame-pointer -funroll-all-loops -finline-functions  execution test
FAIL: gfortran.dg/bessel_6.f90  -O3 -g  execution test
FAIL: gfortran.dg/bessel_6.f90  -Os  execution test
WARNING: gfortran.dg/large_real_kind_2.F90  -O0  compilation failed to produce executable
WARNING: gfortran.dg/large_real_kind_2.F90  -O1  compilation failed to produce executable
WARNING: gfortran.dg/large_real_kind_2.F90  -O2  compilation failed to produce executable
WARNING: gfortran.dg/large_real_kind_2.F90  -O3 -fomit-frame-pointer  compilation failed to produce executable
WARNING: gfortran.dg/large_real_kind_2.F90  -O3 -fomit-frame-pointer -funroll-loops  compilation failed to produce executable
WARNING: gfortran.dg/large_real_kind_2.F90  -O3 -fomit-frame-pointer -funroll-all-loops -finline-functions  compilation failed to produce executable
WARNING: gfortran.dg/large_real_kind_2.F90  -O3 -g  compilation failed to produce executable
WARNING: gfortran.dg/large_real_kind_2.F90  -Os  compilation failed to produce executable
WARNING: gfortran.dg/large_real_kind_3.F90  -O0  compilation failed to produce executable
XPASS: gfortran.dg/large_real_kind_3.F90  -O1  (test for excess errors)
XPASS: gfortran.dg/large_real_kind_3.F90  -O2  (test for excess errors)
XPASS: gfortran.dg/large_real_kind_3.F90  -O3 -fomit-frame-pointer  (test for excess errors)
XPASS: gfortran.dg/large_real_kind_3.F90  -O3 -fomit-frame-pointer -funroll-loops  (test for excess errors)
XPASS: gfortran.dg/large_real_kind_3.F90  -O3 -fomit-frame-pointer -funroll-all-loops -finline-functions  (test for excess errors)
XPASS: gfortran.dg/large_real_kind_3.F90  -O3 -g  (test for excess errors)
XPASS: gfortran.dg/large_real_kind_3.F90  -Os  (test for excess errors)

		=== gfortran Summary ===

# of expected passes		38816
# of unexpected failures	8
# of unexpected successes	7
# of expected failures		50
# of unsupported tests		63
/scratch/tmp/gerald/OBJ-0502-1848/gcc/testsuite/gfortran/../../gfortran  version 4.7.0 20110502 (experimental) (GCC) 

		=== objc tests ===


Running target unix

		=== objc Summary ===

# of expected passes		2928
# of expected failures		16
# of unsupported tests		74
/scratch/tmp/gerald/OBJ-0502-1848/gcc/xgcc  version 4.7.0 20110502 (experimental) (GCC) 

		=== boehm-gc tests ===


Running target unix

		=== boehm-gc Summary ===

# of expected passes		12
# of unsupported tests		1
		=== libffi tests ===


Running target unix

		=== libffi Summary ===

# of expected passes		1634
# of expected failures		10
# of unsupported tests		15
		=== libgomp tests ===


Running target unix
FAIL: libgomp.c/atomic-2.c (test for excess errors)
WARNING: libgomp.c/atomic-2.c compilation failed to produce executable
FAIL: libgomp.c/atomic-5.c (test for excess errors)
WARNING: libgomp.c/atomic-5.c compilation failed to produce executable
FAIL: libgomp.fortran/condinc2.f  -O  execution test
FAIL: libgomp.fortran/condinc4.f90  -O  execution test
FAIL: libgomp.fortran/omp_cond2.f  -O  execution test
FAIL: libgomp.fortran/omp_cond4.F90  -O  execution test
FAIL: libgomp.fortran/pr25162.f  -O3 -fomit-frame-pointer  execution test
FAIL: libgomp.fortran/pr25162.f  -O3 -fomit-frame-pointer -funroll-loops  execution test
FAIL: libgomp.fortran/pr25162.f  -O3 -fomit-frame-pointer -funroll-all-loops -finline-functions  execution test
FAIL: libgomp.fortran/pr25162.f  -O3 -g  execution test

		=== libgomp Summary ===

# of expected passes		2526
# of unexpected failures	10
# of unsupported tests		3
		=== libjava tests ===


Running target unix
FAIL: PR16923.c compilation
FAIL: Throw_2 execution - source compiled test
FAIL: Throw_2 -findirect-dispatch execution - source compiled test
FAIL: Throw_2 -O3 execution - source compiled test
FAIL: Throw_2 -O3 -findirect-dispatch execution - source compiled test

		=== libjava Summary ===

# of expected passes		2564
# of unexpected failures	5
# of untested testcases		4
		=== libmudflap tests ===


Running target unix
FAIL: libmudflap.c++/pass55-frag.cxx ( -O) execution test

		=== libmudflap Summary ===

# of expected passes		1893
# of unexpected failures	1
		=== libstdc++ tests ===


Running target unix
FAIL: 22_locale/locale/cons/12438.cc execution test
FAIL: 26_numerics/headers/cmath/c99_classification_macros_c.cc (test for excess errors)
FAIL: 27_io/basic_istream/extractors_arithmetic/char/12.cc execution test
FAIL: 27_io/basic_istream/extractors_arithmetic/wchar_t/12.cc execution test
FAIL: 27_io/objects/wchar_t/9662.cc execution test

		=== libstdc++ Summary ===

# of expected passes		7365
# of unexpected failures	5
# of expected failures		81
# of unsupported tests		512

		=== libstdc++ Summary ===


Compiler version: 4.7.0 20110502 (experimental) (GCC) 
Platform: x86_64-unknown-freebsd8.2
configure flags: --prefix=/home/gerald/gcc-ref8-amd64 --with-gmp=/home/gerald/8-amd64 --with-libelf=/home/gerald/8-amd64


Index Nav: [Date Index] [Subject Index] [Author Index] [Thread Index]
Message Nav: [Date Prev] [Date Next] [Thread Prev] [Thread Next]