This is the mail archive of the
gcc-testresults@gcc.gnu.org
mailing list for the GCC project.
Results for 4.7.0 20110429 (experimental) [trunk revision 173183] (GCC) testsuite on i386-pc-solaris2.10
- From: ro at CeBiTec dot Uni-Bielefeld dot DE (Rainer Orth)
- To: gcc-testresults at gcc dot gnu dot org
- Date: Mon, 2 May 2011 18:51:18 +0200 (CEST)
- Subject: Results for 4.7.0 20110429 (experimental) [trunk revision 173183] (GCC) testsuite on i386-pc-solaris2.10
LAST_UPDATED: Fri Apr 29 20:26:37 UTC 2011 (revision 173183)
=== acats tests ===
FAIL: cxg2001
=== acats Summary ===
# of expected passes 2320
# of unexpected failures 1
Native configuration is i386-pc-solaris2.10
=== g++ tests ===
Running target unix
XPASS: g++.dg/tree-ssa/pr43411.C scan-tree-dump-not optimized "OBJ_TYPE_REF"
FAIL: g++.dg/lto/20091219 cp_lto_20091219_0.o-cp_lto_20091219_0.o link, -O3 -flto
UNRESOLVED: g++.dg/lto/20091219 cp_lto_20091219_0.o-cp_lto_20091219_0.o execute -O3 -flto
FAIL: g++.dg/torture/pr48661.C -O1 (internal compiler error)
FAIL: g++.dg/torture/pr48661.C -O1 (test for excess errors)
WARNING: g++.dg/torture/pr48661.C -O1 compilation failed to produce executable
FAIL: g++.dg/torture/pr48661.C -O2 (internal compiler error)
FAIL: g++.dg/torture/pr48661.C -O2 (test for excess errors)
WARNING: g++.dg/torture/pr48661.C -O2 compilation failed to produce executable
FAIL: g++.dg/torture/pr48661.C -O3 -fomit-frame-pointer (internal compiler error)
FAIL: g++.dg/torture/pr48661.C -O3 -fomit-frame-pointer (test for excess errors)
WARNING: g++.dg/torture/pr48661.C -O3 -fomit-frame-pointer compilation failed to produce executable
FAIL: g++.dg/torture/pr48661.C -O3 -g (internal compiler error)
FAIL: g++.dg/torture/pr48661.C -O3 -g (test for excess errors)
WARNING: g++.dg/torture/pr48661.C -O3 -g compilation failed to produce executable
FAIL: g++.dg/torture/pr48661.C -Os (internal compiler error)
FAIL: g++.dg/torture/pr48661.C -Os (test for excess errors)
WARNING: g++.dg/torture/pr48661.C -Os compilation failed to produce executable
FAIL: g++.dg/torture/pr48661.C -O2 -flto -flto-partition=none (internal compiler error)
FAIL: g++.dg/torture/pr48661.C -O2 -flto -flto-partition=none (test for excess errors)
WARNING: g++.dg/torture/pr48661.C -O2 -flto -flto-partition=none compilation failed to produce executable
FAIL: g++.dg/torture/pr48661.C -O2 -flto (internal compiler error)
FAIL: g++.dg/torture/pr48661.C -O2 -flto (test for excess errors)
WARNING: g++.dg/torture/pr48661.C -O2 -flto compilation failed to produce executable
=== g++ Summary for unix ===
# of expected passes 26873
# of unexpected failures 15
# of unexpected successes 1
# of expected failures 163
# of unresolved testcases 1
# of unsupported tests 193
Running target unix/-m64
XPASS: g++.dg/tree-ssa/pr43411.C scan-tree-dump-not optimized "OBJ_TYPE_REF"
FAIL: g++.dg/lto/20091219 cp_lto_20091219_0.o-cp_lto_20091219_0.o link, -O3 -flto
UNRESOLVED: g++.dg/lto/20091219 cp_lto_20091219_0.o-cp_lto_20091219_0.o execute -O3 -flto
FAIL: g++.dg/torture/pr48661.C -O1 (internal compiler error)
FAIL: g++.dg/torture/pr48661.C -O1 (test for excess errors)
WARNING: g++.dg/torture/pr48661.C -O1 compilation failed to produce executable
FAIL: g++.dg/torture/pr48661.C -O2 (internal compiler error)
FAIL: g++.dg/torture/pr48661.C -O2 (test for excess errors)
WARNING: g++.dg/torture/pr48661.C -O2 compilation failed to produce executable
FAIL: g++.dg/torture/pr48661.C -O3 -fomit-frame-pointer (internal compiler error)
FAIL: g++.dg/torture/pr48661.C -O3 -fomit-frame-pointer (test for excess errors)
WARNING: g++.dg/torture/pr48661.C -O3 -fomit-frame-pointer compilation failed to produce executable
FAIL: g++.dg/torture/pr48661.C -O3 -g (internal compiler error)
FAIL: g++.dg/torture/pr48661.C -O3 -g (test for excess errors)
WARNING: g++.dg/torture/pr48661.C -O3 -g compilation failed to produce executable
FAIL: g++.dg/torture/pr48661.C -Os (internal compiler error)
FAIL: g++.dg/torture/pr48661.C -Os (test for excess errors)
WARNING: g++.dg/torture/pr48661.C -Os compilation failed to produce executable
FAIL: g++.dg/torture/pr48661.C -O2 -flto -flto-partition=none (internal compiler error)
FAIL: g++.dg/torture/pr48661.C -O2 -flto -flto-partition=none (test for excess errors)
WARNING: g++.dg/torture/pr48661.C -O2 -flto -flto-partition=none compilation failed to produce executable
FAIL: g++.dg/torture/pr48661.C -O2 -flto (internal compiler error)
FAIL: g++.dg/torture/pr48661.C -O2 -flto (test for excess errors)
WARNING: g++.dg/torture/pr48661.C -O2 -flto compilation failed to produce executable
=== g++ Summary for unix/-m64 ===
# of expected passes 27105
# of unexpected failures 15
# of unexpected successes 1
# of expected failures 163
# of unresolved testcases 1
# of unsupported tests 392
=== g++ Summary ===
# of expected passes 53978
# of unexpected failures 30
# of unexpected successes 2
# of expected failures 326
# of unresolved testcases 2
# of unsupported tests 585
/var/gcc/regression/trunk/10-gcc/build/gcc/testsuite/g++/../../g++ version 4.7.0 20110429 (experimental) [trunk revision 173183] (GCC)
=== gcc tests ===
Running target unix
=== gcc Summary for unix ===
# of expected passes 76437
# of expected failures 246
# of unsupported tests 1307
Running target unix/-m64
UNRESOLVED: gcc.c-torture/execute/960321-1.c execution, -O1
UNRESOLVED: gcc.c-torture/execute/960321-1.c execution, -O2
UNRESOLVED: gcc.c-torture/execute/960321-1.c execution, -O3 -fomit-frame-pointer
UNRESOLVED: gcc.c-torture/execute/960321-1.c execution, -O3 -g
UNRESOLVED: gcc.c-torture/execute/960321-1.c execution, -Os
UNRESOLVED: gcc.c-torture/execute/960321-1.c execution, -O2 -flto -flto-partition=none
UNRESOLVED: gcc.c-torture/execute/960321-1.c execution, -O2 -flto
=== gcc Summary for unix/-m64 ===
# of expected passes 76488
# of expected failures 253
# of unresolved testcases 7
# of unsupported tests 1725
=== gcc Summary ===
# of expected passes 152925
# of expected failures 499
# of unresolved testcases 7
# of unsupported tests 3032
/var/gcc/regression/trunk/10-gcc/build/gcc/xgcc version 4.7.0 20110429 (experimental) [trunk revision 173183] (GCC)
=== gfortran tests ===
Running target unix
FAIL: gfortran.dg/fmt_g0_6.f08 -O1 execution test
FAIL: gfortran.dg/fmt_g0_6.f08 -O2 execution test
FAIL: gfortran.dg/fmt_g0_6.f08 -O3 -fomit-frame-pointer execution test
FAIL: gfortran.dg/fmt_g0_6.f08 -O3 -fomit-frame-pointer -funroll-loops execution test
FAIL: gfortran.dg/fmt_g0_6.f08 -O3 -fomit-frame-pointer -funroll-all-loops -finline-functions execution test
FAIL: gfortran.dg/fmt_g0_6.f08 -O3 -g execution test
FAIL: gfortran.dg/fmt_g0_6.f08 -Os execution test
=== gfortran Summary for unix ===
# of expected passes 38622
# of unexpected failures 7
# of expected failures 53
# of unsupported tests 228
Running target unix/-m64
=== gfortran Summary for unix/-m64 ===
# of expected passes 38924
# of expected failures 53
# of unsupported tests 90
=== gfortran Summary ===
# of expected passes 77546
# of unexpected failures 7
# of expected failures 106
# of unsupported tests 318
/var/gcc/regression/trunk/10-gcc/build/gcc/testsuite/gfortran/../../gfortran version 4.7.0 20110429 (experimental) [trunk revision 173183] (GCC)
=== gnat tests ===
Running target unix
=== gnat Summary for unix ===
# of expected passes 886
# of expected failures 11
# of unsupported tests 4
Running target unix/-m64
=== gnat Summary for unix/-m64 ===
# of expected passes 886
# of expected failures 11
# of unsupported tests 4
=== gnat Summary ===
# of expected passes 1772
# of expected failures 22
# of unsupported tests 8
/var/gcc/regression/trunk/10-gcc/build/gcc/gnatmake version 4.7.0 20110429 (experimental) [trunk revision 173183]
=== go tests ===
Running target unix
=== go Summary for unix ===
# of expected passes 2987
# of expected failures 23
Running target unix/-m64
=== go Summary for unix/-m64 ===
# of expected passes 2987
# of expected failures 23
=== go Summary ===
# of expected passes 5974
# of expected failures 46
/var/gcc/regression/trunk/10-gcc/build/gcc/testsuite/go/../../gccgo version 4.7.0 20110429 (experimental) [trunk revision 173183] (GCC)
=== obj-c++ tests ===
Running target unix
=== obj-c++ Summary for unix ===
# of expected passes 1410
# of expected failures 2
# of unsupported tests 86
Running target unix/-m64
=== obj-c++ Summary for unix/-m64 ===
# of expected passes 1402
# of expected failures 10
# of unsupported tests 86
=== obj-c++ Summary ===
# of expected passes 2812
# of expected failures 12
# of unsupported tests 172
/var/gcc/regression/trunk/10-gcc/build/gcc/testsuite/obj-c++/../../g++ version 4.7.0 20110429 (experimental) [trunk revision 173183] (GCC)
=== objc tests ===
Running target unix
=== objc Summary for unix ===
# of expected passes 2938
# of expected failures 6
# of unsupported tests 74
Running target unix/-m64
=== objc Summary for unix/-m64 ===
# of expected passes 2928
# of expected failures 16
# of unsupported tests 74
=== objc Summary ===
# of expected passes 5866
# of expected failures 22
# of unsupported tests 148
/var/gcc/regression/trunk/10-gcc/build/gcc/xgcc version 4.7.0 20110429 (experimental) [trunk revision 173183] (GCC)
=== boehm-gc tests ===
Running target unix
=== boehm-gc Summary for unix ===
# of expected passes 12
# of unsupported tests 1
Running target unix/-m64
=== boehm-gc Summary for unix/-m64 ===
# of expected passes 12
# of unsupported tests 1
=== boehm-gc Summary ===
# of expected passes 24
# of unsupported tests 2
=== libffi tests ===
Running target unix
=== libffi Summary for unix ===
# of expected passes 1634
# of expected failures 10
# of unsupported tests 15
Running target unix/-m64
=== libffi Summary for unix/-m64 ===
# of expected passes 1634
# of expected failures 10
# of unsupported tests 15
=== libffi Summary ===
# of expected passes 3268
# of expected failures 20
# of unsupported tests 30
=== libgo tests ===
Running target unix
FAIL: http
FAIL: os
FAIL: crypto/rand
=== libgo Summary for unix ===
# of expected passes 114
# of unexpected failures 3
# of untested testcases 2
Running target unix/-m64
FAIL: exec
FAIL: html
FAIL: http
FAIL: log
FAIL: mime
FAIL: netchan
FAIL: os
FAIL: rpc
FAIL: strconv
FAIL: template
FAIL: time
FAIL: websocket
FAIL: archive/tar
FAIL: archive/zip
FAIL: compress/flate
FAIL: compress/lzw
FAIL: compress/zlib
FAIL: crypto/dsa
FAIL: crypto/ecdsa
FAIL: crypto/elliptic
FAIL: crypto/openpgp
FAIL: crypto/rand
FAIL: crypto/rsa
FAIL: crypto/x509
FAIL: debug/dwarf
FAIL: debug/elf
FAIL: debug/macho
FAIL: debug/pe
FAIL: go/parser
FAIL: go/printer
FAIL: go/typechecker
FAIL: http/cgi
FAIL: image/png
FAIL: io/ioutil
FAIL: path/filepath
FAIL: rpc/jsonrpc
=== libgo Summary for unix/-m64 ===
# of expected passes 81
# of unexpected failures 36
# of untested testcases 2
=== libgo Summary ===
# of expected passes 195
# of unexpected failures 39
# of untested testcases 4
/var/gcc/regression/trunk/10-gcc/build/./gcc/gccgo version 4.7.0 20110429 (experimental) [trunk revision 173183] (GCC)
=== libgomp tests ===
Running target unix
FAIL: libgomp.graphite/force-parallel-1.c execution test
=== libgomp Summary for unix ===
# of expected passes 2583
# of unexpected failures 1
# of unsupported tests 3
Running target unix/-m64
FAIL: libgomp.c/atomic-2.c (test for excess errors)
WARNING: libgomp.c/atomic-2.c compilation failed to produce executable
FAIL: libgomp.c/atomic-5.c (test for excess errors)
WARNING: libgomp.c/atomic-5.c compilation failed to produce executable
FAIL: libgomp.graphite/force-parallel-1.c execution test
=== libgomp Summary for unix/-m64 ===
# of expected passes 2579
# of unexpected failures 3
# of unsupported tests 3
=== libgomp Summary ===
# of expected passes 5162
# of unexpected failures 4
# of unsupported tests 6
=== libjava tests ===
Running target unix
=== libjava Summary for unix ===
# of expected passes 2574
Running target unix/-m64
=== libjava Summary for unix/-m64 ===
# of expected passes 2574
=== libjava Summary ===
# of expected passes 5148
=== libstdc++ tests ===
Running target unix
=== libstdc++ Summary for unix ===
# of expected passes 7467
# of expected failures 85
# of unsupported tests 461
Running target unix/-m64
FAIL: 22_locale/num_put/put/char/14220.cc execution test
FAIL: 22_locale/num_put/put/wchar_t/14220.cc execution test
=== libstdc++ Summary for unix/-m64 ===
# of expected passes 7467
# of unexpected failures 2
# of expected failures 83
# of unsupported tests 461
=== libstdc++ Summary ===
# of expected passes 14934
# of unexpected failures 2
# of expected failures 168
# of unsupported tests 922
Compiler version: 4.7.0 20110429 (experimental) [trunk revision 173183] (GCC)
Platform: i386-pc-solaris2.10
configure flags: --prefix=/vol/gcc --target=i386-pc-solaris2.10 --enable-objc-gc --with-host-libstdcxx='-Wl,-Bstatic -lstdc++ -Wl,-Bdynamic -lm' --with-boot-ldflags='-static-libstdc++ -static-libgcc -L/vol/gcc-4.4/lib' --with-gmp=/vol/gcc --with-mpfr=/vol/gcc --with-mpc=/vol/gcc --enable-languages=all,ada,obj-c++,go --with-ppl=/vol/gcc --with-cloog=/vol/gcc --enable-cloog-backend=ppl
BOOT_CFLAGS=-g -O2