This is the mail archive of the gcc-testresults@gcc.gnu.org mailing list for the GCC project.


Index Nav: [Date Index] [Subject Index] [Author Index] [Thread Index]
Message Nav: [Date Prev] [Date Next] [Thread Prev] [Thread Next]
Other format: [Raw text]

Results for 4.4.6 (GCC) testsuite on alphaev68-dec-osf5.1a


See also my previous 4.4.5 result:
http://gcc.gnu.org/ml/gcc-testresults/2010-12/msg01338.html

Just filed new bug as the below (libgomp section) is very different from 4.4.6.

4.3.3+, 4.4.1+ onwards is affected by a libjava failure:
http://gcc.gnu.org/bugzilla/show_bug.cgi?id=40947

4.4.x and 4.5.x are affected by failures to compare between different stages:
http://gcc.gnu.org/bugzilla/show_bug.cgi?id=40894
http://gcc.gnu.org/bugzilla/show_bug.cgi?id=44959
So the system gcc is kept at 4.3.3 until one of these are fixed.

Hin-Tak Leung (htl10 at users dot sourceforget dot net)

The result below is from just "make" (i.e. 3-stage bootstrap, not 4) because of bug
http://gcc.gnu.org/bugzilla/show_bug.cgi?id=40894

LAST_UPDATED: Obtained from SVN: tags/gcc_4_4_6_release revision 172579

Native configuration is alphaev68-dec-osf5.1a

		=== libffi tests ===


Running target unix
FAIL: libffi.special/unwindtest.cc  -shared-libgcc -lstdc++ execution test
FAIL: libffi.special/unwindtest_ffi_call.cc  -shared-libgcc -lstdc++ execution test
FAIL: libffi.special/unwindtest.cc  -shared-libgcc -lstdc++ execution test
FAIL: libffi.special/unwindtest_ffi_call.cc  -shared-libgcc -lstdc++ execution test
FAIL: libffi.special/unwindtest.cc  -shared-libgcc -lstdc++ execution test
FAIL: libffi.special/unwindtest_ffi_call.cc  -shared-libgcc -lstdc++ execution test
FAIL: libffi.special/unwindtest.cc  -shared-libgcc -lstdc++ execution test
FAIL: libffi.special/unwindtest_ffi_call.cc  -shared-libgcc -lstdc++ execution test

		=== libffi Summary ===

# of expected passes		1383
# of unexpected failures	8
# of unsupported tests		10
		=== libgomp tests ===


Running target unix
FAIL: libgomp.c/icv-1.c (test for excess errors)
WARNING: libgomp.c/icv-1.c compilation failed to produce executable
FAIL: libgomp.c/lib-2.c (test for excess errors)
WARNING: libgomp.c/lib-2.c compilation failed to produce executable
FAIL: libgomp.c/lock-1.c execution test
FAIL: libgomp.c/lock-2.c (test for excess errors)
WARNING: libgomp.c/lock-2.c compilation failed to produce executable
FAIL: libgomp.c/loop-11.c (test for excess errors)
WARNING: libgomp.c/loop-11.c compilation failed to produce executable
FAIL: libgomp.c/loop-12.c (test for excess errors)
WARNING: libgomp.c/loop-12.c compilation failed to produce executable
FAIL: libgomp.c/loop-5.c (test for excess errors)
WARNING: libgomp.c/loop-5.c compilation failed to produce executable
FAIL: libgomp.c/loop-6.c (test for excess errors)
WARNING: libgomp.c/loop-6.c compilation failed to produce executable
FAIL: libgomp.c/loop-7.c (test for excess errors)
WARNING: libgomp.c/loop-7.c compilation failed to produce executable
FAIL: libgomp.c/loop-9.c (test for excess errors)
WARNING: libgomp.c/loop-9.c compilation failed to produce executable
FAIL: libgomp.c/nested-3.c (test for excess errors)
WARNING: libgomp.c/nested-3.c compilation failed to produce executable
FAIL: libgomp.c/nqueens-1.c (test for excess errors)
WARNING: libgomp.c/nqueens-1.c compilation failed to produce executable
FAIL: libgomp.c/pr36802-1.c (test for excess errors)
WARNING: libgomp.c/pr36802-1.c compilation failed to produce executable
FAIL: libgomp.c/pr39591-1.c (test for excess errors)
WARNING: libgomp.c/pr39591-1.c compilation failed to produce executable
FAIL: libgomp.c/pr39591-2.c (test for excess errors)
WARNING: libgomp.c/pr39591-2.c compilation failed to produce executable
FAIL: libgomp.c/pr39591-3.c (test for excess errors)
WARNING: libgomp.c/pr39591-3.c compilation failed to produce executable
FAIL: libgomp.c/pr42942.c (test for excess errors)
WARNING: libgomp.c/pr42942.c compilation failed to produce executable
FAIL: libgomp.c/sort-1.c (test for excess errors)
WARNING: libgomp.c/sort-1.c compilation failed to produce executable
FAIL: libgomp.c/task-1.c (test for excess errors)
WARNING: libgomp.c/task-1.c compilation failed to produce executable
FAIL: libgomp.c/task-2.c (test for excess errors)
WARNING: libgomp.c/task-2.c compilation failed to produce executable
FAIL: libgomp.c/task-3.c (test for excess errors)
WARNING: libgomp.c/task-3.c compilation failed to produce executable
FAIL: libgomp.c/task-4.c (test for excess errors)
WARNING: libgomp.c/task-4.c compilation failed to produce executable
FAIL: libgomp.c++/loop-10.C  -O0  (test for excess errors)
WARNING: libgomp.c++/loop-10.C  -O0  compilation failed to produce executable
FAIL: libgomp.c++/loop-10.C  -O1  (test for excess errors)
WARNING: libgomp.c++/loop-10.C  -O1  compilation failed to produce executable
FAIL: libgomp.c++/loop-10.C  -O2  (test for excess errors)
WARNING: libgomp.c++/loop-10.C  -O2  compilation failed to produce executable
FAIL: libgomp.c++/loop-10.C  -O3 -fomit-frame-pointer  (test for excess errors)
WARNING: libgomp.c++/loop-10.C  -O3 -fomit-frame-pointer  compilation failed to produce executable
FAIL: libgomp.c++/loop-10.C  -O3 -fomit-frame-pointer -funroll-loops  (test for excess errors)
WARNING: libgomp.c++/loop-10.C  -O3 -fomit-frame-pointer -funroll-loops  compilation failed to produce executable
FAIL: libgomp.c++/loop-10.C  -O3 -fomit-frame-pointer -funroll-all-loops -finline-functions  (test for excess errors)
WARNING: libgomp.c++/loop-10.C  -O3 -fomit-frame-pointer -funroll-all-loops -finline-functions  compilation failed to produce executable
FAIL: libgomp.c++/loop-10.C  -O3 -g  (test for excess errors)
WARNING: libgomp.c++/loop-10.C  -O3 -g  compilation failed to produce executable
FAIL: libgomp.c++/loop-10.C  -Os  (test for excess errors)
WARNING: libgomp.c++/loop-10.C  -Os  compilation failed to produce executable
FAIL: libgomp.c++/loop-11.C  -O  (test for excess errors)
WARNING: libgomp.c++/loop-11.C  -O  compilation failed to produce executable
FAIL: libgomp.c++/loop-12.C  -O0  (test for excess errors)
WARNING: libgomp.c++/loop-12.C  -O0  compilation failed to produce executable
FAIL: libgomp.c++/loop-12.C  -O1  (test for excess errors)
WARNING: libgomp.c++/loop-12.C  -O1  compilation failed to produce executable
FAIL: libgomp.c++/loop-12.C  -O2  (test for excess errors)
WARNING: libgomp.c++/loop-12.C  -O2  compilation failed to produce executable
FAIL: libgomp.c++/loop-12.C  -O3 -fomit-frame-pointer  (test for excess errors)
WARNING: libgomp.c++/loop-12.C  -O3 -fomit-frame-pointer  compilation failed to produce executable
FAIL: libgomp.c++/loop-12.C  -O3 -fomit-frame-pointer -funroll-loops  (test for excess errors)
WARNING: libgomp.c++/loop-12.C  -O3 -fomit-frame-pointer -funroll-loops  compilation failed to produce executable
FAIL: libgomp.c++/loop-12.C  -O3 -fomit-frame-pointer -funroll-all-loops -finline-functions  (test for excess errors)
WARNING: libgomp.c++/loop-12.C  -O3 -fomit-frame-pointer -funroll-all-loops -finline-functions  compilation failed to produce executable
FAIL: libgomp.c++/loop-12.C  -O3 -g  (test for excess errors)
WARNING: libgomp.c++/loop-12.C  -O3 -g  compilation failed to produce executable
FAIL: libgomp.c++/loop-12.C  -Os  (test for excess errors)
WARNING: libgomp.c++/loop-12.C  -Os  compilation failed to produce executable
FAIL: libgomp.c++/loop-8.C  -O  (test for excess errors)
WARNING: libgomp.c++/loop-8.C  -O  compilation failed to produce executable
FAIL: libgomp.c++/loop-9.C  -O0  (test for excess errors)
WARNING: libgomp.c++/loop-9.C  -O0  compilation failed to produce executable
FAIL: libgomp.c++/loop-9.C  -O1  (test for excess errors)
WARNING: libgomp.c++/loop-9.C  -O1  compilation failed to produce executable
FAIL: libgomp.c++/loop-9.C  -O2  (test for excess errors)
WARNING: libgomp.c++/loop-9.C  -O2  compilation failed to produce executable
FAIL: libgomp.c++/loop-9.C  -O3 -fomit-frame-pointer  (test for excess errors)
WARNING: libgomp.c++/loop-9.C  -O3 -fomit-frame-pointer  compilation failed to produce executable
FAIL: libgomp.c++/loop-9.C  -O3 -fomit-frame-pointer -funroll-loops  (test for excess errors)
WARNING: libgomp.c++/loop-9.C  -O3 -fomit-frame-pointer -funroll-loops  compilation failed to produce executable
FAIL: libgomp.c++/loop-9.C  -O3 -fomit-frame-pointer -funroll-all-loops -finline-functions  (test for excess errors)
WARNING: libgomp.c++/loop-9.C  -O3 -fomit-frame-pointer -funroll-all-loops -finline-functions  compilation failed to produce executable
FAIL: libgomp.c++/loop-9.C  -O3 -g  (test for excess errors)
WARNING: libgomp.c++/loop-9.C  -O3 -g  compilation failed to produce executable
FAIL: libgomp.c++/loop-9.C  -Os  (test for excess errors)
WARNING: libgomp.c++/loop-9.C  -Os  compilation failed to produce executable
FAIL: libgomp.c++/task-1.C  -O  (test for excess errors)
WARNING: libgomp.c++/task-1.C  -O  compilation failed to produce executable
FAIL: libgomp.c++/task-2.C  -O0  (test for excess errors)
WARNING: libgomp.c++/task-2.C  -O0  compilation failed to produce executable
FAIL: libgomp.c++/task-2.C  -O1  (test for excess errors)
WARNING: libgomp.c++/task-2.C  -O1  compilation failed to produce executable
FAIL: libgomp.c++/task-2.C  -O2  (test for excess errors)
WARNING: libgomp.c++/task-2.C  -O2  compilation failed to produce executable
FAIL: libgomp.c++/task-2.C  -O3 -fomit-frame-pointer  (test for excess errors)
WARNING: libgomp.c++/task-2.C  -O3 -fomit-frame-pointer  compilation failed to produce executable
FAIL: libgomp.c++/task-2.C  -O3 -fomit-frame-pointer -funroll-loops  (test for excess errors)
WARNING: libgomp.c++/task-2.C  -O3 -fomit-frame-pointer -funroll-loops  compilation failed to produce executable
FAIL: libgomp.c++/task-2.C  -O3 -fomit-frame-pointer -funroll-all-loops -finline-functions  (test for excess errors)
WARNING: libgomp.c++/task-2.C  -O3 -fomit-frame-pointer -funroll-all-loops -finline-functions  compilation failed to produce executable
FAIL: libgomp.c++/task-2.C  -O3 -g  (test for excess errors)
WARNING: libgomp.c++/task-2.C  -O3 -g  compilation failed to produce executable
FAIL: libgomp.c++/task-2.C  -Os  (test for excess errors)
WARNING: libgomp.c++/task-2.C  -Os  compilation failed to produce executable
FAIL: libgomp.c++/task-3.C  -O0  (test for excess errors)
WARNING: libgomp.c++/task-3.C  -O0  compilation failed to produce executable
FAIL: libgomp.c++/task-3.C  -O1  (test for excess errors)
WARNING: libgomp.c++/task-3.C  -O1  compilation failed to produce executable
FAIL: libgomp.c++/task-3.C  -O2  (test for excess errors)
WARNING: libgomp.c++/task-3.C  -O2  compilation failed to produce executable
FAIL: libgomp.c++/task-3.C  -O3 -fomit-frame-pointer  (test for excess errors)
WARNING: libgomp.c++/task-3.C  -O3 -fomit-frame-pointer  compilation failed to produce executable
FAIL: libgomp.c++/task-3.C  -O3 -fomit-frame-pointer -funroll-loops  (test for excess errors)
WARNING: libgomp.c++/task-3.C  -O3 -fomit-frame-pointer -funroll-loops  compilation failed to produce executable
FAIL: libgomp.c++/task-3.C  -O3 -fomit-frame-pointer -funroll-all-loops -finline-functions  (test for excess errors)
WARNING: libgomp.c++/task-3.C  -O3 -fomit-frame-pointer -funroll-all-loops -finline-functions  compilation failed to produce executable
FAIL: libgomp.c++/task-3.C  -O3 -g  (test for excess errors)
WARNING: libgomp.c++/task-3.C  -O3 -g  compilation failed to produce executable
FAIL: libgomp.c++/task-3.C  -Os  (test for excess errors)
WARNING: libgomp.c++/task-3.C  -Os  compilation failed to produce executable
FAIL: libgomp.c++/task-4.C  -O  (test for excess errors)
WARNING: libgomp.c++/task-4.C  -O  compilation failed to produce executable
FAIL: libgomp.c++/task-5.C  -O0  (test for excess errors)
WARNING: libgomp.c++/task-5.C  -O0  compilation failed to produce executable
FAIL: libgomp.c++/task-5.C  -O1  (test for excess errors)
WARNING: libgomp.c++/task-5.C  -O1  compilation failed to produce executable
FAIL: libgomp.c++/task-5.C  -O2  (test for excess errors)
WARNING: libgomp.c++/task-5.C  -O2  compilation failed to produce executable
FAIL: libgomp.c++/task-5.C  -O3 -fomit-frame-pointer  (test for excess errors)
WARNING: libgomp.c++/task-5.C  -O3 -fomit-frame-pointer  compilation failed to produce executable
FAIL: libgomp.c++/task-5.C  -O3 -fomit-frame-pointer -funroll-loops  (test for excess errors)
WARNING: libgomp.c++/task-5.C  -O3 -fomit-frame-pointer -funroll-loops  compilation failed to produce executable
FAIL: libgomp.c++/task-5.C  -O3 -fomit-frame-pointer -funroll-all-loops -finline-functions  (test for excess errors)
WARNING: libgomp.c++/task-5.C  -O3 -fomit-frame-pointer -funroll-all-loops -finline-functions  compilation failed to produce executable
FAIL: libgomp.c++/task-5.C  -O3 -g  (test for excess errors)
WARNING: libgomp.c++/task-5.C  -O3 -g  compilation failed to produce executable
FAIL: libgomp.c++/task-5.C  -Os  (test for excess errors)
WARNING: libgomp.c++/task-5.C  -Os  compilation failed to produce executable
FAIL: libgomp.c++/task-6.C  -O  (test for excess errors)
WARNING: libgomp.c++/task-6.C  -O  compilation failed to produce executable
FAIL: libgomp.c++/task-7.C  -O0  (test for excess errors)
WARNING: libgomp.c++/task-7.C  -O0  compilation failed to produce executable
FAIL: libgomp.c++/task-7.C  -O1  (test for excess errors)
WARNING: libgomp.c++/task-7.C  -O1  compilation failed to produce executable
FAIL: libgomp.c++/task-7.C  -O2  (test for excess errors)
WARNING: libgomp.c++/task-7.C  -O2  compilation failed to produce executable
FAIL: libgomp.c++/task-7.C  -O3 -fomit-frame-pointer  (test for excess errors)
WARNING: libgomp.c++/task-7.C  -O3 -fomit-frame-pointer  compilation failed to produce executable
FAIL: libgomp.c++/task-7.C  -O3 -fomit-frame-pointer -funroll-loops  (test for excess errors)
WARNING: libgomp.c++/task-7.C  -O3 -fomit-frame-pointer -funroll-loops  compilation failed to produce executable
FAIL: libgomp.c++/task-7.C  -O3 -fomit-frame-pointer -funroll-all-loops -finline-functions  (test for excess errors)
WARNING: libgomp.c++/task-7.C  -O3 -fomit-frame-pointer -funroll-all-loops -finline-functions  compilation failed to produce executable
FAIL: libgomp.c++/task-7.C  -O3 -g  (test for excess errors)
WARNING: libgomp.c++/task-7.C  -O3 -g  compilation failed to produce executable
FAIL: libgomp.c++/task-7.C  -Os  (test for excess errors)
WARNING: libgomp.c++/task-7.C  -Os  compilation failed to produce executable
FAIL: libgomp.fortran/allocatable1.f90  -O0  (test for excess errors)
WARNING: libgomp.fortran/allocatable1.f90  -O0  compilation failed to produce executable
FAIL: libgomp.fortran/allocatable1.f90  -O1  (test for excess errors)
WARNING: libgomp.fortran/allocatable1.f90  -O1  compilation failed to produce executable
FAIL: libgomp.fortran/allocatable1.f90  -O2  (test for excess errors)
WARNING: libgomp.fortran/allocatable1.f90  -O2  compilation failed to produce executable
FAIL: libgomp.fortran/allocatable1.f90  -O3 -fomit-frame-pointer  (test for excess errors)
WARNING: libgomp.fortran/allocatable1.f90  -O3 -fomit-frame-pointer  compilation failed to produce executable
FAIL: libgomp.fortran/allocatable1.f90  -O3 -fomit-frame-pointer -funroll-loops  (test for excess errors)
WARNING: libgomp.fortran/allocatable1.f90  -O3 -fomit-frame-pointer -funroll-loops  compilation failed to produce executable
FAIL: libgomp.fortran/allocatable1.f90  -O3 -fomit-frame-pointer -funroll-all-loops -finline-functions  (test for excess errors)
WARNING: libgomp.fortran/allocatable1.f90  -O3 -fomit-frame-pointer -funroll-all-loops -finline-functions  compilation failed to produce executable
FAIL: libgomp.fortran/allocatable1.f90  -O3 -g  (test for excess errors)
WARNING: libgomp.fortran/allocatable1.f90  -O3 -g  compilation failed to produce executable
FAIL: libgomp.fortran/allocatable1.f90  -Os  (test for excess errors)
WARNING: libgomp.fortran/allocatable1.f90  -Os  compilation failed to produce executable
FAIL: libgomp.fortran/allocatable2.f90  -O0  (test for excess errors)
WARNING: libgomp.fortran/allocatable2.f90  -O0  compilation failed to produce executable
FAIL: libgomp.fortran/allocatable2.f90  -O1  (test for excess errors)
WARNING: libgomp.fortran/allocatable2.f90  -O1  compilation failed to produce executable
FAIL: libgomp.fortran/allocatable2.f90  -O2  (test for excess errors)
WARNING: libgomp.fortran/allocatable2.f90  -O2  compilation failed to produce executable
FAIL: libgomp.fortran/allocatable2.f90  -O3 -fomit-frame-pointer  (test for excess errors)
WARNING: libgomp.fortran/allocatable2.f90  -O3 -fomit-frame-pointer  compilation failed to produce executable
FAIL: libgomp.fortran/allocatable2.f90  -O3 -fomit-frame-pointer -funroll-loops  (test for excess errors)
WARNING: libgomp.fortran/allocatable2.f90  -O3 -fomit-frame-pointer -funroll-loops  compilation failed to produce executable
FAIL: libgomp.fortran/allocatable2.f90  -O3 -fomit-frame-pointer -funroll-all-loops -finline-functions  (test for excess errors)
WARNING: libgomp.fortran/allocatable2.f90  -O3 -fomit-frame-pointer -funroll-all-loops -finline-functions  compilation failed to produce executable
FAIL: libgomp.fortran/allocatable2.f90  -O3 -g  (test for excess errors)
WARNING: libgomp.fortran/allocatable2.f90  -O3 -g  compilation failed to produce executable
FAIL: libgomp.fortran/allocatable2.f90  -Os  (test for excess errors)
WARNING: libgomp.fortran/allocatable2.f90  -Os  compilation failed to produce executable
FAIL: libgomp.fortran/allocatable4.f90  -O0  (test for excess errors)
WARNING: libgomp.fortran/allocatable4.f90  -O0  compilation failed to produce executable
FAIL: libgomp.fortran/allocatable4.f90  -O1  (test for excess errors)
WARNING: libgomp.fortran/allocatable4.f90  -O1  compilation failed to produce executable
FAIL: libgomp.fortran/allocatable4.f90  -O2  (test for excess errors)
WARNING: libgomp.fortran/allocatable4.f90  -O2  compilation failed to produce executable
FAIL: libgomp.fortran/allocatable4.f90  -O3 -fomit-frame-pointer  (test for excess errors)
WARNING: libgomp.fortran/allocatable4.f90  -O3 -fomit-frame-pointer  compilation failed to produce executable
FAIL: libgomp.fortran/allocatable4.f90  -O3 -fomit-frame-pointer -funroll-loops  (test for excess errors)
WARNING: libgomp.fortran/allocatable4.f90  -O3 -fomit-frame-pointer -funroll-loops  compilation failed to produce executable
FAIL: libgomp.fortran/allocatable4.f90  -O3 -fomit-frame-pointer -funroll-all-loops -finline-functions  (test for excess errors)
WARNING: libgomp.fortran/allocatable4.f90  -O3 -fomit-frame-pointer -funroll-all-loops -finline-functions  compilation failed to produce executable
FAIL: libgomp.fortran/allocatable4.f90  -O3 -g  (test for excess errors)
WARNING: libgomp.fortran/allocatable4.f90  -O3 -g  compilation failed to produce executable
FAIL: libgomp.fortran/allocatable4.f90  -Os  (test for excess errors)
WARNING: libgomp.fortran/allocatable4.f90  -Os  compilation failed to produce executable
FAIL: libgomp.fortran/appendix-a/a.33.3.f90  -O  (test for excess errors)
FAIL: libgomp.fortran/appendix-a/a.38.1.f90  -O  (test for excess errors)
FAIL: libgomp.fortran/appendix-a/a.39.1.f90  -O0  execution test
FAIL: libgomp.fortran/appendix-a/a.40.1.f90  -O  (test for excess errors)
FAIL: libgomp.fortran/character1.f90  -O0  (test for excess errors)
WARNING: libgomp.fortran/character1.f90  -O0  compilation failed to produce executable
FAIL: libgomp.fortran/character1.f90  -O1  (test for excess errors)
WARNING: libgomp.fortran/character1.f90  -O1  compilation failed to produce executable
FAIL: libgomp.fortran/character1.f90  -O2  (test for excess errors)
WARNING: libgomp.fortran/character1.f90  -O2  compilation failed to produce executable
FAIL: libgomp.fortran/character1.f90  -O3 -fomit-frame-pointer  (test for excess errors)
WARNING: libgomp.fortran/character1.f90  -O3 -fomit-frame-pointer  compilation failed to produce executable
FAIL: libgomp.fortran/character1.f90  -O3 -fomit-frame-pointer -funroll-loops  (test for excess errors)
WARNING: libgomp.fortran/character1.f90  -O3 -fomit-frame-pointer -funroll-loops  compilation failed to produce executable
FAIL: libgomp.fortran/character1.f90  -O3 -fomit-frame-pointer -funroll-all-loops -finline-functions  (test for excess errors)
WARNING: libgomp.fortran/character1.f90  -O3 -fomit-frame-pointer -funroll-all-loops -finline-functions  compilation failed to produce executable
FAIL: libgomp.fortran/character1.f90  -O3 -g  (test for excess errors)
WARNING: libgomp.fortran/character1.f90  -O3 -g  compilation failed to produce executable
FAIL: libgomp.fortran/character1.f90  -Os  (test for excess errors)
WARNING: libgomp.fortran/character1.f90  -Os  compilation failed to produce executable
FAIL: libgomp.fortran/character2.f90  -O0  (test for excess errors)
WARNING: libgomp.fortran/character2.f90  -O0  compilation failed to produce executable
FAIL: libgomp.fortran/character2.f90  -O1  (test for excess errors)
WARNING: libgomp.fortran/character2.f90  -O1  compilation failed to produce executable
FAIL: libgomp.fortran/character2.f90  -O2  (test for excess errors)
WARNING: libgomp.fortran/character2.f90  -O2  compilation failed to produce executable
FAIL: libgomp.fortran/character2.f90  -O3 -fomit-frame-pointer  (test for excess errors)
WARNING: libgomp.fortran/character2.f90  -O3 -fomit-frame-pointer  compilation failed to produce executable
FAIL: libgomp.fortran/character2.f90  -O3 -fomit-frame-pointer -funroll-loops  (test for excess errors)
WARNING: libgomp.fortran/character2.f90  -O3 -fomit-frame-pointer -funroll-loops  compilation failed to produce executable
FAIL: libgomp.fortran/character2.f90  -O3 -fomit-frame-pointer -funroll-all-loops -finline-functions  (test for excess errors)
WARNING: libgomp.fortran/character2.f90  -O3 -fomit-frame-pointer -funroll-all-loops -finline-functions  compilation failed to produce executable
FAIL: libgomp.fortran/character2.f90  -O3 -g  (test for excess errors)
WARNING: libgomp.fortran/character2.f90  -O3 -g  compilation failed to produce executable
FAIL: libgomp.fortran/character2.f90  -Os  (test for excess errors)
WARNING: libgomp.fortran/character2.f90  -Os  compilation failed to produce executable
FAIL: libgomp.fortran/crayptr1.f90  -O0  (test for excess errors)
WARNING: libgomp.fortran/crayptr1.f90  -O0  compilation failed to produce executable
FAIL: libgomp.fortran/crayptr1.f90  -O1  (test for excess errors)
WARNING: libgomp.fortran/crayptr1.f90  -O1  compilation failed to produce executable
FAIL: libgomp.fortran/crayptr1.f90  -O2  (test for excess errors)
WARNING: libgomp.fortran/crayptr1.f90  -O2  compilation failed to produce executable
FAIL: libgomp.fortran/crayptr1.f90  -O3 -fomit-frame-pointer  (test for excess errors)
WARNING: libgomp.fortran/crayptr1.f90  -O3 -fomit-frame-pointer  compilation failed to produce executable
FAIL: libgomp.fortran/crayptr1.f90  -O3 -fomit-frame-pointer -funroll-loops  (test for excess errors)
WARNING: libgomp.fortran/crayptr1.f90  -O3 -fomit-frame-pointer -funroll-loops  compilation failed to produce executable
FAIL: libgomp.fortran/crayptr1.f90  -O3 -fomit-frame-pointer -funroll-all-loops -finline-functions  (test for excess errors)
WARNING: libgomp.fortran/crayptr1.f90  -O3 -fomit-frame-pointer -funroll-all-loops -finline-functions  compilation failed to produce executable
FAIL: libgomp.fortran/crayptr1.f90  -O3 -g  (test for excess errors)
WARNING: libgomp.fortran/crayptr1.f90  -O3 -g  compilation failed to produce executable
FAIL: libgomp.fortran/crayptr1.f90  -Os  (test for excess errors)
WARNING: libgomp.fortran/crayptr1.f90  -Os  compilation failed to produce executable
FAIL: libgomp.fortran/crayptr2.f90  -O0  (test for excess errors)
WARNING: libgomp.fortran/crayptr2.f90  -O0  compilation failed to produce executable
FAIL: libgomp.fortran/crayptr2.f90  -O1  (test for excess errors)
WARNING: libgomp.fortran/crayptr2.f90  -O1  compilation failed to produce executable
FAIL: libgomp.fortran/crayptr2.f90  -O2  (test for excess errors)
WARNING: libgomp.fortran/crayptr2.f90  -O2  compilation failed to produce executable
FAIL: libgomp.fortran/crayptr2.f90  -O3 -fomit-frame-pointer  (test for excess errors)
WARNING: libgomp.fortran/crayptr2.f90  -O3 -fomit-frame-pointer  compilation failed to produce executable
FAIL: libgomp.fortran/crayptr2.f90  -O3 -fomit-frame-pointer -funroll-loops  (test for excess errors)
WARNING: libgomp.fortran/crayptr2.f90  -O3 -fomit-frame-pointer -funroll-loops  compilation failed to produce executable
FAIL: libgomp.fortran/crayptr2.f90  -O3 -fomit-frame-pointer -funroll-all-loops -finline-functions  (test for excess errors)
WARNING: libgomp.fortran/crayptr2.f90  -O3 -fomit-frame-pointer -funroll-all-loops -finline-functions  compilation failed to produce executable
FAIL: libgomp.fortran/crayptr2.f90  -O3 -g  (test for excess errors)
WARNING: libgomp.fortran/crayptr2.f90  -O3 -g  compilation failed to produce executable
FAIL: libgomp.fortran/crayptr2.f90  -Os  (test for excess errors)
WARNING: libgomp.fortran/crayptr2.f90  -Os  compilation failed to produce executable
FAIL: libgomp.fortran/lib1.f90  -O0  (test for excess errors)
WARNING: libgomp.fortran/lib1.f90  -O0  compilation failed to produce executable
FAIL: libgomp.fortran/lib1.f90  -O1  (test for excess errors)
WARNING: libgomp.fortran/lib1.f90  -O1  compilation failed to produce executable
FAIL: libgomp.fortran/lib1.f90  -O2  (test for excess errors)
WARNING: libgomp.fortran/lib1.f90  -O2  compilation failed to produce executable
FAIL: libgomp.fortran/lib1.f90  -O3 -fomit-frame-pointer  (test for excess errors)
WARNING: libgomp.fortran/lib1.f90  -O3 -fomit-frame-pointer  compilation failed to produce executable
FAIL: libgomp.fortran/lib1.f90  -O3 -fomit-frame-pointer -funroll-loops  (test for excess errors)
WARNING: libgomp.fortran/lib1.f90  -O3 -fomit-frame-pointer -funroll-loops  compilation failed to produce executable
FAIL: libgomp.fortran/lib1.f90  -O3 -fomit-frame-pointer -funroll-all-loops -finline-functions  (test for excess errors)
WARNING: libgomp.fortran/lib1.f90  -O3 -fomit-frame-pointer -funroll-all-loops -finline-functions  compilation failed to produce executable
FAIL: libgomp.fortran/lib1.f90  -O3 -g  (test for excess errors)
WARNING: libgomp.fortran/lib1.f90  -O3 -g  compilation failed to produce executable
FAIL: libgomp.fortran/lib1.f90  -Os  (test for excess errors)
WARNING: libgomp.fortran/lib1.f90  -Os  compilation failed to produce executable
FAIL: libgomp.fortran/lib2.f  -O0  (test for excess errors)
WARNING: libgomp.fortran/lib2.f  -O0  compilation failed to produce executable
FAIL: libgomp.fortran/lib2.f  -O1  (test for excess errors)
WARNING: libgomp.fortran/lib2.f  -O1  compilation failed to produce executable
FAIL: libgomp.fortran/lib2.f  -O2  (test for excess errors)
WARNING: libgomp.fortran/lib2.f  -O2  compilation failed to produce executable
FAIL: libgomp.fortran/lib2.f  -O3 -fomit-frame-pointer  (test for excess errors)
WARNING: libgomp.fortran/lib2.f  -O3 -fomit-frame-pointer  compilation failed to produce executable
FAIL: libgomp.fortran/lib2.f  -O3 -fomit-frame-pointer -funroll-loops  (test for excess errors)
WARNING: libgomp.fortran/lib2.f  -O3 -fomit-frame-pointer -funroll-loops  compilation failed to produce executable
FAIL: libgomp.fortran/lib2.f  -O3 -fomit-frame-pointer -funroll-all-loops -finline-functions  (test for excess errors)
WARNING: libgomp.fortran/lib2.f  -O3 -fomit-frame-pointer -funroll-all-loops -finline-functions  compilation failed to produce executable
FAIL: libgomp.fortran/lib2.f  -O3 -g  (test for excess errors)
WARNING: libgomp.fortran/lib2.f  -O3 -g  compilation failed to produce executable
FAIL: libgomp.fortran/lib2.f  -Os  (test for excess errors)
WARNING: libgomp.fortran/lib2.f  -Os  compilation failed to produce executable
FAIL: libgomp.fortran/lib4.f90  -O0  (test for excess errors)
WARNING: libgomp.fortran/lib4.f90  -O0  compilation failed to produce executable
FAIL: libgomp.fortran/lib4.f90  -O1  (test for excess errors)
WARNING: libgomp.fortran/lib4.f90  -O1  compilation failed to produce executable
FAIL: libgomp.fortran/lib4.f90  -O2  (test for excess errors)
WARNING: libgomp.fortran/lib4.f90  -O2  compilation failed to produce executable
FAIL: libgomp.fortran/lib4.f90  -O3 -fomit-frame-pointer  (test for excess errors)
WARNING: libgomp.fortran/lib4.f90  -O3 -fomit-frame-pointer  compilation failed to produce executable
FAIL: libgomp.fortran/lib4.f90  -O3 -fomit-frame-pointer -funroll-loops  (test for excess errors)
WARNING: libgomp.fortran/lib4.f90  -O3 -fomit-frame-pointer -funroll-loops  compilation failed to produce executable
FAIL: libgomp.fortran/lib4.f90  -O3 -fomit-frame-pointer -funroll-all-loops -finline-functions  (test for excess errors)
WARNING: libgomp.fortran/lib4.f90  -O3 -fomit-frame-pointer -funroll-all-loops -finline-functions  compilation failed to produce executable
FAIL: libgomp.fortran/lib4.f90  -O3 -g  (test for excess errors)
WARNING: libgomp.fortran/lib4.f90  -O3 -g  compilation failed to produce executable
FAIL: libgomp.fortran/lib4.f90  -Os  (test for excess errors)
WARNING: libgomp.fortran/lib4.f90  -Os  compilation failed to produce executable
FAIL: libgomp.fortran/lock-1.f90  -O0  (test for excess errors)
WARNING: libgomp.fortran/lock-1.f90  -O0  compilation failed to produce executable
FAIL: libgomp.fortran/lock-1.f90  -O1  (test for excess errors)
WARNING: libgomp.fortran/lock-1.f90  -O1  compilation failed to produce executable
FAIL: libgomp.fortran/lock-1.f90  -O2  (test for excess errors)
WARNING: libgomp.fortran/lock-1.f90  -O2  compilation failed to produce executable
FAIL: libgomp.fortran/lock-1.f90  -O3 -fomit-frame-pointer  (test for excess errors)
WARNING: libgomp.fortran/lock-1.f90  -O3 -fomit-frame-pointer  compilation failed to produce executable
FAIL: libgomp.fortran/lock-1.f90  -O3 -fomit-frame-pointer -funroll-loops  (test for excess errors)
WARNING: libgomp.fortran/lock-1.f90  -O3 -fomit-frame-pointer -funroll-loops  compilation failed to produce executable
FAIL: libgomp.fortran/lock-1.f90  -O3 -fomit-frame-pointer -funroll-all-loops -finline-functions  (test for excess errors)
WARNING: libgomp.fortran/lock-1.f90  -O3 -fomit-frame-pointer -funroll-all-loops -finline-functions  compilation failed to produce executable
FAIL: libgomp.fortran/lock-1.f90  -O3 -g  (test for excess errors)
WARNING: libgomp.fortran/lock-1.f90  -O3 -g  compilation failed to produce executable
FAIL: libgomp.fortran/lock-1.f90  -Os  (test for excess errors)
WARNING: libgomp.fortran/lock-1.f90  -Os  compilation failed to produce executable
FAIL: libgomp.fortran/lock-2.f90  -O0  (test for excess errors)
WARNING: libgomp.fortran/lock-2.f90  -O0  compilation failed to produce executable
FAIL: libgomp.fortran/lock-2.f90  -O1  (test for excess errors)
WARNING: libgomp.fortran/lock-2.f90  -O1  compilation failed to produce executable
FAIL: libgomp.fortran/lock-2.f90  -O2  (test for excess errors)
WARNING: libgomp.fortran/lock-2.f90  -O2  compilation failed to produce executable
FAIL: libgomp.fortran/lock-2.f90  -O3 -fomit-frame-pointer  (test for excess errors)
WARNING: libgomp.fortran/lock-2.f90  -O3 -fomit-frame-pointer  compilation failed to produce executable
FAIL: libgomp.fortran/lock-2.f90  -O3 -fomit-frame-pointer -funroll-loops  (test for excess errors)
WARNING: libgomp.fortran/lock-2.f90  -O3 -fomit-frame-pointer -funroll-loops  compilation failed to produce executable
FAIL: libgomp.fortran/lock-2.f90  -O3 -fomit-frame-pointer -funroll-all-loops -finline-functions  (test for excess errors)
WARNING: libgomp.fortran/lock-2.f90  -O3 -fomit-frame-pointer -funroll-all-loops -finline-functions  compilation failed to produce executable
FAIL: libgomp.fortran/lock-2.f90  -O3 -g  (test for excess errors)
WARNING: libgomp.fortran/lock-2.f90  -O3 -g  compilation failed to produce executable
FAIL: libgomp.fortran/lock-2.f90  -Os  (test for excess errors)
WARNING: libgomp.fortran/lock-2.f90  -Os  compilation failed to produce executable
FAIL: libgomp.fortran/nested1.f90  -O0  (test for excess errors)
WARNING: libgomp.fortran/nested1.f90  -O0  compilation failed to produce executable
FAIL: libgomp.fortran/nested1.f90  -O1  (test for excess errors)
WARNING: libgomp.fortran/nested1.f90  -O1  compilation failed to produce executable
FAIL: libgomp.fortran/nested1.f90  -O2  (test for excess errors)
WARNING: libgomp.fortran/nested1.f90  -O2  compilation failed to produce executable
FAIL: libgomp.fortran/nested1.f90  -O3 -fomit-frame-pointer  (test for excess errors)
WARNING: libgomp.fortran/nested1.f90  -O3 -fomit-frame-pointer  compilation failed to produce executable
FAIL: libgomp.fortran/nested1.f90  -O3 -fomit-frame-pointer -funroll-loops  (test for excess errors)
WARNING: libgomp.fortran/nested1.f90  -O3 -fomit-frame-pointer -funroll-loops  compilation failed to produce executable
FAIL: libgomp.fortran/nested1.f90  -O3 -fomit-frame-pointer -funroll-all-loops -finline-functions  (test for excess errors)
WARNING: libgomp.fortran/nested1.f90  -O3 -fomit-frame-pointer -funroll-all-loops -finline-functions  compilation failed to produce executable
FAIL: libgomp.fortran/nested1.f90  -O3 -g  (test for excess errors)
WARNING: libgomp.fortran/nested1.f90  -O3 -g  compilation failed to produce executable
FAIL: libgomp.fortran/nested1.f90  -Os  (test for excess errors)
WARNING: libgomp.fortran/nested1.f90  -Os  compilation failed to produce executable
FAIL: libgomp.fortran/nestedfn1.f90  -O0  (test for excess errors)
WARNING: libgomp.fortran/nestedfn1.f90  -O0  compilation failed to produce executable
FAIL: libgomp.fortran/nestedfn1.f90  -O1  (test for excess errors)
WARNING: libgomp.fortran/nestedfn1.f90  -O1  compilation failed to produce executable
FAIL: libgomp.fortran/nestedfn1.f90  -O2  (test for excess errors)
WARNING: libgomp.fortran/nestedfn1.f90  -O2  compilation failed to produce executable
FAIL: libgomp.fortran/nestedfn1.f90  -O3 -fomit-frame-pointer  (test for excess errors)
WARNING: libgomp.fortran/nestedfn1.f90  -O3 -fomit-frame-pointer  compilation failed to produce executable
FAIL: libgomp.fortran/nestedfn1.f90  -O3 -fomit-frame-pointer -funroll-loops  (test for excess errors)
WARNING: libgomp.fortran/nestedfn1.f90  -O3 -fomit-frame-pointer -funroll-loops  compilation failed to produce executable
FAIL: libgomp.fortran/nestedfn1.f90  -O3 -fomit-frame-pointer -funroll-all-loops -finline-functions  (test for excess errors)
WARNING: libgomp.fortran/nestedfn1.f90  -O3 -fomit-frame-pointer -funroll-all-loops -finline-functions  compilation failed to produce executable
FAIL: libgomp.fortran/nestedfn1.f90  -O3 -g  (test for excess errors)
WARNING: libgomp.fortran/nestedfn1.f90  -O3 -g  compilation failed to produce executable
FAIL: libgomp.fortran/nestedfn1.f90  -Os  (test for excess errors)
WARNING: libgomp.fortran/nestedfn1.f90  -Os  compilation failed to produce executable
FAIL: libgomp.fortran/nestedfn2.f90  -O0  (test for excess errors)
WARNING: libgomp.fortran/nestedfn2.f90  -O0  compilation failed to produce executable
FAIL: libgomp.fortran/nestedfn2.f90  -O1  (test for excess errors)
WARNING: libgomp.fortran/nestedfn2.f90  -O1  compilation failed to produce executable
FAIL: libgomp.fortran/nestedfn2.f90  -O2  (test for excess errors)
WARNING: libgomp.fortran/nestedfn2.f90  -O2  compilation failed to produce executable
FAIL: libgomp.fortran/nestedfn2.f90  -O3 -fomit-frame-pointer  (test for excess errors)
WARNING: libgomp.fortran/nestedfn2.f90  -O3 -fomit-frame-pointer  compilation failed to produce executable
FAIL: libgomp.fortran/nestedfn2.f90  -O3 -fomit-frame-pointer -funroll-loops  (test for excess errors)
WARNING: libgomp.fortran/nestedfn2.f90  -O3 -fomit-frame-pointer -funroll-loops  compilation failed to produce executable
FAIL: libgomp.fortran/nestedfn2.f90  -O3 -fomit-frame-pointer -funroll-all-loops -finline-functions  (test for excess errors)
WARNING: libgomp.fortran/nestedfn2.f90  -O3 -fomit-frame-pointer -funroll-all-loops -finline-functions  compilation failed to produce executable
FAIL: libgomp.fortran/nestedfn2.f90  -O3 -g  (test for excess errors)
WARNING: libgomp.fortran/nestedfn2.f90  -O3 -g  compilation failed to produce executable
FAIL: libgomp.fortran/nestedfn2.f90  -Os  (test for excess errors)
WARNING: libgomp.fortran/nestedfn2.f90  -Os  compilation failed to produce executable
FAIL: libgomp.fortran/nestedfn3.f90  -O0  (test for excess errors)
WARNING: libgomp.fortran/nestedfn3.f90  -O0  compilation failed to produce executable
FAIL: libgomp.fortran/nestedfn3.f90  -O1  (test for excess errors)
WARNING: libgomp.fortran/nestedfn3.f90  -O1  compilation failed to produce executable
FAIL: libgomp.fortran/nestedfn3.f90  -O2  (test for excess errors)
WARNING: libgomp.fortran/nestedfn3.f90  -O2  compilation failed to produce executable
FAIL: libgomp.fortran/nestedfn3.f90  -O3 -fomit-frame-pointer  (test for excess errors)
WARNING: libgomp.fortran/nestedfn3.f90  -O3 -fomit-frame-pointer  compilation failed to produce executable
FAIL: libgomp.fortran/nestedfn3.f90  -O3 -fomit-frame-pointer -funroll-loops  (test for excess errors)
WARNING: libgomp.fortran/nestedfn3.f90  -O3 -fomit-frame-pointer -funroll-loops  compilation failed to produce executable
FAIL: libgomp.fortran/nestedfn3.f90  -O3 -fomit-frame-pointer -funroll-all-loops -finline-functions  (test for excess errors)
WARNING: libgomp.fortran/nestedfn3.f90  -O3 -fomit-frame-pointer -funroll-all-loops -finline-functions  compilation failed to produce executable
FAIL: libgomp.fortran/nestedfn3.f90  -O3 -g  (test for excess errors)
WARNING: libgomp.fortran/nestedfn3.f90  -O3 -g  compilation failed to produce executable
FAIL: libgomp.fortran/nestedfn3.f90  -Os  (test for excess errors)
WARNING: libgomp.fortran/nestedfn3.f90  -Os  compilation failed to produce executable
FAIL: libgomp.fortran/omp_parse1.f90  -O0  (test for excess errors)
WARNING: libgomp.fortran/omp_parse1.f90  -O0  compilation failed to produce executable
FAIL: libgomp.fortran/omp_parse1.f90  -O1  (test for excess errors)
WARNING: libgomp.fortran/omp_parse1.f90  -O1  compilation failed to produce executable
FAIL: libgomp.fortran/omp_parse1.f90  -O2  (test for excess errors)
WARNING: libgomp.fortran/omp_parse1.f90  -O2  compilation failed to produce executable
FAIL: libgomp.fortran/omp_parse1.f90  -O3 -fomit-frame-pointer  (test for excess errors)
WARNING: libgomp.fortran/omp_parse1.f90  -O3 -fomit-frame-pointer  compilation failed to produce executable
FAIL: libgomp.fortran/omp_parse1.f90  -O3 -fomit-frame-pointer -funroll-loops  (test for excess errors)
WARNING: libgomp.fortran/omp_parse1.f90  -O3 -fomit-frame-pointer -funroll-loops  compilation failed to produce executable
FAIL: libgomp.fortran/omp_parse1.f90  -O3 -fomit-frame-pointer -funroll-all-loops -finline-functions  (test for excess errors)
WARNING: libgomp.fortran/omp_parse1.f90  -O3 -fomit-frame-pointer -funroll-all-loops -finline-functions  compilation failed to produce executable
FAIL: libgomp.fortran/omp_parse1.f90  -O3 -g  (test for excess errors)
WARNING: libgomp.fortran/omp_parse1.f90  -O3 -g  compilation failed to produce executable
FAIL: libgomp.fortran/omp_parse1.f90  -Os  (test for excess errors)
WARNING: libgomp.fortran/omp_parse1.f90  -Os  compilation failed to produce executable
FAIL: libgomp.fortran/omp_parse2.f90  -O0  (test for excess errors)
WARNING: libgomp.fortran/omp_parse2.f90  -O0  compilation failed to produce executable
FAIL: libgomp.fortran/omp_parse2.f90  -O1  (test for excess errors)
WARNING: libgomp.fortran/omp_parse2.f90  -O1  compilation failed to produce executable
FAIL: libgomp.fortran/omp_parse2.f90  -O2  (test for excess errors)
WARNING: libgomp.fortran/omp_parse2.f90  -O2  compilation failed to produce executable
FAIL: libgomp.fortran/omp_parse2.f90  -O3 -fomit-frame-pointer  (test for excess errors)
WARNING: libgomp.fortran/omp_parse2.f90  -O3 -fomit-frame-pointer  compilation failed to produce executable
FAIL: libgomp.fortran/omp_parse2.f90  -O3 -fomit-frame-pointer -funroll-loops  (test for excess errors)
WARNING: libgomp.fortran/omp_parse2.f90  -O3 -fomit-frame-pointer -funroll-loops  compilation failed to produce executable
FAIL: libgomp.fortran/omp_parse2.f90  -O3 -fomit-frame-pointer -funroll-all-loops -finline-functions  (test for excess errors)
WARNING: libgomp.fortran/omp_parse2.f90  -O3 -fomit-frame-pointer -funroll-all-loops -finline-functions  compilation failed to produce executable
FAIL: libgomp.fortran/omp_parse2.f90  -O3 -g  (test for excess errors)
WARNING: libgomp.fortran/omp_parse2.f90  -O3 -g  compilation failed to produce executable
FAIL: libgomp.fortran/omp_parse2.f90  -Os  (test for excess errors)
WARNING: libgomp.fortran/omp_parse2.f90  -Os  compilation failed to produce executable
FAIL: libgomp.fortran/omp_parse3.f90  -O0  (test for excess errors)
WARNING: libgomp.fortran/omp_parse3.f90  -O0  compilation failed to produce executable
FAIL: libgomp.fortran/omp_parse3.f90  -O1  (test for excess errors)
WARNING: libgomp.fortran/omp_parse3.f90  -O1  compilation failed to produce executable
FAIL: libgomp.fortran/omp_parse3.f90  -O2  (test for excess errors)
WARNING: libgomp.fortran/omp_parse3.f90  -O2  compilation failed to produce executable
FAIL: libgomp.fortran/omp_parse3.f90  -O3 -fomit-frame-pointer  (test for excess errors)
WARNING: libgomp.fortran/omp_parse3.f90  -O3 -fomit-frame-pointer  compilation failed to produce executable
FAIL: libgomp.fortran/omp_parse3.f90  -O3 -fomit-frame-pointer -funroll-loops  (test for excess errors)
WARNING: libgomp.fortran/omp_parse3.f90  -O3 -fomit-frame-pointer -funroll-loops  compilation failed to produce executable
FAIL: libgomp.fortran/omp_parse3.f90  -O3 -fomit-frame-pointer -funroll-all-loops -finline-functions  (test for excess errors)
WARNING: libgomp.fortran/omp_parse3.f90  -O3 -fomit-frame-pointer -funroll-all-loops -finline-functions  compilation failed to produce executable
FAIL: libgomp.fortran/omp_parse3.f90  -O3 -g  (test for excess errors)
WARNING: libgomp.fortran/omp_parse3.f90  -O3 -g  compilation failed to produce executable
FAIL: libgomp.fortran/omp_parse3.f90  -Os  (test for excess errors)
WARNING: libgomp.fortran/omp_parse3.f90  -Os  compilation failed to produce executable
FAIL: libgomp.fortran/omp_parse4.f90  -O0  (test for excess errors)
WARNING: libgomp.fortran/omp_parse4.f90  -O0  compilation failed to produce executable
FAIL: libgomp.fortran/omp_parse4.f90  -O1  (test for excess errors)
WARNING: libgomp.fortran/omp_parse4.f90  -O1  compilation failed to produce executable
FAIL: libgomp.fortran/omp_parse4.f90  -O2  (test for excess errors)
WARNING: libgomp.fortran/omp_parse4.f90  -O2  compilation failed to produce executable
FAIL: libgomp.fortran/omp_parse4.f90  -O3 -fomit-frame-pointer  (test for excess errors)
WARNING: libgomp.fortran/omp_parse4.f90  -O3 -fomit-frame-pointer  compilation failed to produce executable
FAIL: libgomp.fortran/omp_parse4.f90  -O3 -fomit-frame-pointer -funroll-loops  (test for excess errors)
WARNING: libgomp.fortran/omp_parse4.f90  -O3 -fomit-frame-pointer -funroll-loops  compilation failed to produce executable
FAIL: libgomp.fortran/omp_parse4.f90  -O3 -fomit-frame-pointer -funroll-all-loops -finline-functions  (test for excess errors)
WARNING: libgomp.fortran/omp_parse4.f90  -O3 -fomit-frame-pointer -funroll-all-loops -finline-functions  compilation failed to produce executable
FAIL: libgomp.fortran/omp_parse4.f90  -O3 -g  (test for excess errors)
WARNING: libgomp.fortran/omp_parse4.f90  -O3 -g  compilation failed to produce executable
FAIL: libgomp.fortran/omp_parse4.f90  -Os  (test for excess errors)
WARNING: libgomp.fortran/omp_parse4.f90  -Os  compilation failed to produce executable
FAIL: libgomp.fortran/pr27395-1.f90  -O0  (test for excess errors)
WARNING: libgomp.fortran/pr27395-1.f90  -O0  compilation failed to produce executable
FAIL: libgomp.fortran/pr27395-1.f90  -O1  (test for excess errors)
WARNING: libgomp.fortran/pr27395-1.f90  -O1  compilation failed to produce executable
FAIL: libgomp.fortran/pr27395-1.f90  -O2  (test for excess errors)
WARNING: libgomp.fortran/pr27395-1.f90  -O2  compilation failed to produce executable
FAIL: libgomp.fortran/pr27395-1.f90  -O3 -fomit-frame-pointer  (test for excess errors)
WARNING: libgomp.fortran/pr27395-1.f90  -O3 -fomit-frame-pointer  compilation failed to produce executable
FAIL: libgomp.fortran/pr27395-1.f90  -O3 -fomit-frame-pointer -funroll-loops  (test for excess errors)
WARNING: libgomp.fortran/pr27395-1.f90  -O3 -fomit-frame-pointer -funroll-loops  compilation failed to produce executable
FAIL: libgomp.fortran/pr27395-1.f90  -O3 -fomit-frame-pointer -funroll-all-loops -finline-functions  (test for excess errors)
WARNING: libgomp.fortran/pr27395-1.f90  -O3 -fomit-frame-pointer -funroll-all-loops -finline-functions  compilation failed to produce executable
FAIL: libgomp.fortran/pr27395-1.f90  -O3 -g  (test for excess errors)
WARNING: libgomp.fortran/pr27395-1.f90  -O3 -g  compilation failed to produce executable
FAIL: libgomp.fortran/pr27395-1.f90  -Os  (test for excess errors)
WARNING: libgomp.fortran/pr27395-1.f90  -Os  compilation failed to produce executable
FAIL: libgomp.fortran/pr27395-2.f90  -O0  (test for excess errors)
WARNING: libgomp.fortran/pr27395-2.f90  -O0  compilation failed to produce executable
FAIL: libgomp.fortran/pr27395-2.f90  -O1  (test for excess errors)
WARNING: libgomp.fortran/pr27395-2.f90  -O1  compilation failed to produce executable
FAIL: libgomp.fortran/pr27395-2.f90  -O2  (test for excess errors)
WARNING: libgomp.fortran/pr27395-2.f90  -O2  compilation failed to produce executable
FAIL: libgomp.fortran/pr27395-2.f90  -O3 -fomit-frame-pointer  (test for excess errors)
WARNING: libgomp.fortran/pr27395-2.f90  -O3 -fomit-frame-pointer  compilation failed to produce executable
FAIL: libgomp.fortran/pr27395-2.f90  -O3 -fomit-frame-pointer -funroll-loops  (test for excess errors)
WARNING: libgomp.fortran/pr27395-2.f90  -O3 -fomit-frame-pointer -funroll-loops  compilation failed to produce executable
FAIL: libgomp.fortran/pr27395-2.f90  -O3 -fomit-frame-pointer -funroll-all-loops -finline-functions  (test for excess errors)
WARNING: libgomp.fortran/pr27395-2.f90  -O3 -fomit-frame-pointer -funroll-all-loops -finline-functions  compilation failed to produce executable
FAIL: libgomp.fortran/pr27395-2.f90  -O3 -g  (test for excess errors)
WARNING: libgomp.fortran/pr27395-2.f90  -O3 -g  compilation failed to produce executable
FAIL: libgomp.fortran/pr27395-2.f90  -Os  (test for excess errors)
WARNING: libgomp.fortran/pr27395-2.f90  -Os  compilation failed to produce executable
FAIL: libgomp.fortran/pr32359.f90  -O  (test for excess errors)
FAIL: libgomp.fortran/reduction1.f90  -O0  (test for excess errors)
WARNING: libgomp.fortran/reduction1.f90  -O0  compilation failed to produce executable
FAIL: libgomp.fortran/reduction1.f90  -O1  (test for excess errors)
WARNING: libgomp.fortran/reduction1.f90  -O1  compilation failed to produce executable
FAIL: libgomp.fortran/reduction1.f90  -O2  (test for excess errors)
WARNING: libgomp.fortran/reduction1.f90  -O2  compilation failed to produce executable
FAIL: libgomp.fortran/reduction1.f90  -O3 -fomit-frame-pointer  (test for excess errors)
WARNING: libgomp.fortran/reduction1.f90  -O3 -fomit-frame-pointer  compilation failed to produce executable
FAIL: libgomp.fortran/reduction1.f90  -O3 -fomit-frame-pointer -funroll-loops  (test for excess errors)
WARNING: libgomp.fortran/reduction1.f90  -O3 -fomit-frame-pointer -funroll-loops  compilation failed to produce executable
FAIL: libgomp.fortran/reduction1.f90  -O3 -fomit-frame-pointer -funroll-all-loops -finline-functions  (test for excess errors)
WARNING: libgomp.fortran/reduction1.f90  -O3 -fomit-frame-pointer -funroll-all-loops -finline-functions  compilation failed to produce executable
FAIL: libgomp.fortran/reduction1.f90  -O3 -g  (test for excess errors)
WARNING: libgomp.fortran/reduction1.f90  -O3 -g  compilation failed to produce executable
FAIL: libgomp.fortran/reduction1.f90  -Os  (test for excess errors)
WARNING: libgomp.fortran/reduction1.f90  -Os  compilation failed to produce executable
FAIL: libgomp.fortran/reduction2.f90  -O0  (test for excess errors)
WARNING: libgomp.fortran/reduction2.f90  -O0  compilation failed to produce executable
FAIL: libgomp.fortran/reduction2.f90  -O1  (test for excess errors)
WARNING: libgomp.fortran/reduction2.f90  -O1  compilation failed to produce executable
FAIL: libgomp.fortran/reduction2.f90  -O2  (test for excess errors)
WARNING: libgomp.fortran/reduction2.f90  -O2  compilation failed to produce executable
FAIL: libgomp.fortran/reduction2.f90  -O3 -fomit-frame-pointer  (test for excess errors)
WARNING: libgomp.fortran/reduction2.f90  -O3 -fomit-frame-pointer  compilation failed to produce executable
FAIL: libgomp.fortran/reduction2.f90  -O3 -fomit-frame-pointer -funroll-loops  (test for excess errors)
WARNING: libgomp.fortran/reduction2.f90  -O3 -fomit-frame-pointer -funroll-loops  compilation failed to produce executable
FAIL: libgomp.fortran/reduction2.f90  -O3 -fomit-frame-pointer -funroll-all-loops -finline-functions  (test for excess errors)
WARNING: libgomp.fortran/reduction2.f90  -O3 -fomit-frame-pointer -funroll-all-loops -finline-functions  compilation failed to produce executable
FAIL: libgomp.fortran/reduction2.f90  -O3 -g  (test for excess errors)
WARNING: libgomp.fortran/reduction2.f90  -O3 -g  compilation failed to produce executable
FAIL: libgomp.fortran/reduction2.f90  -Os  (test for excess errors)
WARNING: libgomp.fortran/reduction2.f90  -Os  compilation failed to produce executable
FAIL: libgomp.fortran/reduction3.f90  -O0  (test for excess errors)
WARNING: libgomp.fortran/reduction3.f90  -O0  compilation failed to produce executable
FAIL: libgomp.fortran/reduction3.f90  -O1  (test for excess errors)
WARNING: libgomp.fortran/reduction3.f90  -O1  compilation failed to produce executable
FAIL: libgomp.fortran/reduction3.f90  -O2  (test for excess errors)
WARNING: libgomp.fortran/reduction3.f90  -O2  compilation failed to produce executable
FAIL: libgomp.fortran/reduction3.f90  -O3 -fomit-frame-pointer  (test for excess errors)
WARNING: libgomp.fortran/reduction3.f90  -O3 -fomit-frame-pointer  compilation failed to produce executable
FAIL: libgomp.fortran/reduction3.f90  -O3 -fomit-frame-pointer -funroll-loops  (test for excess errors)
WARNING: libgomp.fortran/reduction3.f90  -O3 -fomit-frame-pointer -funroll-loops  compilation failed to produce executable
FAIL: libgomp.fortran/reduction3.f90  -O3 -fomit-frame-pointer -funroll-all-loops -finline-functions  (test for excess errors)
WARNING: libgomp.fortran/reduction3.f90  -O3 -fomit-frame-pointer -funroll-all-loops -finline-functions  compilation failed to produce executable
FAIL: libgomp.fortran/reduction3.f90  -O3 -g  (test for excess errors)
WARNING: libgomp.fortran/reduction3.f90  -O3 -g  compilation failed to produce executable
FAIL: libgomp.fortran/reduction3.f90  -Os  (test for excess errors)
WARNING: libgomp.fortran/reduction3.f90  -Os  compilation failed to produce executable
FAIL: libgomp.fortran/reduction4.f90  -O0  (test for excess errors)
WARNING: libgomp.fortran/reduction4.f90  -O0  compilation failed to produce executable
FAIL: libgomp.fortran/reduction4.f90  -O1  (test for excess errors)
WARNING: libgomp.fortran/reduction4.f90  -O1  compilation failed to produce executable
FAIL: libgomp.fortran/reduction4.f90  -O2  (test for excess errors)
WARNING: libgomp.fortran/reduction4.f90  -O2  compilation failed to produce executable
FAIL: libgomp.fortran/reduction4.f90  -O3 -fomit-frame-pointer  (test for excess errors)
WARNING: libgomp.fortran/reduction4.f90  -O3 -fomit-frame-pointer  compilation failed to produce executable
FAIL: libgomp.fortran/reduction4.f90  -O3 -fomit-frame-pointer -funroll-loops  (test for excess errors)
WARNING: libgomp.fortran/reduction4.f90  -O3 -fomit-frame-pointer -funroll-loops  compilation failed to produce executable
FAIL: libgomp.fortran/reduction4.f90  -O3 -fomit-frame-pointer -funroll-all-loops -finline-functions  (test for excess errors)
WARNING: libgomp.fortran/reduction4.f90  -O3 -fomit-frame-pointer -funroll-all-loops -finline-functions  compilation failed to produce executable
FAIL: libgomp.fortran/reduction4.f90  -O3 -g  (test for excess errors)
WARNING: libgomp.fortran/reduction4.f90  -O3 -g  compilation failed to produce executable
FAIL: libgomp.fortran/reduction4.f90  -Os  (test for excess errors)
WARNING: libgomp.fortran/reduction4.f90  -Os  compilation failed to produce executable
FAIL: libgomp.fortran/reduction6.f90  -O0  (test for excess errors)
WARNING: libgomp.fortran/reduction6.f90  -O0  compilation failed to produce executable
FAIL: libgomp.fortran/reduction6.f90  -O1  (test for excess errors)
WARNING: libgomp.fortran/reduction6.f90  -O1  compilation failed to produce executable
FAIL: libgomp.fortran/reduction6.f90  -O2  (test for excess errors)
WARNING: libgomp.fortran/reduction6.f90  -O2  compilation failed to produce executable
FAIL: libgomp.fortran/reduction6.f90  -O3 -fomit-frame-pointer  (test for excess errors)
WARNING: libgomp.fortran/reduction6.f90  -O3 -fomit-frame-pointer  compilation failed to produce executable
FAIL: libgomp.fortran/reduction6.f90  -O3 -fomit-frame-pointer -funroll-loops  (test for excess errors)
WARNING: libgomp.fortran/reduction6.f90  -O3 -fomit-frame-pointer -funroll-loops  compilation failed to produce executable
FAIL: libgomp.fortran/reduction6.f90  -O3 -fomit-frame-pointer -funroll-all-loops -finline-functions  (test for excess errors)
WARNING: libgomp.fortran/reduction6.f90  -O3 -fomit-frame-pointer -funroll-all-loops -finline-functions  compilation failed to produce executable
FAIL: libgomp.fortran/reduction6.f90  -O3 -g  (test for excess errors)
WARNING: libgomp.fortran/reduction6.f90  -O3 -g  compilation failed to produce executable
FAIL: libgomp.fortran/reduction6.f90  -Os  (test for excess errors)
WARNING: libgomp.fortran/reduction6.f90  -Os  compilation failed to produce executable
FAIL: libgomp.fortran/reference1.f90  -O0  (test for excess errors)
WARNING: libgomp.fortran/reference1.f90  -O0  compilation failed to produce executable
FAIL: libgomp.fortran/reference1.f90  -O1  (test for excess errors)
WARNING: libgomp.fortran/reference1.f90  -O1  compilation failed to produce executable
FAIL: libgomp.fortran/reference1.f90  -O2  (test for excess errors)
WARNING: libgomp.fortran/reference1.f90  -O2  compilation failed to produce executable
FAIL: libgomp.fortran/reference1.f90  -O3 -fomit-frame-pointer  (test for excess errors)
WARNING: libgomp.fortran/reference1.f90  -O3 -fomit-frame-pointer  compilation failed to produce executable
FAIL: libgomp.fortran/reference1.f90  -O3 -fomit-frame-pointer -funroll-loops  (test for excess errors)
WARNING: libgomp.fortran/reference1.f90  -O3 -fomit-frame-pointer -funroll-loops  compilation failed to produce executable
FAIL: libgomp.fortran/reference1.f90  -O3 -fomit-frame-pointer -funroll-all-loops -finline-functions  (test for excess errors)
WARNING: libgomp.fortran/reference1.f90  -O3 -fomit-frame-pointer -funroll-all-loops -finline-functions  compilation failed to produce executable
FAIL: libgomp.fortran/reference1.f90  -O3 -g  (test for excess errors)
WARNING: libgomp.fortran/reference1.f90  -O3 -g  compilation failed to produce executable
FAIL: libgomp.fortran/reference1.f90  -Os  (test for excess errors)
WARNING: libgomp.fortran/reference1.f90  -Os  compilation failed to produce executable
FAIL: libgomp.fortran/retval1.f90  -O0  (test for excess errors)
WARNING: libgomp.fortran/retval1.f90  -O0  compilation failed to produce executable
FAIL: libgomp.fortran/retval1.f90  -O1  (test for excess errors)
WARNING: libgomp.fortran/retval1.f90  -O1  compilation failed to produce executable
FAIL: libgomp.fortran/retval1.f90  -O2  (test for excess errors)
WARNING: libgomp.fortran/retval1.f90  -O2  compilation failed to produce executable
FAIL: libgomp.fortran/retval1.f90  -O3 -fomit-frame-pointer  (test for excess errors)
WARNING: libgomp.fortran/retval1.f90  -O3 -fomit-frame-pointer  compilation failed to produce executable
FAIL: libgomp.fortran/retval1.f90  -O3 -fomit-frame-pointer -funroll-loops  (test for excess errors)
WARNING: libgomp.fortran/retval1.f90  -O3 -fomit-frame-pointer -funroll-loops  compilation failed to produce executable
FAIL: libgomp.fortran/retval1.f90  -O3 -fomit-frame-pointer -funroll-all-loops -finline-functions  (test for excess errors)
WARNING: libgomp.fortran/retval1.f90  -O3 -fomit-frame-pointer -funroll-all-loops -finline-functions  compilation failed to produce executable
FAIL: libgomp.fortran/retval1.f90  -O3 -g  (test for excess errors)
WARNING: libgomp.fortran/retval1.f90  -O3 -g  compilation failed to produce executable
FAIL: libgomp.fortran/retval1.f90  -Os  (test for excess errors)
WARNING: libgomp.fortran/retval1.f90  -Os  compilation failed to produce executable
FAIL: libgomp.fortran/retval2.f90  -O0  (test for excess errors)
WARNING: libgomp.fortran/retval2.f90  -O0  compilation failed to produce executable
FAIL: libgomp.fortran/retval2.f90  -O1  (test for excess errors)
WARNING: libgomp.fortran/retval2.f90  -O1  compilation failed to produce executable
FAIL: libgomp.fortran/retval2.f90  -O2  (test for excess errors)
WARNING: libgomp.fortran/retval2.f90  -O2  compilation failed to produce executable
FAIL: libgomp.fortran/retval2.f90  -O3 -fomit-frame-pointer  (test for excess errors)
WARNING: libgomp.fortran/retval2.f90  -O3 -fomit-frame-pointer  compilation failed to produce executable
FAIL: libgomp.fortran/retval2.f90  -O3 -fomit-frame-pointer -funroll-loops  (test for excess errors)
WARNING: libgomp.fortran/retval2.f90  -O3 -fomit-frame-pointer -funroll-loops  compilation failed to produce executable
FAIL: libgomp.fortran/retval2.f90  -O3 -fomit-frame-pointer -funroll-all-loops -finline-functions  (test for excess errors)
WARNING: libgomp.fortran/retval2.f90  -O3 -fomit-frame-pointer -funroll-all-loops -finline-functions  compilation failed to produce executable
FAIL: libgomp.fortran/retval2.f90  -O3 -g  (test for excess errors)
WARNING: libgomp.fortran/retval2.f90  -O3 -g  compilation failed to produce executable
FAIL: libgomp.fortran/retval2.f90  -Os  (test for excess errors)
WARNING: libgomp.fortran/retval2.f90  -Os  compilation failed to produce executable
FAIL: libgomp.fortran/sharing1.f90  -O0  (test for excess errors)
WARNING: libgomp.fortran/sharing1.f90  -O0  compilation failed to produce executable
FAIL: libgomp.fortran/sharing1.f90  -O1  (test for excess errors)
WARNING: libgomp.fortran/sharing1.f90  -O1  compilation failed to produce executable
FAIL: libgomp.fortran/sharing1.f90  -O2  (test for excess errors)
WARNING: libgomp.fortran/sharing1.f90  -O2  compilation failed to produce executable
FAIL: libgomp.fortran/sharing1.f90  -O3 -fomit-frame-pointer  (test for excess errors)
WARNING: libgomp.fortran/sharing1.f90  -O3 -fomit-frame-pointer  compilation failed to produce executable
FAIL: libgomp.fortran/sharing1.f90  -O3 -fomit-frame-pointer -funroll-loops  (test for excess errors)
WARNING: libgomp.fortran/sharing1.f90  -O3 -fomit-frame-pointer -funroll-loops  compilation failed to produce executable
FAIL: libgomp.fortran/sharing1.f90  -O3 -fomit-frame-pointer -funroll-all-loops -finline-functions  (test for excess errors)
WARNING: libgomp.fortran/sharing1.f90  -O3 -fomit-frame-pointer -funroll-all-loops -finline-functions  compilation failed to produce executable
FAIL: libgomp.fortran/sharing1.f90  -O3 -g  (test for excess errors)
WARNING: libgomp.fortran/sharing1.f90  -O3 -g  compilation failed to produce executable
FAIL: libgomp.fortran/sharing1.f90  -Os  (test for excess errors)
WARNING: libgomp.fortran/sharing1.f90  -Os  compilation failed to produce executable
FAIL: libgomp.fortran/sharing2.f90  -O0  (test for excess errors)
WARNING: libgomp.fortran/sharing2.f90  -O0  compilation failed to produce executable
FAIL: libgomp.fortran/sharing2.f90  -O1  (test for excess errors)
WARNING: libgomp.fortran/sharing2.f90  -O1  compilation failed to produce executable
FAIL: libgomp.fortran/sharing2.f90  -O2  (test for excess errors)
WARNING: libgomp.fortran/sharing2.f90  -O2  compilation failed to produce executable
FAIL: libgomp.fortran/sharing2.f90  -O3 -fomit-frame-pointer  (test for excess errors)
WARNING: libgomp.fortran/sharing2.f90  -O3 -fomit-frame-pointer  compilation failed to produce executable
FAIL: libgomp.fortran/sharing2.f90  -O3 -fomit-frame-pointer -funroll-loops  (test for excess errors)
WARNING: libgomp.fortran/sharing2.f90  -O3 -fomit-frame-pointer -funroll-loops  compilation failed to produce executable
FAIL: libgomp.fortran/sharing2.f90  -O3 -fomit-frame-pointer -funroll-all-loops -finline-functions  (test for excess errors)
WARNING: libgomp.fortran/sharing2.f90  -O3 -fomit-frame-pointer -funroll-all-loops -finline-functions  compilation failed to produce executable
FAIL: libgomp.fortran/sharing2.f90  -O3 -g  (test for excess errors)
WARNING: libgomp.fortran/sharing2.f90  -O3 -g  compilation failed to produce executable
FAIL: libgomp.fortran/sharing2.f90  -Os  (test for excess errors)
WARNING: libgomp.fortran/sharing2.f90  -Os  compilation failed to produce executable
FAIL: libgomp.fortran/strassen.f90  -O  (test for excess errors)
WARNING: libgomp.fortran/strassen.f90  -O  compilation failed to produce executable
FAIL: libgomp.fortran/task1.f90  -O0  (test for excess errors)
WARNING: libgomp.fortran/task1.f90  -O0  compilation failed to produce executable
FAIL: libgomp.fortran/task1.f90  -O1  (test for excess errors)
WARNING: libgomp.fortran/task1.f90  -O1  compilation failed to produce executable
FAIL: libgomp.fortran/task1.f90  -O2  (test for excess errors)
WARNING: libgomp.fortran/task1.f90  -O2  compilation failed to produce executable
FAIL: libgomp.fortran/task1.f90  -O3 -fomit-frame-pointer  (test for excess errors)
WARNING: libgomp.fortran/task1.f90  -O3 -fomit-frame-pointer  compilation failed to produce executable
FAIL: libgomp.fortran/task1.f90  -O3 -fomit-frame-pointer -funroll-loops  (test for excess errors)
WARNING: libgomp.fortran/task1.f90  -O3 -fomit-frame-pointer -funroll-loops  compilation failed to produce executable
FAIL: libgomp.fortran/task1.f90  -O3 -fomit-frame-pointer -funroll-all-loops -finline-functions  (test for excess errors)
WARNING: libgomp.fortran/task1.f90  -O3 -fomit-frame-pointer -funroll-all-loops -finline-functions  compilation failed to produce executable
FAIL: libgomp.fortran/task1.f90  -O3 -g  (test for excess errors)
WARNING: libgomp.fortran/task1.f90  -O3 -g  compilation failed to produce executable
FAIL: libgomp.fortran/task1.f90  -Os  (test for excess errors)
WARNING: libgomp.fortran/task1.f90  -Os  compilation failed to produce executable
FAIL: libgomp.fortran/task2.f90  -O  (test for excess errors)
WARNING: libgomp.fortran/task2.f90  -O  compilation failed to produce executable
FAIL: libgomp.fortran/task3.f90  -O0  (test for excess errors)
WARNING: libgomp.fortran/task3.f90  -O0  compilation failed to produce executable
FAIL: libgomp.fortran/task3.f90  -O1  (test for excess errors)
WARNING: libgomp.fortran/task3.f90  -O1  compilation failed to produce executable
FAIL: libgomp.fortran/task3.f90  -O2  (test for excess errors)
WARNING: libgomp.fortran/task3.f90  -O2  compilation failed to produce executable
FAIL: libgomp.fortran/task3.f90  -O3 -fomit-frame-pointer  (test for excess errors)
WARNING: libgomp.fortran/task3.f90  -O3 -fomit-frame-pointer  compilation failed to produce executable
FAIL: libgomp.fortran/task3.f90  -O3 -fomit-frame-pointer -funroll-loops  (test for excess errors)
WARNING: libgomp.fortran/task3.f90  -O3 -fomit-frame-pointer -funroll-loops  compilation failed to produce executable
FAIL: libgomp.fortran/task3.f90  -O3 -fomit-frame-pointer -funroll-all-loops -finline-functions  (test for excess errors)
WARNING: libgomp.fortran/task3.f90  -O3 -fomit-frame-pointer -funroll-all-loops -finline-functions  compilation failed to produce executable
FAIL: libgomp.fortran/task3.f90  -O3 -g  (test for excess errors)
WARNING: libgomp.fortran/task3.f90  -O3 -g  compilation failed to produce executable
FAIL: libgomp.fortran/task3.f90  -Os  (test for excess errors)
WARNING: libgomp.fortran/task3.f90  -Os  compilation failed to produce executable
FAIL: libgomp.fortran/threadprivate1.f90  -O0  (test for excess errors)
WARNING: libgomp.fortran/threadprivate1.f90  -O0  compilation failed to produce executable
FAIL: libgomp.fortran/threadprivate1.f90  -O1  (test for excess errors)
WARNING: libgomp.fortran/threadprivate1.f90  -O1  compilation failed to produce executable
FAIL: libgomp.fortran/threadprivate1.f90  -O2  (test for excess errors)
WARNING: libgomp.fortran/threadprivate1.f90  -O2  compilation failed to produce executable
FAIL: libgomp.fortran/threadprivate1.f90  -O3 -fomit-frame-pointer  (test for excess errors)
WARNING: libgomp.fortran/threadprivate1.f90  -O3 -fomit-frame-pointer  compilation failed to produce executable
FAIL: libgomp.fortran/threadprivate1.f90  -O3 -fomit-frame-pointer -funroll-loops  (test for excess errors)
WARNING: libgomp.fortran/threadprivate1.f90  -O3 -fomit-frame-pointer -funroll-loops  compilation failed to produce executable
FAIL: libgomp.fortran/threadprivate1.f90  -O3 -fomit-frame-pointer -funroll-all-loops -finline-functions  (test for excess errors)
WARNING: libgomp.fortran/threadprivate1.f90  -O3 -fomit-frame-pointer -funroll-all-loops -finline-functions  compilation failed to produce executable
FAIL: libgomp.fortran/threadprivate1.f90  -O3 -g  (test for excess errors)
WARNING: libgomp.fortran/threadprivate1.f90  -O3 -g  compilation failed to produce executable
FAIL: libgomp.fortran/threadprivate1.f90  -Os  (test for excess errors)
WARNING: libgomp.fortran/threadprivate1.f90  -Os  compilation failed to produce executable
FAIL: libgomp.fortran/threadprivate2.f90  -O0  (test for excess errors)
WARNING: libgomp.fortran/threadprivate2.f90  -O0  compilation failed to produce executable
FAIL: libgomp.fortran/threadprivate2.f90  -O1  (test for excess errors)
WARNING: libgomp.fortran/threadprivate2.f90  -O1  compilation failed to produce executable
FAIL: libgomp.fortran/threadprivate2.f90  -O2  (test for excess errors)
WARNING: libgomp.fortran/threadprivate2.f90  -O2  compilation failed to produce executable
FAIL: libgomp.fortran/threadprivate2.f90  -O3 -fomit-frame-pointer  (test for excess errors)
WARNING: libgomp.fortran/threadprivate2.f90  -O3 -fomit-frame-pointer  compilation failed to produce executable
FAIL: libgomp.fortran/threadprivate2.f90  -O3 -fomit-frame-pointer -funroll-loops  (test for excess errors)
WARNING: libgomp.fortran/threadprivate2.f90  -O3 -fomit-frame-pointer -funroll-loops  compilation failed to produce executable
FAIL: libgomp.fortran/threadprivate2.f90  -O3 -fomit-frame-pointer -funroll-all-loops -finline-functions  (test for excess errors)
WARNING: libgomp.fortran/threadprivate2.f90  -O3 -fomit-frame-pointer -funroll-all-loops -finline-functions  compilation failed to produce executable
FAIL: libgomp.fortran/threadprivate2.f90  -O3 -g  (test for excess errors)
WARNING: libgomp.fortran/threadprivate2.f90  -O3 -g  compilation failed to produce executable
FAIL: libgomp.fortran/threadprivate2.f90  -Os  (test for excess errors)
WARNING: libgomp.fortran/threadprivate2.f90  -Os  compilation failed to produce executable
FAIL: libgomp.fortran/threadprivate3.f90  -O0  (test for excess errors)
WARNING: libgomp.fortran/threadprivate3.f90  -O0  compilation failed to produce executable
FAIL: libgomp.fortran/threadprivate3.f90  -O1  (test for excess errors)
WARNING: libgomp.fortran/threadprivate3.f90  -O1  compilation failed to produce executable
FAIL: libgomp.fortran/threadprivate3.f90  -O2  (test for excess errors)
WARNING: libgomp.fortran/threadprivate3.f90  -O2  compilation failed to produce executable
FAIL: libgomp.fortran/threadprivate3.f90  -O3 -fomit-frame-pointer  (test for excess errors)
WARNING: libgomp.fortran/threadprivate3.f90  -O3 -fomit-frame-pointer  compilation failed to produce executable
FAIL: libgomp.fortran/threadprivate3.f90  -O3 -fomit-frame-pointer -funroll-loops  (test for excess errors)
WARNING: libgomp.fortran/threadprivate3.f90  -O3 -fomit-frame-pointer -funroll-loops  compilation failed to produce executable
FAIL: libgomp.fortran/threadprivate3.f90  -O3 -fomit-frame-pointer -funroll-all-loops -finline-functions  (test for excess errors)
WARNING: libgomp.fortran/threadprivate3.f90  -O3 -fomit-frame-pointer -funroll-all-loops -finline-functions  compilation failed to produce executable
FAIL: libgomp.fortran/threadprivate3.f90  -O3 -g  (test for excess errors)
WARNING: libgomp.fortran/threadprivate3.f90  -O3 -g  compilation failed to produce executable
FAIL: libgomp.fortran/threadprivate3.f90  -Os  (test for excess errors)
WARNING: libgomp.fortran/threadprivate3.f90  -Os  compilation failed to produce executable
FAIL: libgomp.fortran/vla1.f90  -O0  (test for excess errors)
WARNING: libgomp.fortran/vla1.f90  -O0  compilation failed to produce executable
FAIL: libgomp.fortran/vla1.f90  -O1  (test for excess errors)
WARNING: libgomp.fortran/vla1.f90  -O1  compilation failed to produce executable
FAIL: libgomp.fortran/vla1.f90  -O2  (test for excess errors)
WARNING: libgomp.fortran/vla1.f90  -O2  compilation failed to produce executable
FAIL: libgomp.fortran/vla1.f90  -O3 -fomit-frame-pointer  (test for excess errors)
WARNING: libgomp.fortran/vla1.f90  -O3 -fomit-frame-pointer  compilation failed to produce executable
FAIL: libgomp.fortran/vla1.f90  -O3 -fomit-frame-pointer -funroll-loops  (test for excess errors)
WARNING: libgomp.fortran/vla1.f90  -O3 -fomit-frame-pointer -funroll-loops  compilation failed to produce executable
FAIL: libgomp.fortran/vla1.f90  -O3 -fomit-frame-pointer -funroll-all-loops -finline-functions  (test for excess errors)
WARNING: libgomp.fortran/vla1.f90  -O3 -fomit-frame-pointer -funroll-all-loops -finline-functions  compilation failed to produce executable
FAIL: libgomp.fortran/vla1.f90  -O3 -g  (test for excess errors)
WARNING: libgomp.fortran/vla1.f90  -O3 -g  compilation failed to produce executable
FAIL: libgomp.fortran/vla1.f90  -Os  (test for excess errors)
WARNING: libgomp.fortran/vla1.f90  -Os  compilation failed to produce executable
FAIL: libgomp.fortran/vla2.f90  -O0  (test for excess errors)
WARNING: libgomp.fortran/vla2.f90  -O0  compilation failed to produce executable
FAIL: libgomp.fortran/vla2.f90  -O1  (test for excess errors)
WARNING: libgomp.fortran/vla2.f90  -O1  compilation failed to produce executable
FAIL: libgomp.fortran/vla2.f90  -O2  (test for excess errors)
WARNING: libgomp.fortran/vla2.f90  -O2  compilation failed to produce executable
FAIL: libgomp.fortran/vla2.f90  -O3 -fomit-frame-pointer  (test for excess errors)
WARNING: libgomp.fortran/vla2.f90  -O3 -fomit-frame-pointer  compilation failed to produce executable
FAIL: libgomp.fortran/vla2.f90  -O3 -fomit-frame-pointer -funroll-loops  (test for excess errors)
WARNING: libgomp.fortran/vla2.f90  -O3 -fomit-frame-pointer -funroll-loops  compilation failed to produce executable
FAIL: libgomp.fortran/vla2.f90  -O3 -fomit-frame-pointer -funroll-all-loops -finline-functions  (test for excess errors)
WARNING: libgomp.fortran/vla2.f90  -O3 -fomit-frame-pointer -funroll-all-loops -finline-functions  compilation failed to produce executable
FAIL: libgomp.fortran/vla2.f90  -O3 -g  (test for excess errors)
WARNING: libgomp.fortran/vla2.f90  -O3 -g  compilation failed to produce executable
FAIL: libgomp.fortran/vla2.f90  -Os  (test for excess errors)
WARNING: libgomp.fortran/vla2.f90  -Os  compilation failed to produce executable
FAIL: libgomp.fortran/vla3.f90  -O0  (test for excess errors)
WARNING: libgomp.fortran/vla3.f90  -O0  compilation failed to produce executable
FAIL: libgomp.fortran/vla3.f90  -O1  (test for excess errors)
WARNING: libgomp.fortran/vla3.f90  -O1  compilation failed to produce executable
FAIL: libgomp.fortran/vla3.f90  -O2  (test for excess errors)
WARNING: libgomp.fortran/vla3.f90  -O2  compilation failed to produce executable
FAIL: libgomp.fortran/vla3.f90  -O3 -fomit-frame-pointer  (test for excess errors)
WARNING: libgomp.fortran/vla3.f90  -O3 -fomit-frame-pointer  compilation failed to produce executable
FAIL: libgomp.fortran/vla3.f90  -O3 -fomit-frame-pointer -funroll-loops  (test for excess errors)
WARNING: libgomp.fortran/vla3.f90  -O3 -fomit-frame-pointer -funroll-loops  compilation failed to produce executable
FAIL: libgomp.fortran/vla3.f90  -O3 -fomit-frame-pointer -funroll-all-loops -finline-functions  (test for excess errors)
WARNING: libgomp.fortran/vla3.f90  -O3 -fomit-frame-pointer -funroll-all-loops -finline-functions  compilation failed to produce executable
FAIL: libgomp.fortran/vla3.f90  -O3 -g  (test for excess errors)
WARNING: libgomp.fortran/vla3.f90  -O3 -g  compilation failed to produce executable
FAIL: libgomp.fortran/vla3.f90  -Os  (test for excess errors)
WARNING: libgomp.fortran/vla3.f90  -Os  compilation failed to produce executable
FAIL: libgomp.fortran/vla4.f90  -O0   (test for warnings, line 97)
FAIL: libgomp.fortran/vla4.f90  -O0  (test for excess errors)
WARNING: libgomp.fortran/vla4.f90  -O0  compilation failed to produce executable
FAIL: libgomp.fortran/vla4.f90  -O1   (test for warnings, line 97)
FAIL: libgomp.fortran/vla4.f90  -O1  (test for excess errors)
WARNING: libgomp.fortran/vla4.f90  -O1  compilation failed to produce executable
FAIL: libgomp.fortran/vla4.f90  -O2   (test for warnings, line 97)
FAIL: libgomp.fortran/vla4.f90  -O2  (test for excess errors)
WARNING: libgomp.fortran/vla4.f90  -O2  compilation failed to produce executable
FAIL: libgomp.fortran/vla4.f90  -O3 -fomit-frame-pointer   (test for warnings, line 97)
FAIL: libgomp.fortran/vla4.f90  -O3 -fomit-frame-pointer  (test for excess errors)
WARNING: libgomp.fortran/vla4.f90  -O3 -fomit-frame-pointer  compilation failed to produce executable
FAIL: libgomp.fortran/vla4.f90  -O3 -fomit-frame-pointer -funroll-loops   (test for warnings, line 97)
FAIL: libgomp.fortran/vla4.f90  -O3 -fomit-frame-pointer -funroll-loops  (test for excess errors)
WARNING: libgomp.fortran/vla4.f90  -O3 -fomit-frame-pointer -funroll-loops  compilation failed to produce executable
FAIL: libgomp.fortran/vla4.f90  -O3 -fomit-frame-pointer -funroll-all-loops -finline-functions   (test for warnings, line 97)
FAIL: libgomp.fortran/vla4.f90  -O3 -fomit-frame-pointer -funroll-all-loops -finline-functions  (test for excess errors)
WARNING: libgomp.fortran/vla4.f90  -O3 -fomit-frame-pointer -funroll-all-loops -finline-functions  compilation failed to produce executable
FAIL: libgomp.fortran/vla4.f90  -O3 -g   (test for warnings, line 97)
FAIL: libgomp.fortran/vla4.f90  -O3 -g  (test for excess errors)
WARNING: libgomp.fortran/vla4.f90  -O3 -g  compilation failed to produce executable
FAIL: libgomp.fortran/vla4.f90  -Os   (test for warnings, line 97)
FAIL: libgomp.fortran/vla4.f90  -Os  (test for excess errors)
WARNING: libgomp.fortran/vla4.f90  -Os  compilation failed to produce executable
FAIL: libgomp.fortran/vla5.f90  -O0   (test for warnings, line 69)
FAIL: libgomp.fortran/vla5.f90  -O0  (test for excess errors)
WARNING: libgomp.fortran/vla5.f90  -O0  compilation failed to produce executable
FAIL: libgomp.fortran/vla5.f90  -O1   (test for warnings, line 69)
FAIL: libgomp.fortran/vla5.f90  -O1  (test for excess errors)
WARNING: libgomp.fortran/vla5.f90  -O1  compilation failed to produce executable
FAIL: libgomp.fortran/vla5.f90  -O2   (test for warnings, line 69)
FAIL: libgomp.fortran/vla5.f90  -O2  (test for excess errors)
WARNING: libgomp.fortran/vla5.f90  -O2  compilation failed to produce executable
FAIL: libgomp.fortran/vla5.f90  -O3 -fomit-frame-pointer   (test for warnings, line 69)
FAIL: libgomp.fortran/vla5.f90  -O3 -fomit-frame-pointer  (test for excess errors)
WARNING: libgomp.fortran/vla5.f90  -O3 -fomit-frame-pointer  compilation failed to produce executable
FAIL: libgomp.fortran/vla5.f90  -O3 -fomit-frame-pointer -funroll-loops   (test for warnings, line 69)
FAIL: libgomp.fortran/vla5.f90  -O3 -fomit-frame-pointer -funroll-loops  (test for excess errors)
WARNING: libgomp.fortran/vla5.f90  -O3 -fomit-frame-pointer -funroll-loops  compilation failed to produce executable
FAIL: libgomp.fortran/vla5.f90  -O3 -fomit-frame-pointer -funroll-all-loops -finline-functions   (test for warnings, line 69)
FAIL: libgomp.fortran/vla5.f90  -O3 -fomit-frame-pointer -funroll-all-loops -finline-functions  (test for excess errors)
WARNING: libgomp.fortran/vla5.f90  -O3 -fomit-frame-pointer -funroll-all-loops -finline-functions  compilation failed to produce executable
FAIL: libgomp.fortran/vla5.f90  -O3 -g   (test for warnings, line 69)
FAIL: libgomp.fortran/vla5.f90  -O3 -g  (test for excess errors)
WARNING: libgomp.fortran/vla5.f90  -O3 -g  compilation failed to produce executable
FAIL: libgomp.fortran/vla5.f90  -Os   (test for warnings, line 69)
FAIL: libgomp.fortran/vla5.f90  -Os  (test for excess errors)
WARNING: libgomp.fortran/vla5.f90  -Os  compilation failed to produce executable
FAIL: libgomp.fortran/vla6.f90  -O0  (test for excess errors)
WARNING: libgomp.fortran/vla6.f90  -O0  compilation failed to produce executable
FAIL: libgomp.fortran/vla6.f90  -O1  (test for excess errors)
WARNING: libgomp.fortran/vla6.f90  -O1  compilation failed to produce executable
FAIL: libgomp.fortran/vla6.f90  -O2  (test for excess errors)
WARNING: libgomp.fortran/vla6.f90  -O2  compilation failed to produce executable
FAIL: libgomp.fortran/vla6.f90  -O3 -fomit-frame-pointer  (test for excess errors)
WARNING: libgomp.fortran/vla6.f90  -O3 -fomit-frame-pointer  compilation failed to produce executable
FAIL: libgomp.fortran/vla6.f90  -O3 -fomit-frame-pointer -funroll-loops  (test for excess errors)
WARNING: libgomp.fortran/vla6.f90  -O3 -fomit-frame-pointer -funroll-loops  compilation failed to produce executable
FAIL: libgomp.fortran/vla6.f90  -O3 -fomit-frame-pointer -funroll-all-loops -finline-functions  (test for excess errors)
WARNING: libgomp.fortran/vla6.f90  -O3 -fomit-frame-pointer -funroll-all-loops -finline-functions  compilation failed to produce executable
FAIL: libgomp.fortran/vla6.f90  -O3 -g  (test for excess errors)
WARNING: libgomp.fortran/vla6.f90  -O3 -g  compilation failed to produce executable
FAIL: libgomp.fortran/vla6.f90  -Os  (test for excess errors)
WARNING: libgomp.fortran/vla6.f90  -Os  compilation failed to produce executable
FAIL: libgomp.fortran/vla7.f90  -O0  (test for excess errors)
WARNING: libgomp.fortran/vla7.f90  -O0  compilation failed to produce executable
FAIL: libgomp.fortran/vla7.f90  -O1  (test for excess errors)
WARNING: libgomp.fortran/vla7.f90  -O1  compilation failed to produce executable
FAIL: libgomp.fortran/vla7.f90  -O2  (test for excess errors)
WARNING: libgomp.fortran/vla7.f90  -O2  compilation failed to produce executable
FAIL: libgomp.fortran/vla7.f90  -O3 -fomit-frame-pointer  (test for excess errors)
WARNING: libgomp.fortran/vla7.f90  -O3 -fomit-frame-pointer  compilation failed to produce executable
FAIL: libgomp.fortran/vla7.f90  -O3 -fomit-frame-pointer -funroll-loops  (test for excess errors)
WARNING: libgomp.fortran/vla7.f90  -O3 -fomit-frame-pointer -funroll-loops  compilation failed to produce executable
FAIL: libgomp.fortran/vla7.f90  -O3 -fomit-frame-pointer -funroll-all-loops -finline-functions  (test for excess errors)
WARNING: libgomp.fortran/vla7.f90  -O3 -fomit-frame-pointer -funroll-all-loops -finline-functions  compilation failed to produce executable
FAIL: libgomp.fortran/vla7.f90  -O3 -g  (test for excess errors)
WARNING: libgomp.fortran/vla7.f90  -O3 -g  compilation failed to produce executable
FAIL: libgomp.fortran/vla7.f90  -Os  (test for excess errors)
WARNING: libgomp.fortran/vla7.f90  -Os  compilation failed to produce executable
FAIL: libgomp.fortran/vla8.f90  -O0  (test for excess errors)
WARNING: libgomp.fortran/vla8.f90  -O0  compilation failed to produce executable
FAIL: libgomp.fortran/vla8.f90  -O1  (test for excess errors)
WARNING: libgomp.fortran/vla8.f90  -O1  compilation failed to produce executable
FAIL: libgomp.fortran/vla8.f90  -O2  (test for excess errors)
WARNING: libgomp.fortran/vla8.f90  -O2  compilation failed to produce executable
FAIL: libgomp.fortran/vla8.f90  -O3 -fomit-frame-pointer  (test for excess errors)
WARNING: libgomp.fortran/vla8.f90  -O3 -fomit-frame-pointer  compilation failed to produce executable
FAIL: libgomp.fortran/vla8.f90  -O3 -fomit-frame-pointer -funroll-loops  (test for excess errors)
WARNING: libgomp.fortran/vla8.f90  -O3 -fomit-frame-pointer -funroll-loops  compilation failed to produce executable
FAIL: libgomp.fortran/vla8.f90  -O3 -fomit-frame-pointer -funroll-all-loops -finline-functions  (test for excess errors)
WARNING: libgomp.fortran/vla8.f90  -O3 -fomit-frame-pointer -funroll-all-loops -finline-functions  compilation failed to produce executable
FAIL: libgomp.fortran/vla8.f90  -O3 -g  (test for excess errors)
WARNING: libgomp.fortran/vla8.f90  -O3 -g  compilation failed to produce executable
FAIL: libgomp.fortran/vla8.f90  -Os  (test for excess errors)
WARNING: libgomp.fortran/vla8.f90  -Os  compilation failed to produce executable

		=== libgomp Summary ===

# of expected passes		1610
# of unexpected failures	466
# of unsupported tests		2
		=== libjava tests ===


Running target unix
FAIL: linking PR9577
FAIL: linking longfield
FAIL: linking shortfield
FAIL: linking TestClosureGC
FAIL: linking simple
FAIL: linking PR15133
FAIL: linking PR18116
FAIL: linking PR28178
FAIL: linking bytebuffer
FAIL: linking calls
FAIL: linking cxxtest
FAIL: linking directbuffer
FAIL: linking field
FAIL: linking final_method
FAIL: linking findclass
FAIL: linking findclass2
FAIL: linking iface
FAIL: linking init
FAIL: linking invoke
FAIL: linking jniutf
FAIL: linking martin
FAIL: linking noclass
FAIL: linking overload
FAIL: linking pr11951
FAIL: linking pr18278
FAIL: linking pr23739
FAIL: linking register
FAIL: linking register2
FAIL: linking simple_int
FAIL: linking throwit
FAIL: linking virtual
FAIL: PR16923 run
ERROR:  does not exist in unix_load.
UNRESOLVED: getargssize run
ERROR:  does not exist in unix_load.
UNRESOLVED: getlocalvartable run
ERROR:  does not exist in unix_load.
UNRESOLVED: getstacktrace run
FAIL: linking events
FAIL: linking getallthreads
FAIL: linking geterrorname
FAIL: linking getmethodname
FAIL: ArrayStore compilation from source
FAIL: ArrayStore -findirect-dispatch compilation from source
FAIL: ArrayStore -O3 compilation from source
FAIL: ArrayStore -O3 -findirect-dispatch compilation from source
FAIL: ArrayStore2 compilation from source
FAIL: ArrayStore2 -findirect-dispatch compilation from source
FAIL: ArrayStore2 -O3 compilation from source
FAIL: ArrayStore2 -O3 -findirect-dispatch compilation from source
FAIL: Array_1 compilation from source
FAIL: Array_1 -findirect-dispatch compilation from source
FAIL: Array_1 -O3 compilation from source
FAIL: Array_1 -O3 -findirect-dispatch compilation from source
FAIL: Array_2 compilation from source
FAIL: Array_2 -findirect-dispatch compilation from source
FAIL: Array_2 -O3 compilation from source
FAIL: Array_2 -O3 -findirect-dispatch compilation from source
FAIL: Array_3 compilation from source
FAIL: Array_3 -findirect-dispatch compilation from source
FAIL: Array_3 -O3 compilation from source
FAIL: Array_3 -O3 -findirect-dispatch compilation from source
FAIL: Class_1 compilation from source
FAIL: Class_1 -findirect-dispatch compilation from source
FAIL: Class_1 -O3 compilation from source
FAIL: Class_1 -O3 -findirect-dispatch compilation from source
FAIL: CompareNaN compilation from source
FAIL: CompareNaN -findirect-dispatch compilation from source
FAIL: CompareNaN -O3 compilation from source
FAIL: CompareNaN -O3 -findirect-dispatch compilation from source
FAIL: Divide_1 compilation from source
FAIL: Divide_1 -findirect-dispatch compilation from source
FAIL: Divide_1 -O3 compilation from source
FAIL: Divide_1 -O3 -findirect-dispatch compilation from source
FAIL: Divide_2 compilation from source
FAIL: Divide_2 -findirect-dispatch compilation from source
FAIL: Divide_2 -O3 compilation from source
FAIL: Divide_2 -O3 -findirect-dispatch compilation from source
FAIL: EvaluationOrder compilation from source
FAIL: EvaluationOrder -findirect-dispatch compilation from source
FAIL: EvaluationOrder -O3 compilation from source
FAIL: EvaluationOrder -O3 -findirect-dispatch compilation from source
FAIL: ExtraClassLoader compilation from source
FAIL: ExtraClassLoader -findirect-dispatch compilation from source
FAIL: ExtraClassLoader -O3 compilation from source
FAIL: ExtraClassLoader -O3 -findirect-dispatch compilation from source
FAIL: FileHandleGcTest compilation from source
FAIL: FileHandleGcTest -findirect-dispatch compilation from source
FAIL: FileHandleGcTest -O3 compilation from source
FAIL: FileHandleGcTest -O3 -findirect-dispatch compilation from source
FAIL: Final compilation from source
FAIL: Final -findirect-dispatch compilation from source
FAIL: Final -O3 compilation from source
FAIL: Final -O3 -findirect-dispatch compilation from source
FAIL: Float_1 compilation from source
FAIL: Float_1 -findirect-dispatch compilation from source
FAIL: Float_1 -O3 compilation from source
FAIL: Float_1 -O3 -findirect-dispatch compilation from source
FAIL: Float_2 compilation from source
FAIL: Float_2 -findirect-dispatch compilation from source
FAIL: Float_2 -O3 compilation from source
FAIL: Float_2 -O3 -findirect-dispatch compilation from source
FAIL: G19990301_01 compilation from source
FAIL: G19990301_01 -findirect-dispatch compilation from source
FAIL: G19990301_01 -O3 compilation from source
FAIL: G19990301_01 -O3 -findirect-dispatch compilation from source
FAIL: G19990302_02 compilation from source
FAIL: G19990302_02 -findirect-dispatch compilation from source
FAIL: G19990302_02 -O3 compilation from source
FAIL: G19990302_02 -O3 -findirect-dispatch compilation from source
FAIL: G19990303_01 compilation from source
FAIL: G19990303_01 -findirect-dispatch compilation from source
FAIL: G19990303_01 -O3 compilation from source
FAIL: G19990303_01 -O3 -findirect-dispatch compilation from source
FAIL: G19990303_02 compilation from source
FAIL: G19990303_02 -findirect-dispatch compilation from source
FAIL: G19990303_02 -O3 compilation from source
FAIL: G19990303_02 -O3 -findirect-dispatch compilation from source
FAIL: G19990304_01 compilation from source
FAIL: G19990304_01 -findirect-dispatch compilation from source
FAIL: G19990304_01 -O3 compilation from source
FAIL: G19990304_01 -O3 -findirect-dispatch compilation from source
FAIL: G19990310_01 compilation from source
FAIL: G19990310_01 -findirect-dispatch compilation from source
FAIL: G19990310_01 -O3 compilation from source
FAIL: G19990310_01 -O3 -findirect-dispatch compilation from source
FAIL: II compilation from source
FAIL: II -findirect-dispatch compilation from source
FAIL: II -O3 compilation from source
FAIL: II -O3 -findirect-dispatch compilation from source
FAIL: InterfaceDispatch compilation from source
FAIL: InterfaceDispatch -findirect-dispatch compilation from source
FAIL: InterfaceDispatch -O3 compilation from source
FAIL: InterfaceDispatch -O3 -findirect-dispatch compilation from source
FAIL: InvokeInterface compilation from source
FAIL: InvokeInterface -findirect-dispatch compilation from source
FAIL: InvokeInterface -O3 compilation from source
FAIL: InvokeInterface -O3 -findirect-dispatch compilation from source
FAIL: InvokeReturn compilation from source
FAIL: InvokeReturn -findirect-dispatch compilation from source
FAIL: InvokeReturn -O3 compilation from source
FAIL: InvokeReturn -O3 -findirect-dispatch compilation from source
FAIL: Invoke_1 compilation from source
FAIL: Invoke_1 -findirect-dispatch compilation from source
FAIL: Invoke_1 -O3 compilation from source
FAIL: Invoke_1 -O3 -findirect-dispatch compilation from source
FAIL: Invoke_2 compilation from source
FAIL: Invoke_2 -findirect-dispatch compilation from source
FAIL: Invoke_2 -O3 compilation from source
FAIL: Invoke_2 -O3 -findirect-dispatch compilation from source
FAIL: KeepInline compilation from source
FAIL: KeepInline -findirect-dispatch compilation from source
FAIL: KeepInline -O3 compilation from source
FAIL: KeepInline -O3 -findirect-dispatch compilation from source
FAIL: LargeFile compilation from source
FAIL: LargeFile -findirect-dispatch compilation from source
FAIL: LargeFile -O3 compilation from source
FAIL: LargeFile -O3 -findirect-dispatch compilation from source
FAIL: MathBuiltin compilation from source
FAIL: MathBuiltin -findirect-dispatch compilation from source
FAIL: MathBuiltin -O3 compilation from source
FAIL: MathBuiltin -O3 -findirect-dispatch compilation from source
FAIL: Matrix4f compilation from source
FAIL: Matrix4f -findirect-dispatch compilation from source
FAIL: Matrix4f -O3 compilation from source
FAIL: Matrix4f -O3 -findirect-dispatch compilation from source
FAIL: N19990310_02 compilation from source
FAIL: N19990310_02 -findirect-dispatch compilation from source
FAIL: N19990310_02 -O3 compilation from source
FAIL: N19990310_02 -O3 -findirect-dispatch compilation from source
FAIL: N19990310_3 compilation from source
FAIL: N19990310_3 -findirect-dispatch compilation from source
FAIL: N19990310_3 -O3 compilation from source
FAIL: N19990310_3 -O3 -findirect-dispatch compilation from source
FAIL: N19990310_4 compilation from source
FAIL: N19990310_4 -findirect-dispatch compilation from source
FAIL: N19990310_4 -O3 compilation from source
FAIL: N19990310_4 -O3 -findirect-dispatch compilation from source
FAIL: N19990310_5 compilation from source
FAIL: N19990310_5 -findirect-dispatch compilation from source
FAIL: N19990310_5 -O3 compilation from source
FAIL: N19990310_5 -O3 -findirect-dispatch compilation from source
FAIL: Overflow compilation from source
FAIL: Overflow -findirect-dispatch compilation from source
FAIL: Overflow -O3 compilation from source
FAIL: Overflow -O3 -findirect-dispatch compilation from source
FAIL: PR12350 compilation from source
FAIL: PR12350 -findirect-dispatch compilation from source
FAIL: PR12350 -O3 compilation from source
FAIL: PR12350 -O3 -findirect-dispatch compilation from source
FAIL: PR12416 compilation from source
FAIL: PR12416 -findirect-dispatch compilation from source
FAIL: PR12416 -O3 compilation from source
FAIL: PR12416 -O3 -findirect-dispatch compilation from source
FAIL: PR12656 compilation from source
FAIL: PR12656 -findirect-dispatch compilation from source
FAIL: PR12656 -O3 compilation from source
FAIL: PR12656 -O3 -findirect-dispatch compilation from source
FAIL: PR12915 compilation from source
FAIL: PR12915 -findirect-dispatch compilation from source
FAIL: PR12915 -O3 compilation from source
FAIL: PR12915 -O3 -findirect-dispatch compilation from source
FAIL: PR141 compilation from source
FAIL: PR141 -findirect-dispatch compilation from source
FAIL: PR141 -O3 compilation from source
FAIL: PR141 -O3 -findirect-dispatch compilation from source
FAIL: PR160 compilation from source
FAIL: PR160 -findirect-dispatch compilation from source
FAIL: PR160 -O3 compilation from source
FAIL: PR160 -O3 -findirect-dispatch compilation from source
FAIL: PR162 compilation from source
FAIL: PR162 -findirect-dispatch compilation from source
FAIL: PR162 -O3 compilation from source
FAIL: PR162 -O3 -findirect-dispatch compilation from source
FAIL: PR16867 compilation from source
FAIL: PR16867 -findirect-dispatch compilation from source
FAIL: PR16867 -O3 compilation from source
FAIL: PR16867 -O3 -findirect-dispatch compilation from source
FAIL: PR18699 compilation from source
FAIL: PR18699 -findirect-dispatch compilation from source
FAIL: PR18699 -O3 compilation from source
FAIL: PR18699 -O3 -findirect-dispatch compilation from source
FAIL: PR19870 compilation from source
FAIL: PR19870 -findirect-dispatch compilation from source
FAIL: PR19870 -O3 compilation from source
FAIL: PR19870 -O3 -findirect-dispatch compilation from source
FAIL: PR19870_2 compilation from source
FAIL: PR19870_2 -findirect-dispatch compilation from source
FAIL: PR19870_2 -O3 compilation from source
FAIL: PR19870_2 -O3 -findirect-dispatch compilation from source
FAIL: PR19921 compilation from source
FAIL: PR19921 -findirect-dispatch compilation from source
FAIL: PR19921 -O3 compilation from source
FAIL: PR19921 -O3 -findirect-dispatch compilation from source
FAIL: PR20056 compilation from source
FAIL: PR20056 -findirect-dispatch compilation from source
FAIL: PR20056 -O3 compilation from source
FAIL: PR20056 -O3 -findirect-dispatch compilation from source
FAIL: PR218 compilation from source
FAIL: PR218 -findirect-dispatch compilation from source
FAIL: PR218 -O3 compilation from source
FAIL: PR218 -O3 -findirect-dispatch compilation from source
FAIL: PR242 compilation from source
FAIL: PR242 -findirect-dispatch compilation from source
FAIL: PR242 -O3 compilation from source
FAIL: PR242 -O3 -findirect-dispatch compilation from source
FAIL: PR25535 compilation from source
FAIL: PR25535 -findirect-dispatch compilation from source
FAIL: PR25535 -O3 compilation from source
FAIL: PR25535 -O3 -findirect-dispatch compilation from source
FAIL: PR260 compilation from source
FAIL: PR260 -findirect-dispatch compilation from source
FAIL: PR260 -O3 compilation from source
FAIL: PR260 -O3 -findirect-dispatch compilation from source
FAIL: PR26858 compilation from source
FAIL: PR26858 -findirect-dispatch compilation from source
FAIL: PR26858 -O3 compilation from source
FAIL: PR26858 -O3 -findirect-dispatch compilation from source
FAIL: PR27908 compilation from source
FAIL: PR27908 -findirect-dispatch compilation from source
FAIL: PR27908 -O3 compilation from source
FAIL: PR27908 -O3 -findirect-dispatch compilation from source
FAIL: PR29013 compilation from source
FAIL: PR29013 -findirect-dispatch compilation from source
FAIL: PR29013 -O3 compilation from source
FAIL: PR29013 -O3 -findirect-dispatch compilation from source
FAIL: PR29495 compilation from source
FAIL: PR29495 -findirect-dispatch compilation from source
FAIL: PR29495 -O3 compilation from source
FAIL: PR29495 -O3 -findirect-dispatch compilation from source
FAIL: PR3096 compilation from source
FAIL: PR3096 -findirect-dispatch compilation from source
FAIL: PR3096 -O3 compilation from source
FAIL: PR3096 -O3 -findirect-dispatch compilation from source
FAIL: PR31264 compilation from source
FAIL: PR31264 -findirect-dispatch compilation from source
FAIL: PR31264 -O3 compilation from source
FAIL: PR31264 -O3 -findirect-dispatch compilation from source
FAIL: PR35020 compilation from source
FAIL: PR35020 -findirect-dispatch compilation from source
FAIL: PR35020 -O3 compilation from source
FAIL: PR35020 -O3 -findirect-dispatch compilation from source
FAIL: PR36252 compilation from source
FAIL: PR36252 -findirect-dispatch compilation from source
FAIL: PR36252 -O3 compilation from source
FAIL: PR36252 -O3 -findirect-dispatch compilation from source
FAIL: PR3731 compilation from source
FAIL: PR3731 -findirect-dispatch compilation from source
FAIL: PR3731 -O3 compilation from source
FAIL: PR3731 -O3 -findirect-dispatch compilation from source
FAIL: PR5057 compilation from source
FAIL: PR5057 -findirect-dispatch compilation from source
FAIL: PR5057 -O3 compilation from source
FAIL: PR5057 -O3 -findirect-dispatch compilation from source
FAIL: PR5057_2 compilation from source
FAIL: PR5057_2 -findirect-dispatch compilation from source
FAIL: PR5057_2 -O3 compilation from source
FAIL: PR5057_2 -O3 -findirect-dispatch compilation from source
FAIL: PR55 compilation from source
FAIL: PR55 -findirect-dispatch compilation from source
FAIL: PR55 -O3 compilation from source
FAIL: PR55 -O3 -findirect-dispatch compilation from source
FAIL: PR56 compilation from source
FAIL: PR56 -findirect-dispatch compilation from source
FAIL: PR56 -O3 compilation from source
FAIL: PR56 -O3 -findirect-dispatch compilation from source
FAIL: PR6085 compilation from source
FAIL: PR6085 -findirect-dispatch compilation from source
FAIL: PR6085 -O3 compilation from source
FAIL: PR6085 -O3 -findirect-dispatch compilation from source
FAIL: PR6204 compilation from source
FAIL: PR6204 -findirect-dispatch compilation from source
FAIL: PR6204 -O3 compilation from source
FAIL: PR6204 -O3 -findirect-dispatch compilation from source
FAIL: PR6729 compilation from source
FAIL: PR6729 -findirect-dispatch compilation from source
FAIL: PR6729 -O3 compilation from source
FAIL: PR6729 -O3 -findirect-dispatch compilation from source
FAIL: PR6820 compilation from source
FAIL: PR6820 -findirect-dispatch compilation from source
FAIL: PR6820 -O3 compilation from source
FAIL: PR6820 -O3 -findirect-dispatch compilation from source
FAIL: PR7482 compilation from source
FAIL: PR7482 -findirect-dispatch compilation from source
FAIL: PR7482 -O3 compilation from source
FAIL: PR7482 -O3 -findirect-dispatch compilation from source
FAIL: Process_1 compilation from source
FAIL: Process_1 -findirect-dispatch compilation from source
FAIL: Process_1 -O3 compilation from source
FAIL: Process_1 -O3 -findirect-dispatch compilation from source
FAIL: Process_2 compilation from source
FAIL: Process_2 -findirect-dispatch compilation from source
FAIL: Process_2 -O3 compilation from source
FAIL: Process_2 -O3 -findirect-dispatch compilation from source
FAIL: Process_3 compilation from source
FAIL: Process_3 -findirect-dispatch compilation from source
FAIL: Process_3 -O3 compilation from source
FAIL: Process_3 -O3 -findirect-dispatch compilation from source
FAIL: Process_4 compilation from source
FAIL: Process_4 -findirect-dispatch compilation from source
FAIL: Process_4 -O3 compilation from source
FAIL: Process_4 -O3 -findirect-dispatch compilation from source
FAIL: Process_5 compilation from source
FAIL: Process_5 -findirect-dispatch compilation from source
FAIL: Process_5 -O3 compilation from source
FAIL: Process_5 -O3 -findirect-dispatch compilation from source
FAIL: Process_6 compilation from source
FAIL: Process_6 -findirect-dispatch compilation from source
FAIL: Process_6 -O3 compilation from source
FAIL: Process_6 -O3 -findirect-dispatch compilation from source
FAIL: Process_7 compilation from source
FAIL: Process_7 -findirect-dispatch compilation from source
FAIL: Process_7 -O3 compilation from source
FAIL: Process_7 -O3 -findirect-dispatch compilation from source
FAIL: ProxyTest compilation from source
FAIL: ProxyTest -findirect-dispatch compilation from source
FAIL: ProxyTest -O3 compilation from source
FAIL: ProxyTest -O3 -findirect-dispatch compilation from source
FAIL: RH194522 compilation from source
FAIL: RH194522 -findirect-dispatch compilation from source
FAIL: RH194522 -O3 compilation from source
FAIL: RH194522 -O3 -findirect-dispatch compilation from source
FAIL: Serialization compilation from source
FAIL: Serialization -findirect-dispatch compilation from source
FAIL: Serialization -O3 compilation from source
FAIL: Serialization -O3 -findirect-dispatch compilation from source
FAIL: Shazam compilation from source
FAIL: Shazam -findirect-dispatch compilation from source
FAIL: Shazam -O3 compilation from source
FAIL: Shazam -O3 -findirect-dispatch compilation from source
FAIL: StackTrace2 compilation from source
FAIL: StackTrace2 -findirect-dispatch compilation from source
FAIL: StackTrace2 -O3 compilation from source
FAIL: StackTrace2 -O3 -findirect-dispatch compilation from source
FAIL: StaticConstructor compilation from source
FAIL: StaticConstructor -findirect-dispatch compilation from source
FAIL: StaticConstructor -O3 compilation from source
FAIL: StaticConstructor -O3 -findirect-dispatch compilation from source
FAIL: StringBuffer_1 compilation from source
FAIL: StringBuffer_1 -findirect-dispatch compilation from source
FAIL: StringBuffer_1 -O3 compilation from source
FAIL: StringBuffer_1 -O3 -findirect-dispatch compilation from source
FAIL: StringBuffer_overflow compilation from source
FAIL: StringBuffer_overflow -findirect-dispatch compilation from source
FAIL: StringBuffer_overflow -O3 compilation from source
FAIL: StringBuffer_overflow -O3 -findirect-dispatch compilation from source
FAIL: String_overflow compilation from source
FAIL: String_overflow -findirect-dispatch compilation from source
FAIL: String_overflow -O3 compilation from source
FAIL: String_overflow -O3 -findirect-dispatch compilation from source
FAIL: SyncGlobal compilation from source
FAIL: SyncGlobal -findirect-dispatch compilation from source
FAIL: SyncGlobal -O3 compilation from source
FAIL: SyncGlobal -O3 -findirect-dispatch compilation from source
FAIL: SyncTest compilation from source
FAIL: SyncTest -findirect-dispatch compilation from source
FAIL: SyncTest -O3 compilation from source
FAIL: SyncTest -O3 -findirect-dispatch compilation from source
FAIL: Synch compilation from source
FAIL: Synch -findirect-dispatch compilation from source
FAIL: Synch -O3 compilation from source
FAIL: Synch -O3 -findirect-dispatch compilation from source
FAIL: TLtest compilation from source
FAIL: TLtest -findirect-dispatch compilation from source
FAIL: TLtest -O3 compilation from source
FAIL: TLtest -O3 -findirect-dispatch compilation from source
FAIL: TestProxy compilation from source
FAIL: TestProxy -findirect-dispatch compilation from source
FAIL: TestProxy -O3 compilation from source
FAIL: TestProxy -O3 -findirect-dispatch compilation from source
FAIL: Thread_Alive compilation from source
FAIL: Thread_Alive -findirect-dispatch compilation from source
FAIL: Thread_Alive -O3 compilation from source
FAIL: Thread_Alive -O3 -findirect-dispatch compilation from source
FAIL: Thread_HoldsLock compilation from source
FAIL: Thread_HoldsLock -findirect-dispatch compilation from source
FAIL: Thread_HoldsLock -O3 compilation from source
FAIL: Thread_HoldsLock -O3 -findirect-dispatch compilation from source
FAIL: Thread_Interrupt compilation from source
FAIL: Thread_Interrupt -findirect-dispatch compilation from source
FAIL: Thread_Interrupt -O3 compilation from source
FAIL: Thread_Interrupt -O3 -findirect-dispatch compilation from source
FAIL: Thread_Join compilation from source
FAIL: Thread_Join -findirect-dispatch compilation from source
FAIL: Thread_Join -O3 compilation from source
FAIL: Thread_Join -O3 -findirect-dispatch compilation from source
FAIL: Thread_Monitor compilation from source
FAIL: Thread_Monitor -findirect-dispatch compilation from source
FAIL: Thread_Monitor -O3 compilation from source
FAIL: Thread_Monitor -O3 -findirect-dispatch compilation from source
FAIL: Thread_Sleep compilation from source
FAIL: Thread_Sleep -findirect-dispatch compilation from source
FAIL: Thread_Sleep -O3 compilation from source
FAIL: Thread_Sleep -O3 -findirect-dispatch compilation from source
FAIL: Thread_Sleep_2 compilation from source
FAIL: Thread_Sleep_2 -findirect-dispatch compilation from source
FAIL: Thread_Sleep_2 -O3 compilation from source
FAIL: Thread_Sleep_2 -O3 -findirect-dispatch compilation from source
FAIL: Thread_Wait compilation from source
FAIL: Thread_Wait -findirect-dispatch compilation from source
FAIL: Thread_Wait -O3 compilation from source
FAIL: Thread_Wait -O3 -findirect-dispatch compilation from source
FAIL: Thread_Wait_2 compilation from source
FAIL: Thread_Wait_2 -findirect-dispatch compilation from source
FAIL: Thread_Wait_2 -O3 compilation from source
FAIL: Thread_Wait_2 -O3 -findirect-dispatch compilation from source
FAIL: Thread_Wait_Interrupt compilation from source
FAIL: Thread_Wait_Interrupt -findirect-dispatch compilation from source
FAIL: Thread_Wait_Interrupt -O3 compilation from source
FAIL: Thread_Wait_Interrupt -O3 -findirect-dispatch compilation from source
FAIL: Throw_1 compilation from source
FAIL: Throw_1 -findirect-dispatch compilation from source
FAIL: Throw_1 -O3 compilation from source
FAIL: Throw_1 -O3 -findirect-dispatch compilation from source
FAIL: Throw_2 compilation from source
FAIL: Throw_2 -findirect-dispatch compilation from source
FAIL: Throw_2 -O3 compilation from source
FAIL: Throw_2 -O3 -findirect-dispatch compilation from source
FAIL: Throw_3 compilation from source
FAIL: Throw_3 -findirect-dispatch compilation from source
FAIL: Throw_3 -O3 compilation from source
FAIL: Throw_3 -O3 -findirect-dispatch compilation from source
FAIL: WalkerTest compilation from source
FAIL: WalkerTest -findirect-dispatch compilation from source
FAIL: WalkerTest -O3 compilation from source
FAIL: WalkerTest -O3 -findirect-dispatch compilation from source
FAIL: anfi compilation from source
FAIL: anfi -findirect-dispatch compilation from source
FAIL: anfi -O3 compilation from source
FAIL: anfi -O3 -findirect-dispatch compilation from source
FAIL: anon compilation from source
FAIL: anon -findirect-dispatch compilation from source
FAIL: anon -O3 compilation from source
FAIL: anon -O3 -findirect-dispatch compilation from source
FAIL: anon2 compilation from source
FAIL: anon2 -findirect-dispatch compilation from source
FAIL: anon2 -O3 compilation from source
FAIL: anon2 -O3 -findirect-dispatch compilation from source
FAIL: anon3 compilation from source
FAIL: anon3 -findirect-dispatch compilation from source
FAIL: anon3 -O3 compilation from source
FAIL: anon3 -O3 -findirect-dispatch compilation from source
FAIL: anon4 compilation from source
FAIL: anon4 -findirect-dispatch compilation from source
FAIL: anon4 -O3 compilation from source
FAIL: anon4 -O3 -findirect-dispatch compilation from source
FAIL: anon_ctor_itf_arg compilation from source
FAIL: anon_ctor_itf_arg -findirect-dispatch compilation from source
FAIL: anon_ctor_itf_arg -O3 compilation from source
FAIL: anon_ctor_itf_arg -O3 -findirect-dispatch compilation from source
FAIL: anonarray compilation from source
FAIL: anonarray -findirect-dispatch compilation from source
FAIL: anonarray -O3 compilation from source
FAIL: anonarray -O3 -findirect-dispatch compilation from source
FAIL: anonarray2 compilation from source
FAIL: anonarray2 -findirect-dispatch compilation from source
FAIL: anonarray2 -O3 compilation from source
FAIL: anonarray2 -O3 -findirect-dispatch compilation from source
FAIL: anonarray3 compilation from source
FAIL: anonarray3 -findirect-dispatch compilation from source
FAIL: anonarray3 -O3 compilation from source
FAIL: anonarray3 -O3 -findirect-dispatch compilation from source
FAIL: assign compilation from source
FAIL: assign -findirect-dispatch compilation from source
FAIL: assign -O3 compilation from source
FAIL: assign -O3 -findirect-dispatch compilation from source
FAIL: assign2 compilation from source
FAIL: assign2 -findirect-dispatch compilation from source
FAIL: assign2 -O3 compilation from source
FAIL: assign2 -O3 -findirect-dispatch compilation from source
FAIL: bclink compilation from source
FAIL: bclink -findirect-dispatch compilation from source
FAIL: bclink -O3 compilation from source
FAIL: bclink -O3 -findirect-dispatch compilation from source
FAIL: bytearray compilation from source
FAIL: bytearray -findirect-dispatch compilation from source
FAIL: bytearray -O3 compilation from source
FAIL: bytearray -O3 -findirect-dispatch compilation from source
FAIL: direct_read compilation from source
FAIL: direct_read -findirect-dispatch compilation from source
FAIL: direct_read -O3 compilation from source
FAIL: direct_read -O3 -findirect-dispatch compilation from source
FAIL: direct_write compilation from source
FAIL: direct_write -findirect-dispatch compilation from source
FAIL: direct_write -O3 compilation from source
FAIL: direct_write -O3 -findirect-dispatch compilation from source
FAIL: emptystring compilation from source
FAIL: emptystring -findirect-dispatch compilation from source
FAIL: emptystring -O3 compilation from source
FAIL: emptystring -O3 -findirect-dispatch compilation from source
FAIL: err1 compilation from source
FAIL: err1 -findirect-dispatch compilation from source
FAIL: err1 -O3 compilation from source
FAIL: err1 -O3 -findirect-dispatch compilation from source
FAIL: err10 compilation from source
FAIL: err10 -findirect-dispatch compilation from source
FAIL: err10 -O3 compilation from source
FAIL: err10 -O3 -findirect-dispatch compilation from source
FAIL: err11 compilation from source
FAIL: err11 -findirect-dispatch compilation from source
FAIL: err11 -O3 compilation from source
FAIL: err11 -O3 -findirect-dispatch compilation from source
FAIL: err12 compilation from source
FAIL: err12 -findirect-dispatch compilation from source
FAIL: err12 -O3 compilation from source
FAIL: err12 -O3 -findirect-dispatch compilation from source
FAIL: err13 compilation from source
FAIL: err13 -findirect-dispatch compilation from source
FAIL: err13 -O3 compilation from source
FAIL: err13 -O3 -findirect-dispatch compilation from source
FAIL: err14 compilation from source
FAIL: err14 -findirect-dispatch compilation from source
FAIL: err14 -O3 compilation from source
FAIL: err14 -O3 -findirect-dispatch compilation from source
FAIL: err2 compilation from source
FAIL: err2 -findirect-dispatch compilation from source
FAIL: err2 -O3 compilation from source
FAIL: err2 -O3 -findirect-dispatch compilation from source
FAIL: err3 compilation from source
FAIL: err3 -findirect-dispatch compilation from source
FAIL: err3 -O3 compilation from source
FAIL: err3 -O3 -findirect-dispatch compilation from source
FAIL: err4 compilation from source
FAIL: err4 -findirect-dispatch compilation from source
FAIL: err4 -O3 compilation from source
FAIL: err4 -O3 -findirect-dispatch compilation from source
FAIL: err5 compilation from source
FAIL: err5 -findirect-dispatch compilation from source
FAIL: err5 -O3 compilation from source
FAIL: err5 -O3 -findirect-dispatch compilation from source
FAIL: err6 compilation from source
FAIL: err6 -findirect-dispatch compilation from source
FAIL: err6 -O3 compilation from source
FAIL: err6 -O3 -findirect-dispatch compilation from source
FAIL: err7 compilation from source
FAIL: err7 -findirect-dispatch compilation from source
FAIL: err7 -O3 compilation from source
FAIL: err7 -O3 -findirect-dispatch compilation from source
FAIL: err8 compilation from source
FAIL: err8 -findirect-dispatch compilation from source
FAIL: err8 -O3 compilation from source
FAIL: err8 -O3 -findirect-dispatch compilation from source
FAIL: err9 compilation from source
FAIL: err9 -findirect-dispatch compilation from source
FAIL: err9 -O3 compilation from source
FAIL: err9 -O3 -findirect-dispatch compilation from source
FAIL: final_inner compilation from source
FAIL: final_inner -findirect-dispatch compilation from source
FAIL: final_inner -O3 compilation from source
FAIL: final_inner -O3 -findirect-dispatch compilation from source
FAIL: final_int compilation from source
FAIL: final_int -findirect-dispatch compilation from source
FAIL: final_int -O3 compilation from source
FAIL: final_int -O3 -findirect-dispatch compilation from source
FAIL: final_static_and_friend compilation from source
FAIL: final_static_and_friend -findirect-dispatch compilation from source
FAIL: final_static_and_friend -O3 compilation from source
FAIL: final_static_and_friend -O3 -findirect-dispatch compilation from source
FAIL: indirect compilation from source
FAIL: indirect -findirect-dispatch compilation from source
FAIL: indirect -O3 compilation from source
FAIL: indirect -O3 -findirect-dispatch compilation from source
FAIL: indirect_read compilation from source
FAIL: indirect_read -findirect-dispatch compilation from source
FAIL: indirect_read -O3 compilation from source
FAIL: indirect_read -O3 -findirect-dispatch compilation from source
FAIL: indirect_write compilation from source
FAIL: indirect_write -findirect-dispatch compilation from source
FAIL: indirect_write -O3 compilation from source
FAIL: indirect_write -O3 -findirect-dispatch compilation from source
FAIL: initexc compilation from source
FAIL: initexc -findirect-dispatch compilation from source
FAIL: initexc -O3 compilation from source
FAIL: initexc -O3 -findirect-dispatch compilation from source
FAIL: initfield compilation from source
FAIL: initfield -findirect-dispatch compilation from source
FAIL: initfield -O3 compilation from source
FAIL: initfield -O3 -findirect-dispatch compilation from source
FAIL: inline compilation from source
FAIL: inline -findirect-dispatch compilation from source
FAIL: inline -O3 compilation from source
FAIL: inline -O3 -findirect-dispatch compilation from source
FAIL: inner1 compilation from source
FAIL: inner1 -findirect-dispatch compilation from source
FAIL: inner1 -O3 compilation from source
FAIL: inner1 -O3 -findirect-dispatch compilation from source
FAIL: inner2 compilation from source
FAIL: inner2 -findirect-dispatch compilation from source
FAIL: inner2 -O3 compilation from source
FAIL: inner2 -O3 -findirect-dispatch compilation from source
FAIL: inner3 compilation from source
FAIL: inner3 -findirect-dispatch compilation from source
FAIL: inner3 -O3 compilation from source
FAIL: inner3 -O3 -findirect-dispatch compilation from source
FAIL: inner4 compilation from source
FAIL: inner4 -findirect-dispatch compilation from source
FAIL: inner4 -O3 compilation from source
FAIL: inner4 -O3 -findirect-dispatch compilation from source
FAIL: inner_array compilation from source
FAIL: inner_array -findirect-dispatch compilation from source
FAIL: inner_array -O3 compilation from source
FAIL: inner_array -O3 -findirect-dispatch compilation from source
FAIL: inner_interface compilation from source
FAIL: inner_interface -findirect-dispatch compilation from source
FAIL: inner_interface -O3 compilation from source
FAIL: inner_interface -O3 -findirect-dispatch compilation from source
FAIL: instance compilation from source
FAIL: instance -findirect-dispatch compilation from source
FAIL: instance -O3 compilation from source
FAIL: instance -O3 -findirect-dispatch compilation from source
FAIL: instinit compilation from source
FAIL: instinit -findirect-dispatch compilation from source
FAIL: instinit -O3 compilation from source
FAIL: instinit -O3 -findirect-dispatch compilation from source
FAIL: instinit2 compilation from source
FAIL: instinit2 -findirect-dispatch compilation from source
FAIL: instinit2 -O3 compilation from source
FAIL: instinit2 -O3 -findirect-dispatch compilation from source
FAIL: invoke_from_inner compilation from source
FAIL: invoke_from_inner -findirect-dispatch compilation from source
FAIL: invoke_from_inner -O3 compilation from source
FAIL: invoke_from_inner -O3 -findirect-dispatch compilation from source
FAIL: invokethrow compilation from source
FAIL: invokethrow -findirect-dispatch compilation from source
FAIL: invokethrow -O3 compilation from source
FAIL: invokethrow -O3 -findirect-dispatch compilation from source
FAIL: klass compilation from source
FAIL: klass -findirect-dispatch compilation from source
FAIL: klass -O3 compilation from source
FAIL: klass -O3 -findirect-dispatch compilation from source
FAIL: md5test compilation from source
FAIL: md5test -findirect-dispatch compilation from source
FAIL: md5test -O3 compilation from source
FAIL: md5test -O3 -findirect-dispatch compilation from source
FAIL: multiple_finit compilation from source
FAIL: multiple_finit -findirect-dispatch compilation from source
FAIL: multiple_finit -O3 compilation from source
FAIL: multiple_finit -O3 -findirect-dispatch compilation from source
FAIL: negzero compilation from source
FAIL: negzero -findirect-dispatch compilation from source
FAIL: negzero -O3 compilation from source
FAIL: negzero -O3 -findirect-dispatch compilation from source
FAIL: nested_with_ctor compilation from source
FAIL: nested_with_ctor -findirect-dispatch compilation from source
FAIL: nested_with_ctor -O3 compilation from source
FAIL: nested_with_ctor -O3 -findirect-dispatch compilation from source
FAIL: newarray_overflow compilation from source
FAIL: newarray_overflow -findirect-dispatch compilation from source
FAIL: newarray_overflow -O3 compilation from source
FAIL: newarray_overflow -O3 -findirect-dispatch compilation from source
FAIL: override compilation from source
FAIL: override -findirect-dispatch compilation from source
FAIL: override -O3 compilation from source
FAIL: override -O3 -findirect-dispatch compilation from source
FAIL: pr109 compilation from source
FAIL: pr109 -findirect-dispatch compilation from source
FAIL: pr109 -O3 compilation from source
FAIL: pr109 -O3 -findirect-dispatch compilation from source
FAIL: pr13107 compilation from source
FAIL: pr13107 -findirect-dispatch compilation from source
FAIL: pr13107 -O3 compilation from source
FAIL: pr13107 -O3 -findirect-dispatch compilation from source
FAIL: pr13107_2 compilation from source
FAIL: pr13107_2 -findirect-dispatch compilation from source
FAIL: pr13107_2 -O3 compilation from source
FAIL: pr13107_2 -O3 -findirect-dispatch compilation from source
FAIL: pr13107_3 compilation from source
FAIL: pr13107_3 -findirect-dispatch compilation from source
FAIL: pr13107_3 -O3 compilation from source
FAIL: pr13107_3 -O3 -findirect-dispatch compilation from source
FAIL: pr133 compilation from source
FAIL: pr133 -findirect-dispatch compilation from source
FAIL: pr133 -O3 compilation from source
FAIL: pr133 -O3 -findirect-dispatch compilation from source
FAIL: pr16789 compilation from source
FAIL: pr16789 -findirect-dispatch compilation from source
FAIL: pr16789 -O3 compilation from source
FAIL: pr16789 -O3 -findirect-dispatch compilation from source
FAIL: pr17536 compilation from source
FAIL: pr17536 -findirect-dispatch compilation from source
FAIL: pr17536 -O3 compilation from source
FAIL: pr17536 -O3 -findirect-dispatch compilation from source
FAIL: pr179 compilation from source
FAIL: pr179 -findirect-dispatch compilation from source
FAIL: pr179 -O3 compilation from source
FAIL: pr179 -O3 -findirect-dispatch compilation from source
FAIL: pr184 compilation from source
FAIL: pr184 -findirect-dispatch compilation from source
FAIL: pr184 -O3 compilation from source
FAIL: pr184 -O3 -findirect-dispatch compilation from source
FAIL: pr21785 compilation from source
FAIL: pr21785 -findirect-dispatch compilation from source
FAIL: pr21785 -O3 compilation from source
FAIL: pr21785 -O3 -findirect-dispatch compilation from source
FAIL: pr21844 compilation from source
FAIL: pr21844 -findirect-dispatch compilation from source
FAIL: pr21844 -O3 compilation from source
FAIL: pr21844 -O3 -findirect-dispatch compilation from source
FAIL: pr24321 compilation from source
FAIL: pr24321 -findirect-dispatch compilation from source
FAIL: pr24321 -O3 compilation from source
FAIL: pr24321 -O3 -findirect-dispatch compilation from source
FAIL: pr25676 compilation from source
FAIL: pr25676 -findirect-dispatch compilation from source
FAIL: pr25676 -O3 compilation from source
FAIL: pr25676 -O3 -findirect-dispatch compilation from source
FAIL: pr26390 compilation from source
FAIL: pr26390 -findirect-dispatch compilation from source
FAIL: pr26390 -O3 compilation from source
FAIL: pr26390 -O3 -findirect-dispatch compilation from source
FAIL: pr26990 compilation from source
FAIL: pr26990 -findirect-dispatch compilation from source
FAIL: pr26990 -O3 compilation from source
FAIL: pr26990 -O3 -findirect-dispatch compilation from source
FAIL: pr27171 compilation from source
FAIL: pr27171 -findirect-dispatch compilation from source
FAIL: pr27171 -O3 compilation from source
FAIL: pr27171 -O3 -findirect-dispatch compilation from source
FAIL: pr6388 compilation from source
FAIL: pr6388 -findirect-dispatch compilation from source
FAIL: pr6388 -O3 compilation from source
FAIL: pr6388 -O3 -findirect-dispatch compilation from source
FAIL: pr83 compilation from source
FAIL: pr83 -findirect-dispatch compilation from source
FAIL: pr83 -O3 compilation from source
FAIL: pr83 -O3 -findirect-dispatch compilation from source
FAIL: pr8415 compilation from source
FAIL: pr8415 -findirect-dispatch compilation from source
FAIL: pr8415 -O3 compilation from source
FAIL: pr8415 -O3 -findirect-dispatch compilation from source
FAIL: pr8676 compilation from source
FAIL: pr8676 -findirect-dispatch compilation from source
FAIL: pr8676 -O3 compilation from source
FAIL: pr8676 -O3 -findirect-dispatch compilation from source
FAIL: pr8823 compilation from source
FAIL: pr8823 -findirect-dispatch compilation from source
FAIL: pr8823 -O3 compilation from source
FAIL: pr8823 -O3 -findirect-dispatch compilation from source
FAIL: pr8945 compilation from source
FAIL: pr8945 -findirect-dispatch compilation from source
FAIL: pr8945 -O3 compilation from source
FAIL: pr8945 -O3 -findirect-dispatch compilation from source
FAIL: private_direct_read compilation from source
FAIL: private_direct_read -findirect-dispatch compilation from source
FAIL: private_direct_read -O3 compilation from source
FAIL: private_direct_read -O3 -findirect-dispatch compilation from source
FAIL: search_outer compilation from source
FAIL: search_outer -findirect-dispatch compilation from source
FAIL: search_outer -O3 compilation from source
FAIL: search_outer -O3 -findirect-dispatch compilation from source
FAIL: shatest compilation from source
FAIL: shatest -findirect-dispatch compilation from source
FAIL: shatest -O3 compilation from source
FAIL: shatest -O3 -findirect-dispatch compilation from source
FAIL: stacktrace compilation from source
FAIL: stacktrace -findirect-dispatch compilation from source
FAIL: stacktrace -O3 compilation from source
FAIL: stacktrace -O3 -findirect-dispatch compilation from source
FAIL: stringconst compilation from source
FAIL: stringconst -findirect-dispatch compilation from source
FAIL: stringconst -O3 compilation from source
FAIL: stringconst -O3 -findirect-dispatch compilation from source
FAIL: stringconst2 compilation from source
FAIL: stringconst2 -findirect-dispatch compilation from source
FAIL: stringconst2 -O3 compilation from source
FAIL: stringconst2 -O3 -findirect-dispatch compilation from source
FAIL: stub compilation from source
FAIL: stub -findirect-dispatch compilation from source
FAIL: stub -O3 compilation from source
FAIL: stub -O3 -findirect-dispatch compilation from source
FAIL: test_long compilation from source
FAIL: test_long -findirect-dispatch compilation from source
FAIL: test_long -O3 compilation from source
FAIL: test_long -O3 -findirect-dispatch compilation from source
FAIL: tmi compilation from source
FAIL: tmi -findirect-dispatch compilation from source
FAIL: tmi -O3 compilation from source
FAIL: tmi -O3 -findirect-dispatch compilation from source
FAIL: tp compilation from source
FAIL: tp -findirect-dispatch compilation from source
FAIL: tp -O3 compilation from source
FAIL: tp -O3 -findirect-dispatch compilation from source
FAIL: update_outer compilation from source
FAIL: update_outer -findirect-dispatch compilation from source
FAIL: update_outer -O3 compilation from source
FAIL: update_outer -O3 -findirect-dispatch compilation from source
FAIL: utf8concat compilation from source
FAIL: utf8concat -findirect-dispatch compilation from source
FAIL: utf8concat -O3 compilation from source
FAIL: utf8concat -O3 -findirect-dispatch compilation from source
FAIL: utilTest compilation from source
FAIL: utilTest -findirect-dispatch compilation from source
FAIL: utilTest -O3 compilation from source
FAIL: utilTest -O3 -findirect-dispatch compilation from source
FAIL: verify compilation from source
FAIL: verify -findirect-dispatch compilation from source
FAIL: verify -O3 compilation from source
FAIL: verify -O3 -findirect-dispatch compilation from source
FAIL: TestEarlyGC compilation from source
FAIL: TestLeak compilation from source
FAIL: TestMultiple compilation from source
FAIL: TestParent compilation from source

		=== libjava Summary ===

# of expected passes		42
# of unexpected failures	836
# of expected failures		35
# of unresolved testcases	3
# of untested testcases		1604
		=== libstdc++ tests ===


Running target unix
FAIL: 18_support/exception_ptr/current_exception.cc execution test
FAIL: 18_support/exception_ptr/lifespan.cc execution test
FAIL: 18_support/exception_ptr/move.cc execution test
FAIL: 18_support/exception_ptr/rethrow_exception.cc execution test
FAIL: 19_diagnostics/error_category/cons/default.cc execution test
FAIL: 19_diagnostics/error_category/operators/equal.cc execution test
FAIL: 19_diagnostics/error_category/operators/not_equal.cc execution test
FAIL: 19_diagnostics/error_code/cons/1.cc execution test
FAIL: 19_diagnostics/error_code/cons/39882.cc execution test
FAIL: 19_diagnostics/error_code/modifiers/39882.cc execution test
FAIL: 19_diagnostics/error_code/operators/bool.cc execution test
FAIL: 19_diagnostics/error_code/operators/equal.cc execution test
FAIL: 19_diagnostics/error_code/operators/not_equal.cc execution test
FAIL: 19_diagnostics/error_condition/cons/1.cc execution test
FAIL: 19_diagnostics/error_condition/cons/39881.cc execution test
FAIL: 19_diagnostics/error_condition/modifiers/39881.cc execution test
FAIL: 19_diagnostics/error_condition/operators/bool.cc execution test
FAIL: 19_diagnostics/error_condition/operators/equal.cc execution test
FAIL: 19_diagnostics/error_condition/operators/not_equal.cc execution test
FAIL: 19_diagnostics/system_error/cons-1.cc execution test
FAIL: 19_diagnostics/system_error/cons_virtual_derivation.cc execution test
FAIL: 19_diagnostics/system_error/what-1.cc execution test
FAIL: 19_diagnostics/system_error/what-2.cc execution test
FAIL: 19_diagnostics/system_error/what-3.cc execution test
FAIL: 19_diagnostics/system_error/what-4.cc execution test
FAIL: 19_diagnostics/system_error/what-big.cc execution test
FAIL: 20_util/hash/operators/size_t.cc execution test
FAIL: 20_util/shared_ptr/thread/default_weaktoshared.cc execution test
FAIL: 21_strings/basic_string/init-list.cc execution test
FAIL: 22_locale/ctype/narrow/char/1.cc execution test
FAIL: 22_locale/ctype/narrow/char/19955.cc execution test
FAIL: 22_locale/ctype/narrow/char/2.cc execution test
FAIL: 22_locale/money_get/get/char/38399.cc execution test
FAIL: 22_locale/money_get/get/char/39168.cc execution test
FAIL: 22_locale/money_get/get/wchar_t/38399.cc execution test
FAIL: 22_locale/money_get/get/wchar_t/39168.cc execution test
FAIL: 22_locale/money_put/put/char/39168.cc execution test
FAIL: 22_locale/money_put/put/wchar_t/39168.cc execution test
FAIL: 22_locale/num_get/get/char/10.cc execution test
FAIL: 22_locale/num_get/get/char/12.cc execution test
FAIL: 22_locale/num_get/get/char/15.cc execution test
FAIL: 22_locale/num_get/get/char/16.cc execution test
FAIL: 22_locale/num_get/get/char/22131.cc execution test
FAIL: 22_locale/num_get/get/char/37958.cc execution test
FAIL: 22_locale/num_get/get/char/39168.cc execution test
FAIL: 22_locale/num_get/get/char/39802.cc execution test
FAIL: 22_locale/num_get/get/wchar_t/10.cc execution test
FAIL: 22_locale/num_get/get/wchar_t/12.cc execution test
FAIL: 22_locale/num_get/get/wchar_t/15.cc execution test
FAIL: 22_locale/num_get/get/wchar_t/16.cc execution test
FAIL: 22_locale/num_get/get/wchar_t/22131.cc execution test
FAIL: 22_locale/num_get/get/wchar_t/37958.cc execution test
FAIL: 22_locale/num_get/get/wchar_t/39168.cc execution test
FAIL: 22_locale/num_get/get/wchar_t/39802.cc execution test
FAIL: 22_locale/num_put/put/char/38196.cc execution test
FAIL: 22_locale/num_put/put/char/38210.cc execution test
FAIL: 22_locale/num_put/put/wchar_t/38196.cc execution test
FAIL: 22_locale/num_put/put/wchar_t/38210.cc execution test
FAIL: 27_io/basic_istream/extractors_arithmetic/char/10.cc execution test
FAIL: 27_io/basic_istream/extractors_arithmetic/wchar_t/10.cc execution test
FAIL: 27_io/basic_ostream/inserters_other/char/error_code.cc execution test
FAIL: 27_io/basic_ostream/inserters_other/wchar_t/error_code.cc execution test
FAIL: abi/demangle/abi_examples/20.cc execution test
FAIL: abi/demangle/abi_text/02.cc execution test
FAIL: abi/demangle/regression/cw-16.cc execution test
FAIL: tr1/2_general_utilities/shared_ptr/thread/default_weaktoshared.cc execution test

		=== libstdc++ Summary ===

# of expected passes		5410
# of unexpected failures	66
# of expected failures		69
# of unsupported tests		543
		=== g++ tests ===


Running target unix
FAIL: tmpdir-g++.dg-struct-layout-1/t024 cp_compat_x_tst.o-cp_compat_y_tst.o execute 
FAIL: tmpdir-g++.dg-struct-layout-1/t026 cp_compat_x_tst.o-cp_compat_y_tst.o execute 
FAIL: tmpdir-g++.dg-struct-layout-1/t027 cp_compat_x_tst.o-cp_compat_y_tst.o execute 
FAIL: tmpdir-g++.dg-struct-layout-1/t028 cp_compat_x_tst.o-cp_compat_y_tst.o execute 
FAIL: tmpdir-g++.dg-struct-layout-1/t029 cp_compat_x_tst.o-cp_compat_y_tst.o execute 
FAIL: tmpdir-g++.dg-struct-layout-1/t030 cp_compat_x_tst.o-cp_compat_y_tst.o execute 
FAIL: g++.dg/abi/local1.C execution test
FAIL: g++.dg/abi/rtti3.C scan-assembler .weak[ \\t]_?_ZTSPP1A
FAIL: g++.dg/abi/thunk4.C scan-assembler .weak[ \\t]_?_ZThn._N7Derived3FooEv
FAIL: g++.dg/cdce3.C (test for excess errors)
WARNING: g++.dg/cdce3.C compilation failed to produce executable
FAIL: g++.dg/cdce3.C scan-tree-dump cdce "cdce3.C:98: note: function call is shrink-wrapped into error conditions.": dump file does not exist
FAIL: g++.dg/cdce3.C scan-tree-dump cdce "cdce3.C:99: note: function call is shrink-wrapped into error conditions.": dump file does not exist
FAIL: g++.dg/cdce3.C scan-tree-dump cdce "cdce3.C:100: note: function call is shrink-wrapped into error conditions.": dump file does not exist
FAIL: g++.dg/cdce3.C scan-tree-dump cdce "cdce3.C:101: note: function call is shrink-wrapped into error conditions.": dump file does not exist
FAIL: g++.dg/cdce3.C scan-tree-dump cdce "cdce3.C:102: note: function call is shrink-wrapped into error conditions.": dump file does not exist
FAIL: g++.dg/cdce3.C scan-tree-dump cdce "cdce3.C:103: note: function call is shrink-wrapped into error conditions.": dump file does not exist
FAIL: g++.dg/cdce3.C scan-tree-dump cdce "cdce3.C:104: note: function call is shrink-wrapped into error conditions.": dump file does not exist
FAIL: g++.dg/cdce3.C scan-tree-dump cdce "cdce3.C:105: note: function call is shrink-wrapped into error conditions.": dump file does not exist
FAIL: g++.dg/cdce3.C scan-tree-dump cdce "cdce3.C:106: note: function call is shrink-wrapped into error conditions.": dump file does not exist
FAIL: g++.dg/cdce3.C scan-tree-dump cdce "cdce3.C:107: note: function call is shrink-wrapped into error conditions.": dump file does not exist
FAIL: g++.dg/cdce3.C scan-tree-dump cdce "cdce3.C:108: note: function call is shrink-wrapped into error conditions.": dump file does not exist
FAIL: g++.dg/cdce3.C scan-tree-dump cdce "cdce3.C:109: note: function call is shrink-wrapped into error conditions.": dump file does not exist
FAIL: g++.dg/cdce3.C scan-tree-dump cdce "cdce3.C:110: note: function call is shrink-wrapped into error conditions.": dump file does not exist
FAIL: g++.dg/cdce3.C scan-tree-dump cdce "cdce3.C:111: note: function call is shrink-wrapped into error conditions.": dump file does not exist
FAIL: g++.dg/other/unused1.C scan-assembler (string|ascii?)z?[\\t ]"printer("|\\\\\\\\0)
FAIL: g++.dg/warn/weak1.C (test for excess errors)
WARNING: g++.dg/warn/weak1.C compilation failed to produce executable
FAIL: g++.dg/tls/static-1.C execution test
FAIL: g++.old-deja/g++.eh/badalloc1.C execution test

		=== g++ Summary ===

# of expected passes		18856
# of unexpected failures	28
# of expected failures		162
# of unsupported tests		266
/home/htl10/tmp-build/gcc-446-obj/gcc/testsuite/g++/../../g++  version 4.4.6 (GCC) 

		=== gcc tests ===


Running target unix
FAIL: gcc.c-torture/compile/limits-declparen.c  -O3 -g  (test for excess errors)
FAIL: gcc.c-torture/compile/limits-pointer.c  -O3 -g  (test for excess errors)
FAIL: tmpdir-gcc.dg-struct-layout-1/t001 c_compat_x_tst.o-c_compat_y_tst.o execute 
FAIL: tmpdir-gcc.dg-struct-layout-1/t002 c_compat_x_tst.o-c_compat_y_tst.o execute 
FAIL: tmpdir-gcc.dg-struct-layout-1/t003 c_compat_x_tst.o-c_compat_y_tst.o execute 
FAIL: tmpdir-gcc.dg-struct-layout-1/t004 c_compat_x_tst.o-c_compat_y_tst.o execute 
FAIL: tmpdir-gcc.dg-struct-layout-1/t005 c_compat_x_tst.o-c_compat_y_tst.o execute 
FAIL: tmpdir-gcc.dg-struct-layout-1/t006 c_compat_x_tst.o-c_compat_y_tst.o execute 
FAIL: tmpdir-gcc.dg-struct-layout-1/t007 c_compat_x_tst.o-c_compat_y_tst.o execute 
FAIL: tmpdir-gcc.dg-struct-layout-1/t008 c_compat_x_tst.o-c_compat_y_tst.o execute 
FAIL: tmpdir-gcc.dg-struct-layout-1/t009 c_compat_x_tst.o-c_compat_y_tst.o execute 
FAIL: tmpdir-gcc.dg-struct-layout-1/t010 c_compat_x_tst.o-c_compat_y_tst.o execute 
FAIL: tmpdir-gcc.dg-struct-layout-1/t011 c_compat_x_tst.o-c_compat_y_tst.o execute 
FAIL: tmpdir-gcc.dg-struct-layout-1/t012 c_compat_x_tst.o-c_compat_y_tst.o execute 
FAIL: tmpdir-gcc.dg-struct-layout-1/t013 c_compat_x_tst.o-c_compat_y_tst.o execute 
FAIL: tmpdir-gcc.dg-struct-layout-1/t014 c_compat_x_tst.o-c_compat_y_tst.o execute 
FAIL: tmpdir-gcc.dg-struct-layout-1/t015 c_compat_x_tst.o-c_compat_y_tst.o execute 
FAIL: tmpdir-gcc.dg-struct-layout-1/t017 c_compat_x_tst.o-c_compat_y_tst.o execute 
FAIL: tmpdir-gcc.dg-struct-layout-1/t018 c_compat_x_tst.o-c_compat_y_tst.o execute 
FAIL: tmpdir-gcc.dg-struct-layout-1/t024 c_compat_x_tst.o-c_compat_y_tst.o execute 
FAIL: tmpdir-gcc.dg-struct-layout-1/t025 c_compat_x_tst.o-c_compat_y_tst.o execute 
FAIL: tmpdir-gcc.dg-struct-layout-1/t026 c_compat_x_tst.o-c_compat_y_tst.o execute 
FAIL: tmpdir-gcc.dg-struct-layout-1/t027 c_compat_x_tst.o-c_compat_y_tst.o execute 
FAIL: tmpdir-gcc.dg-struct-layout-1/t028 c_compat_x_tst.o-c_compat_y_tst.o execute 
FAIL: gcc.dg/cpp/_Pragma6.c -fno-show-column (test for excess errors)
FAIL: gcc.dg/array-quals-1.c scan-assembler-not \\\\.data(?!\\\\.rel\\\\.ro)
FAIL: gcc.dg/attr-weakref-1.c (test for excess errors)
WARNING: gcc.dg/attr-weakref-1.c compilation failed to produce executable
FAIL: gcc.dg/c99-tgmath-1.c (test for excess errors)
FAIL: gcc.dg/c99-tgmath-2.c (test for excess errors)
ERROR: gcc.dg/c99-tgmath-2.c: error executing dg-final: couldn't open "c99-tgmath-2.s": no such file or directory
UNRESOLVED: gcc.dg/c99-tgmath-2.c: error executing dg-final: couldn't open "c99-tgmath-2.s": no such file or directory
FAIL: gcc.dg/c99-tgmath-3.c (test for excess errors)
ERROR: gcc.dg/c99-tgmath-3.c: error executing dg-final: couldn't open "c99-tgmath-3.s": no such file or directory
UNRESOLVED: gcc.dg/c99-tgmath-3.c: error executing dg-final: couldn't open "c99-tgmath-3.s": no such file or directory
FAIL: gcc.dg/c99-tgmath-4.c (test for excess errors)
ERROR: gcc.dg/c99-tgmath-4.c: error executing dg-final: couldn't open "c99-tgmath-4.s": no such file or directory
UNRESOLVED: gcc.dg/c99-tgmath-4.c: error executing dg-final: couldn't open "c99-tgmath-4.s": no such file or directory
FAIL: gcc.dg/intmax_t-1.c (test for excess errors)
FAIL: gcc.dg/pr17957.c (test for excess errors)
FAIL: gcc.dg/pr36224.c (test for excess errors)
FAIL: gcc.dg/struct/w_prof_global_array.c compilation,  -O3 -fwhole-program -combine -fipa-type-escape -fprofile-generate
UNRESOLVED: gcc.dg/struct/w_prof_global_array.c execution,    -O3 -fwhole-program -combine -fipa-type-escape -fprofile-generate
UNRESOLVED: gcc.dg/struct/w_prof_global_array.c compilation,  -O3 -fwhole-program -combine -fipa-type-escape -fprofile-use -fipa-struct-reorg -fdump-ipa-all
UNRESOLVED: gcc.dg/struct/w_prof_global_array.c execution,    -O3 -fwhole-program -combine -fipa-type-escape -fprofile-use -fipa-struct-reorg -fdump-ipa-all
FAIL: gcc.dg/struct/w_prof_global_var.c compilation,  -O3 -fwhole-program -combine -fipa-type-escape -fprofile-generate
UNRESOLVED: gcc.dg/struct/w_prof_global_var.c execution,    -O3 -fwhole-program -combine -fipa-type-escape -fprofile-generate
UNRESOLVED: gcc.dg/struct/w_prof_global_var.c compilation,  -O3 -fwhole-program -combine -fipa-type-escape -fprofile-use -fipa-struct-reorg -fdump-ipa-all
UNRESOLVED: gcc.dg/struct/w_prof_global_var.c execution,    -O3 -fwhole-program -combine -fipa-type-escape -fprofile-use -fipa-struct-reorg -fdump-ipa-all
FAIL: gcc.dg/struct/w_prof_local_array.c compilation,  -O3 -fwhole-program -combine -fipa-type-escape -fprofile-generate
UNRESOLVED: gcc.dg/struct/w_prof_local_array.c execution,    -O3 -fwhole-program -combine -fipa-type-escape -fprofile-generate
UNRESOLVED: gcc.dg/struct/w_prof_local_array.c compilation,  -O3 -fwhole-program -combine -fipa-type-escape -fprofile-use -fipa-struct-reorg -fdump-ipa-all
UNRESOLVED: gcc.dg/struct/w_prof_local_array.c execution,    -O3 -fwhole-program -combine -fipa-type-escape -fprofile-use -fipa-struct-reorg -fdump-ipa-all
FAIL: gcc.dg/struct/w_prof_local_var.c compilation,  -O3 -fwhole-program -combine -fipa-type-escape -fprofile-generate
UNRESOLVED: gcc.dg/struct/w_prof_local_var.c execution,    -O3 -fwhole-program -combine -fipa-type-escape -fprofile-generate
UNRESOLVED: gcc.dg/struct/w_prof_local_var.c compilation,  -O3 -fwhole-program -combine -fipa-type-escape -fprofile-use -fipa-struct-reorg -fdump-ipa-all
UNRESOLVED: gcc.dg/struct/w_prof_local_var.c execution,    -O3 -fwhole-program -combine -fipa-type-escape -fprofile-use -fipa-struct-reorg -fdump-ipa-all
FAIL: gcc.dg/struct/w_prof_single_str_global.c compilation,  -O3 -fwhole-program -combine -fipa-type-escape -fprofile-generate
UNRESOLVED: gcc.dg/struct/w_prof_single_str_global.c execution,    -O3 -fwhole-program -combine -fipa-type-escape -fprofile-generate
UNRESOLVED: gcc.dg/struct/w_prof_single_str_global.c compilation,  -O3 -fwhole-program -combine -fipa-type-escape -fprofile-use -fipa-struct-reorg -fdump-ipa-all
UNRESOLVED: gcc.dg/struct/w_prof_single_str_global.c execution,    -O3 -fwhole-program -combine -fipa-type-escape -fprofile-use -fipa-struct-reorg -fdump-ipa-all
FAIL: gcc.dg/struct/w_prof_two_strs.c compilation,  -O3 -fwhole-program -combine -fipa-type-escape -fprofile-generate
UNRESOLVED: gcc.dg/struct/w_prof_two_strs.c execution,    -O3 -fwhole-program -combine -fipa-type-escape -fprofile-generate
UNRESOLVED: gcc.dg/struct/w_prof_two_strs.c compilation,  -O3 -fwhole-program -combine -fipa-type-escape -fprofile-use -fipa-struct-reorg -fdump-ipa-all
UNRESOLVED: gcc.dg/struct/w_prof_two_strs.c execution,    -O3 -fwhole-program -combine -fipa-type-escape -fprofile-use -fipa-struct-reorg -fdump-ipa-all
FAIL: gcc.dg/struct/w_ratio_cold_str.c compilation,  -O3 -fwhole-program -combine -fipa-type-escape -fprofile-generate
UNRESOLVED: gcc.dg/struct/w_ratio_cold_str.c execution,    -O3 -fwhole-program -combine -fipa-type-escape -fprofile-generate
UNRESOLVED: gcc.dg/struct/w_ratio_cold_str.c compilation,  -O3 -fwhole-program -combine -fipa-type-escape -fprofile-use -fipa-struct-reorg -fdump-ipa-all --param struct-reorg-cold-struct-ratio=30
UNRESOLVED: gcc.dg/struct/w_ratio_cold_str.c execution,    -O3 -fwhole-program -combine -fipa-type-escape -fprofile-use -fipa-struct-reorg -fdump-ipa-all --param struct-reorg-cold-struct-ratio=30
FAIL: gcc.dg/tls/opt-11.c execution test
FAIL: gcc.dg/tls/opt-12.c execution test
FAIL: gcc.dg/tls/pr24428-2.c execution test

		=== gcc Summary ===

# of expected passes		50003
# of unexpected failures	44
# of expected failures		114
# of unresolved testcases	24
# of unsupported tests		711
/home/htl10/tmp-build/gcc-446-obj/gcc/xgcc  version 4.4.6 (GCC) 

		=== gfortran tests ===


Running target unix
FAIL: gfortran.dg/include_2.f90  -O  (test for excess errors)
FAIL: gfortran.dg/large_real_kind_2.F90  -O0  execution test
FAIL: gfortran.dg/large_real_kind_2.F90  -O1  execution test
FAIL: gfortran.dg/large_real_kind_2.F90  -O2  execution test
FAIL: gfortran.dg/large_real_kind_2.F90  -O3 -fomit-frame-pointer  execution test
FAIL: gfortran.dg/large_real_kind_2.F90  -O3 -fomit-frame-pointer -funroll-loops  execution test
FAIL: gfortran.dg/large_real_kind_2.F90  -O3 -fomit-frame-pointer -funroll-all-loops -finline-functions  execution test
FAIL: gfortran.dg/large_real_kind_2.F90  -O3 -g  execution test
FAIL: gfortran.dg/large_real_kind_2.F90  -Os  execution test
FAIL: gfortran.dg/nint_2.f90  -O0  execution test

		=== gfortran Summary ===

# of expected passes		30337
# of unexpected failures	10
# of expected failures		9
# of unsupported tests		74
/home/htl10/tmp-build/gcc-446-obj/gcc/testsuite/gfortran/../../gfortran  version 4.4.6 (GCC) 

		=== objc tests ===


Running target unix

		=== objc Summary ===

# of expected passes		1858
# of expected failures		15
# of unsupported tests		28
/home/htl10/tmp-build/gcc-446-obj/gcc/xgcc  version 4.4.6 (GCC) 


Compiler version: 4.4.6 (GCC) 
Platform: alphaev68-dec-osf5.1a
configure flags: none


Index Nav: [Date Index] [Subject Index] [Author Index] [Thread Index]
Message Nav: [Date Prev] [Date Next] [Thread Prev] [Thread Next]