This is the mail archive of the
gcc-testresults@gcc.gnu.org
mailing list for the GCC project.
Results for 4.6.1 20110430 (prerelease) [gcc-4_6-branch revision 173222] (GCC) testsuite on armv7l-unknown-linux-gnueabi
- From: Robert Nelson <robertcnelson at gmail dot com>
- To: gcc-testresults at gcc dot gnu dot org
- Date: Sun, 01 May 2011 13:54:54 -0500
- Subject: Results for 4.6.1 20110430 (prerelease) [gcc-4_6-branch revision 173222] (GCC) testsuite on armv7l-unknown-linux-gnueabi
LAST_UPDATED: Sat Apr 30 20:57:19 UTC 2011 (revision 173222)
Native configuration is armv7l-unknown-linux-gnueabi
=== libgomp tests ===
Running target unix
=== libgomp Summary ===
# of expected passes 312
# of unsupported tests 1
=== libmudflap tests ===
Running target unix
FAIL: libmudflap.c/fail40-frag.c output pattern test
FAIL: libmudflap.c/pass49-frag.c execution test
FAIL: libmudflap.c/pass49-frag.c output pattern test
FAIL: libmudflap.c/pass49-frag.c execution test
FAIL: libmudflap.c/pass49-frag.c output pattern test
FAIL: libmudflap.c/pass51-frag.c execution test
FAIL: libmudflap.c/pass51-frag.c execution test
FAIL: libmudflap.c/fail40-frag.c (-static) output pattern test
FAIL: libmudflap.c/pass49-frag.c (-static) execution test
FAIL: libmudflap.c/pass49-frag.c (-static) output pattern test
FAIL: libmudflap.c/pass49-frag.c (-static) execution test
FAIL: libmudflap.c/pass49-frag.c (-static) output pattern test
FAIL: libmudflap.c/pass51-frag.c (-static) execution test
FAIL: libmudflap.c/pass51-frag.c (-static) execution test
FAIL: libmudflap.c/fail40-frag.c (-O2) output pattern test
FAIL: libmudflap.c/pass49-frag.c (-O2) execution test
FAIL: libmudflap.c/pass49-frag.c (-O2) output pattern test
FAIL: libmudflap.c/pass49-frag.c (-O2) execution test
FAIL: libmudflap.c/pass49-frag.c (-O2) output pattern test
FAIL: libmudflap.c/pass51-frag.c (-O2) execution test
FAIL: libmudflap.c/pass51-frag.c (-O2) execution test
FAIL: libmudflap.c/fail40-frag.c (-O3) output pattern test
FAIL: libmudflap.c/pass49-frag.c (-O3) execution test
FAIL: libmudflap.c/pass49-frag.c (-O3) output pattern test
FAIL: libmudflap.c/pass49-frag.c (-O3) execution test
FAIL: libmudflap.c/pass49-frag.c (-O3) output pattern test
FAIL: libmudflap.c/pass51-frag.c (-O3) execution test
FAIL: libmudflap.c/pass51-frag.c (-O3) execution test
=== libmudflap Summary ===
# of expected passes 1712
# of unexpected failures 28
# of unsupported tests 2
=== gcc tests ===
Running target unix
FAIL: gcc.dg/c99-stdint-1.c (test for excess errors)
FAIL: gcc.dg/c99-stdint-7.c (test for excess errors)
FAIL: gcc.dg/cproj-fails-with-broken-glibc.c execution test
FAIL: gcc.dg/pr17957.c (test for excess errors)
FAIL: gcc.dg/pr48335-2.c (internal compiler error)
FAIL: gcc.dg/pr48335-2.c (test for excess errors)
FAIL: gcc.dg/uninit-13.c unconditional (test for warnings, line 8)
FAIL: gcc.dg/uninit-13.c (test for excess errors)
FAIL: gcc.dg/pch/empty.c -O3 -g -I. (internal compiler error)
FAIL: gcc.dg/pch/empty.c -O3 -g -I. (test for excess errors)
FAIL: gcc.dg/pch/empty.c -O3 -g assembly comparison
FAIL: gcc.dg/pch/import-1.c -O1 -I. (internal compiler error)
FAIL: gcc.dg/pch/import-1.c -O1 -I. (test for excess errors)
FAIL: gcc.dg/pch/import-1.c -O1 assembly comparison
FAIL: gcc.dg/pch/import-2.c -O3 -g -I. (internal compiler error)
FAIL: gcc.dg/pch/import-2.c -O3 -g -I. (test for excess errors)
FAIL: gcc.dg/pch/import-2.c -O3 -g assembly comparison
FAIL: gcc.dg/pch/inline-3.c -O3 -g -I. (internal compiler error)
FAIL: gcc.dg/pch/inline-3.c -O3 -g -I. (test for excess errors)
FAIL: gcc.dg/pch/inline-3.c -O3 -g assembly comparison
FAIL: gcc.dg/pch/static-2.c -O2 -I. (internal compiler error)
FAIL: gcc.dg/pch/static-2.c -O2 -I. (test for excess errors)
FAIL: gcc.dg/pch/static-2.c -O2 assembly comparison
FAIL: gcc.dg/torture/pr47975.c -O0 (test for excess errors)
FAIL: gcc.dg/torture/pr47975.c -O1 (test for excess errors)
FAIL: gcc.dg/torture/pr47975.c -O2 (test for excess errors)
FAIL: gcc.dg/torture/pr47975.c -O3 -fomit-frame-pointer (test for excess errors)
FAIL: gcc.dg/torture/pr47975.c -O3 -g (test for excess errors)
FAIL: gcc.dg/torture/pr47975.c -Os (test for excess errors)
FAIL: gcc.dg/torture/pr47975.c -O2 -flto -flto-partition=none (test for excess errors)
FAIL: gcc.dg/torture/pr47975.c -O2 -flto (test for excess errors)
FAIL: gcc.dg/torture/stackalign/builtin-apply-4.c -O2 -flto -flto-partition=none execution test
FAIL: gcc.dg/torture/stackalign/builtin-apply-4.c -O2 -flto execution test
FAIL: gcc.dg/torture/stackalign/builtin-apply-4.c -O2 -flto -flto-partition=none execution test
FAIL: gcc.dg/torture/stackalign/builtin-apply-4.c -O2 -flto execution test
XPASS: gcc.dg/tree-ssa/20040204-1.c scan-tree-dump-times optimized "link_error" 0
FAIL: gcc.dg/tree-ssa/pr42585.c scan-tree-dump-times optimized "struct _fat_ptr _ans" 0
FAIL: gcc.dg/tree-ssa/pr42585.c scan-tree-dump-times optimized "struct _fat_ptr _T2" 0
XPASS: gcc.dg/vect/vect-16.c scan-tree-dump-times vect "vectorized 1 loops" 1
FAIL: gcc.dg/vect/vect-72.c scan-tree-dump-times vect "Alignment of access forced using peeling" 0
FAIL: gcc.dg/vect/vect-peel-3.c scan-tree-dump-times vect "Vectorizing an unaligned access" 1
FAIL: gcc.dg/vect/vect-peel-4.c scan-tree-dump-times vect "Vectorizing an unaligned access" 1
FAIL: gcc.dg/vect/slp-reduc-6.c scan-tree-dump-times vect "vectorized 1 loops" 2
FAIL: gcc.dg/vect/bb-slp-10.c scan-tree-dump-times slp "unsupported alignment in basic block." 1
FAIL: gcc.target/arm/fp16-compile-none-1.c (test for errors, line 6)
FAIL: gcc.target/arm/fp16-compile-none-1.c (test for excess errors)
FAIL: gcc.target/arm/pr42093.c scan-assembler-not tbb
FAIL: gcc.target/arm/pr42575.c scan-assembler-not mov
=== gcc Summary ===
# of expected passes 74600
# of unexpected failures 46
# of unexpected successes 2
# of expected failures 201
# of unsupported tests 970
/var/builds/opt/gcc-4.6/objdir/gcc/xgcc version 4.6.1 20110430 (prerelease) [gcc-4_6-branch revision 173222] (GCC)
Compiler version: 4.6.1 20110430 (prerelease) [gcc-4_6-branch revision 173222] (GCC)
Platform: armv7l-unknown-linux-gnueabi
configure flags: --prefix=/opt/install-gcc-4.6 --enable-languages=c --with-cpu=cortex-a8 --with-fpu=neon --with-float=softfp
Build Logs: http://rcn-ee.homeip.net:81/dl/gcc/