This is the mail archive of the gcc-testresults@gcc.gnu.org mailing list for the GCC project.


Index Nav: [Date Index] [Subject Index] [Author Index] [Thread Index]
Message Nav: [Date Prev] [Date Next] [Thread Prev] [Thread Next]
Other format: [Raw text]

Results for 4.6.1 20110430 (prerelease) [gcc-4_6-branch revision 173214] (GCC) testsuite on i686-pc-linux-gnu


LAST_UPDATED: Sat Apr 30 13:13:28 UTC 2011 (revision 173214)

Native configuration is i686-pc-linux-gnu

		=== g++ tests ===


Running target unix
FAIL: g++.dg/guality/redeclaration1.C  -O0  line 17 i == 24
FAIL: g++.dg/guality/redeclaration1.C  -O1  line 17 i == 24
FAIL: g++.dg/guality/redeclaration1.C  -O2  line 17 i == 24
FAIL: g++.dg/guality/redeclaration1.C  -O3 -fomit-frame-pointer  line 17 i == 24
FAIL: g++.dg/guality/redeclaration1.C  -O3 -g  line 17 i == 24
FAIL: g++.dg/guality/redeclaration1.C  -Os  line 17 i == 24

		=== g++ Summary ===

# of expected passes		27143
# of unexpected failures	6
# of expected failures		161
# of unsupported tests		152
/export/gnu/import/svn/gcc-test/bld/gcc/testsuite/g++/../../g++  version 4.6.1 20110430 (prerelease) [gcc-4_6-branch revision 173214] (GCC) 

		=== gcc tests ===


Running target unix
FAIL: gcc.dg/cproj-fails-with-broken-glibc.c execution test
XPASS: gcc.dg/guality/example.c  -O0  execution test
XPASS: gcc.dg/guality/example.c  -O1  execution test
XPASS: gcc.dg/guality/example.c  -O2  execution test
XPASS: gcc.dg/guality/guality.c  -O0  execution test
XPASS: gcc.dg/guality/guality.c  -O1  execution test
XPASS: gcc.dg/guality/guality.c  -O2  execution test
XPASS: gcc.dg/guality/guality.c  -O3 -fomit-frame-pointer  execution test
XPASS: gcc.dg/guality/guality.c  -O3 -g  execution test
XPASS: gcc.dg/guality/guality.c  -Os  execution test
XPASS: gcc.dg/guality/guality.c  -O2 -flto -flto-partition=none  execution test
XPASS: gcc.dg/guality/guality.c  -O2 -flto  execution test
XPASS: gcc.dg/guality/inline-params.c  -O2  execution test
XPASS: gcc.dg/guality/inline-params.c  -O3 -fomit-frame-pointer  execution test
XPASS: gcc.dg/guality/inline-params.c  -O3 -g  execution test
XPASS: gcc.dg/guality/inline-params.c  -Os  execution test
FAIL: gcc.dg/guality/pr36728-1.c  -O2 -flto -flto-partition=none  line 12 arg1 == 1
FAIL: gcc.dg/guality/pr36728-1.c  -O2 -flto -flto-partition=none  line 14 arg1 == 1
FAIL: gcc.dg/guality/pr36728-1.c  -O2 -flto  line 12 arg1 == 1
FAIL: gcc.dg/guality/pr36728-1.c  -O2 -flto  line 14 arg1 == 1
XPASS: gcc.dg/guality/pr41353-1.c  -O0  line 28 j == 28 + 37
XPASS: gcc.dg/guality/pr41353-1.c  -O1  line 28 j == 28 + 37
XPASS: gcc.dg/guality/pr41353-1.c  -O2  line 28 j == 28 + 37
XPASS: gcc.dg/guality/pr41353-1.c  -O3 -fomit-frame-pointer  line 28 j == 28 + 37
XPASS: gcc.dg/guality/pr41353-1.c  -O3 -g  line 28 j == 28 + 37
XPASS: gcc.dg/guality/pr41353-1.c  -Os  line 28 j == 28 + 37
XPASS: gcc.dg/guality/pr41353-1.c  -O2 -flto -flto-partition=none  line 28 j == 28 + 37
XPASS: gcc.dg/guality/pr41353-1.c  -O2 -flto  line 28 j == 28 + 37
XPASS: gcc.dg/guality/pr41447-1.c  -O0  execution test
XPASS: gcc.dg/guality/pr41447-1.c  -O1  execution test
XPASS: gcc.dg/guality/pr41447-1.c  -Os  execution test
XPASS: gcc.dg/guality/pr41616-1.c  -O0  execution test
XPASS: gcc.dg/guality/pr41616-1.c  -O1  execution test
XPASS: gcc.dg/guality/pr41616-1.c  -O2  execution test
XPASS: gcc.dg/guality/pr41616-1.c  -O3 -fomit-frame-pointer  execution test
XPASS: gcc.dg/guality/pr41616-1.c  -O3 -g  execution test
XPASS: gcc.dg/guality/pr41616-1.c  -Os  execution test
FAIL: gcc.dg/guality/sra-1.c  -O1  line 21 a.j == 14
FAIL: gcc.dg/guality/sra-1.c  -O2  line 21 a.j == 14
FAIL: gcc.dg/guality/sra-1.c  -O3 -fomit-frame-pointer  line 21 a.j == 14
FAIL: gcc.dg/guality/sra-1.c  -O3 -g  line 21 a.j == 14
FAIL: gcc.dg/guality/sra-1.c  -Os  line 21 a.j == 14
FAIL: gcc.dg/guality/sra-1.c  -O2 -flto -flto-partition=none  line 21 a.j == 14
FAIL: gcc.dg/guality/sra-1.c  -O2 -flto  line 21 a.j == 14
FAIL: gcc.dg/guality/vla-1.c  -O2 -flto -flto-partition=none  line 17 sizeof (a) == 6
FAIL: gcc.dg/guality/vla-1.c  -O2 -flto -flto-partition=none  line 24 sizeof (a) == 17 * sizeof (short)
FAIL: gcc.dg/guality/vla-1.c  -O2 -flto  line 17 sizeof (a) == 6
FAIL: gcc.dg/guality/vla-1.c  -O2 -flto  line 24 sizeof (a) == 17 * sizeof (short)
FAIL: gcc.dg/guality/vla-2.c  -O1  line 25 sizeof (a) == 6 * sizeof (int)
FAIL: gcc.dg/guality/vla-2.c  -O2  line 25 sizeof (a) == 6 * sizeof (int)
FAIL: gcc.dg/guality/vla-2.c  -O3 -fomit-frame-pointer  line 25 sizeof (a) == 6 * sizeof (int)
FAIL: gcc.dg/guality/vla-2.c  -O3 -g  line 25 sizeof (a) == 6 * sizeof (int)
FAIL: gcc.dg/guality/vla-2.c  -Os  line 25 sizeof (a) == 6 * sizeof (int)
FAIL: gcc.dg/guality/vla-2.c  -O2 -flto -flto-partition=none  line 16 sizeof (a) == 5 * sizeof (int)
FAIL: gcc.dg/guality/vla-2.c  -O2 -flto -flto-partition=none  line 25 sizeof (a) == 6 * sizeof (int)
FAIL: gcc.dg/guality/vla-2.c  -O2 -flto  line 16 sizeof (a) == 5 * sizeof (int)
FAIL: gcc.dg/guality/vla-2.c  -O2 -flto  line 25 sizeof (a) == 6 * sizeof (int)

		=== gcc Summary ===

# of expected passes		77840
# of unexpected failures	25
# of unexpected successes	32
# of expected failures		228
# of unsupported tests		762
/export/gnu/import/svn/gcc-test/bld/gcc/xgcc  version 4.6.1 20110430 (prerelease) [gcc-4_6-branch revision 173214] (GCC) 

		=== gfortran tests ===


Running target unix

		=== gfortran Summary ===

# of expected passes		38325
# of expected failures		41
# of unsupported tests		204
/export/gnu/import/svn/gcc-test/bld/gcc/testsuite/gfortran/../../gfortran  version 4.6.1 20110430 (prerelease) [gcc-4_6-branch revision 173214] (GCC) 

		=== objc tests ===


Running target unix

		=== objc Summary ===

# of expected passes		2918
# of expected failures		6
# of unsupported tests		74
/export/gnu/import/svn/gcc-test/bld/gcc/xgcc  version 4.6.1 20110430 (prerelease) [gcc-4_6-branch revision 173214] (GCC) 

		=== libffi tests ===


Running target unix

		=== libffi Summary ===

# of expected passes		1634
# of expected failures		10
# of unsupported tests		15
		=== libgomp tests ===


Running target unix

		=== libgomp Summary ===

# of expected passes		2544
		=== libjava tests ===


Running target unix

		=== libjava Summary ===

# of expected passes		2574
		=== libmudflap tests ===


Running target unix
FAIL: libmudflap.c/fail40-frag.c output pattern test
FAIL: libmudflap.c/pass49-frag.c execution test
FAIL: libmudflap.c/pass49-frag.c output pattern test
FAIL: libmudflap.c/pass49-frag.c execution test
FAIL: libmudflap.c/pass49-frag.c output pattern test
FAIL: libmudflap.c/pass51-frag.c execution test
FAIL: libmudflap.c/pass51-frag.c execution test
FAIL: libmudflap.c/fail40-frag.c (-static) output pattern test
FAIL: libmudflap.c/pass49-frag.c (-static) execution test
FAIL: libmudflap.c/pass49-frag.c (-static) output pattern test
FAIL: libmudflap.c/pass49-frag.c (-static) execution test
FAIL: libmudflap.c/pass49-frag.c (-static) output pattern test
FAIL: libmudflap.c/pass51-frag.c (-static) execution test
FAIL: libmudflap.c/pass51-frag.c (-static) execution test
FAIL: libmudflap.c/fail40-frag.c (-O2) output pattern test
FAIL: libmudflap.c/pass49-frag.c (-O2) execution test
FAIL: libmudflap.c/pass49-frag.c (-O2) output pattern test
FAIL: libmudflap.c/pass49-frag.c (-O2) execution test
FAIL: libmudflap.c/pass49-frag.c (-O2) output pattern test
FAIL: libmudflap.c/pass51-frag.c (-O2) execution test
FAIL: libmudflap.c/pass51-frag.c (-O2) execution test
FAIL: libmudflap.c/fail40-frag.c (-O3) output pattern test
FAIL: libmudflap.c/pass49-frag.c (-O3) execution test
FAIL: libmudflap.c/pass49-frag.c (-O3) output pattern test
FAIL: libmudflap.c/pass49-frag.c (-O3) execution test
FAIL: libmudflap.c/pass49-frag.c (-O3) output pattern test
FAIL: libmudflap.c/pass51-frag.c (-O3) execution test
FAIL: libmudflap.c/pass51-frag.c (-O3) execution test

		=== libmudflap Summary ===

# of expected passes		1866
# of unexpected failures	28
		=== libstdc++ tests ===


Running target unix

		=== libstdc++ Summary ===

# of expected passes		8279
# of expected failures		84
# of unsupported tests		110

Compiler version: 4.6.1 20110430 (prerelease) [gcc-4_6-branch revision 173214] (GCC) 
Platform: i686-pc-linux-gnu
configure flags: --prefix=/usr/local --enable-clocale=gnu --with-system-zlib --enable-shared --with-demangler-in-ld --with-fpmath=sse --enable-languages=c,c++,fortran,java,lto,objc


Index Nav: [Date Index] [Subject Index] [Author Index] [Thread Index]
Message Nav: [Date Prev] [Date Next] [Thread Prev] [Thread Next]