This is the mail archive of the
gcc-testresults@gcc.gnu.org
mailing list for the GCC project.
Results for 4.5.3 (GCC) testsuite on x86_64-apple-darwin10.7.0
- From: Jack Howarth <howarth at bromo dot med dot uc dot edu>
- To: gcc-testresults at gcc dot gnu dot org
- Date: Fri, 29 Apr 2011 08:41:52 -0400
- Subject: Results for 4.5.3 (GCC) testsuite on x86_64-apple-darwin10.7.0
Xcode 4.0.2
LAST_UPDATED: Obtained from SVN: tags/gcc_4_5_3_release revision 173114
Native configuration is x86_64-apple-darwin10.7.0
=== g++ tests ===
Running target unix/-m32
WARNING: g++.dg/ext/label13.C compilation failed to produce executable
FAIL: g++.dg/lto/20081118-1 cp_lto_20081118-1_0.o-cp_lto_20081118-1_1.o link
UNRESOLVED: g++.dg/lto/20081118-1 cp_lto_20081118-1_0.o-cp_lto_20081118-1_1.o execute -O0 -fwhopr
FAIL: g++.dg/lto/20081118-1 cp_lto_20081118-1_0.o-cp_lto_20081118-1_1.o link
UNRESOLVED: g++.dg/lto/20081118-1 cp_lto_20081118-1_0.o-cp_lto_20081118-1_1.o execute -O2 -fwhopr
FAIL: g++.dg/lto/20081118 cp_lto_20081118_0.o-cp_lto_20081118_1.o link
UNRESOLVED: g++.dg/lto/20081118 cp_lto_20081118_0.o-cp_lto_20081118_1.o execute -fPIC -fwhopr -r -nostdlib
FAIL: g++.dg/lto/20081119-1 cp_lto_20081119-1_0.o-cp_lto_20081119-1_1.o link
UNRESOLVED: g++.dg/lto/20081119-1 cp_lto_20081119-1_0.o-cp_lto_20081119-1_1.o execute -fPIC -fwhopr -r -nostdlib
FAIL: g++.dg/lto/20081125 cp_lto_20081125_0.o-cp_lto_20081125_1.o link
UNRESOLVED: g++.dg/lto/20081125 cp_lto_20081125_0.o-cp_lto_20081125_1.o execute -fwhopr
FAIL: g++.dg/lto/20081204-1 cp_lto_20081204-1_0.o-cp_lto_20081204-1_1.o link
UNRESOLVED: g++.dg/lto/20081204-1 cp_lto_20081204-1_0.o-cp_lto_20081204-1_1.o execute -fwhopr -fPIC -r -nostdlib
FAIL: g++.dg/lto/20081209 cp_lto_20081209_0.o-cp_lto_20081209_1.o link
UNRESOLVED: g++.dg/lto/20081209 cp_lto_20081209_0.o-cp_lto_20081209_1.o execute -O0 -fwhopr
FAIL: g++.dg/lto/20081209 cp_lto_20081209_0.o-cp_lto_20081209_1.o link
UNRESOLVED: g++.dg/lto/20081209 cp_lto_20081209_0.o-cp_lto_20081209_1.o execute -O2 -fwhopr
FAIL: g++.dg/lto/20081211-1 cp_lto_20081211-1_0.o-cp_lto_20081211-1_1.o link
UNRESOLVED: g++.dg/lto/20081211-1 cp_lto_20081211-1_0.o-cp_lto_20081211-1_1.o execute -O0 -fwhopr
FAIL: g++.dg/lto/20081211-1 cp_lto_20081211-1_0.o-cp_lto_20081211-1_1.o link
UNRESOLVED: g++.dg/lto/20081211-1 cp_lto_20081211-1_0.o-cp_lto_20081211-1_1.o execute -O2 -fwhopr
FAIL: g++.dg/lto/20081219 cp_lto_20081219_0.o-cp_lto_20081219_1.o link
UNRESOLVED: g++.dg/lto/20081219 cp_lto_20081219_0.o-cp_lto_20081219_1.o execute -fPIC -fwhopr -O2
FAIL: g++.dg/lto/20090311-1 cp_lto_20090311-1_0.o-cp_lto_20090311-1_1.o link
UNRESOLVED: g++.dg/lto/20090311-1 cp_lto_20090311-1_0.o-cp_lto_20090311-1_1.o execute -O0 -fwhopr
FAIL: g++.dg/lto/20090311-1 cp_lto_20090311-1_0.o-cp_lto_20090311-1_1.o link
UNRESOLVED: g++.dg/lto/20090311-1 cp_lto_20090311-1_0.o-cp_lto_20090311-1_1.o execute -O2 -fwhopr
FAIL: g++.dg/lto/20091210-1 cp_lto_20091210-1_0.o-cp_lto_20091210-1_1.o link
UNRESOLVED: g++.dg/lto/20091210-1 cp_lto_20091210-1_0.o-cp_lto_20091210-1_1.o execute -O0 -fwhopr
FAIL: g++.dg/lto/20091210-1 cp_lto_20091210-1_0.o-cp_lto_20091210-1_1.o link
UNRESOLVED: g++.dg/lto/20091210-1 cp_lto_20091210-1_0.o-cp_lto_20091210-1_1.o execute -O2 -fwhopr
=== g++ Summary for unix/-m32 ===
# of expected passes 23069
# of unexpected failures 15
# of expected failures 154
# of unresolved testcases 15
# of unsupported tests 180
Running target unix/-m64
WARNING: g++.dg/ext/label13.C compilation failed to produce executable
FAIL: g++.dg/tree-prof/partition1.C compilation, -g -fprofile-use
UNRESOLVED: g++.dg/tree-prof/partition1.C execution, -g -fprofile-use
FAIL: g++.dg/tree-prof/partition1.C compilation, -O0 -fprofile-use
UNRESOLVED: g++.dg/tree-prof/partition1.C execution, -O0 -fprofile-use
FAIL: g++.dg/tree-prof/partition1.C compilation, -O1 -fprofile-use
UNRESOLVED: g++.dg/tree-prof/partition1.C execution, -O1 -fprofile-use
FAIL: g++.dg/tree-prof/partition1.C compilation, -O2 -fprofile-use
UNRESOLVED: g++.dg/tree-prof/partition1.C execution, -O2 -fprofile-use
FAIL: g++.dg/tree-prof/partition1.C compilation, -O3 -fprofile-use
UNRESOLVED: g++.dg/tree-prof/partition1.C execution, -O3 -fprofile-use
FAIL: g++.dg/tree-prof/partition1.C compilation, -O3 -g -fprofile-use
UNRESOLVED: g++.dg/tree-prof/partition1.C execution, -O3 -g -fprofile-use
FAIL: g++.dg/tree-prof/partition1.C compilation, -Os -fprofile-use
UNRESOLVED: g++.dg/tree-prof/partition1.C execution, -Os -fprofile-use
FAIL: g++.dg/tree-prof/partition2.C compilation, -O1 -fprofile-use
UNRESOLVED: g++.dg/tree-prof/partition2.C execution, -O1 -fprofile-use
FAIL: g++.dg/tree-prof/partition2.C compilation, -O2 -fprofile-use
UNRESOLVED: g++.dg/tree-prof/partition2.C execution, -O2 -fprofile-use
FAIL: g++.dg/tree-prof/partition2.C compilation, -O3 -fprofile-use
UNRESOLVED: g++.dg/tree-prof/partition2.C execution, -O3 -fprofile-use
FAIL: g++.dg/tree-prof/partition2.C compilation, -O3 -g -fprofile-use
UNRESOLVED: g++.dg/tree-prof/partition2.C execution, -O3 -g -fprofile-use
FAIL: g++.dg/tree-prof/partition2.C compilation, -Os -fprofile-use
UNRESOLVED: g++.dg/tree-prof/partition2.C execution, -Os -fprofile-use
=== g++ Summary for unix/-m64 ===
# of expected passes 22685
# of unexpected failures 12
# of expected failures 154
# of unresolved testcases 12
# of unsupported tests 362
=== g++ Summary ===
# of expected passes 45754
# of unexpected failures 27
# of expected failures 308
# of unresolved testcases 27
# of unsupported tests 542
/sw/src/fink.build/gcc45-4.5.3-1000/darwin_objdir/gcc/testsuite/g++/../../g++ version 4.5.3 (GCC)
=== gcc tests ===
Running target unix/-m32
FAIL: gcc.c-torture/execute/builtins/abs-1.c compilation, -O2 -fwhopr
UNRESOLVED: gcc.c-torture/execute/builtins/abs-1.c execution, -O2 -fwhopr
FAIL: gcc.c-torture/execute/builtins/memcpy-chk.c compilation, -O2 -fwhopr
UNRESOLVED: gcc.c-torture/execute/builtins/memcpy-chk.c execution, -O2 -fwhopr
FAIL: gcc.c-torture/execute/builtins/memmove-2.c compilation, -O2 -fwhopr
UNRESOLVED: gcc.c-torture/execute/builtins/memmove-2.c execution, -O2 -fwhopr
FAIL: gcc.c-torture/execute/builtins/memmove-chk.c compilation, -O2 -fwhopr
UNRESOLVED: gcc.c-torture/execute/builtins/memmove-chk.c execution, -O2 -fwhopr
FAIL: gcc.c-torture/execute/builtins/memmove.c compilation, -O2 -fwhopr
UNRESOLVED: gcc.c-torture/execute/builtins/memmove.c execution, -O2 -fwhopr
FAIL: gcc.c-torture/execute/builtins/memops-asm.c compilation, -O2 -fwhopr
UNRESOLVED: gcc.c-torture/execute/builtins/memops-asm.c execution, -O2 -fwhopr
FAIL: gcc.c-torture/execute/builtins/mempcpy-2.c compilation, -O2 -fwhopr
UNRESOLVED: gcc.c-torture/execute/builtins/mempcpy-2.c execution, -O2 -fwhopr
FAIL: gcc.c-torture/execute/builtins/mempcpy-chk.c compilation, -O2 -fwhopr
UNRESOLVED: gcc.c-torture/execute/builtins/mempcpy-chk.c execution, -O2 -fwhopr
FAIL: gcc.c-torture/execute/builtins/mempcpy.c compilation, -O2 -fwhopr
UNRESOLVED: gcc.c-torture/execute/builtins/mempcpy.c execution, -O2 -fwhopr
FAIL: gcc.c-torture/execute/builtins/memset-chk.c compilation, -O2 -fwhopr
UNRESOLVED: gcc.c-torture/execute/builtins/memset-chk.c execution, -O2 -fwhopr
FAIL: gcc.c-torture/execute/builtins/memset.c compilation, -O2 -fwhopr
UNRESOLVED: gcc.c-torture/execute/builtins/memset.c execution, -O2 -fwhopr
FAIL: gcc.c-torture/execute/builtins/snprintf-chk.c compilation, -O2 -fwhopr
UNRESOLVED: gcc.c-torture/execute/builtins/snprintf-chk.c execution, -O2 -fwhopr
FAIL: gcc.c-torture/execute/builtins/sprintf-chk.c compilation, -O2 -fwhopr
UNRESOLVED: gcc.c-torture/execute/builtins/sprintf-chk.c execution, -O2 -fwhopr
FAIL: gcc.c-torture/execute/builtins/stpcpy-chk.c compilation, -O2 -fwhopr
UNRESOLVED: gcc.c-torture/execute/builtins/stpcpy-chk.c execution, -O2 -fwhopr
FAIL: gcc.c-torture/execute/builtins/strcat-chk.c compilation, -O2 -fwhopr
UNRESOLVED: gcc.c-torture/execute/builtins/strcat-chk.c execution, -O2 -fwhopr
FAIL: gcc.c-torture/execute/builtins/strcmp.c compilation, -O2 -fwhopr
UNRESOLVED: gcc.c-torture/execute/builtins/strcmp.c execution, -O2 -fwhopr
FAIL: gcc.c-torture/execute/builtins/strcpy-chk.c compilation, -O2 -fwhopr
UNRESOLVED: gcc.c-torture/execute/builtins/strcpy-chk.c execution, -O2 -fwhopr
FAIL: gcc.c-torture/execute/builtins/strcpy.c compilation, -O2 -fwhopr
UNRESOLVED: gcc.c-torture/execute/builtins/strcpy.c execution, -O2 -fwhopr
FAIL: gcc.c-torture/execute/builtins/strlen-3.c compilation, -O2 -fwhopr
UNRESOLVED: gcc.c-torture/execute/builtins/strlen-3.c execution, -O2 -fwhopr
FAIL: gcc.c-torture/execute/builtins/strlen.c compilation, -O2 -fwhopr
UNRESOLVED: gcc.c-torture/execute/builtins/strlen.c execution, -O2 -fwhopr
FAIL: gcc.c-torture/execute/builtins/strncat-chk.c compilation, -O2 -fwhopr
UNRESOLVED: gcc.c-torture/execute/builtins/strncat-chk.c execution, -O2 -fwhopr
FAIL: gcc.c-torture/execute/builtins/strncat.c compilation, -O2 -fwhopr
UNRESOLVED: gcc.c-torture/execute/builtins/strncat.c execution, -O2 -fwhopr
FAIL: gcc.c-torture/execute/builtins/strncpy-chk.c compilation, -O2 -fwhopr
UNRESOLVED: gcc.c-torture/execute/builtins/strncpy-chk.c execution, -O2 -fwhopr
FAIL: gcc.c-torture/execute/builtins/strpcpy-2.c compilation, -O2 -fwhopr
UNRESOLVED: gcc.c-torture/execute/builtins/strpcpy-2.c execution, -O2 -fwhopr
FAIL: gcc.c-torture/execute/builtins/strpcpy.c compilation, -O2 -fwhopr
UNRESOLVED: gcc.c-torture/execute/builtins/strpcpy.c execution, -O2 -fwhopr
FAIL: gcc.c-torture/execute/builtins/strrchr.c compilation, -O2 -fwhopr
UNRESOLVED: gcc.c-torture/execute/builtins/strrchr.c execution, -O2 -fwhopr
FAIL: gcc.c-torture/execute/builtins/strstr-asm.c compilation, -O2 -fwhopr
UNRESOLVED: gcc.c-torture/execute/builtins/strstr-asm.c execution, -O2 -fwhopr
FAIL: gcc.c-torture/execute/builtins/vsnprintf-chk.c compilation, -O2 -fwhopr
UNRESOLVED: gcc.c-torture/execute/builtins/vsnprintf-chk.c execution, -O2 -fwhopr
FAIL: gcc.c-torture/execute/builtins/vsprintf-chk.c compilation, -O2 -fwhopr
UNRESOLVED: gcc.c-torture/execute/builtins/vsprintf-chk.c execution, -O2 -fwhopr
FAIL: gcc.dg/framework-1.c (test for excess errors)
FAIL: gcc.dg/lto/20081111 c_lto_20081111_0.o-c_lto_20081111_1.o link
UNRESOLVED: gcc.dg/lto/20081111 c_lto_20081111_0.o-c_lto_20081111_1.o execute -O0 -fwhopr
FAIL: gcc.dg/lto/20081111 c_lto_20081111_0.o-c_lto_20081111_1.o link
UNRESOLVED: gcc.dg/lto/20081111 c_lto_20081111_0.o-c_lto_20081111_1.o execute -O2 -fwhopr
FAIL: gcc.dg/lto/20081112 c_lto_20081112_0.o-c_lto_20081112_1.o link
UNRESOLVED: gcc.dg/lto/20081112 c_lto_20081112_0.o-c_lto_20081112_1.o execute -O2 -fwhopr
FAIL: gcc.dg/lto/20081202-2 c_lto_20081202-2_0.o-c_lto_20081202-2_1.o link
UNRESOLVED: gcc.dg/lto/20081202-2 c_lto_20081202-2_0.o-c_lto_20081202-2_1.o execute -fwhopr -O3
FAIL: gcc.dg/lto/20090213 c_lto_20090213_0.o-c_lto_20090213_1.o link
UNRESOLVED: gcc.dg/lto/20090213 c_lto_20090213_0.o-c_lto_20090213_1.o execute -O2 -fwhopr
FAIL: gcc.dg/lto/20090218 c_lto_20090218_0.o-c_lto_20090218_3.o link
UNRESOLVED: gcc.dg/lto/20090218 c_lto_20090218_0.o-c_lto_20090218_3.o execute -O2 -fwhopr
FAIL: gcc.dg/lto/20091006-1 c_lto_20091006-1_0.o-c_lto_20091006-1_1.o link
UNRESOLVED: gcc.dg/lto/20091006-1 c_lto_20091006-1_0.o-c_lto_20091006-1_1.o execute -O0 -fwhopr
FAIL: gcc.dg/torture/builtin-attr-1.c -O2 -flto (test for excess errors)
FAIL: gcc.dg/torture/builtin-attr-1.c -O2 -fwhopr (test for excess errors)
FAIL: gcc.dg/torture/builtin-math-7.c -O0 execution test
FAIL: gcc.dg/torture/builtin-math-7.c -O1 execution test
FAIL: gcc.dg/torture/builtin-math-7.c -O2 execution test
FAIL: gcc.dg/torture/builtin-math-7.c -O3 -fomit-frame-pointer execution test
FAIL: gcc.dg/torture/builtin-math-7.c -O3 -fomit-frame-pointer -funroll-loops execution test
FAIL: gcc.dg/torture/builtin-math-7.c -O3 -fomit-frame-pointer -funroll-all-loops -finline-functions execution test
FAIL: gcc.dg/torture/builtin-math-7.c -O3 -g execution test
FAIL: gcc.dg/torture/builtin-math-7.c -Os execution test
FAIL: gcc.dg/torture/builtin-math-7.c -O2 -flto execution test
FAIL: gcc.dg/torture/builtin-math-7.c -O2 -fwhopr execution test
=== gcc Summary for unix/-m32 ===
# of expected passes 70403
# of unexpected failures 49
# of expected failures 175
# of unresolved testcases 36
# of unsupported tests 1288
Running target unix/-m64
FAIL: gcc.dg/framework-1.c (test for excess errors)
FAIL: gcc.dg/torture/builtin-attr-1.c -O2 -flto (test for excess errors)
FAIL: gcc.dg/torture/builtin-attr-1.c -O2 -fwhopr (test for excess errors)
FAIL: gcc.dg/torture/builtin-math-7.c -O0 execution test
FAIL: gcc.dg/torture/builtin-math-7.c -O1 execution test
FAIL: gcc.dg/torture/builtin-math-7.c -O2 execution test
FAIL: gcc.dg/torture/builtin-math-7.c -O3 -fomit-frame-pointer execution test
FAIL: gcc.dg/torture/builtin-math-7.c -O3 -fomit-frame-pointer -funroll-loops execution test
FAIL: gcc.dg/torture/builtin-math-7.c -O3 -fomit-frame-pointer -funroll-all-loops -finline-functions execution test
FAIL: gcc.dg/torture/builtin-math-7.c -O3 -g execution test
FAIL: gcc.dg/torture/builtin-math-7.c -Os execution test
FAIL: gcc.dg/torture/builtin-math-7.c -O2 -flto execution test
FAIL: gcc.dg/torture/builtin-math-7.c -O2 -fwhopr execution test
FAIL: gcc.dg/tree-prof/pr34999.c compilation, -fprofile-use -D_PROFILE_USE
UNRESOLVED: gcc.dg/tree-prof/pr34999.c execution, -fprofile-use -D_PROFILE_USE
FAIL: gcc.dg/tree-prof/pr45354.c compilation, -fprofile-use -D_PROFILE_USE
UNRESOLVED: gcc.dg/tree-prof/pr45354.c execution, -fprofile-use -D_PROFILE_USE
=== gcc Summary for unix/-m64 ===
# of expected passes 70002
# of unexpected failures 15
# of expected failures 176
# of unresolved testcases 2
# of unsupported tests 1607
=== gcc Summary ===
# of expected passes 140405
# of unexpected failures 64
# of expected failures 351
# of unresolved testcases 38
# of unsupported tests 2895
/sw/src/fink.build/gcc45-4.5.3-1000/darwin_objdir/gcc/xgcc version 4.5.3 (GCC)
=== gfortran tests ===
Running target unix/-m32
FAIL: gfortran.dg/lto/20100222-1 f_lto_20100222-1_0.o-f_lto_20100222-1_1.o link
UNRESOLVED: gfortran.dg/lto/20100222-1 f_lto_20100222-1_0.o-f_lto_20100222-1_1.o execute -O2 -fwhopr
=== gfortran Summary for unix/-m32 ===
# of expected passes 34362
# of unexpected failures 1
# of expected failures 31
# of unresolved testcases 1
# of unsupported tests 142
Running target unix/-m64
=== gfortran Summary for unix/-m64 ===
# of expected passes 34507
# of expected failures 31
# of unsupported tests 76
=== gfortran Summary ===
# of expected passes 68869
# of unexpected failures 1
# of expected failures 62
# of unresolved testcases 1
# of unsupported tests 218
/sw/src/fink.build/gcc45-4.5.3-1000/darwin_objdir/gcc/testsuite/gfortran/../../gfortran version 4.5.3 (GCC)
=== obj-c++ tests ===
Running target unix/-m32
WARNING: obj-c++.dg/lookup-2.mm -fgnu-runtime compilation failed to produce executable
WARNING: obj-c++.dg/try-catch-2.mm -fgnu-runtime compilation failed to produce executable
WARNING: obj-c++.dg/try-catch-9.mm -fgnu-runtime compilation failed to produce executable
=== obj-c++ Summary for unix/-m32 ===
# of expected passes 924
# of expected failures 3
# of unsupported tests 13
Running target unix/-m64
WARNING: obj-c++.dg/lookup-2.mm -fgnu-runtime compilation failed to produce executable
WARNING: obj-c++.dg/try-catch-2.mm -fgnu-runtime compilation failed to produce executable
WARNING: obj-c++.dg/try-catch-9.mm -fgnu-runtime compilation failed to produce executable
FAIL: obj-c++.dg/basic.mm -fnext-runtime (test for excess errors)
WARNING: obj-c++.dg/basic.mm -fnext-runtime compilation failed to produce executable
FAIL: obj-c++.dg/bitfield-2.mm -fnext-runtime (test for excess errors)
WARNING: obj-c++.dg/bitfield-2.mm -fnext-runtime compilation failed to produce executable
FAIL: obj-c++.dg/bitfield-3.mm -fnext-runtime (test for excess errors)
WARNING: obj-c++.dg/bitfield-3.mm -fnext-runtime compilation failed to produce executable
FAIL: obj-c++.dg/const-str-3.mm -fnext-runtime (test for excess errors)
WARNING: obj-c++.dg/const-str-3.mm -fnext-runtime compilation failed to produce executable
FAIL: obj-c++.dg/const-str-4.mm -fnext-runtime (test for excess errors)
WARNING: obj-c++.dg/const-str-4.mm -fnext-runtime compilation failed to produce executable
FAIL: obj-c++.dg/const-str-7.mm -fnext-runtime (test for excess errors)
WARNING: obj-c++.dg/const-str-7.mm -fnext-runtime compilation failed to produce executable
FAIL: obj-c++.dg/const-str-8.mm -fnext-runtime (test for excess errors)
WARNING: obj-c++.dg/const-str-8.mm -fnext-runtime compilation failed to produce executable
FAIL: obj-c++.dg/cxx-ivars-1.mm -fnext-runtime (test for excess errors)
WARNING: obj-c++.dg/cxx-ivars-1.mm -fnext-runtime compilation failed to produce executable
FAIL: obj-c++.dg/cxx-ivars-2.mm -fnext-runtime (test for excess errors)
WARNING: obj-c++.dg/cxx-ivars-2.mm -fnext-runtime compilation failed to produce executable
FAIL: obj-c++.dg/cxx-ivars-3.mm -fnext-runtime (test for excess errors)
WARNING: obj-c++.dg/cxx-ivars-3.mm -fnext-runtime compilation failed to produce executable
FAIL: obj-c++.dg/cxx-scope-1.mm -fnext-runtime (test for excess errors)
WARNING: obj-c++.dg/cxx-scope-1.mm -fnext-runtime compilation failed to produce executable
FAIL: obj-c++.dg/defs.mm -fnext-runtime (test for excess errors)
WARNING: obj-c++.dg/defs.mm -fnext-runtime compilation failed to produce executable
FAIL: obj-c++.dg/encode-4.mm -fnext-runtime (test for excess errors)
WARNING: obj-c++.dg/encode-4.mm -fnext-runtime compilation failed to produce executable
FAIL: obj-c++.dg/encode-5.mm -fnext-runtime (test for excess errors)
WARNING: obj-c++.dg/encode-5.mm -fnext-runtime compilation failed to produce executable
FAIL: obj-c++.dg/encode-6.mm -fnext-runtime (test for excess errors)
WARNING: obj-c++.dg/encode-6.mm -fnext-runtime compilation failed to produce executable
FAIL: obj-c++.dg/except-1.mm -fnext-runtime (test for excess errors)
WARNING: obj-c++.dg/except-1.mm -fnext-runtime compilation failed to produce executable
FAIL: obj-c++.dg/lookup-2.mm -fnext-runtime (test for excess errors)
WARNING: obj-c++.dg/lookup-2.mm -fnext-runtime compilation failed to produce executable
FAIL: obj-c++.dg/method-10.mm -fnext-runtime (test for excess errors)
WARNING: obj-c++.dg/method-10.mm -fnext-runtime compilation failed to produce executable
FAIL: obj-c++.dg/method-17.mm -fnext-runtime (test for excess errors)
WARNING: obj-c++.dg/method-17.mm -fnext-runtime compilation failed to produce executable
FAIL: obj-c++.dg/method-19.mm -fnext-runtime (test for excess errors)
WARNING: obj-c++.dg/method-19.mm -fnext-runtime compilation failed to produce executable
FAIL: obj-c++.dg/proto-qual-1.mm -fnext-runtime (test for excess errors)
WARNING: obj-c++.dg/proto-qual-1.mm -fnext-runtime compilation failed to produce executable
FAIL: obj-c++.dg/qual-types-1.mm -fnext-runtime (test for excess errors)
WARNING: obj-c++.dg/qual-types-1.mm -fnext-runtime compilation failed to produce executable
FAIL: obj-c++.dg/template-1.mm -fnext-runtime (test for excess errors)
WARNING: obj-c++.dg/template-1.mm -fnext-runtime compilation failed to produce executable
FAIL: obj-c++.dg/template-3.mm -fnext-runtime (test for excess errors)
WARNING: obj-c++.dg/template-3.mm -fnext-runtime compilation failed to produce executable
FAIL: obj-c++.dg/template-4.mm -fnext-runtime (test for excess errors)
WARNING: obj-c++.dg/template-4.mm -fnext-runtime compilation failed to produce executable
WARNING: obj-c++.dg/try-catch-2.mm -fnext-runtime compilation failed to produce executable
WARNING: obj-c++.dg/try-catch-9.mm -fnext-runtime compilation failed to produce executable
FAIL: obj-c++.dg/va-meth-1.mm -fnext-runtime (test for excess errors)
WARNING: obj-c++.dg/va-meth-1.mm -fnext-runtime compilation failed to produce executable
=== obj-c++ Summary for unix/-m64 ===
# of expected passes 843
# of unexpected failures 26
# of expected failures 22
# of unsupported tests 15
=== obj-c++ Summary ===
# of expected passes 1767
# of unexpected failures 26
# of expected failures 25
# of unsupported tests 28
/sw/src/fink.build/gcc45-4.5.3-1000/darwin_objdir/gcc/testsuite/obj-c++/../../g++ version 4.5.3 (GCC)
=== objc tests ===
Running target unix/-m32
FAIL: objc/execute/exceptions/catchall-1.m execution, -O3 -fomit-frame-pointer -fnext-runtime
FAIL: objc/execute/exceptions/catchall-1.m execution, -O3 -g -fnext-runtime
FAIL: objc/execute/exceptions/local-variables-1.m execution, -O3 -fomit-frame-pointer -fnext-runtime
FAIL: objc/execute/exceptions/local-variables-1.m execution, -O3 -g -fnext-runtime
FAIL: objc.dg/headers.m -fnext-runtime (test for excess errors)
FAIL: objc.dg/no-extra-load.m -fnext-runtime (test for excess errors)
ERROR: objc.dg/no-extra-load.m: error executing dg-final: couldn't open "no-extra-load.s": no such file or directory
UNRESOLVED: objc.dg/no-extra-load.m: error executing dg-final: couldn't open "no-extra-load.s": no such file or directory
=== objc Summary for unix/-m32 ===
# of expected passes 3744
# of unexpected failures 6
# of expected failures 7
# of unresolved testcases 1
# of unsupported tests 25
Running target unix/-m64
FAIL: objc.dg/bitfield-1.m -fnext-runtime (test for excess errors)
WARNING: objc.dg/bitfield-1.m -fnext-runtime compilation failed to produce executable
FAIL: objc.dg/bitfield-2.m -fnext-runtime (test for excess errors)
WARNING: objc.dg/bitfield-2.m -fnext-runtime compilation failed to produce executable
FAIL: objc.dg/call-super-1.m -fnext-runtime (test for excess errors)
WARNING: objc.dg/call-super-1.m -fnext-runtime compilation failed to produce executable
FAIL: objc.dg/call-super-3.m -fnext-runtime (test for excess errors)
WARNING: objc.dg/call-super-3.m -fnext-runtime compilation failed to produce executable
FAIL: objc.dg/category-1.m -fnext-runtime (test for excess errors)
WARNING: objc.dg/category-1.m -fnext-runtime compilation failed to produce executable
FAIL: objc.dg/const-str-3.m -fnext-runtime (test for excess errors)
WARNING: objc.dg/const-str-3.m -fnext-runtime compilation failed to produce executable
FAIL: objc.dg/const-str-4.m -fnext-runtime (test for excess errors)
WARNING: objc.dg/const-str-4.m -fnext-runtime compilation failed to produce executable
FAIL: objc.dg/const-str-7.m -fnext-runtime (test for excess errors)
WARNING: objc.dg/const-str-7.m -fnext-runtime compilation failed to produce executable
FAIL: objc.dg/const-str-8.m -fnext-runtime (test for excess errors)
WARNING: objc.dg/const-str-8.m -fnext-runtime compilation failed to produce executable
FAIL: objc.dg/defs.m -fnext-runtime (test for excess errors)
WARNING: objc.dg/defs.m -fnext-runtime compilation failed to produce executable
FAIL: objc.dg/desig-init-1.m -fnext-runtime (test for excess errors)
WARNING: objc.dg/desig-init-1.m -fnext-runtime compilation failed to produce executable
FAIL: objc.dg/encode-2.m -fnext-runtime (test for excess errors)
WARNING: objc.dg/encode-2.m -fnext-runtime compilation failed to produce executable
FAIL: objc.dg/encode-4.m -fnext-runtime (test for excess errors)
WARNING: objc.dg/encode-4.m -fnext-runtime compilation failed to produce executable
FAIL: objc.dg/fix-and-continue-1.m -fnext-runtime (test for excess errors)
WARNING: objc.dg/fix-and-continue-1.m -fnext-runtime compilation failed to produce executable
FAIL: objc.dg/func-ptr-1.m -fnext-runtime (test for excess errors)
WARNING: objc.dg/func-ptr-1.m -fnext-runtime compilation failed to produce executable
FAIL: objc.dg/func-ptr-2.m -fnext-runtime (test for excess errors)
WARNING: objc.dg/func-ptr-2.m -fnext-runtime compilation failed to produce executable
FAIL: objc.dg/headers.m -fnext-runtime (test for excess errors)
FAIL: objc.dg/lookup-1.m -fnext-runtime (test for excess errors)
WARNING: objc.dg/lookup-1.m -fnext-runtime compilation failed to produce executable
FAIL: objc.dg/method-10.m -fnext-runtime (test for excess errors)
WARNING: objc.dg/method-10.m -fnext-runtime compilation failed to produce executable
FAIL: objc.dg/method-13.m -fnext-runtime (test for excess errors)
WARNING: objc.dg/method-13.m -fnext-runtime compilation failed to produce executable
FAIL: objc.dg/method-3.m -fnext-runtime (test for excess errors)
WARNING: objc.dg/method-3.m -fnext-runtime compilation failed to produce executable
FAIL: objc.dg/no-extra-load.m -fnext-runtime (test for excess errors)
ERROR: objc.dg/no-extra-load.m: error executing dg-final: couldn't open "no-extra-load.s": no such file or directory
UNRESOLVED: objc.dg/no-extra-load.m: error executing dg-final: couldn't open "no-extra-load.s": no such file or directory
FAIL: objc.dg/proto-qual-1.m -fnext-runtime (test for excess errors)
WARNING: objc.dg/proto-qual-1.m -fnext-runtime compilation failed to produce executable
FAIL: objc.dg/sizeof-1.m -fnext-runtime (test for excess errors)
WARNING: objc.dg/sizeof-1.m -fnext-runtime compilation failed to produce executable
FAIL: objc.dg/stret-1.m -fnext-runtime (test for excess errors)
WARNING: objc.dg/stret-1.m -fnext-runtime compilation failed to produce executable
FAIL: objc.dg/super-class-3.m -fnext-runtime (test for excess errors)
WARNING: objc.dg/super-class-3.m -fnext-runtime compilation failed to produce executable
FAIL: objc.dg/type-size-2.m -fnext-runtime (test for excess errors)
WARNING: objc.dg/type-size-2.m -fnext-runtime compilation failed to produce executable
FAIL: objc.dg/va-meth-1.m -fnext-runtime (test for excess errors)
WARNING: objc.dg/va-meth-1.m -fnext-runtime compilation failed to produce executable
FAIL: objc.dg/zero-link-3.m -fnext-runtime (test for excess errors)
WARNING: objc.dg/zero-link-3.m -fnext-runtime compilation failed to produce executable
FAIL: objc.dg/special/unclaimed-category-1.m unclaimed-category-1a.o (test for excess errors)
WARNING: objc.dg/special/unclaimed-category-1.m unclaimed-category-1a.o compilation failed to produce executable
=== objc Summary for unix/-m64 ===
# of expected passes 2461
# of unexpected failures 30
# of expected failures 17
# of unresolved testcases 1
# of unsupported tests 28
=== objc Summary ===
# of expected passes 6205
# of unexpected failures 36
# of expected failures 24
# of unresolved testcases 2
# of unsupported tests 53
/sw/src/fink.build/gcc45-4.5.3-1000/darwin_objdir/gcc/xgcc version 4.5.3 (GCC)
=== libffi tests ===
Running target unix/-m32
=== libffi Summary for unix/-m32 ===
# of expected passes 1634
# of expected failures 10
# of unsupported tests 15
Running target unix/-m64
=== libffi Summary for unix/-m64 ===
# of expected passes 1634
# of expected failures 10
# of unsupported tests 15
=== libffi Summary ===
# of expected passes 3268
# of expected failures 20
# of unsupported tests 30
=== libgomp tests ===
Running target unix/-m32
=== libgomp Summary for unix/-m32 ===
# of expected passes 2584
# of unsupported tests 2
Running target unix/-m64
=== libgomp Summary for unix/-m64 ===
# of expected passes 2584
# of unsupported tests 2
=== libgomp Summary ===
# of expected passes 5168
# of unsupported tests 4
=== libjava tests ===
Running target unix/-m32
FAIL: PR16923.c compilation
=== libjava Summary for unix/-m32 ===
# of expected passes 2572
# of unexpected failures 1
Running target unix/-m64
FAIL: Throw_2 execution - source compiled test
FAIL: Throw_2 -findirect-dispatch execution - source compiled test
FAIL: Throw_2 -O3 execution - source compiled test
FAIL: Throw_2 -O3 -findirect-dispatch execution - source compiled test
=== libjava Summary for unix/-m64 ===
# of expected passes 2566
# of unexpected failures 4
# of untested testcases 4
=== libjava Summary ===
# of expected passes 5138
# of unexpected failures 5
# of untested testcases 4
=== libstdc++ tests ===
Running target unix/-m32
=== libstdc++ Summary for unix/-m32 ===
# of expected passes 6459
# of expected failures 89
# of unsupported tests 554
Running target unix/-m64
=== libstdc++ Summary for unix/-m64 ===
# of expected passes 6457
# of expected failures 89
# of unsupported tests 555
=== libstdc++ Summary ===
# of expected passes 12916
# of expected failures 178
# of unsupported tests 1109
Compiler version: 4.5.3 (GCC)
Platform: x86_64-apple-darwin10.7.0
configure flags: --prefix=/sw --prefix=/sw/lib/gcc4.5 --mandir=/sw/share/man --infodir=/sw/lib/gcc4.5/info --enable-languages=c,c++,fortran,objc,obj-c++,java --with-gmp=/sw --with-libiconv-prefix=/sw --with-ppl=/sw --with-cloog=/sw --with-mpc=/sw --with-system-zlib --x-includes=/usr/X11R6/include --x-libraries=/usr/X11R6/lib --program-suffix=-fsf-4.5 --enable-lto