This is the mail archive of the
gcc-testresults@gcc.gnu.org
mailing list for the GCC project.
Results for 4.7.0 20110421 (experimental) [trunk revision 172821] (GCC) testsuite on i386-pc-solaris2.11
- From: Rainer Orth <ro at CeBiTec dot Uni-Bielefeld dot DE>
- To: gcc-testresults at gcc dot gnu dot org
- Date: Tue, 26 Apr 2011 16:21:00 +0200 (MEST)
- Subject: Results for 4.7.0 20110421 (experimental) [trunk revision 172821] (GCC) testsuite on i386-pc-solaris2.11
LAST_UPDATED: Thu Apr 21 13:12:11 UTC 2011 (revision 172821)
=== acats tests ===
FAIL: cxg2001
=== acats Summary ===
# of expected passes 2320
# of unexpected failures 1
Native configuration is i386-pc-solaris2.11
=== g++ tests ===
Running target unix
FAIL: g++.dg/debug/debug9.C -gstabs (test for excess errors)
FAIL: g++.dg/debug/debug9.C -gstabs -O2 (test for excess errors)
FAIL: g++.dg/debug/debug9.C -gstabs -O3 (test for excess errors)
FAIL: g++.dg/debug/debug9.C -gstabs3 (test for excess errors)
FAIL: g++.dg/debug/debug9.C -gstabs3 -O2 (test for excess errors)
FAIL: g++.dg/debug/debug9.C -gstabs3 -O3 (test for excess errors)
FAIL: g++.dg/debug/debug9.C -gstabs+ (test for excess errors)
FAIL: g++.dg/debug/debug9.C -gstabs+ -O2 (test for excess errors)
FAIL: g++.dg/debug/debug9.C -gstabs+ -O3 (test for excess errors)
FAIL: g++.dg/debug/debug9.C -gstabs+3 (test for excess errors)
FAIL: g++.dg/debug/debug9.C -gstabs+3 -O2 (test for excess errors)
FAIL: g++.dg/debug/debug9.C -gstabs+3 -O3 (test for excess errors)
XPASS: g++.dg/tree-ssa/pr43411.C scan-tree-dump-not optimized "OBJ_TYPE_REF"
FAIL: g++.dg/lto/20091219 cp_lto_20091219_0.o-cp_lto_20091219_0.o link, -O3 -flto
UNRESOLVED: g++.dg/lto/20091219 cp_lto_20091219_0.o-cp_lto_20091219_0.o execute -O3 -flto
FAIL: g++.dg/torture/pr48661.C -O1 (test for excess errors)
WARNING: g++.dg/torture/pr48661.C -O1 compilation failed to produce executable
FAIL: g++.dg/torture/pr48661.C -O2 (test for excess errors)
WARNING: g++.dg/torture/pr48661.C -O2 compilation failed to produce executable
FAIL: g++.dg/torture/pr48661.C -O3 -fomit-frame-pointer (test for excess errors)
WARNING: g++.dg/torture/pr48661.C -O3 -fomit-frame-pointer compilation failed to produce executable
FAIL: g++.dg/torture/pr48661.C -O3 -g (test for excess errors)
WARNING: g++.dg/torture/pr48661.C -O3 -g compilation failed to produce executable
FAIL: g++.dg/torture/pr48661.C -Os (test for excess errors)
WARNING: g++.dg/torture/pr48661.C -Os compilation failed to produce executable
FAIL: g++.dg/torture/pr48661.C -O2 -flto -flto-partition=none (test for excess errors)
WARNING: g++.dg/torture/pr48661.C -O2 -flto -flto-partition=none compilation failed to produce executable
FAIL: g++.dg/torture/pr48661.C -O2 -flto (test for excess errors)
WARNING: g++.dg/torture/pr48661.C -O2 -flto compilation failed to produce executable
=== g++ Summary for unix ===
# of expected passes 26823
# of unexpected failures 20
# of unexpected successes 1
# of expected failures 163
# of unresolved testcases 1
# of unsupported tests 192
Running target unix/-m64
FAIL: g++.dg/debug/debug9.C -gstabs1 (test for excess errors)
FAIL: g++.dg/debug/debug9.C -gstabs (test for excess errors)
FAIL: g++.dg/debug/debug9.C -gstabs -O2 (test for excess errors)
FAIL: g++.dg/debug/debug9.C -gstabs -O3 (test for excess errors)
FAIL: g++.dg/debug/debug9.C -gstabs3 (test for excess errors)
FAIL: g++.dg/debug/debug9.C -gstabs3 -O2 (test for excess errors)
FAIL: g++.dg/debug/debug9.C -gstabs3 -O3 (test for excess errors)
FAIL: g++.dg/debug/debug9.C -gstabs+1 (test for excess errors)
FAIL: g++.dg/debug/debug9.C -gstabs+ (test for excess errors)
FAIL: g++.dg/debug/debug9.C -gstabs+ -O2 (test for excess errors)
FAIL: g++.dg/debug/debug9.C -gstabs+ -O3 (test for excess errors)
FAIL: g++.dg/debug/debug9.C -gstabs+3 (test for excess errors)
FAIL: g++.dg/debug/debug9.C -gstabs+3 -O2 (test for excess errors)
FAIL: g++.dg/debug/debug9.C -gstabs+3 -O3 (test for excess errors)
XPASS: g++.dg/tree-ssa/pr43411.C scan-tree-dump-not optimized "OBJ_TYPE_REF"
FAIL: g++.dg/lto/20091219 cp_lto_20091219_0.o-cp_lto_20091219_0.o link, -O3 -flto
UNRESOLVED: g++.dg/lto/20091219 cp_lto_20091219_0.o-cp_lto_20091219_0.o execute -O3 -flto
FAIL: g++.dg/torture/pr48661.C -O1 (test for excess errors)
WARNING: g++.dg/torture/pr48661.C -O1 compilation failed to produce executable
FAIL: g++.dg/torture/pr48661.C -O2 (test for excess errors)
WARNING: g++.dg/torture/pr48661.C -O2 compilation failed to produce executable
FAIL: g++.dg/torture/pr48661.C -O3 -fomit-frame-pointer (test for excess errors)
WARNING: g++.dg/torture/pr48661.C -O3 -fomit-frame-pointer compilation failed to produce executable
FAIL: g++.dg/torture/pr48661.C -O3 -g (test for excess errors)
WARNING: g++.dg/torture/pr48661.C -O3 -g compilation failed to produce executable
FAIL: g++.dg/torture/pr48661.C -Os (test for excess errors)
WARNING: g++.dg/torture/pr48661.C -Os compilation failed to produce executable
FAIL: g++.dg/torture/pr48661.C -O2 -flto -flto-partition=none (test for excess errors)
WARNING: g++.dg/torture/pr48661.C -O2 -flto -flto-partition=none compilation failed to produce executable
FAIL: g++.dg/torture/pr48661.C -O2 -flto (test for excess errors)
WARNING: g++.dg/torture/pr48661.C -O2 -flto compilation failed to produce executable
=== g++ Summary for unix/-m64 ===
# of expected passes 27053
# of unexpected failures 22
# of unexpected successes 1
# of expected failures 163
# of unresolved testcases 1
# of unsupported tests 391
=== g++ Summary ===
# of expected passes 53876
# of unexpected failures 42
# of unexpected successes 2
# of expected failures 326
# of unresolved testcases 2
# of unsupported tests 583
/var/gcc/regression/trunk/11-gcc/build/gcc/testsuite/g++/../../g++ version 4.7.0 20110421 (experimental) [trunk revision 172821] (GCC)
=== gcc tests ===
Running target unix
FAIL: gcc.dg/debug/20020220-1.c -gstabs (test for excess errors)
WARNING: gcc.dg/debug/20020220-1.c -gstabs compilation failed to produce executable
FAIL: gcc.dg/debug/20020220-1.c -gstabs3 (test for excess errors)
WARNING: gcc.dg/debug/20020220-1.c -gstabs3 compilation failed to produce executable
FAIL: gcc.dg/debug/20020220-1.c -gstabs+ (test for excess errors)
WARNING: gcc.dg/debug/20020220-1.c -gstabs+ compilation failed to produce executable
FAIL: gcc.dg/debug/20020220-1.c -gstabs+3 (test for excess errors)
WARNING: gcc.dg/debug/20020220-1.c -gstabs+3 compilation failed to produce executable
FAIL: gcc.dg/debug/20050907-1.c -gstabs1 (test for excess errors)
FAIL: gcc.dg/debug/20050907-1.c -gstabs (test for excess errors)
FAIL: gcc.dg/debug/20050907-1.c -gstabs3 (test for excess errors)
FAIL: gcc.dg/debug/20050907-1.c -gstabs+1 (test for excess errors)
FAIL: gcc.dg/debug/20050907-1.c -gstabs+ (test for excess errors)
FAIL: gcc.dg/debug/20050907-1.c -gstabs+3 (test for excess errors)
FAIL: gcc.dg/debug/pr29609-1.c -gstabs1 (test for excess errors)
WARNING: gcc.dg/debug/pr29609-1.c -gstabs1 compilation failed to produce executable
FAIL: gcc.dg/debug/pr29609-1.c -gstabs1 -O (test for excess errors)
WARNING: gcc.dg/debug/pr29609-1.c -gstabs1 -O compilation failed to produce executable
FAIL: gcc.dg/debug/pr29609-1.c -gstabs1 -O3 (test for excess errors)
WARNING: gcc.dg/debug/pr29609-1.c -gstabs1 -O3 compilation failed to produce executable
FAIL: gcc.dg/debug/pr29609-1.c -gstabs (test for excess errors)
WARNING: gcc.dg/debug/pr29609-1.c -gstabs compilation failed to produce executable
FAIL: gcc.dg/debug/pr29609-1.c -gstabs -O (test for excess errors)
WARNING: gcc.dg/debug/pr29609-1.c -gstabs -O compilation failed to produce executable
FAIL: gcc.dg/debug/pr29609-1.c -gstabs -O3 (test for excess errors)
WARNING: gcc.dg/debug/pr29609-1.c -gstabs -O3 compilation failed to produce executable
FAIL: gcc.dg/debug/pr29609-1.c -gstabs3 (test for excess errors)
WARNING: gcc.dg/debug/pr29609-1.c -gstabs3 compilation failed to produce executable
FAIL: gcc.dg/debug/pr29609-1.c -gstabs3 -O (test for excess errors)
WARNING: gcc.dg/debug/pr29609-1.c -gstabs3 -O compilation failed to produce executable
FAIL: gcc.dg/debug/pr29609-1.c -gstabs3 -O3 (test for excess errors)
WARNING: gcc.dg/debug/pr29609-1.c -gstabs3 -O3 compilation failed to produce executable
FAIL: gcc.dg/debug/pr29609-1.c -gstabs+1 (test for excess errors)
WARNING: gcc.dg/debug/pr29609-1.c -gstabs+1 compilation failed to produce executable
FAIL: gcc.dg/debug/pr29609-1.c -gstabs+1 -O (test for excess errors)
WARNING: gcc.dg/debug/pr29609-1.c -gstabs+1 -O compilation failed to produce executable
FAIL: gcc.dg/debug/pr29609-1.c -gstabs+1 -O3 (test for excess errors)
WARNING: gcc.dg/debug/pr29609-1.c -gstabs+1 -O3 compilation failed to produce executable
FAIL: gcc.dg/debug/pr29609-1.c -gstabs+ (test for excess errors)
WARNING: gcc.dg/debug/pr29609-1.c -gstabs+ compilation failed to produce executable
FAIL: gcc.dg/debug/pr29609-1.c -gstabs+ -O (test for excess errors)
WARNING: gcc.dg/debug/pr29609-1.c -gstabs+ -O compilation failed to produce executable
FAIL: gcc.dg/debug/pr29609-1.c -gstabs+ -O3 (test for excess errors)
WARNING: gcc.dg/debug/pr29609-1.c -gstabs+ -O3 compilation failed to produce executable
FAIL: gcc.dg/debug/pr29609-1.c -gstabs+3 (test for excess errors)
WARNING: gcc.dg/debug/pr29609-1.c -gstabs+3 compilation failed to produce executable
FAIL: gcc.dg/debug/pr29609-1.c -gstabs+3 -O (test for excess errors)
WARNING: gcc.dg/debug/pr29609-1.c -gstabs+3 -O compilation failed to produce executable
FAIL: gcc.dg/debug/pr29609-1.c -gstabs+3 -O3 (test for excess errors)
WARNING: gcc.dg/debug/pr29609-1.c -gstabs+3 -O3 compilation failed to produce executable
FAIL: gcc.dg/debug/pr37616.c -gstabs1 (test for excess errors)
WARNING: gcc.dg/debug/pr37616.c -gstabs1 compilation failed to produce executable
FAIL: gcc.dg/debug/pr37616.c -gstabs1 -O (test for excess errors)
WARNING: gcc.dg/debug/pr37616.c -gstabs1 -O compilation failed to produce executable
FAIL: gcc.dg/debug/pr37616.c -gstabs1 -O3 (test for excess errors)
WARNING: gcc.dg/debug/pr37616.c -gstabs1 -O3 compilation failed to produce executable
FAIL: gcc.dg/debug/pr37616.c -gstabs (test for excess errors)
WARNING: gcc.dg/debug/pr37616.c -gstabs compilation failed to produce executable
FAIL: gcc.dg/debug/pr37616.c -gstabs -O (test for excess errors)
WARNING: gcc.dg/debug/pr37616.c -gstabs -O compilation failed to produce executable
FAIL: gcc.dg/debug/pr37616.c -gstabs -O3 (test for excess errors)
WARNING: gcc.dg/debug/pr37616.c -gstabs -O3 compilation failed to produce executable
FAIL: gcc.dg/debug/pr37616.c -gstabs3 (test for excess errors)
WARNING: gcc.dg/debug/pr37616.c -gstabs3 compilation failed to produce executable
FAIL: gcc.dg/debug/pr37616.c -gstabs3 -O (test for excess errors)
WARNING: gcc.dg/debug/pr37616.c -gstabs3 -O compilation failed to produce executable
FAIL: gcc.dg/debug/pr37616.c -gstabs3 -O3 (test for excess errors)
WARNING: gcc.dg/debug/pr37616.c -gstabs3 -O3 compilation failed to produce executable
FAIL: gcc.dg/debug/pr37616.c -gstabs+1 (test for excess errors)
WARNING: gcc.dg/debug/pr37616.c -gstabs+1 compilation failed to produce executable
FAIL: gcc.dg/debug/pr37616.c -gstabs+1 -O (test for excess errors)
WARNING: gcc.dg/debug/pr37616.c -gstabs+1 -O compilation failed to produce executable
FAIL: gcc.dg/debug/pr37616.c -gstabs+1 -O3 (test for excess errors)
WARNING: gcc.dg/debug/pr37616.c -gstabs+1 -O3 compilation failed to produce executable
FAIL: gcc.dg/debug/pr37616.c -gstabs+ (test for excess errors)
WARNING: gcc.dg/debug/pr37616.c -gstabs+ compilation failed to produce executable
FAIL: gcc.dg/debug/pr37616.c -gstabs+ -O (test for excess errors)
WARNING: gcc.dg/debug/pr37616.c -gstabs+ -O compilation failed to produce executable
FAIL: gcc.dg/debug/pr37616.c -gstabs+ -O3 (test for excess errors)
WARNING: gcc.dg/debug/pr37616.c -gstabs+ -O3 compilation failed to produce executable
FAIL: gcc.dg/debug/pr37616.c -gstabs+3 (test for excess errors)
WARNING: gcc.dg/debug/pr37616.c -gstabs+3 compilation failed to produce executable
FAIL: gcc.dg/debug/pr37616.c -gstabs+3 -O (test for excess errors)
WARNING: gcc.dg/debug/pr37616.c -gstabs+3 -O compilation failed to produce executable
FAIL: gcc.dg/debug/pr37616.c -gstabs+3 -O3 (test for excess errors)
WARNING: gcc.dg/debug/pr37616.c -gstabs+3 -O3 compilation failed to produce executable
=== gcc Summary for unix ===
# of expected passes 77191
# of unexpected failures 46
# of expected failures 246
# of unsupported tests 837
Running target unix/-m64
XPASS: gcc.c-torture/execute/960321-1.c compilation, -O1
XPASS: gcc.c-torture/execute/960321-1.c compilation, -O2
XPASS: gcc.c-torture/execute/960321-1.c compilation, -O3 -fomit-frame-pointer
XPASS: gcc.c-torture/execute/960321-1.c compilation, -O3 -g
XPASS: gcc.c-torture/execute/960321-1.c compilation, -Os
XPASS: gcc.c-torture/execute/960321-1.c compilation, -O2 -flto -flto-partition=none
XPASS: gcc.c-torture/execute/960321-1.c compilation, -O2 -flto
FAIL: gcc.dg/debug/20020220-1.c -gstabs1 (test for excess errors)
WARNING: gcc.dg/debug/20020220-1.c -gstabs1 compilation failed to produce executable
FAIL: gcc.dg/debug/20020220-1.c -gstabs (test for excess errors)
WARNING: gcc.dg/debug/20020220-1.c -gstabs compilation failed to produce executable
FAIL: gcc.dg/debug/20020220-1.c -gstabs3 (test for excess errors)
WARNING: gcc.dg/debug/20020220-1.c -gstabs3 compilation failed to produce executable
FAIL: gcc.dg/debug/20020220-1.c -gstabs+1 (test for excess errors)
WARNING: gcc.dg/debug/20020220-1.c -gstabs+1 compilation failed to produce executable
FAIL: gcc.dg/debug/20020220-1.c -gstabs+ (test for excess errors)
WARNING: gcc.dg/debug/20020220-1.c -gstabs+ compilation failed to produce executable
FAIL: gcc.dg/debug/20020220-1.c -gstabs+3 (test for excess errors)
WARNING: gcc.dg/debug/20020220-1.c -gstabs+3 compilation failed to produce executable
FAIL: gcc.dg/debug/20050907-1.c -gstabs1 (test for excess errors)
FAIL: gcc.dg/debug/20050907-1.c -gstabs (test for excess errors)
FAIL: gcc.dg/debug/20050907-1.c -gstabs3 (test for excess errors)
FAIL: gcc.dg/debug/20050907-1.c -gstabs+1 (test for excess errors)
FAIL: gcc.dg/debug/20050907-1.c -gstabs+ (test for excess errors)
FAIL: gcc.dg/debug/20050907-1.c -gstabs+3 (test for excess errors)
FAIL: gcc.dg/debug/pr29609-1.c -gstabs1 (test for excess errors)
WARNING: gcc.dg/debug/pr29609-1.c -gstabs1 compilation failed to produce executable
FAIL: gcc.dg/debug/pr29609-1.c -gstabs1 -O (test for excess errors)
WARNING: gcc.dg/debug/pr29609-1.c -gstabs1 -O compilation failed to produce executable
FAIL: gcc.dg/debug/pr29609-1.c -gstabs1 -O3 (test for excess errors)
WARNING: gcc.dg/debug/pr29609-1.c -gstabs1 -O3 compilation failed to produce executable
FAIL: gcc.dg/debug/pr29609-1.c -gstabs (test for excess errors)
WARNING: gcc.dg/debug/pr29609-1.c -gstabs compilation failed to produce executable
FAIL: gcc.dg/debug/pr29609-1.c -gstabs -O (test for excess errors)
WARNING: gcc.dg/debug/pr29609-1.c -gstabs -O compilation failed to produce executable
FAIL: gcc.dg/debug/pr29609-1.c -gstabs -O3 (test for excess errors)
WARNING: gcc.dg/debug/pr29609-1.c -gstabs -O3 compilation failed to produce executable
FAIL: gcc.dg/debug/pr29609-1.c -gstabs3 (test for excess errors)
WARNING: gcc.dg/debug/pr29609-1.c -gstabs3 compilation failed to produce executable
FAIL: gcc.dg/debug/pr29609-1.c -gstabs3 -O (test for excess errors)
WARNING: gcc.dg/debug/pr29609-1.c -gstabs3 -O compilation failed to produce executable
FAIL: gcc.dg/debug/pr29609-1.c -gstabs3 -O3 (test for excess errors)
WARNING: gcc.dg/debug/pr29609-1.c -gstabs3 -O3 compilation failed to produce executable
FAIL: gcc.dg/debug/pr29609-1.c -gstabs+1 (test for excess errors)
WARNING: gcc.dg/debug/pr29609-1.c -gstabs+1 compilation failed to produce executable
FAIL: gcc.dg/debug/pr29609-1.c -gstabs+1 -O (test for excess errors)
WARNING: gcc.dg/debug/pr29609-1.c -gstabs+1 -O compilation failed to produce executable
FAIL: gcc.dg/debug/pr29609-1.c -gstabs+1 -O3 (test for excess errors)
WARNING: gcc.dg/debug/pr29609-1.c -gstabs+1 -O3 compilation failed to produce executable
FAIL: gcc.dg/debug/pr29609-1.c -gstabs+ (test for excess errors)
WARNING: gcc.dg/debug/pr29609-1.c -gstabs+ compilation failed to produce executable
FAIL: gcc.dg/debug/pr29609-1.c -gstabs+ -O (test for excess errors)
WARNING: gcc.dg/debug/pr29609-1.c -gstabs+ -O compilation failed to produce executable
FAIL: gcc.dg/debug/pr29609-1.c -gstabs+ -O3 (test for excess errors)
WARNING: gcc.dg/debug/pr29609-1.c -gstabs+ -O3 compilation failed to produce executable
FAIL: gcc.dg/debug/pr29609-1.c -gstabs+3 (test for excess errors)
WARNING: gcc.dg/debug/pr29609-1.c -gstabs+3 compilation failed to produce executable
FAIL: gcc.dg/debug/pr29609-1.c -gstabs+3 -O (test for excess errors)
WARNING: gcc.dg/debug/pr29609-1.c -gstabs+3 -O compilation failed to produce executable
FAIL: gcc.dg/debug/pr29609-1.c -gstabs+3 -O3 (test for excess errors)
WARNING: gcc.dg/debug/pr29609-1.c -gstabs+3 -O3 compilation failed to produce executable
FAIL: gcc.dg/debug/pr36690-2.c -gstabs1 (test for excess errors)
WARNING: gcc.dg/debug/pr36690-2.c -gstabs1 compilation failed to produce executable
FAIL: gcc.dg/debug/pr36690-2.c -gstabs1 -O (test for excess errors)
WARNING: gcc.dg/debug/pr36690-2.c -gstabs1 -O compilation failed to produce executable
FAIL: gcc.dg/debug/pr36690-2.c -gstabs1 -O3 (test for excess errors)
WARNING: gcc.dg/debug/pr36690-2.c -gstabs1 -O3 compilation failed to produce executable
FAIL: gcc.dg/debug/pr36690-2.c -gstabs (test for excess errors)
WARNING: gcc.dg/debug/pr36690-2.c -gstabs compilation failed to produce executable
FAIL: gcc.dg/debug/pr36690-2.c -gstabs -O (test for excess errors)
WARNING: gcc.dg/debug/pr36690-2.c -gstabs -O compilation failed to produce executable
FAIL: gcc.dg/debug/pr36690-2.c -gstabs -O3 (test for excess errors)
WARNING: gcc.dg/debug/pr36690-2.c -gstabs -O3 compilation failed to produce executable
FAIL: gcc.dg/debug/pr36690-2.c -gstabs3 (test for excess errors)
WARNING: gcc.dg/debug/pr36690-2.c -gstabs3 compilation failed to produce executable
FAIL: gcc.dg/debug/pr36690-2.c -gstabs3 -O (test for excess errors)
WARNING: gcc.dg/debug/pr36690-2.c -gstabs3 -O compilation failed to produce executable
FAIL: gcc.dg/debug/pr36690-2.c -gstabs3 -O3 (test for excess errors)
WARNING: gcc.dg/debug/pr36690-2.c -gstabs3 -O3 compilation failed to produce executable
FAIL: gcc.dg/debug/pr36690-2.c -gstabs+1 (test for excess errors)
WARNING: gcc.dg/debug/pr36690-2.c -gstabs+1 compilation failed to produce executable
FAIL: gcc.dg/debug/pr36690-2.c -gstabs+1 -O (test for excess errors)
WARNING: gcc.dg/debug/pr36690-2.c -gstabs+1 -O compilation failed to produce executable
FAIL: gcc.dg/debug/pr36690-2.c -gstabs+1 -O3 (test for excess errors)
WARNING: gcc.dg/debug/pr36690-2.c -gstabs+1 -O3 compilation failed to produce executable
FAIL: gcc.dg/debug/pr36690-2.c -gstabs+ (test for excess errors)
WARNING: gcc.dg/debug/pr36690-2.c -gstabs+ compilation failed to produce executable
FAIL: gcc.dg/debug/pr36690-2.c -gstabs+ -O (test for excess errors)
WARNING: gcc.dg/debug/pr36690-2.c -gstabs+ -O compilation failed to produce executable
FAIL: gcc.dg/debug/pr36690-2.c -gstabs+ -O3 (test for excess errors)
WARNING: gcc.dg/debug/pr36690-2.c -gstabs+ -O3 compilation failed to produce executable
FAIL: gcc.dg/debug/pr36690-2.c -gstabs+3 (test for excess errors)
WARNING: gcc.dg/debug/pr36690-2.c -gstabs+3 compilation failed to produce executable
FAIL: gcc.dg/debug/pr36690-2.c -gstabs+3 -O (test for excess errors)
WARNING: gcc.dg/debug/pr36690-2.c -gstabs+3 -O compilation failed to produce executable
FAIL: gcc.dg/debug/pr36690-2.c -gstabs+3 -O3 (test for excess errors)
WARNING: gcc.dg/debug/pr36690-2.c -gstabs+3 -O3 compilation failed to produce executable
FAIL: gcc.dg/debug/pr36690-3.c -gstabs1 (test for excess errors)
WARNING: gcc.dg/debug/pr36690-3.c -gstabs1 compilation failed to produce executable
FAIL: gcc.dg/debug/pr36690-3.c -gstabs1 -O (test for excess errors)
WARNING: gcc.dg/debug/pr36690-3.c -gstabs1 -O compilation failed to produce executable
FAIL: gcc.dg/debug/pr36690-3.c -gstabs1 -O3 (test for excess errors)
WARNING: gcc.dg/debug/pr36690-3.c -gstabs1 -O3 compilation failed to produce executable
FAIL: gcc.dg/debug/pr36690-3.c -gstabs (test for excess errors)
WARNING: gcc.dg/debug/pr36690-3.c -gstabs compilation failed to produce executable
FAIL: gcc.dg/debug/pr36690-3.c -gstabs -O (test for excess errors)
WARNING: gcc.dg/debug/pr36690-3.c -gstabs -O compilation failed to produce executable
FAIL: gcc.dg/debug/pr36690-3.c -gstabs -O3 (test for excess errors)
WARNING: gcc.dg/debug/pr36690-3.c -gstabs -O3 compilation failed to produce executable
FAIL: gcc.dg/debug/pr36690-3.c -gstabs3 (test for excess errors)
WARNING: gcc.dg/debug/pr36690-3.c -gstabs3 compilation failed to produce executable
FAIL: gcc.dg/debug/pr36690-3.c -gstabs3 -O (test for excess errors)
WARNING: gcc.dg/debug/pr36690-3.c -gstabs3 -O compilation failed to produce executable
FAIL: gcc.dg/debug/pr36690-3.c -gstabs3 -O3 (test for excess errors)
WARNING: gcc.dg/debug/pr36690-3.c -gstabs3 -O3 compilation failed to produce executable
FAIL: gcc.dg/debug/pr36690-3.c -gstabs+1 (test for excess errors)
WARNING: gcc.dg/debug/pr36690-3.c -gstabs+1 compilation failed to produce executable
FAIL: gcc.dg/debug/pr36690-3.c -gstabs+1 -O (test for excess errors)
WARNING: gcc.dg/debug/pr36690-3.c -gstabs+1 -O compilation failed to produce executable
FAIL: gcc.dg/debug/pr36690-3.c -gstabs+1 -O3 (test for excess errors)
WARNING: gcc.dg/debug/pr36690-3.c -gstabs+1 -O3 compilation failed to produce executable
FAIL: gcc.dg/debug/pr36690-3.c -gstabs+ (test for excess errors)
WARNING: gcc.dg/debug/pr36690-3.c -gstabs+ compilation failed to produce executable
FAIL: gcc.dg/debug/pr36690-3.c -gstabs+ -O (test for excess errors)
WARNING: gcc.dg/debug/pr36690-3.c -gstabs+ -O compilation failed to produce executable
FAIL: gcc.dg/debug/pr36690-3.c -gstabs+ -O3 (test for excess errors)
WARNING: gcc.dg/debug/pr36690-3.c -gstabs+ -O3 compilation failed to produce executable
FAIL: gcc.dg/debug/pr36690-3.c -gstabs+3 (test for excess errors)
WARNING: gcc.dg/debug/pr36690-3.c -gstabs+3 compilation failed to produce executable
FAIL: gcc.dg/debug/pr36690-3.c -gstabs+3 -O (test for excess errors)
WARNING: gcc.dg/debug/pr36690-3.c -gstabs+3 -O compilation failed to produce executable
FAIL: gcc.dg/debug/pr36690-3.c -gstabs+3 -O3 (test for excess errors)
WARNING: gcc.dg/debug/pr36690-3.c -gstabs+3 -O3 compilation failed to produce executable
FAIL: gcc.dg/debug/pr37616.c -gstabs1 (test for excess errors)
WARNING: gcc.dg/debug/pr37616.c -gstabs1 compilation failed to produce executable
FAIL: gcc.dg/debug/pr37616.c -gstabs1 -O (test for excess errors)
WARNING: gcc.dg/debug/pr37616.c -gstabs1 -O compilation failed to produce executable
FAIL: gcc.dg/debug/pr37616.c -gstabs1 -O3 (test for excess errors)
WARNING: gcc.dg/debug/pr37616.c -gstabs1 -O3 compilation failed to produce executable
FAIL: gcc.dg/debug/pr37616.c -gstabs (test for excess errors)
WARNING: gcc.dg/debug/pr37616.c -gstabs compilation failed to produce executable
FAIL: gcc.dg/debug/pr37616.c -gstabs -O (test for excess errors)
WARNING: gcc.dg/debug/pr37616.c -gstabs -O compilation failed to produce executable
FAIL: gcc.dg/debug/pr37616.c -gstabs -O3 (test for excess errors)
WARNING: gcc.dg/debug/pr37616.c -gstabs -O3 compilation failed to produce executable
FAIL: gcc.dg/debug/pr37616.c -gstabs3 (test for excess errors)
WARNING: gcc.dg/debug/pr37616.c -gstabs3 compilation failed to produce executable
FAIL: gcc.dg/debug/pr37616.c -gstabs3 -O (test for excess errors)
WARNING: gcc.dg/debug/pr37616.c -gstabs3 -O compilation failed to produce executable
FAIL: gcc.dg/debug/pr37616.c -gstabs3 -O3 (test for excess errors)
WARNING: gcc.dg/debug/pr37616.c -gstabs3 -O3 compilation failed to produce executable
FAIL: gcc.dg/debug/pr37616.c -gstabs+1 (test for excess errors)
WARNING: gcc.dg/debug/pr37616.c -gstabs+1 compilation failed to produce executable
FAIL: gcc.dg/debug/pr37616.c -gstabs+1 -O (test for excess errors)
WARNING: gcc.dg/debug/pr37616.c -gstabs+1 -O compilation failed to produce executable
FAIL: gcc.dg/debug/pr37616.c -gstabs+1 -O3 (test for excess errors)
WARNING: gcc.dg/debug/pr37616.c -gstabs+1 -O3 compilation failed to produce executable
FAIL: gcc.dg/debug/pr37616.c -gstabs+ (test for excess errors)
WARNING: gcc.dg/debug/pr37616.c -gstabs+ compilation failed to produce executable
FAIL: gcc.dg/debug/pr37616.c -gstabs+ -O (test for excess errors)
WARNING: gcc.dg/debug/pr37616.c -gstabs+ -O compilation failed to produce executable
FAIL: gcc.dg/debug/pr37616.c -gstabs+ -O3 (test for excess errors)
WARNING: gcc.dg/debug/pr37616.c -gstabs+ -O3 compilation failed to produce executable
FAIL: gcc.dg/debug/pr37616.c -gstabs+3 (test for excess errors)
WARNING: gcc.dg/debug/pr37616.c -gstabs+3 compilation failed to produce executable
FAIL: gcc.dg/debug/pr37616.c -gstabs+3 -O (test for excess errors)
WARNING: gcc.dg/debug/pr37616.c -gstabs+3 -O compilation failed to produce executable
FAIL: gcc.dg/debug/pr37616.c -gstabs+3 -O3 (test for excess errors)
WARNING: gcc.dg/debug/pr37616.c -gstabs+3 -O3 compilation failed to produce executable
=== gcc Summary for unix/-m64 ===
# of expected passes 77253
# of unexpected failures 84
# of unexpected successes 7
# of expected failures 246
# of unsupported tests 1245
=== gcc Summary ===
# of expected passes 154444
# of unexpected failures 130
# of unexpected successes 7
# of expected failures 492
# of unsupported tests 2082
/var/gcc/regression/trunk/11-gcc/build/gcc/xgcc version 4.7.0 20110421 (experimental) [trunk revision 172821] (GCC)
=== gfortran tests ===
Running target unix
FAIL: gfortran.dg/fmt_g0_6.f08 -O1 execution test
FAIL: gfortran.dg/fmt_g0_6.f08 -O2 execution test
FAIL: gfortran.dg/fmt_g0_6.f08 -O3 -fomit-frame-pointer execution test
FAIL: gfortran.dg/fmt_g0_6.f08 -O3 -fomit-frame-pointer -funroll-loops execution test
FAIL: gfortran.dg/fmt_g0_6.f08 -O3 -fomit-frame-pointer -funroll-all-loops -finline-functions execution test
FAIL: gfortran.dg/fmt_g0_6.f08 -O3 -g execution test
FAIL: gfortran.dg/fmt_g0_6.f08 -Os execution test
=== gfortran Summary for unix ===
# of expected passes 38550
# of unexpected failures 7
# of expected failures 53
# of unsupported tests 228
Running target unix/-m64
=== gfortran Summary for unix/-m64 ===
# of expected passes 38852
# of expected failures 53
# of unsupported tests 90
=== gfortran Summary ===
# of expected passes 77402
# of unexpected failures 7
# of expected failures 106
# of unsupported tests 318
/var/gcc/regression/trunk/11-gcc/build/gcc/testsuite/gfortran/../../gfortran version 4.7.0 20110421 (experimental) [trunk revision 172821] (GCC)
=== gnat tests ===
Running target unix
=== gnat Summary for unix ===
# of expected passes 885
# of expected failures 11
# of unsupported tests 4
Running target unix/-m64
=== gnat Summary for unix/-m64 ===
# of expected passes 885
# of expected failures 11
# of unsupported tests 4
=== gnat Summary ===
# of expected passes 1770
# of expected failures 22
# of unsupported tests 8
/var/gcc/regression/trunk/11-gcc/build/gcc/gnatmake version 4.7.0 20110421 (experimental) [trunk revision 172821]
=== go tests ===
Running target unix
=== go Summary for unix ===
# of expected passes 2987
# of expected failures 23
Running target unix/-m64
=== go Summary for unix/-m64 ===
# of expected passes 2987
# of expected failures 23
=== go Summary ===
# of expected passes 5974
# of expected failures 46
/var/gcc/regression/trunk/11-gcc/build/gcc/testsuite/go/../../gccgo version 4.7.0 20110421 (experimental) [trunk revision 172821] (GCC)
=== obj-c++ tests ===
Running target unix
=== obj-c++ Summary for unix ===
# of expected passes 1410
# of expected failures 2
# of unsupported tests 86
Running target unix/-m64
=== obj-c++ Summary for unix/-m64 ===
# of expected passes 1402
# of expected failures 10
# of unsupported tests 86
=== obj-c++ Summary ===
# of expected passes 2812
# of expected failures 12
# of unsupported tests 172
/var/gcc/regression/trunk/11-gcc/build/gcc/testsuite/obj-c++/../../g++ version 4.7.0 20110421 (experimental) [trunk revision 172821] (GCC)
=== objc tests ===
Running target unix
=== objc Summary for unix ===
# of expected passes 2938
# of expected failures 6
# of unsupported tests 74
Running target unix/-m64
=== objc Summary for unix/-m64 ===
# of expected passes 2928
# of expected failures 16
# of unsupported tests 74
=== objc Summary ===
# of expected passes 5866
# of expected failures 22
# of unsupported tests 148
/var/gcc/regression/trunk/11-gcc/build/gcc/xgcc version 4.7.0 20110421 (experimental) [trunk revision 172821] (GCC)
=== boehm-gc tests ===
Running target unix
=== boehm-gc Summary for unix ===
# of expected passes 12
# of unsupported tests 1
Running target unix/-m64
=== boehm-gc Summary for unix/-m64 ===
# of expected passes 12
# of unsupported tests 1
=== boehm-gc Summary ===
# of expected passes 24
# of unsupported tests 2
=== libffi tests ===
Running target unix
=== libffi Summary for unix ===
# of expected passes 1634
# of expected failures 10
# of unsupported tests 15
Running target unix/-m64
=== libffi Summary for unix/-m64 ===
# of expected passes 1634
# of expected failures 10
# of unsupported tests 15
=== libffi Summary ===
# of expected passes 3268
# of expected failures 20
# of unsupported tests 30
=== libgo tests ===
Running target unix
FAIL: fmt
FAIL: os
FAIL: http/cgi
=== libgo Summary for unix ===
# of expected passes 114
# of unexpected failures 3
# of untested testcases 2
Running target unix/-m64
FAIL: os
FAIL: http/cgi
=== libgo Summary for unix/-m64 ===
# of expected passes 115
# of unexpected failures 2
# of untested testcases 2
=== libgo Summary ===
# of expected passes 229
# of unexpected failures 5
# of untested testcases 4
/var/gcc/regression/trunk/11-gcc/build/./gcc/gccgo version 4.7.0 20110421 (experimental) [trunk revision 172821] (GCC)
=== libgomp tests ===
Running target unix
FAIL: libgomp.graphite/force-parallel-1.c execution test
=== libgomp Summary for unix ===
# of expected passes 2583
# of unexpected failures 1
# of unsupported tests 3
Running target unix/-m64
FAIL: libgomp.graphite/force-parallel-1.c execution test
=== libgomp Summary for unix/-m64 ===
# of expected passes 2583
# of unexpected failures 1
# of unsupported tests 3
=== libgomp Summary ===
# of expected passes 5166
# of unexpected failures 2
# of unsupported tests 6
=== libjava tests ===
Running target unix
=== libjava Summary for unix ===
# of expected passes 2574
Running target unix/-m64
=== libjava Summary for unix/-m64 ===
# of expected passes 2574
=== libjava Summary ===
# of expected passes 5148
=== libstdc++ tests ===
Running target unix
=== libstdc++ Summary for unix ===
# of expected passes 7460
# of expected failures 82
# of unsupported tests 461
Running target unix/-m64
FAIL: libstdc++-abi/abi_check
=== libstdc++ Summary for unix/-m64 ===
# of expected passes 7459
# of unexpected failures 1
# of expected failures 82
# of unsupported tests 461
=== libstdc++ Summary ===
# of expected passes 14919
# of unexpected failures 1
# of expected failures 164
# of unsupported tests 922
Compiler version: 4.7.0 20110421 (experimental) [trunk revision 172821] (GCC)
Platform: i386-pc-solaris2.11
configure flags: --prefix=/vol/gcc --target=i386-pc-solaris2.11 --enable-objc-gc --with-host-libstdcxx='-Wl,-Bstatic -lstdc++ -Wl,-Bdynamic -lm' --with-boot-ldflags='-static-libstdc++ -static-libgcc -L/vol/gcc-4.4/lib' --with-gmp=/vol/gcc --with-mpfr=/vol/gcc --with-mpc=/vol/gcc --enable-languages=all,ada,obj-c++,go --with-ppl=/vol/gcc --with-cloog=/vol/gcc --enable-cloog-backend=ppl
BOOT_CFLAGS=-g -O2