This is the mail archive of the
gcc-testresults@gcc.gnu.org
mailing list for the GCC project.
Results for 4.7.0 20110421 (experimental) [trunk revision 172821] (GCC) testsuite on sparc-sun-solaris2.9
- From: Rainer Orth <ro at CeBiTec dot Uni-Bielefeld dot DE>
- To: gcc-testresults at gcc dot gnu dot org
- Date: Tue, 26 Apr 2011 16:22:31 +0200 (MEST)
- Subject: Results for 4.7.0 20110421 (experimental) [trunk revision 172821] (GCC) testsuite on sparc-sun-solaris2.9
LAST_UPDATED: Thu Apr 21 13:12:11 UTC 2011 (revision 172821)
=== acats tests ===
=== acats Summary ===
# of expected passes 2321
# of unexpected failures 0
Native configuration is sparc-sun-solaris2.9
=== g++ tests ===
Running target unix
XPASS: g++.dg/tree-ssa/pr43411.C scan-tree-dump-not optimized "OBJ_TYPE_REF"
WARNING: program timed out.
FAIL: g++.dg/torture/pr48661.C -O1 (internal compiler error)
FAIL: g++.dg/torture/pr48661.C -O1 (test for excess errors)
WARNING: g++.dg/torture/pr48661.C -O1 compilation failed to produce executable
FAIL: g++.dg/torture/pr48661.C -O2 (internal compiler error)
FAIL: g++.dg/torture/pr48661.C -O2 (test for excess errors)
WARNING: g++.dg/torture/pr48661.C -O2 compilation failed to produce executable
FAIL: g++.dg/torture/pr48661.C -O3 -fomit-frame-pointer (internal compiler error)
FAIL: g++.dg/torture/pr48661.C -O3 -fomit-frame-pointer (test for excess errors)
WARNING: g++.dg/torture/pr48661.C -O3 -fomit-frame-pointer compilation failed to produce executable
FAIL: g++.dg/torture/pr48661.C -O3 -g (internal compiler error)
FAIL: g++.dg/torture/pr48661.C -O3 -g (test for excess errors)
WARNING: g++.dg/torture/pr48661.C -O3 -g compilation failed to produce executable
FAIL: g++.dg/torture/pr48661.C -Os (internal compiler error)
FAIL: g++.dg/torture/pr48661.C -Os (test for excess errors)
WARNING: g++.dg/torture/pr48661.C -Os compilation failed to produce executable
FAIL: g++.dg/torture/pr48661.C -O2 -flto -flto-partition=none (internal compiler error)
FAIL: g++.dg/torture/pr48661.C -O2 -flto -flto-partition=none (test for excess errors)
WARNING: g++.dg/torture/pr48661.C -O2 -flto -flto-partition=none compilation failed to produce executable
FAIL: g++.dg/torture/pr48661.C -O2 -flto (internal compiler error)
FAIL: g++.dg/torture/pr48661.C -O2 -flto (test for excess errors)
WARNING: g++.dg/torture/pr48661.C -O2 -flto compilation failed to produce executable
=== g++ Summary for unix ===
# of expected passes 26373
# of unexpected failures 14
# of unexpected successes 1
# of expected failures 163
# of unsupported tests 431
Running target unix/-m64
XPASS: g++.dg/tree-ssa/pr43411.C scan-tree-dump-not optimized "OBJ_TYPE_REF"
FAIL: g++.dg/torture/pr48661.C -O1 (internal compiler error)
FAIL: g++.dg/torture/pr48661.C -O1 (test for excess errors)
WARNING: g++.dg/torture/pr48661.C -O1 compilation failed to produce executable
FAIL: g++.dg/torture/pr48661.C -O2 (internal compiler error)
FAIL: g++.dg/torture/pr48661.C -O2 (test for excess errors)
WARNING: g++.dg/torture/pr48661.C -O2 compilation failed to produce executable
FAIL: g++.dg/torture/pr48661.C -O3 -fomit-frame-pointer (internal compiler error)
FAIL: g++.dg/torture/pr48661.C -O3 -fomit-frame-pointer (test for excess errors)
WARNING: g++.dg/torture/pr48661.C -O3 -fomit-frame-pointer compilation failed to produce executable
FAIL: g++.dg/torture/pr48661.C -O3 -g (internal compiler error)
FAIL: g++.dg/torture/pr48661.C -O3 -g (test for excess errors)
WARNING: g++.dg/torture/pr48661.C -O3 -g compilation failed to produce executable
FAIL: g++.dg/torture/pr48661.C -Os (internal compiler error)
FAIL: g++.dg/torture/pr48661.C -Os (test for excess errors)
WARNING: g++.dg/torture/pr48661.C -Os compilation failed to produce executable
FAIL: g++.dg/torture/pr48661.C -O2 -flto -flto-partition=none (internal compiler error)
FAIL: g++.dg/torture/pr48661.C -O2 -flto -flto-partition=none (test for excess errors)
WARNING: g++.dg/torture/pr48661.C -O2 -flto -flto-partition=none compilation failed to produce executable
FAIL: g++.dg/torture/pr48661.C -O2 -flto (internal compiler error)
FAIL: g++.dg/torture/pr48661.C -O2 -flto (test for excess errors)
WARNING: g++.dg/torture/pr48661.C -O2 -flto compilation failed to produce executable
=== g++ Summary for unix/-m64 ===
# of expected passes 26985
# of unexpected failures 14
# of unexpected successes 1
# of expected failures 163
# of unsupported tests 428
=== g++ Summary ===
# of expected passes 53358
# of unexpected failures 28
# of unexpected successes 2
# of expected failures 326
# of unsupported tests 859
/var/gcc/regression/trunk/9-gcc-gas/build/gcc/testsuite/g++/../../g++ version 4.7.0 20110421 (experimental) [trunk revision 172821] (GCC)
=== gcc tests ===
Running target unix
WARNING: program timed out.
FAIL: gcc.dg/graphite/interchange-8.c (test for excess errors)
WARNING: gcc.dg/graphite/interchange-8.c compilation failed to produce executable
FAIL: gcc.dg/graphite/interchange-8.c scan-tree-dump-times graphite "will be interchanged" 2
FAIL: gcc.dg/vect/pr48377.c execution test
XPASS: gcc.dg/vect/slp-3.c scan-tree-dump-times vect "vectorized 3 loops" 1
XPASS: gcc.dg/vect/slp-3.c scan-tree-dump-times vect "vectorizing stmts using SLP" 3
FAIL: gcc.dg/vect/pr48377.c -flto execution test
XPASS: gcc.dg/vect/slp-3.c -flto scan-tree-dump-times vect "vectorized 3 loops" 1
XPASS: gcc.dg/vect/slp-3.c -flto scan-tree-dump-times vect "vectorizing stmts using SLP" 3
XPASS: gcc.dg/vect/no-vfa-pr29145.c scan-tree-dump-times vect "vectorized 0 loops" 2
XPASS: gcc.dg/vect/no-vfa-pr29145.c scan-tree-dump-times vect "vectorized 1 loops" 1
=== gcc Summary for unix ===
# of expected passes 70587
# of unexpected failures 4
# of unexpected successes 6
# of expected failures 290
# of unsupported tests 1327
Running target unix/-m64
FAIL: gcc.dg/vect/pr48377.c execution test
XPASS: gcc.dg/vect/slp-3.c scan-tree-dump-times vect "vectorized 3 loops" 1
XPASS: gcc.dg/vect/slp-3.c scan-tree-dump-times vect "vectorizing stmts using SLP" 3
FAIL: gcc.dg/vect/pr48377.c -flto execution test
XPASS: gcc.dg/vect/slp-3.c -flto scan-tree-dump-times vect "vectorized 3 loops" 1
XPASS: gcc.dg/vect/slp-3.c -flto scan-tree-dump-times vect "vectorizing stmts using SLP" 3
XPASS: gcc.dg/vect/no-vfa-pr29145.c scan-tree-dump-times vect "vectorized 0 loops" 2
XPASS: gcc.dg/vect/no-vfa-pr29145.c scan-tree-dump-times vect "vectorized 1 loops" 1
=== gcc Summary for unix/-m64 ===
# of expected passes 71231
# of unexpected failures 2
# of unexpected successes 6
# of expected failures 271
# of unsupported tests 1336
=== gcc Summary ===
# of expected passes 141818
# of unexpected failures 6
# of unexpected successes 12
# of expected failures 561
# of unsupported tests 2663
/var/gcc/regression/trunk/9-gcc-gas/build/gcc/xgcc version 4.7.0 20110421 (experimental) [trunk revision 172821] (GCC)
=== gfortran tests ===
Running target unix
=== gfortran Summary for unix ===
# of expected passes 38197
# of expected failures 55
# of unsupported tests 405
Running target unix/-m64
=== gfortran Summary for unix/-m64 ===
# of expected passes 38476
# of expected failures 55
# of unsupported tests 268
=== gfortran Summary ===
# of expected passes 76673
# of expected failures 110
# of unsupported tests 673
/var/gcc/regression/trunk/9-gcc-gas/build/gcc/testsuite/gfortran/../../gfortran version 4.7.0 20110421 (experimental) [trunk revision 172821] (GCC)
=== gnat tests ===
Running target unix
=== gnat Summary for unix ===
# of expected passes 884
# of expected failures 11
# of unsupported tests 5
Running target unix/-m64
=== gnat Summary for unix/-m64 ===
# of expected passes 884
# of expected failures 11
# of unsupported tests 5
=== gnat Summary ===
# of expected passes 1768
# of expected failures 22
# of unsupported tests 10
/var/gcc/regression/trunk/9-gcc-gas/build/gcc/gnatmake version 4.7.0 20110421 (experimental) [trunk revision 172821]
=== go tests ===
Running target unix
FAIL: ./64bit-out.go compilation, -O2 -g
FAIL: ./select5-out.go compilation, -O2 -g
FAIL: ./tmp.go compilation, -O2 -g
FAIL: go.test/test/chan/select2.go execution, -O2 -g
FAIL: go.test/test/cmplxdivide.go
WARNING: program timed out.
WARNING: program timed out.
WARNING: program timed out.
WARNING: program timed out.
=== go Summary for unix ===
# of expected passes 2979
# of unexpected failures 5
# of expected failures 23
# of untested testcases 3
Running target unix/-m64
FAIL: ./64bit-out.go compilation, -O2 -g
FAIL: ./select5-out.go compilation, -O2 -g
FAIL: ./tmp.go compilation, -O2 -g
FAIL: go.test/test/cmplxdivide.go
WARNING: program timed out.
WARNING: program timed out.
WARNING: program timed out.
WARNING: program timed out.
=== go Summary for unix/-m64 ===
# of expected passes 2980
# of unexpected failures 4
# of expected failures 23
# of untested testcases 3
=== go Summary ===
# of expected passes 5959
# of unexpected failures 9
# of expected failures 46
# of untested testcases 6
/var/gcc/regression/trunk/9-gcc-gas/build/gcc/testsuite/go/../../gccgo version 4.7.0 20110421 (experimental) [trunk revision 172821] (GCC)
=== obj-c++ tests ===
Running target unix
=== obj-c++ Summary for unix ===
# of expected passes 1410
# of expected failures 2
# of unsupported tests 86
Running target unix/-m64
=== obj-c++ Summary for unix/-m64 ===
# of expected passes 1402
# of expected failures 10
# of unsupported tests 86
=== obj-c++ Summary ===
# of expected passes 2812
# of expected failures 12
# of unsupported tests 172
/var/gcc/regression/trunk/9-gcc-gas/build/gcc/testsuite/obj-c++/../../g++ version 4.7.0 20110421 (experimental) [trunk revision 172821] (GCC)
=== objc tests ===
Running target unix
=== objc Summary for unix ===
# of expected passes 2886
# of expected failures 10
# of unsupported tests 98
Running target unix/-m64
=== objc Summary for unix/-m64 ===
# of expected passes 2886
# of expected failures 10
# of unsupported tests 98
=== objc Summary ===
# of expected passes 5772
# of expected failures 20
# of unsupported tests 196
/var/gcc/regression/trunk/9-gcc-gas/build/gcc/xgcc version 4.7.0 20110421 (experimental) [trunk revision 172821] (GCC)
=== boehm-gc tests ===
Running target unix
=== boehm-gc Summary for unix ===
# of expected passes 12
# of unsupported tests 1
Running target unix/-m64
=== boehm-gc Summary for unix/-m64 ===
# of expected passes 12
# of unsupported tests 1
=== boehm-gc Summary ===
# of expected passes 24
# of unsupported tests 2
=== libffi tests ===
Running target unix
=== libffi Summary for unix ===
# of expected passes 1634
# of expected failures 10
# of unsupported tests 15
Running target unix/-m64
=== libffi Summary for unix/-m64 ===
# of expected passes 1634
# of expected failures 10
# of unsupported tests 15
=== libffi Summary ===
# of expected passes 3268
# of expected failures 20
# of unsupported tests 30
=== libgo tests ===
Running target unix
FAIL: big
FAIL: exec
FAIL: flag
FAIL: fmt
FAIL: gob
FAIL: json
FAIL: os
FAIL: rand
FAIL: regexp
FAIL: rpc
FAIL: sync
FAIL: template
FAIL: time
FAIL: try
FAIL: archive/zip
FAIL: crypto/rand
FAIL: go/parser
FAIL: go/token
FAIL: http/cgi
FAIL: testing/quick
=== libgo Summary for unix ===
# of expected passes 97
# of unexpected failures 20
# of untested testcases 2
Running target unix/-m64
FAIL: big
FAIL: exec
FAIL: flag
FAIL: fmt
FAIL: gob
FAIL: json
FAIL: os
FAIL: rand
FAIL: reflect
FAIL: regexp
FAIL: rpc
FAIL: sync
FAIL: template
FAIL: time
FAIL: try
FAIL: archive/zip
FAIL: crypto/rand
FAIL: go/token
FAIL: http/cgi
FAIL: testing/quick
=== libgo Summary for unix/-m64 ===
# of expected passes 97
# of unexpected failures 20
# of untested testcases 2
=== libgo Summary ===
# of expected passes 194
# of unexpected failures 40
# of untested testcases 4
=== libgomp tests ===
Running target unix
FAIL: libgomp.graphite/force-parallel-1.c execution test
=== libgomp Summary for unix ===
# of expected passes 2569
# of unexpected failures 1
# of unsupported tests 10
Running target unix/-m64
FAIL: libgomp.graphite/force-parallel-1.c execution test
=== libgomp Summary for unix/-m64 ===
# of expected passes 2569
# of unexpected failures 1
# of unsupported tests 10
=== libgomp Summary ===
# of expected passes 5138
# of unexpected failures 2
# of unsupported tests 20
=== libjava tests ===
Running target unix
=== libjava Summary for unix ===
# of expected passes 2574
Running target unix/-m64
=== libjava Summary for unix/-m64 ===
# of expected passes 2574
=== libjava Summary ===
# of expected passes 5148
=== libstdc++ tests ===
Running target unix
=== libstdc++ Summary for unix ===
# of expected passes 6935
# of expected failures 84
# of unsupported tests 744
Running target unix/-m64
=== libstdc++ Summary for unix/-m64 ===
# of expected passes 6935
# of expected failures 84
# of unsupported tests 744
=== libstdc++ Summary ===
# of expected passes 13870
# of expected failures 168
# of unsupported tests 1488
Compiler version: 4.7.0 20110421 (experimental) [trunk revision 172821] (GCC)
Platform: sparc-sun-solaris2.9
configure flags: --prefix=/vol/gcc --target=sparc-sun-solaris2.9 --enable-objc-gc --with-host-libstdcxx='-Wl,-Bstatic -lstdc++ -Wl,-Bdynamic -lm' --with-boot-ldflags='-static-libstdc++ -static-libgcc -L/vol/gcc-4.4/lib' --with-as=/vol/gcc/bin/gas-2.21 --with-gnu-as --with-gmp=/vol/gcc --with-mpfr=/vol/gcc --with-mpc=/vol/gcc --enable-languages=all,ada,obj-c++,go --with-ppl=/vol/gcc --with-cloog=/vol/gcc --enable-cloog-backend=ppl
BOOT_CFLAGS=-g -O2