This is the mail archive of the
gcc-testresults@gcc.gnu.org
mailing list for the GCC project.
Results for 4.7.0 20110423 (experimental) (GCC) testsuite on sparc64-unknown-linux-gnu
- From: Mikael Pettersson <mikpe at it dot uu dot se>
- To: gcc-testresults at gcc dot gnu dot org
- Date: Sun, 24 Apr 2011 20:16:54 +0200
- Subject: Results for 4.7.0 20110423 (experimental) (GCC) testsuite on sparc64-unknown-linux-gnu
LAST_UPDATED: Obtained from SVN: trunk revision 172902
Native configuration is sparc64-unknown-linux-gnu
=== g++ tests ===
Running target unix
XPASS: g++.dg/tree-ssa/pr43411.C scan-tree-dump-not optimized "OBJ_TYPE_REF"
FAIL: g++.dg/guality/redeclaration1.C -O0 line 17 i == 24
FAIL: g++.dg/guality/redeclaration1.C -O1 line 17 i == 24
FAIL: g++.dg/guality/redeclaration1.C -O2 line 14 i == 42
FAIL: g++.dg/guality/redeclaration1.C -O2 line 17 i == 24
FAIL: g++.dg/guality/redeclaration1.C -O3 -fomit-frame-pointer line 14 i == 42
FAIL: g++.dg/guality/redeclaration1.C -O3 -fomit-frame-pointer line 17 i == 24
FAIL: g++.dg/guality/redeclaration1.C -O3 -g line 14 i == 42
FAIL: g++.dg/guality/redeclaration1.C -O3 -g line 17 i == 24
FAIL: g++.dg/guality/redeclaration1.C -Os line 14 i == 42
FAIL: g++.dg/guality/redeclaration1.C -Os line 17 i == 24
FAIL: g++.dg/torture/pr48661.C -O1 execution test
FAIL: g++.dg/torture/pr48661.C -O2 execution test
FAIL: g++.dg/torture/pr48661.C -O3 -fomit-frame-pointer execution test
FAIL: g++.dg/torture/pr48661.C -O3 -g execution test
FAIL: g++.dg/torture/pr48661.C -Os execution test
=== g++ Summary ===
# of expected passes 25051
# of unexpected failures 15
# of unexpected successes 1
# of expected failures 160
# of unsupported tests 392
/mnt/scratch/objdir47/gcc/testsuite/g++/../../g++ version 4.7.0 20110423 (experimental) (GCC)
=== gcc tests ===
Running target unix
FAIL: gcc.c-torture/compile/limits-exprparen.c -O0 (internal compiler error)
FAIL: gcc.c-torture/compile/limits-exprparen.c -O0 (test for excess errors)
FAIL: gcc.c-torture/compile/limits-exprparen.c -O1 (internal compiler error)
FAIL: gcc.c-torture/compile/limits-exprparen.c -O1 (test for excess errors)
FAIL: gcc.c-torture/compile/limits-exprparen.c -O2 (internal compiler error)
FAIL: gcc.c-torture/compile/limits-exprparen.c -O2 (test for excess errors)
FAIL: gcc.c-torture/compile/limits-exprparen.c -O3 -fomit-frame-pointer (internal compiler error)
FAIL: gcc.c-torture/compile/limits-exprparen.c -O3 -fomit-frame-pointer (test for excess errors)
FAIL: gcc.c-torture/compile/limits-exprparen.c -O3 -g (internal compiler error)
FAIL: gcc.c-torture/compile/limits-exprparen.c -O3 -g (test for excess errors)
FAIL: gcc.c-torture/compile/limits-exprparen.c -Os (internal compiler error)
FAIL: gcc.c-torture/compile/limits-exprparen.c -Os (test for excess errors)
FAIL: gcc.dg/cproj-fails-with-broken-glibc.c execution test
XPASS: gcc.dg/guality/example.c -O0 execution test
XPASS: gcc.dg/guality/example.c -O1 execution test
XPASS: gcc.dg/guality/example.c -Os execution test
XPASS: gcc.dg/guality/guality.c -O0 execution test
XPASS: gcc.dg/guality/guality.c -O1 execution test
XPASS: gcc.dg/guality/guality.c -O2 execution test
XPASS: gcc.dg/guality/guality.c -O3 -fomit-frame-pointer execution test
XPASS: gcc.dg/guality/guality.c -O3 -g execution test
XPASS: gcc.dg/guality/guality.c -Os execution test
XPASS: gcc.dg/guality/inline-params.c -O2 execution test
XPASS: gcc.dg/guality/inline-params.c -O3 -fomit-frame-pointer execution test
XPASS: gcc.dg/guality/inline-params.c -O3 -g execution test
XPASS: gcc.dg/guality/inline-params.c -Os execution test
XPASS: gcc.dg/guality/pr41353-1.c -O0 line 28 j == 28 + 37
FAIL: gcc.dg/guality/pr41404-1.c -O1 line 10 *foo == 'f'
FAIL: gcc.dg/guality/pr41404-1.c -O2 line 10 *foo == 'f'
FAIL: gcc.dg/guality/pr41404-1.c -O3 -fomit-frame-pointer line 10 *foo == 'f'
FAIL: gcc.dg/guality/pr41404-1.c -O3 -g line 10 *foo == 'f'
FAIL: gcc.dg/guality/pr41404-1.c -Os line 10 *foo == 'f'
XPASS: gcc.dg/guality/pr41447-1.c -O0 execution test
XPASS: gcc.dg/guality/pr41447-1.c -O1 execution test
XPASS: gcc.dg/guality/pr41447-1.c -O2 execution test
XPASS: gcc.dg/guality/pr41447-1.c -O3 -fomit-frame-pointer execution test
XPASS: gcc.dg/guality/pr41447-1.c -O3 -g execution test
XPASS: gcc.dg/guality/pr41447-1.c -Os execution test
XPASS: gcc.dg/guality/pr41616-1.c -O0 execution test
XPASS: gcc.dg/guality/pr41616-1.c -O1 execution test
XPASS: gcc.dg/guality/pr41616-1.c -O2 execution test
XPASS: gcc.dg/guality/pr41616-1.c -O3 -fomit-frame-pointer execution test
XPASS: gcc.dg/guality/pr41616-1.c -O3 -g execution test
XPASS: gcc.dg/guality/pr41616-1.c -Os execution test
FAIL: gcc.dg/guality/sra-1.c -O1 line 21 a.j == 14
FAIL: gcc.dg/guality/sra-1.c -Os line 21 a.j == 14
FAIL: gcc.dg/guality/vla-1.c -O1 line 24 sizeof (a) == 17 * sizeof (short)
FAIL: gcc.dg/guality/vla-2.c -O1 line 25 sizeof (a) == 6 * sizeof (int)
FAIL: gcc.dg/guality/vla-2.c -O2 line 16 sizeof (a) == 5 * sizeof (int)
FAIL: gcc.dg/guality/vla-2.c -O2 line 25 sizeof (a) == 6 * sizeof (int)
FAIL: gcc.dg/guality/vla-2.c -O3 -fomit-frame-pointer line 16 sizeof (a) == 5 * sizeof (int)
FAIL: gcc.dg/guality/vla-2.c -O3 -fomit-frame-pointer line 25 sizeof (a) == 6 * sizeof (int)
FAIL: gcc.dg/guality/vla-2.c -O3 -g line 16 sizeof (a) == 5 * sizeof (int)
FAIL: gcc.dg/guality/vla-2.c -O3 -g line 25 sizeof (a) == 6 * sizeof (int)
FAIL: gcc.dg/guality/vla-2.c -Os line 25 sizeof (a) == 6 * sizeof (int)
FAIL: gcc.dg/tree-prof/val-prof-2.c scan-tree-dump optimized "n_[0-9]* \\+ 0xffff"
FAIL: gcc.dg/vect/pr48377.c execution test
XPASS: gcc.dg/vect/slp-3.c scan-tree-dump-times vect "vectorized 3 loops" 1
XPASS: gcc.dg/vect/slp-3.c scan-tree-dump-times vect "vectorizing stmts using SLP" 3
XPASS: gcc.dg/vect/no-vfa-pr29145.c scan-tree-dump-times vect "vectorized 0 loops" 2
XPASS: gcc.dg/vect/no-vfa-pr29145.c scan-tree-dump-times vect "vectorized 1 loops" 1
=== gcc Summary ===
# of expected passes 59417
# of unexpected failures 31
# of unexpected successes 30
# of expected failures 212
# of unsupported tests 1153
/mnt/scratch/objdir47/gcc/xgcc version 4.7.0 20110423 (experimental) (GCC)
=== gfortran tests ===
Running target unix
FAIL: gfortran.fortran-torture/execute/forall_7.f90 execution, -O2 -fomit-frame-pointer -finline-functions -funroll-loops
=== gfortran Summary ===
# of expected passes 38180
# of unexpected failures 1
# of expected failures 43
# of unsupported tests 258
/mnt/scratch/objdir47/gcc/testsuite/gfortran/../../gfortran version 4.7.0 20110423 (experimental) (GCC)
=== obj-c++ tests ===
Running target unix
=== obj-c++ Summary ===
# of expected passes 1370
# of expected failures 2
# of unsupported tests 68
/mnt/scratch/objdir47/gcc/testsuite/obj-c++/../../g++ version 4.7.0 20110423 (experimental) (GCC)
=== objc tests ===
Running target unix
=== objc Summary ===
# of expected passes 2868
# of expected failures 8
# of unsupported tests 62
/mnt/scratch/objdir47/gcc/xgcc version 4.7.0 20110423 (experimental) (GCC)
=== boehm-gc tests ===
Running target unix
FAIL: boehm-gc.c/thread_leak_test.c -O2 (test for excess errors)
=== boehm-gc Summary ===
# of expected passes 11
# of unexpected failures 1
# of unsupported tests 1
=== libffi tests ===
Running target unix
=== libffi Summary ===
# of expected passes 1634
# of expected failures 10
# of unsupported tests 15
=== libgomp tests ===
Running target unix
FAIL: libgomp.c/pr26943-1.c execution test
=== libgomp Summary ===
# of expected passes 2541
# of unexpected failures 1
# of unsupported tests 1
=== libjava tests ===
Running target unix
=== libjava Summary ===
# of expected passes 2574
=== libstdc++ tests ===
Running target unix
FAIL: libstdc++-abi/abi_check
FAIL: 22_locale/messages/members/char/1.cc execution test
FAIL: 22_locale/messages/members/char/2.cc execution test
FAIL: 22_locale/messages/members/char/wrapped_env.cc execution test
FAIL: 22_locale/messages/members/char/wrapped_locale.cc execution test
FAIL: 22_locale/messages_byname/named_equivalence.cc execution test
=== libstdc++ Summary ===
# of expected passes 7973
# of unexpected failures 6
# of expected failures 82
# of unsupported tests 207
Compiler version: 4.7.0 20110423 (experimental) (GCC)
Platform: sparc64-unknown-linux-gnu
configure flags: --prefix=/mnt/scratch/install47 --with-gmp=/home/mikpe/pkgs/linux-sparc64/gmp-4.3.2 --with-mpfr=/home/mikpe/pkgs/linux-sparc64/mpfr-2.4.2 --with-mpc=/home/mikpe/pkgs/linux-sparc64/mpc-0.8.2 --with-cpu=v8 --enable-multilib --disable-plugin --disable-lto --disable-nls --enable-threads=posix --enable-checking=release --disable-libmudflap --enable-languages=c,c++,objc,obj-c++,java,fortran
BOOT_CFLAGS=-g -O2