This is the mail archive of the gcc-testresults@gcc.gnu.org mailing list for the GCC project.


Index Nav: [Date Index] [Subject Index] [Author Index] [Thread Index]
Message Nav: [Date Prev] [Date Next] [Thread Prev] [Thread Next]
Other format: [Raw text]

Results for 4.5.2 (GCC) testsuite on s390x-ibm-linux-gnu


LAST_UPDATED: Obtained from SVN: tags/gcc_4_5_2_release revision 167946

Native configuration is s390x-ibm-linux-gnu

=== g++ tests ===


Running target unix

=== g++ Summary ===

# of expected passes22364
# of expected failures151
# of unsupported tests200
/gcc-0f2c7719af5d1dada49dfc88f7015933/gcc.build.lnx/gcc/testsuite/g++/../../g++  version 4.5.2 (GCC) 

=== gcc tests ===


Running target unix
FAIL: gcc.dg/march.c (test for excess errors)
FAIL: gcc.dg/pr43058.c (test for excess errors)
FAIL: gcc.dg/uninit-13.c unconditional (test for warnings, line 8)
FAIL: gcc.dg/uninit-13.c (test for excess errors)
XPASS: gcc.dg/tree-ssa/20040204-1.c scan-tree-dump-times optimized "link_error" 0
FAIL: gcc.dg/tree-ssa/pr42585.c scan-tree-dump-times optimized "struct _fat_ptr _ans" 0
FAIL: gcc.dg/tree-ssa/pr42585.c scan-tree-dump-times optimized "struct _fat_ptr _T2" 0

=== gcc Summary ===

# of expected passes63908
# of unexpected failures6
# of unexpected successes1
# of expected failures85
# of unsupported tests706
/gcc-0f2c7719af5d1dada49dfc88f7015933/gcc.build.lnx/gcc/xgcc  version 4.5.2 (GCC) 

=== gfortran tests ===


Running target unix
FAIL: gfortran.dg/alloc_comp_scalar_1.f90  -O0  execution test

=== gfortran Summary ===

# of expected passes33824
# of unexpected failures1
# of expected failures20
# of unsupported tests62
/gcc-0f2c7719af5d1dada49dfc88f7015933/gcc.build.lnx/gcc/testsuite/gfortran/../../gfortran  version 4.5.2 (GCC) 

=== objc tests ===


Running target unix
FAIL: objc/execute/forward-1.m execution,  -O0 -fgnu-runtime
FAIL: objc/execute/forward-1.m execution,  -O1 -fgnu-runtime
FAIL: objc/execute/forward-1.m execution,  -O2 -fgnu-runtime
FAIL: objc/execute/forward-1.m execution,  -O3 -fomit-frame-pointer -fgnu-runtime
FAIL: objc/execute/forward-1.m execution,  -O3 -fomit-frame-pointer -funroll-loops -fgnu-runtime
FAIL: objc/execute/forward-1.m execution,  -O3 -fomit-frame-pointer -funroll-all-loops -finline-functions -fgnu-runtime
FAIL: objc/execute/forward-1.m execution,  -O3 -g -fgnu-runtime
FAIL: objc/execute/forward-1.m execution,  -Os -fgnu-runtime

=== objc Summary ===

# of expected passes1904
# of unexpected failures8
# of expected failures7
# of unsupported tests20
/gcc-0f2c7719af5d1dada49dfc88f7015933/gcc.build.lnx/gcc/xgcc  version 4.5.2 (GCC) 

=== libffi tests ===


Running target unix

=== libffi Summary ===

# of expected passes1634
# of expected failures10
# of unsupported tests15
=== libgomp tests ===


Running target unix

=== libgomp Summary ===

# of expected passes2510
=== libjava tests ===


Running target unix

=== libjava Summary ===

# of expected passes2574
=== libmudflap tests ===


Running target unix
FAIL: libmudflap.c/pass46-frag.c (-O2) (test for excess errors)
FAIL: libmudflap.c/pass46-frag.c (-O2) (test for excess errors)
FAIL: libmudflap.c/fail31-frag.c (-O3) crash test
FAIL: libmudflap.c/fail31-frag.c (-O3) output pattern test
FAIL: libmudflap.c/pass45-frag.c (-O3) execution test
FAIL: libmudflap.c/pass45-frag.c (-O3) output pattern test
FAIL: libmudflap.c/pass45-frag.c (-O3) execution test
FAIL: libmudflap.c/pass45-frag.c (-O3) output pattern test
FAIL: libmudflap.c/pass46-frag.c (-O3) (test for excess errors)
FAIL: libmudflap.c/pass46-frag.c (-O3) (test for excess errors)
FAIL: libmudflap.c++/pass41-frag.cxx execution test
FAIL: libmudflap.c++/pass41-frag.cxx (-static) execution test
FAIL: libmudflap.c++/pass41-frag.cxx ( -O) execution test
FAIL: libmudflap.c++/pass41-frag.cxx (-O2) execution test
FAIL: libmudflap.c++/pass41-frag.cxx (-O3) execution test

=== libmudflap Summary ===

# of expected passes1879
# of unexpected failures15
=== libstdc++ tests ===


Running target unix

=== libstdc++ Summary ===

# of expected passes6851
# of expected failures93
# of unsupported tests355
=== libstdc++ tests ===


Running target unix

=== libstdc++ Summary ===

# of expected passes5

Compiler version: 4.5.2 (GCC) 
Platform: s390x-ibm-linux-gnu
configure flags: --prefix=/usr --libdir=/usr/lib64 --mandir=/usr/man --infodir=/usr/info --enable-shared --enable-bootstrap --enable-languages=c,c++,fortran,java,objc,lto --enable-threads=posix --enable-checking=release --with-system-zlib --with-python-dir=/lib64/python2.6/site-packages --disable-libunwind-exceptions --enable-__cxa_atexit --enable-libssp --enable-lto --with-gnu-ld --verbose --with-arch=z900 --target=s390x-slackware-linux --build=s390x-slackware-linux --host=s390x-slackware-linux


Index Nav: [Date Index] [Subject Index] [Author Index] [Thread Index]
Message Nav: [Date Prev] [Date Next] [Thread Prev] [Thread Next]