This is the mail archive of the
gcc-testresults@gcc.gnu.org
mailing list for the GCC project.
Results for 4.7.0 20110415 (experimental) [trunk revision 172507] (GCC) testsuite on sparc-sun-solaris2.9
- From: Rainer Orth <ro at CeBiTec dot Uni-Bielefeld dot DE>
- To: gcc-testresults at gcc dot gnu dot org
- Date: Mon, 18 Apr 2011 12:04:25 +0200 (MEST)
- Subject: Results for 4.7.0 20110415 (experimental) [trunk revision 172507] (GCC) testsuite on sparc-sun-solaris2.9
LAST_UPDATED: Fri Apr 15 18:39:24 UTC 2011 (revision 172507)
=== acats tests ===
=== acats Summary ===
# of expected passes 2321
# of unexpected failures 0
Native configuration is sparc-sun-solaris2.9
=== g++ tests ===
Running target unix
WARNING: program timed out.
=== g++ Summary for unix ===
# of expected passes 26288
# of expected failures 165
# of unsupported tests 431
Running target unix/-m64
=== g++ Summary for unix/-m64 ===
# of expected passes 26900
# of expected failures 165
# of unsupported tests 428
=== g++ Summary ===
# of expected passes 53188
# of expected failures 330
# of unsupported tests 859
/var/gcc/regression/trunk/9-gcc-gas/build/gcc/testsuite/g++/../../g++ version 4.7.0 20110415 (experimental) [trunk revision 172507] (GCC)
=== gcc tests ===
Running target unix
WARNING: program timed out.
FAIL: gcc.dg/graphite/interchange-8.c (test for excess errors)
WARNING: gcc.dg/graphite/interchange-8.c compilation failed to produce executable
FAIL: gcc.dg/graphite/interchange-8.c scan-tree-dump-times graphite "will be interchanged" 2
FAIL: gcc.dg/vect/pr48377.c execution test
XPASS: gcc.dg/vect/slp-3.c scan-tree-dump-times vect "vectorized 3 loops" 1
XPASS: gcc.dg/vect/slp-3.c scan-tree-dump-times vect "vectorizing stmts using SLP" 3
XPASS: gcc.dg/vect/no-vfa-pr29145.c scan-tree-dump-times vect "vectorized 0 loops" 2
XPASS: gcc.dg/vect/no-vfa-pr29145.c scan-tree-dump-times vect "vectorized 1 loops" 1
=== gcc Summary for unix ===
# of expected passes 69707
# of unexpected failures 3
# of unexpected successes 4
# of expected failures 210
# of unsupported tests 1208
Running target unix/-m64
FAIL: gcc.dg/vect/pr48377.c execution test
XPASS: gcc.dg/vect/slp-3.c scan-tree-dump-times vect "vectorized 3 loops" 1
XPASS: gcc.dg/vect/slp-3.c scan-tree-dump-times vect "vectorizing stmts using SLP" 3
XPASS: gcc.dg/vect/no-vfa-pr29145.c scan-tree-dump-times vect "vectorized 0 loops" 2
XPASS: gcc.dg/vect/no-vfa-pr29145.c scan-tree-dump-times vect "vectorized 1 loops" 1
=== gcc Summary for unix/-m64 ===
# of expected passes 70349
# of unexpected failures 1
# of unexpected successes 4
# of expected failures 201
# of unsupported tests 1212
=== gcc Summary ===
# of expected passes 140056
# of unexpected failures 4
# of unexpected successes 8
# of expected failures 411
# of unsupported tests 2420
/var/gcc/regression/trunk/9-gcc-gas/build/gcc/xgcc version 4.7.0 20110415 (experimental) [trunk revision 172507] (GCC)
=== gfortran tests ===
Running target unix
=== gfortran Summary for unix ===
# of expected passes 38107
# of expected failures 55
# of unsupported tests 405
Running target unix/-m64
=== gfortran Summary for unix/-m64 ===
# of expected passes 38386
# of expected failures 55
# of unsupported tests 268
=== gfortran Summary ===
# of expected passes 76493
# of expected failures 110
# of unsupported tests 673
/var/gcc/regression/trunk/9-gcc-gas/build/gcc/testsuite/gfortran/../../gfortran version 4.7.0 20110415 (experimental) [trunk revision 172507] (GCC)
=== gnat tests ===
Running target unix
=== gnat Summary for unix ===
# of expected passes 883
# of expected failures 11
# of unsupported tests 5
Running target unix/-m64
=== gnat Summary for unix/-m64 ===
# of expected passes 883
# of expected failures 11
# of unsupported tests 5
=== gnat Summary ===
# of expected passes 1766
# of expected failures 22
# of unsupported tests 10
/var/gcc/regression/trunk/9-gcc-gas/build/gcc/gnatmake version 4.7.0 20110415 (experimental) [trunk revision 172507]
=== go tests ===
Running target unix
FAIL: ./64bit-out.go compilation, -O2 -g
FAIL: ./select5-out.go compilation, -O2 -g
FAIL: ./tmp.go compilation, -O2 -g
FAIL: go.test/test/cmplxdivide.go
WARNING: program timed out.
WARNING: program timed out.
WARNING: program timed out.
WARNING: program timed out.
=== go Summary for unix ===
# of expected passes 2980
# of unexpected failures 4
# of expected failures 23
# of untested testcases 3
Running target unix/-m64
FAIL: ./64bit-out.go compilation, -O2 -g
FAIL: ./select5-out.go compilation, -O2 -g
FAIL: ./tmp.go compilation, -O2 -g
FAIL: go.test/test/cmplxdivide.go
WARNING: program timed out.
WARNING: program timed out.
WARNING: program timed out.
WARNING: program timed out.
=== go Summary for unix/-m64 ===
# of expected passes 2980
# of unexpected failures 4
# of expected failures 23
# of untested testcases 3
=== go Summary ===
# of expected passes 5960
# of unexpected failures 8
# of expected failures 46
# of untested testcases 6
/var/gcc/regression/trunk/9-gcc-gas/build/gcc/testsuite/go/../../gccgo version 4.7.0 20110415 (experimental) [trunk revision 172507] (GCC)
=== obj-c++ tests ===
Running target unix
=== obj-c++ Summary for unix ===
# of expected passes 1386
# of expected failures 2
# of unsupported tests 86
Running target unix/-m64
=== obj-c++ Summary for unix/-m64 ===
# of expected passes 1378
# of expected failures 10
# of unsupported tests 86
=== obj-c++ Summary ===
# of expected passes 2764
# of expected failures 12
# of unsupported tests 172
/var/gcc/regression/trunk/9-gcc-gas/build/gcc/testsuite/obj-c++/../../g++ version 4.7.0 20110415 (experimental) [trunk revision 172507] (GCC)
=== objc tests ===
Running target unix
=== objc Summary for unix ===
# of expected passes 2866
# of expected failures 10
# of unsupported tests 98
Running target unix/-m64
=== objc Summary for unix/-m64 ===
# of expected passes 2866
# of expected failures 10
# of unsupported tests 98
=== objc Summary ===
# of expected passes 5732
# of expected failures 20
# of unsupported tests 196
/var/gcc/regression/trunk/9-gcc-gas/build/gcc/xgcc version 4.7.0 20110415 (experimental) [trunk revision 172507] (GCC)
=== boehm-gc tests ===
Running target unix
=== boehm-gc Summary for unix ===
# of expected passes 12
# of unsupported tests 1
Running target unix/-m64
=== boehm-gc Summary for unix/-m64 ===
# of expected passes 12
# of unsupported tests 1
=== boehm-gc Summary ===
# of expected passes 24
# of unsupported tests 2
=== libffi tests ===
Running target unix
=== libffi Summary for unix ===
# of expected passes 1634
# of expected failures 10
# of unsupported tests 15
Running target unix/-m64
=== libffi Summary for unix/-m64 ===
# of expected passes 1634
# of expected failures 10
# of unsupported tests 15
=== libffi Summary ===
# of expected passes 3268
# of expected failures 20
# of unsupported tests 30
=== libgo tests ===
Running target unix
FAIL: big
FAIL: exec
FAIL: flag
FAIL: fmt
FAIL: gob
FAIL: json
FAIL: os
FAIL: rand
FAIL: regexp
FAIL: rpc
FAIL: sync
FAIL: template
FAIL: time
FAIL: try
FAIL: archive/zip
FAIL: crypto/rand
FAIL: go/printer
FAIL: http/cgi
FAIL: testing/quick
=== libgo Summary for unix ===
# of expected passes 98
# of unexpected failures 19
# of untested testcases 2
Running target unix/-m64
FAIL: big
FAIL: exec
FAIL: flag
FAIL: fmt
FAIL: gob
FAIL: json
FAIL: os
FAIL: rand
FAIL: reflect
FAIL: regexp
FAIL: rpc
FAIL: sync
FAIL: template
FAIL: time
FAIL: try
FAIL: archive/zip
FAIL: crypto/rand
FAIL: go/printer
FAIL: go/token
FAIL: http/cgi
FAIL: testing/quick
=== libgo Summary for unix/-m64 ===
# of expected passes 96
# of unexpected failures 21
# of untested testcases 2
=== libgo Summary ===
# of expected passes 194
# of unexpected failures 40
# of untested testcases 4
=== libgomp tests ===
Running target unix
FAIL: libgomp.graphite/force-parallel-1.c execution test
=== libgomp Summary for unix ===
# of expected passes 2569
# of unexpected failures 1
# of unsupported tests 10
Running target unix/-m64
FAIL: libgomp.graphite/force-parallel-1.c execution test
=== libgomp Summary for unix/-m64 ===
# of expected passes 2569
# of unexpected failures 1
# of unsupported tests 10
=== libgomp Summary ===
# of expected passes 5138
# of unexpected failures 2
# of unsupported tests 20
=== libjava tests ===
Running target unix
=== libjava Summary for unix ===
# of expected passes 2574
Running target unix/-m64
=== libjava Summary for unix/-m64 ===
# of expected passes 2574
=== libjava Summary ===
# of expected passes 5148
=== libstdc++ tests ===
Running target unix
=== libstdc++ Summary for unix ===
# of expected passes 6906
# of expected failures 83
# of unsupported tests 744
Running target unix/-m64
=== libstdc++ Summary for unix/-m64 ===
# of expected passes 6906
# of expected failures 83
# of unsupported tests 744
=== libstdc++ Summary ===
# of expected passes 13812
# of expected failures 166
# of unsupported tests 1488
Compiler version: 4.7.0 20110415 (experimental) [trunk revision 172507] (GCC)
Platform: sparc-sun-solaris2.9
configure flags: --prefix=/vol/gcc --target=sparc-sun-solaris2.9 --enable-objc-gc --with-host-libstdcxx='-Wl,-Bstatic -lstdc++ -Wl,-Bdynamic -lm' --with-boot-ldflags='-static-libstdc++ -static-libgcc -L/vol/gcc-4.4/lib' --with-as=/vol/gcc/bin/gas-2.21 --with-gnu-as --with-gmp=/vol/gcc --with-mpfr=/vol/gcc --with-mpc=/vol/gcc --enable-languages=all,ada,obj-c++,go --with-ppl=/vol/gcc --with-cloog=/vol/gcc --enable-cloog-backend=ppl
BOOT_CFLAGS=-g -O2