This is the mail archive of the
gcc-testresults@gcc.gnu.org
mailing list for the GCC project.
Results for 4.5.3 20110415 (prerelease) [gcc-4_5-branch revision 172509] (GCC) testsuite on i386-pc-solaris2.8
- From: <ro at smtp-relay dot CeBiTec dot Uni-Bielefeld dot DE>
- To: gcc-testresults at gcc dot gnu dot org
- Date: Mon, 18 Apr 2011 12:03:18 +0200 (MEST)
- Subject: Results for 4.5.3 20110415 (prerelease) [gcc-4_5-branch revision 172509] (GCC) testsuite on i386-pc-solaris2.8
LAST_UPDATED: Fri Apr 15 18:43:46 UTC 2011 (revision 172509)
=== acats tests ===
=== acats Summary ===
# of expected passes 2321
# of unexpected failures 0
Native configuration is i386-pc-solaris2.8
=== g++ tests ===
Running target unix
FAIL: g++.dg/torture/pr44900.C -O0 execution test
FAIL: g++.dg/torture/pr44900.C -O1 execution test
FAIL: g++.dg/torture/pr44900.C -O2 execution test
FAIL: g++.dg/torture/pr44900.C -O3 -fomit-frame-pointer execution test
FAIL: g++.dg/torture/pr44900.C -O3 -g execution test
FAIL: g++.dg/torture/pr44900.C -Os execution test
FAIL: g++.dg/torture/pr44900.C -O2 -flto execution test
FAIL: g++.dg/torture/pr44900.C -O2 -fwhopr execution test
=== g++ Summary ===
# of expected passes 22845
# of unexpected failures 8
# of expected failures 155
# of unsupported tests 257
/var/gcc/regression/gcc-4.5-branch/8-gcc/build/gcc/testsuite/g++/../../g++ version 4.5.3 20110415 (prerelease) [gcc-4_5-branch revision 172509] (GCC)
=== gcc tests ===
Running target unix
FAIL: gcc.dg/lto/20081201-2 c_lto_20081201-2_0.o-c_lto_20081201-2_1.o execute -O3 -fwhopr
=== gcc Summary ===
# of expected passes 67456
# of unexpected failures 1
# of expected failures 88
# of unsupported tests 1833
/var/gcc/regression/gcc-4.5-branch/8-gcc/build/gcc/xgcc version 4.5.3 20110415 (prerelease) [gcc-4_5-branch revision 172509] (GCC)
=== gfortran tests ===
Running target unix
=== gfortran Summary ===
# of expected passes 33491
# of expected failures 20
# of unsupported tests 298
/var/gcc/regression/gcc-4.5-branch/8-gcc/build/gcc/testsuite/gfortran/../../gfortran version 4.5.3 20110415 (prerelease) [gcc-4_5-branch revision 172509] (GCC)
=== gnat tests ===
Running target unix
=== gnat Summary ===
# of expected passes 764
# of expected failures 7
# of unsupported tests 2
=== objc tests ===
Running target unix
=== objc Summary ===
# of expected passes 1882
# of expected failures 7
# of unsupported tests 20
/var/gcc/regression/gcc-4.5-branch/8-gcc/build/gcc/xgcc version 4.5.3 20110415 (prerelease) [gcc-4_5-branch revision 172509] (GCC)
=== libffi tests ===
Running target unix
=== libffi Summary ===
# of expected passes 1634
# of expected failures 10
# of unsupported tests 15
=== libgomp tests ===
Running target unix
=== libgomp Summary ===
# of expected passes 2538
# of unsupported tests 2
=== libjava tests ===
Running target unix
FAIL: PR16923 run
FAIL: getstacktrace run
FAIL: Divide_1 output - source compiled test
FAIL: Divide_1 -findirect-dispatch output - source compiled test
FAIL: Divide_1 -O3 output - source compiled test
FAIL: Divide_1 -O3 -findirect-dispatch output - source compiled test
FAIL: InvokeInterface execution - source compiled test
FAIL: InvokeInterface -O3 execution - source compiled test
WARNING: program timed out.
FAIL: PR18699 execution - source compiled test
WARNING: program timed out.
FAIL: PR18699 -findirect-dispatch execution - source compiled test
WARNING: program timed out.
FAIL: PR18699 -O3 execution - source compiled test
WARNING: program timed out.
FAIL: PR27908 execution - source compiled test
WARNING: program timed out.
FAIL: PR27908 -findirect-dispatch execution - source compiled test
WARNING: program timed out.
FAIL: PR27908 -O3 execution - source compiled test
WARNING: program timed out.
FAIL: PR27908 -O3 -findirect-dispatch execution - source compiled test
=== libjava Summary ===
# of expected passes 2550
# of unexpected failures 15
# of untested testcases 11
=== libstdc++ tests ===
Running target unix
=== libstdc++ Summary ===
# of expected passes 6324
# of expected failures 90
# of unsupported tests 629
=== libstdc++ Summary ===
Compiler version: 4.5.3 20110415 (prerelease) [gcc-4_5-branch revision 172509] (GCC)
Platform: i386-pc-solaris2.8
configure flags: --prefix=/vol/gcc --target=i386-pc-solaris2.8 --with-gmp=/vol/gcc --with-mpfr=/vol/gcc --with-mpc=/vol/gcc --enable-languages=all,ada --without-ppl --without-cloog
BOOT_CFLAGS=-g -O2