This is the mail archive of the
gcc-testresults@gcc.gnu.org
mailing list for the GCC project.
Results for 4.7.0 20110412 (experimental) [trunk revision 172294] (GCC) testsuite on hppa2.0w-hp-hpux11.11
- From: John David Anglin <dave at hiauly3 dot hia dot nrc dot ca>
- To: dave at hiauly3 dot hia dot nrc dot ca, gcc-testresults at gcc dot gnu dot org
- Date: Wed, 13 Apr 2011 11:12:28 -0400 (EDT)
- Subject: Results for 4.7.0 20110412 (experimental) [trunk revision 172294] (GCC) testsuite on hppa2.0w-hp-hpux11.11
=== acats tests ===
FAIL: c9a011b
=== acats Summary ===
# of expected passes 2320
# of unexpected failures 1
Native configuration is hppa2.0w-hp-hpux11.11
=== g++ tests ===
Running target unix
WARNING: g++.dg/ext/label13.C compilation failed to produce executable
WARNING: program timed out.
=== g++ Summary ===
# of expected passes 23238
# of expected failures 165
# of unsupported tests 589
/test/gnu/gcc/objdir/gcc/testsuite/g++/../../g++ version 4.7.0 20110412 (experimental) [trunk revision 172294] (GCC)
=== gcc tests ===
Running target unix
WARNING: program timed out.
FAIL: gcc.dg/ipa/pr48195.c (test for excess errors)
=== gcc Summary ===
# of expected passes 55653
# of unexpected failures 1
# of expected failures 110
# of unsupported tests 1169
/test/gnu/gcc/objdir/gcc/xgcc version 4.7.0 20110412 (experimental) [trunk revision 172294] (GCC)
=== gfortran tests ===
Running target unix
FAIL: gfortran.dg/pr45636.f90 -O scan-tree-dump-times forwprop2 "memset" 0
FAIL: gfortran.dg/guality/pr41558.f90 -O0 line 7 s == 'foo'
FAIL: gfortran.dg/guality/pr41558.f90 -O1 line 7 s == 'foo'
FAIL: gfortran.dg/guality/pr41558.f90 -O2 line 7 s == 'foo'
FAIL: gfortran.dg/guality/pr41558.f90 -O3 -fomit-frame-pointer line 7 s == 'foo'
FAIL: gfortran.dg/guality/pr41558.f90 -O3 -fomit-frame-pointer -funroll-loops line 7 s == 'foo'
FAIL: gfortran.dg/guality/pr41558.f90 -O3 -fomit-frame-pointer -funroll-all-loops -finline-functions line 7 s == 'foo'
FAIL: gfortran.dg/guality/pr41558.f90 -O3 -g line 7 s == 'foo'
FAIL: gfortran.dg/guality/pr41558.f90 -Os line 7 s == 'foo'
=== gfortran Summary ===
# of expected passes 37191
# of unexpected failures 9
# of expected failures 41
# of unsupported tests 375
/test/gnu/gcc/objdir/gcc/testsuite/gfortran/../../gfortran version 4.7.0 20110412 (experimental) [trunk revision 172294] (GCC)
=== gnat tests ===
Running target unix
=== gnat Summary ===
# of expected passes 885
# of expected failures 11
# of unsupported tests 4
/test/gnu/gcc/objdir/gcc/gnatmake version 4.7.0 20110412 (experimental) [trunk revision 172294]
=== obj-c++ tests ===
Running target unix
=== obj-c++ Summary ===
# of expected passes 1344
# of expected failures 2
# of unsupported tests 69
/test/gnu/gcc/objdir/gcc/testsuite/obj-c++/../../g++ version 4.7.0 20110412 (experimental) [trunk revision 172294] (GCC)
=== objc tests ===
Running target unix
=== objc Summary ===
# of expected passes 2842
# of expected failures 8
# of unsupported tests 65
/test/gnu/gcc/objdir/gcc/xgcc version 4.7.0 20110412 (experimental) [trunk revision 172294] (GCC)
=== boehm-gc tests ===
Running target unix
FAIL: boehm-gc.c/gctest.c -O2 (test for excess errors)
FAIL: boehm-gc.c/leak_test.c -O2 (test for excess errors)
FAIL: boehm-gc.c/middle.c -O2 (test for excess errors)
FAIL: boehm-gc.c/thread_leak_test.c -O2 (test for excess errors)
FAIL: boehm-gc.lib/staticrootstest.c -O2 (test for excess errors)
=== boehm-gc Summary ===
# of expected passes 7
# of unexpected failures 5
# of unsupported tests 1
=== libffi tests ===
Running target unix
=== libffi Summary ===
# of expected passes 1634
# of expected failures 10
# of unsupported tests 15
=== libgomp tests ===
Running target unix
=== libgomp Summary ===
# of expected passes 2524
# of unsupported tests 9
=== libjava tests ===
Running target unix
FAIL: LargeFile execution - source compiled test
FAIL: LargeFile -findirect-dispatch execution - source compiled test
FAIL: LargeFile -O3 execution - source compiled test
FAIL: LargeFile -O3 -findirect-dispatch execution - source compiled test
=== libjava Summary ===
# of expected passes 2566
# of unexpected failures 4
# of untested testcases 4
=== libstdc++ tests ===
Running target unix
=== libstdc++ Summary ===
# of expected passes 6853
# of expected failures 81
# of unsupported tests 741
Compiler version: 4.7.0 20110412 (experimental) [trunk revision 172294] (GCC)
Platform: hppa2.0w-hp-hpux11.11
configure flags:Test Run By dave on Tue Apr 12 11:16:40 EDT 2011