This is the mail archive of the gcc-testresults@gcc.gnu.org mailing list for the GCC project.


Index Nav: [Date Index] [Subject Index] [Author Index] [Thread Index]
Message Nav: [Date Prev] [Date Next] [Thread Prev] [Thread Next]
Other format: [Raw text]

Results for 4.5.2 (GCC) testsuite on mips-sgi-irix6.2


Built with:
GNU as 2.20.1
gmp 5.0.1
mpfr 3.0.0pl8
mpc 0.9
libelf 0.8.13

CONFIG_SHELL=bash 

Some patches was needed to get this result:
gcc-4.3.0-posix95-include-sched_h.patch:
 - include sched.h in gthr-posix95.h to get sched_yield() defined
gcc-4.3.3-libgomp-pthreads.patch:
 - Make libgomp choose posix95 threads and link with -lpthread
gcc-4.3.2-setrunon_np.patch:
 - from PR ada/38400, fixes pthread related ada testsuite failures on
   IRIX 6.2
gcc-4.5.2-no-ipv6.patch:
 - IRIX 6.2 has no IPv6 support but defines AF_INET6 which breaks the
   gnat build
gcc-4.5.2-fix-stdint_h.patch:
 - system headers has conflicts with gccs stdint.h when mabi=64
gcc-4.5.2-libtestcxx.patch:
 - backport from 4.5 branch. Avoids mixing 32 & 64 bit objects in
   libtestc++.a

bootstrap compiler:
Using built-in specs.
Target: mips-sgi-irix6.2
Configured with: ../gcc-4.3.4/configure --prefix=/usr/tgcware/gcc-4.3.4 --with-local-prefix=/usr/tgcware/gcc-4.3.4 --disable-nls --with-libiconv-prefix=/usr/tgcware --with-gmp=/usr/tgcware --with-mpfr=/usr/tgcware --enable-shared --enable-threads=posix95 --with-gnu-as --with-as=/usr/tgcware/bin/gas --without-gnu-ld --with-ld=/usr/bin/ld --enable-languages=c,ada,c++,fortran,objc,obj-c++
Thread model: posix95
gcc version 4.3.4 (GCC) 

LAST_UPDATED: Obtained from SVN: tags/gcc_4_5_2_release revision 167946

		=== acats tests ===
FAIL:	c52103x
FAIL:	c52104x
FAIL:	c52104y
FAIL:	cb1010a
FAIL:	cb1010c
FAIL:	cb1010d
FAIL:	cxg2001
FAIL:	cxg2002
FAIL:	cxg2003
FAIL:	cxg2004
FAIL:	cxg2005
FAIL:	cxg2006
FAIL:	cxg2007
FAIL:	cxg2010
FAIL:	cxg2011
FAIL:	cxg2012
FAIL:	cxg2013
FAIL:	cxg2014
FAIL:	cxg2015
FAIL:	cxg2016
FAIL:	cxg2017
FAIL:	cxg2018
FAIL:	cxg2019
FAIL:	cxg2020
FAIL:	cxg2021
FAIL:	cxg2024

		=== acats Summary ===
# of expected passes		2295
# of unexpected failures	26
Native configuration is mips-sgi-irix6.2

		=== g++ tests ===


Running target unix/-mabi=n32
WARNING: Could not compile g++.dg/compat/struct-layout-1 generator
FAIL: g++.dg/debug/dwarf2/icf.C scan-assembler \\\\.section.*.debug_dcall
FAIL: g++.dg/debug/dwarf2/icf.C scan-assembler New caller
FAIL: g++.dg/debug/dwarf2/icf.C scan-assembler Caller DIE offset
FAIL: g++.dg/debug/dwarf2/icf.C scan-assembler Callee DIE offset
WARNING: program timed out.
WARNING: program timed out.
WARNING: program timed out.
FAIL: g++.dg/other/anon5.C undefined (test for warnings, line )
FAIL: g++.dg/other/anon5.C (test for excess errors)
WARNING: program timed out.
FAIL: g++.dg/warn/miss-format-1.C scanf attribute warning (test for warnings, line 26)
FAIL: g++.dg/warn/miss-format-1.C (test for excess errors)
FAIL: g++.dg/lto/20081109 cp_lto_20081109_0.o-cp_lto_20081109_1.o link
UNRESOLVED: g++.dg/lto/20081109 cp_lto_20081109_0.o-cp_lto_20081109_1.o execute -O0 -fwhopr
FAIL: g++.dg/lto/20081109 cp_lto_20081109_0.o-cp_lto_20081109_1.o link
UNRESOLVED: g++.dg/lto/20081109 cp_lto_20081109_0.o-cp_lto_20081109_1.o execute -O2 -fwhopr
FAIL: g++.dg/lto/20081109 cp_lto_20081109_0.o-cp_lto_20081109_1.o link
UNRESOLVED: g++.dg/lto/20081109 cp_lto_20081109_0.o-cp_lto_20081109_1.o execute -O0 -flto
FAIL: g++.dg/lto/20081109 cp_lto_20081109_0.o-cp_lto_20081109_1.o link
UNRESOLVED: g++.dg/lto/20081109 cp_lto_20081109_0.o-cp_lto_20081109_1.o execute -O2 -flto
FAIL: g++.dg/lto/20091022-2 cp_lto_20091022-2_0.o-cp_lto_20091022-2_0.o link
UNRESOLVED: g++.dg/lto/20091022-2 cp_lto_20091022-2_0.o-cp_lto_20091022-2_0.o execute -O3 -flto -Winline
FAIL: g++.dg/torture/pr33572.C  -O2 -flto  (test for excess errors)
WARNING: g++.dg/torture/pr33572.C  -O2 -flto  compilation failed to produce executable
FAIL: g++.dg/torture/pr33572.C  -O2 -fwhopr  (test for excess errors)
WARNING: g++.dg/torture/pr33572.C  -O2 -fwhopr  compilation failed to produce executable
FAIL: g++.dg/tree-prof/partition1.C compilation,  -g  -fprofile-use
UNRESOLVED: g++.dg/tree-prof/partition1.C execution,    -g  -fprofile-use
FAIL: g++.dg/tree-prof/partition1.C compilation,  -O0  -fprofile-use
UNRESOLVED: g++.dg/tree-prof/partition1.C execution,    -O0  -fprofile-use
FAIL: g++.dg/tree-prof/partition1.C compilation,  -O1  -fprofile-use
UNRESOLVED: g++.dg/tree-prof/partition1.C execution,    -O1  -fprofile-use
FAIL: g++.dg/tree-prof/partition1.C compilation,  -O2  -fprofile-use
UNRESOLVED: g++.dg/tree-prof/partition1.C execution,    -O2  -fprofile-use
FAIL: g++.dg/tree-prof/partition1.C compilation,  -O3  -fprofile-use
UNRESOLVED: g++.dg/tree-prof/partition1.C execution,    -O3  -fprofile-use
FAIL: g++.dg/tree-prof/partition1.C compilation,  -O3 -g  -fprofile-use
UNRESOLVED: g++.dg/tree-prof/partition1.C execution,    -O3 -g  -fprofile-use
FAIL: g++.dg/tree-prof/partition1.C compilation,  -Os  -fprofile-use
UNRESOLVED: g++.dg/tree-prof/partition1.C execution,    -Os  -fprofile-use
FAIL: g++.dg/tree-prof/partition2.C compilation,  -O1  -fprofile-use
UNRESOLVED: g++.dg/tree-prof/partition2.C execution,    -O1  -fprofile-use
FAIL: g++.dg/tree-prof/partition2.C compilation,  -O2  -fprofile-use
UNRESOLVED: g++.dg/tree-prof/partition2.C execution,    -O2  -fprofile-use
FAIL: g++.dg/tree-prof/partition2.C compilation,  -O3  -fprofile-use
UNRESOLVED: g++.dg/tree-prof/partition2.C execution,    -O3  -fprofile-use
FAIL: g++.dg/tree-prof/partition2.C compilation,  -O3 -g  -fprofile-use
UNRESOLVED: g++.dg/tree-prof/partition2.C execution,    -O3 -g  -fprofile-use
FAIL: g++.dg/tree-prof/partition2.C compilation,  -Os  -fprofile-use
UNRESOLVED: g++.dg/tree-prof/partition2.C execution,    -Os  -fprofile-use
XPASS: g++.old-deja/g++.other/init19.C execution test

		=== g++ Summary for unix/-mabi=n32 ===

# of expected passes		21868
# of unexpected failures	27
# of unexpected successes	1
# of expected failures		152
# of unresolved testcases	17
# of unsupported tests		310

Running target unix/-mabi=32
WARNING: Could not compile g++.dg/compat/struct-layout-1 generator
FAIL: g++.dg/debug/dwarf2/icf.C scan-assembler \\\\.section.*.debug_dcall
FAIL: g++.dg/debug/dwarf2/icf.C scan-assembler New caller
FAIL: g++.dg/debug/dwarf2/icf.C scan-assembler Caller DIE offset
FAIL: g++.dg/debug/dwarf2/icf.C scan-assembler Callee DIE offset
WARNING: program timed out.
WARNING: program timed out.
WARNING: program timed out.
FAIL: g++.dg/other/anon5.C undefined (test for warnings, line )
FAIL: g++.dg/other/anon5.C (test for excess errors)
WARNING: program timed out.
FAIL: g++.dg/warn/miss-format-1.C scanf attribute warning (test for warnings, line 26)
FAIL: g++.dg/warn/miss-format-1.C (test for excess errors)
FAIL: g++.dg/lto/20081109 cp_lto_20081109_0.o-cp_lto_20081109_1.o link
UNRESOLVED: g++.dg/lto/20081109 cp_lto_20081109_0.o-cp_lto_20081109_1.o execute -O0 -fwhopr
FAIL: g++.dg/lto/20081109 cp_lto_20081109_0.o-cp_lto_20081109_1.o link
UNRESOLVED: g++.dg/lto/20081109 cp_lto_20081109_0.o-cp_lto_20081109_1.o execute -O2 -fwhopr
FAIL: g++.dg/lto/20081109 cp_lto_20081109_0.o-cp_lto_20081109_1.o link
UNRESOLVED: g++.dg/lto/20081109 cp_lto_20081109_0.o-cp_lto_20081109_1.o execute -O0 -flto
FAIL: g++.dg/lto/20081109 cp_lto_20081109_0.o-cp_lto_20081109_1.o link
UNRESOLVED: g++.dg/lto/20081109 cp_lto_20081109_0.o-cp_lto_20081109_1.o execute -O2 -flto
FAIL: g++.dg/lto/20091022-2 cp_lto_20091022-2_0.o-cp_lto_20091022-2_0.o link
UNRESOLVED: g++.dg/lto/20091022-2 cp_lto_20091022-2_0.o-cp_lto_20091022-2_0.o execute -O3 -flto -Winline
FAIL: g++.dg/torture/pr33572.C  -O2 -flto  (test for excess errors)
WARNING: g++.dg/torture/pr33572.C  -O2 -flto  compilation failed to produce executable
FAIL: g++.dg/torture/pr33572.C  -O2 -fwhopr  (test for excess errors)
WARNING: g++.dg/torture/pr33572.C  -O2 -fwhopr  compilation failed to produce executable
FAIL: g++.dg/tree-prof/partition1.C compilation,  -g  -fprofile-use
UNRESOLVED: g++.dg/tree-prof/partition1.C execution,    -g  -fprofile-use
FAIL: g++.dg/tree-prof/partition1.C compilation,  -O0  -fprofile-use
UNRESOLVED: g++.dg/tree-prof/partition1.C execution,    -O0  -fprofile-use
FAIL: g++.dg/tree-prof/partition1.C compilation,  -O1  -fprofile-use
UNRESOLVED: g++.dg/tree-prof/partition1.C execution,    -O1  -fprofile-use
FAIL: g++.dg/tree-prof/partition1.C compilation,  -O2  -fprofile-use
UNRESOLVED: g++.dg/tree-prof/partition1.C execution,    -O2  -fprofile-use
FAIL: g++.dg/tree-prof/partition1.C compilation,  -O3  -fprofile-use
UNRESOLVED: g++.dg/tree-prof/partition1.C execution,    -O3  -fprofile-use
FAIL: g++.dg/tree-prof/partition1.C compilation,  -O3 -g  -fprofile-use
UNRESOLVED: g++.dg/tree-prof/partition1.C execution,    -O3 -g  -fprofile-use
FAIL: g++.dg/tree-prof/partition1.C compilation,  -Os  -fprofile-use
UNRESOLVED: g++.dg/tree-prof/partition1.C execution,    -Os  -fprofile-use
FAIL: g++.dg/tree-prof/partition2.C compilation,  -O1  -fprofile-use
UNRESOLVED: g++.dg/tree-prof/partition2.C execution,    -O1  -fprofile-use
FAIL: g++.dg/tree-prof/partition2.C compilation,  -O2  -fprofile-use
UNRESOLVED: g++.dg/tree-prof/partition2.C execution,    -O2  -fprofile-use
FAIL: g++.dg/tree-prof/partition2.C compilation,  -O3  -fprofile-use
UNRESOLVED: g++.dg/tree-prof/partition2.C execution,    -O3  -fprofile-use
FAIL: g++.dg/tree-prof/partition2.C compilation,  -O3 -g  -fprofile-use
UNRESOLVED: g++.dg/tree-prof/partition2.C execution,    -O3 -g  -fprofile-use
FAIL: g++.dg/tree-prof/partition2.C compilation,  -Os  -fprofile-use
UNRESOLVED: g++.dg/tree-prof/partition2.C execution,    -Os  -fprofile-use
XPASS: g++.old-deja/g++.other/init19.C execution test

		=== g++ Summary for unix/-mabi=32 ===

# of expected passes		21864
# of unexpected failures	27
# of unexpected successes	1
# of expected failures		152
# of unresolved testcases	17
# of unsupported tests		310

Running target unix/-mabi=64
WARNING: Could not compile g++.dg/compat/struct-layout-1 generator
FAIL: g++.dg/debug/dwarf2/icf.C scan-assembler \\\\.section.*.debug_dcall
FAIL: g++.dg/debug/dwarf2/icf.C scan-assembler New caller
FAIL: g++.dg/debug/dwarf2/icf.C scan-assembler Caller DIE offset
FAIL: g++.dg/debug/dwarf2/icf.C scan-assembler Callee DIE offset
WARNING: program timed out.
WARNING: program timed out.
FAIL: g++.dg/other/anon5.C undefined (test for warnings, line )
FAIL: g++.dg/other/anon5.C (test for excess errors)
WARNING: program timed out.
FAIL: g++.dg/warn/miss-format-1.C scanf attribute warning (test for warnings, line 26)
FAIL: g++.dg/warn/miss-format-1.C (test for excess errors)
FAIL: g++.dg/lto/20081109 cp_lto_20081109_0.o-cp_lto_20081109_1.o link
UNRESOLVED: g++.dg/lto/20081109 cp_lto_20081109_0.o-cp_lto_20081109_1.o execute -O0 -fwhopr
FAIL: g++.dg/lto/20081109 cp_lto_20081109_0.o-cp_lto_20081109_1.o link
UNRESOLVED: g++.dg/lto/20081109 cp_lto_20081109_0.o-cp_lto_20081109_1.o execute -O2 -fwhopr
FAIL: g++.dg/lto/20081109 cp_lto_20081109_0.o-cp_lto_20081109_1.o link
UNRESOLVED: g++.dg/lto/20081109 cp_lto_20081109_0.o-cp_lto_20081109_1.o execute -O0 -flto
FAIL: g++.dg/lto/20081109 cp_lto_20081109_0.o-cp_lto_20081109_1.o link
UNRESOLVED: g++.dg/lto/20081109 cp_lto_20081109_0.o-cp_lto_20081109_1.o execute -O2 -flto
FAIL: g++.dg/lto/20091022-2 cp_lto_20091022-2_0.o-cp_lto_20091022-2_0.o link
UNRESOLVED: g++.dg/lto/20091022-2 cp_lto_20091022-2_0.o-cp_lto_20091022-2_0.o execute -O3 -flto -Winline
FAIL: g++.dg/torture/pr33572.C  -O2 -flto  (test for excess errors)
WARNING: g++.dg/torture/pr33572.C  -O2 -flto  compilation failed to produce executable
FAIL: g++.dg/torture/pr33572.C  -O2 -fwhopr  (test for excess errors)
WARNING: g++.dg/torture/pr33572.C  -O2 -fwhopr  compilation failed to produce executable
FAIL: g++.dg/tree-prof/partition1.C compilation,  -g  -fprofile-use
UNRESOLVED: g++.dg/tree-prof/partition1.C execution,    -g  -fprofile-use
FAIL: g++.dg/tree-prof/partition1.C compilation,  -O0  -fprofile-use
UNRESOLVED: g++.dg/tree-prof/partition1.C execution,    -O0  -fprofile-use
FAIL: g++.dg/tree-prof/partition1.C compilation,  -O1  -fprofile-use
UNRESOLVED: g++.dg/tree-prof/partition1.C execution,    -O1  -fprofile-use
FAIL: g++.dg/tree-prof/partition1.C compilation,  -O2  -fprofile-use
UNRESOLVED: g++.dg/tree-prof/partition1.C execution,    -O2  -fprofile-use
FAIL: g++.dg/tree-prof/partition1.C compilation,  -O3  -fprofile-use
UNRESOLVED: g++.dg/tree-prof/partition1.C execution,    -O3  -fprofile-use
FAIL: g++.dg/tree-prof/partition1.C compilation,  -O3 -g  -fprofile-use
UNRESOLVED: g++.dg/tree-prof/partition1.C execution,    -O3 -g  -fprofile-use
FAIL: g++.dg/tree-prof/partition1.C compilation,  -Os  -fprofile-use
UNRESOLVED: g++.dg/tree-prof/partition1.C execution,    -Os  -fprofile-use
FAIL: g++.dg/tree-prof/partition2.C compilation,  -O1  -fprofile-use
UNRESOLVED: g++.dg/tree-prof/partition2.C execution,    -O1  -fprofile-use
FAIL: g++.dg/tree-prof/partition2.C compilation,  -O2  -fprofile-use
UNRESOLVED: g++.dg/tree-prof/partition2.C execution,    -O2  -fprofile-use
FAIL: g++.dg/tree-prof/partition2.C compilation,  -O3  -fprofile-use
UNRESOLVED: g++.dg/tree-prof/partition2.C execution,    -O3  -fprofile-use
FAIL: g++.dg/tree-prof/partition2.C compilation,  -O3 -g  -fprofile-use
UNRESOLVED: g++.dg/tree-prof/partition2.C execution,    -O3 -g  -fprofile-use
FAIL: g++.dg/tree-prof/partition2.C compilation,  -Os  -fprofile-use
UNRESOLVED: g++.dg/tree-prof/partition2.C execution,    -Os  -fprofile-use
XPASS: g++.old-deja/g++.other/init19.C execution test

		=== g++ Summary for unix/-mabi=64 ===

# of expected passes		21829
# of unexpected failures	27
# of unexpected successes	1
# of expected failures		152
# of unresolved testcases	17
# of unsupported tests		311

		=== g++ Summary ===

# of expected passes		65561
# of unexpected failures	81
# of unexpected successes	3
# of expected failures		456
# of unresolved testcases	51
# of unsupported tests		931
/usr/people/tgc/buildpkg/gcc45/src/all_pthreads/gcc/testsuite/g++/../../g++  version 4.5.2 (GCC) 

		=== gcc tests ===


Running target unix/-mabi=n32
WARNING: program timed out.
FAIL: gcc.c-torture/compile/limits-fndefn.c  -O3 -g  (test for excess errors)
FAIL: gcc.c-torture/execute/ieee/copysign1.c execution,  -O0 
FAIL: gcc.c-torture/execute/ieee/copysign1.c execution,  -O1 
FAIL: gcc.c-torture/execute/ieee/copysign1.c execution,  -O2 
FAIL: gcc.c-torture/execute/ieee/copysign1.c execution,  -O3 -fomit-frame-pointer 
FAIL: gcc.c-torture/execute/ieee/copysign1.c execution,  -O3 -fomit-frame-pointer -funroll-loops 
FAIL: gcc.c-torture/execute/ieee/copysign1.c execution,  -O3 -fomit-frame-pointer -funroll-all-loops -finline-functions 
FAIL: gcc.c-torture/execute/ieee/copysign1.c execution,  -O3 -g 
FAIL: gcc.c-torture/execute/ieee/copysign1.c execution,  -Os 
FAIL: gcc.c-torture/execute/ieee/copysign1.c execution,  -O2 -flto 
FAIL: gcc.c-torture/execute/ieee/copysign1.c execution,  -O2 -fwhopr 
WARNING: Could not compile gcc.dg/compat/struct-layout-1 generator
FAIL: gcc.dg/c99-stdint-6.c (test for excess errors)
WARNING: program timed out.
WARNING: program timed out.
WARNING: program timed out.
WARNING: program timed out.
WARNING: program timed out.
FAIL: gcc.dg/pr43058.c (test for excess errors)
FAIL: gcc.dg/pthread-init-1.c (test for excess errors)
FAIL: gcc.dg/pthread-init-2.c (test for excess errors)
WARNING: program timed out.
FAIL: gcc.dg/utf-array-short-wchar.c  (test for errors, line 39)
FAIL: gcc.dg/utf-array-short-wchar.c  (test for errors, line 41)
FAIL: gcc.dg/utf-array-short-wchar.c (test for excess errors)
FAIL: gcc.dg/lto/20081024 c_lto_20081024_0.o-c_lto_20081024_0.o link
UNRESOLVED: gcc.dg/lto/20081024 c_lto_20081024_0.o-c_lto_20081024_0.o execute -O0 -fwhopr
FAIL: gcc.dg/lto/20081024 c_lto_20081024_0.o-c_lto_20081024_0.o link
UNRESOLVED: gcc.dg/lto/20081024 c_lto_20081024_0.o-c_lto_20081024_0.o execute -O2 -fwhopr
FAIL: gcc.dg/lto/20081024 c_lto_20081024_0.o-c_lto_20081024_0.o link
UNRESOLVED: gcc.dg/lto/20081024 c_lto_20081024_0.o-c_lto_20081024_0.o execute -O0 -flto
FAIL: gcc.dg/lto/20081024 c_lto_20081024_0.o-c_lto_20081024_0.o link
UNRESOLVED: gcc.dg/lto/20081024 c_lto_20081024_0.o-c_lto_20081024_0.o execute -O2 -flto
FAIL: gcc.dg/torture/20090618-1.c  -O1  (test for excess errors)
WARNING: gcc.dg/torture/20090618-1.c  -O1  compilation failed to produce executable
FAIL: gcc.dg/torture/20090618-1.c  -O2  (test for excess errors)
WARNING: gcc.dg/torture/20090618-1.c  -O2  compilation failed to produce executable
FAIL: gcc.dg/torture/20090618-1.c  -O3 -fomit-frame-pointer  (test for excess errors)
WARNING: gcc.dg/torture/20090618-1.c  -O3 -fomit-frame-pointer  compilation failed to produce executable
FAIL: gcc.dg/torture/20090618-1.c  -O3 -g  (test for excess errors)
WARNING: gcc.dg/torture/20090618-1.c  -O3 -g  compilation failed to produce executable
FAIL: gcc.dg/torture/20090618-1.c  -O2 -flto  (test for excess errors)
WARNING: gcc.dg/torture/20090618-1.c  -O2 -flto  compilation failed to produce executable
FAIL: gcc.dg/torture/20090618-1.c  -O2 -fwhopr  (test for excess errors)
WARNING: gcc.dg/torture/20090618-1.c  -O2 -fwhopr  compilation failed to produce executable
FAIL: gcc.dg/torture/builtin-modf-1.c  -O0  (test for excess errors)
FAIL: gcc.dg/torture/builtin-modf-1.c  -O1  (test for excess errors)
FAIL: gcc.dg/torture/builtin-modf-1.c  -O2  (test for excess errors)
FAIL: gcc.dg/torture/builtin-modf-1.c  -O3 -fomit-frame-pointer  (test for excess errors)
FAIL: gcc.dg/torture/builtin-modf-1.c  -O3 -fomit-frame-pointer -funroll-loops  (test for excess errors)
FAIL: gcc.dg/torture/builtin-modf-1.c  -O3 -fomit-frame-pointer -funroll-all-loops -finline-functions  (test for excess errors)
FAIL: gcc.dg/torture/builtin-modf-1.c  -O3 -g  (test for excess errors)
FAIL: gcc.dg/torture/builtin-modf-1.c  -Os  (test for excess errors)
FAIL: gcc.dg/torture/builtin-modf-1.c  -O2 -flto  (test for excess errors)
FAIL: gcc.dg/torture/builtin-modf-1.c  -O2 -fwhopr  (test for excess errors)
FAIL: gcc.target/mips/extend-1.c scan-assembler-times \\tdsll\\t 5
FAIL: gcc.target/mips/extend-1.c scan-assembler-times \\tdsra\\t 5
FAIL: gcc.target/mips/octeon-exts-6.c scan-assembler-times \\texts\\t 5
FAIL: gcc.target/mips/save-restore-1.c (internal compiler error)
FAIL: gcc.target/mips/save-restore-1.c (test for excess errors)
ERROR: gcc.target/mips/save-restore-1.c: error executing dg-final: couldn't open "save-restore-1.s": no such file or directory
UNRESOLVED: gcc.target/mips/save-restore-1.c: error executing dg-final: couldn't open "save-restore-1.s": no such file or directory
FAIL: gcc.target/mips/save-restore-3.c (internal compiler error)
FAIL: gcc.target/mips/save-restore-3.c (test for excess errors)
ERROR: gcc.target/mips/save-restore-3.c: error executing dg-final: couldn't open "save-restore-3.s": no such file or directory
UNRESOLVED: gcc.target/mips/save-restore-3.c: error executing dg-final: couldn't open "save-restore-3.s": no such file or directory
FAIL: gcc.target/mips/save-restore-4.c (internal compiler error)
FAIL: gcc.target/mips/save-restore-4.c (test for excess errors)
ERROR: gcc.target/mips/save-restore-4.c: error executing dg-final: couldn't open "save-restore-4.s": no such file or directory
UNRESOLVED: gcc.target/mips/save-restore-4.c: error executing dg-final: couldn't open "save-restore-4.s": no such file or directory
FAIL: gcc.target/mips/save-restore-5.c (internal compiler error)
FAIL: gcc.target/mips/save-restore-5.c (test for excess errors)

		=== gcc Summary for unix/-mabi=n32 ===

# of expected passes		64336
# of unexpected failures	49
# of expected failures		83
# of unresolved testcases	7
# of unsupported tests		780

Running target unix/-mabi=32
WARNING: program timed out.
FAIL: gcc.c-torture/compile/limits-fndefn.c  -O3 -g  (test for excess errors)
WARNING: Could not compile gcc.dg/compat/struct-layout-1 generator
FAIL: gcc.dg/c99-stdint-6.c (test for excess errors)
WARNING: program timed out.
WARNING: program timed out.
WARNING: program timed out.
WARNING: program timed out.
WARNING: program timed out.
FAIL: gcc.dg/pr27095.c scan-assembler-not (?n)strlen(.*\\n)+.*strlen
WARNING: program timed out.
FAIL: gcc.dg/pr43058.c (test for excess errors)
FAIL: gcc.dg/pthread-init-1.c (test for excess errors)
FAIL: gcc.dg/pthread-init-2.c (test for excess errors)
WARNING: program timed out.
FAIL: gcc.dg/utf-array-short-wchar.c  (test for errors, line 39)
FAIL: gcc.dg/utf-array-short-wchar.c  (test for errors, line 41)
FAIL: gcc.dg/utf-array-short-wchar.c (test for excess errors)
FAIL: gcc.dg/lto/20081024 c_lto_20081024_0.o-c_lto_20081024_0.o link
UNRESOLVED: gcc.dg/lto/20081024 c_lto_20081024_0.o-c_lto_20081024_0.o execute -O0 -fwhopr
FAIL: gcc.dg/lto/20081024 c_lto_20081024_0.o-c_lto_20081024_0.o link
UNRESOLVED: gcc.dg/lto/20081024 c_lto_20081024_0.o-c_lto_20081024_0.o execute -O2 -fwhopr
FAIL: gcc.dg/lto/20081024 c_lto_20081024_0.o-c_lto_20081024_0.o link
UNRESOLVED: gcc.dg/lto/20081024 c_lto_20081024_0.o-c_lto_20081024_0.o execute -O0 -flto
FAIL: gcc.dg/lto/20081024 c_lto_20081024_0.o-c_lto_20081024_0.o link
UNRESOLVED: gcc.dg/lto/20081024 c_lto_20081024_0.o-c_lto_20081024_0.o execute -O2 -flto
FAIL: gcc.dg/torture/20090618-1.c  -O1  (test for excess errors)
WARNING: gcc.dg/torture/20090618-1.c  -O1  compilation failed to produce executable
FAIL: gcc.dg/torture/20090618-1.c  -O2  (test for excess errors)
WARNING: gcc.dg/torture/20090618-1.c  -O2  compilation failed to produce executable
FAIL: gcc.dg/torture/20090618-1.c  -O3 -fomit-frame-pointer  (test for excess errors)
WARNING: gcc.dg/torture/20090618-1.c  -O3 -fomit-frame-pointer  compilation failed to produce executable
FAIL: gcc.dg/torture/20090618-1.c  -O3 -g  (test for excess errors)
WARNING: gcc.dg/torture/20090618-1.c  -O3 -g  compilation failed to produce executable
FAIL: gcc.dg/torture/20090618-1.c  -O2 -flto  (test for excess errors)
WARNING: gcc.dg/torture/20090618-1.c  -O2 -flto  compilation failed to produce executable
FAIL: gcc.dg/torture/20090618-1.c  -O2 -fwhopr  (test for excess errors)
WARNING: gcc.dg/torture/20090618-1.c  -O2 -fwhopr  compilation failed to produce executable
FAIL: gcc.dg/tree-ssa/loop-1.c scan-assembler-times foo 5
FAIL: gcc.target/mips/extend-1.c scan-assembler-times \\tdsll\\t 5
FAIL: gcc.target/mips/extend-1.c scan-assembler-times \\tdsra\\t 5
FAIL: gcc.target/mips/mips16-attributes.c (test for excess errors)
FAIL: gcc.target/mips/mips16e-extends.c (internal compiler error)
FAIL: gcc.target/mips/mips16e-extends.c (test for excess errors)
ERROR: gcc.target/mips/mips16e-extends.c: error executing dg-final: couldn't open "mips16e-extends.s": no such file or directory
UNRESOLVED: gcc.target/mips/mips16e-extends.c: error executing dg-final: couldn't open "mips16e-extends.s": no such file or directory
FAIL: gcc.target/mips/octeon-exts-6.c scan-assembler-times \\texts\\t 5
FAIL: gcc.target/mips/save-restore-1.c (internal compiler error)
FAIL: gcc.target/mips/save-restore-1.c (test for excess errors)
ERROR: gcc.target/mips/save-restore-1.c: error executing dg-final: couldn't open "save-restore-1.s": no such file or directory
UNRESOLVED: gcc.target/mips/save-restore-1.c: error executing dg-final: couldn't open "save-restore-1.s": no such file or directory
FAIL: gcc.target/mips/save-restore-3.c (internal compiler error)
FAIL: gcc.target/mips/save-restore-3.c (test for excess errors)
ERROR: gcc.target/mips/save-restore-3.c: error executing dg-final: couldn't open "save-restore-3.s": no such file or directory
UNRESOLVED: gcc.target/mips/save-restore-3.c: error executing dg-final: couldn't open "save-restore-3.s": no such file or directory
FAIL: gcc.target/mips/save-restore-4.c (internal compiler error)
FAIL: gcc.target/mips/save-restore-4.c (test for excess errors)
ERROR: gcc.target/mips/save-restore-4.c: error executing dg-final: couldn't open "save-restore-4.s": no such file or directory
UNRESOLVED: gcc.target/mips/save-restore-4.c: error executing dg-final: couldn't open "save-restore-4.s": no such file or directory
FAIL: gcc.target/mips/save-restore-5.c (internal compiler error)
FAIL: gcc.target/mips/save-restore-5.c (test for excess errors)

		=== gcc Summary for unix/-mabi=32 ===

# of expected passes		64321
# of unexpected failures	34
# of expected failures		83
# of unresolved testcases	8
# of unsupported tests		780

Running target unix/-mabi=64
WARNING: program timed out.
FAIL: gcc.c-torture/compile/limits-fndefn.c  -O3 -g  (test for excess errors)
FAIL: gcc.c-torture/execute/ieee/copysign1.c execution,  -O0 
FAIL: gcc.c-torture/execute/ieee/copysign1.c execution,  -O1 
FAIL: gcc.c-torture/execute/ieee/copysign1.c execution,  -O2 
FAIL: gcc.c-torture/execute/ieee/copysign1.c execution,  -O3 -fomit-frame-pointer 
FAIL: gcc.c-torture/execute/ieee/copysign1.c execution,  -O3 -fomit-frame-pointer -funroll-loops 
FAIL: gcc.c-torture/execute/ieee/copysign1.c execution,  -O3 -fomit-frame-pointer -funroll-all-loops -finline-functions 
FAIL: gcc.c-torture/execute/ieee/copysign1.c execution,  -O3 -g 
FAIL: gcc.c-torture/execute/ieee/copysign1.c execution,  -Os 
FAIL: gcc.c-torture/execute/ieee/copysign1.c execution,  -O2 -flto 
FAIL: gcc.c-torture/execute/ieee/copysign1.c execution,  -O2 -fwhopr 
WARNING: Could not compile gcc.dg/compat/struct-layout-1 generator
FAIL: gcc.dg/c99-stdint-6.c (test for excess errors)
FAIL: gcc.dg/intmax_t-1.c (test for excess errors)
WARNING: program timed out.
WARNING: program timed out.
WARNING: program timed out.
WARNING: program timed out.
FAIL: gcc.dg/pr43058.c (test for excess errors)
FAIL: gcc.dg/pthread-init-1.c (test for excess errors)
FAIL: gcc.dg/pthread-init-2.c (test for excess errors)
WARNING: program timed out.
FAIL: gcc.dg/utf-array-short-wchar.c  (test for errors, line 39)
FAIL: gcc.dg/utf-array-short-wchar.c  (test for errors, line 41)
FAIL: gcc.dg/utf-array-short-wchar.c (test for excess errors)
FAIL: gcc.dg/lto/20081024 c_lto_20081024_0.o-c_lto_20081024_0.o link
UNRESOLVED: gcc.dg/lto/20081024 c_lto_20081024_0.o-c_lto_20081024_0.o execute -O0 -fwhopr
FAIL: gcc.dg/lto/20081024 c_lto_20081024_0.o-c_lto_20081024_0.o link
UNRESOLVED: gcc.dg/lto/20081024 c_lto_20081024_0.o-c_lto_20081024_0.o execute -O2 -fwhopr
FAIL: gcc.dg/lto/20081024 c_lto_20081024_0.o-c_lto_20081024_0.o link
UNRESOLVED: gcc.dg/lto/20081024 c_lto_20081024_0.o-c_lto_20081024_0.o execute -O0 -flto
FAIL: gcc.dg/lto/20081024 c_lto_20081024_0.o-c_lto_20081024_0.o link
UNRESOLVED: gcc.dg/lto/20081024 c_lto_20081024_0.o-c_lto_20081024_0.o execute -O2 -flto
FAIL: gcc.dg/lto/20090116 c_lto_20090116_0.o-c_lto_20090116_0.o link,  (internal compiler error)
UNRESOLVED: gcc.dg/lto/20090116 c_lto_20090116_0.o-c_lto_20090116_0.o execute -O1 -fwhopr -fPIC
FAIL: gcc.dg/torture/20090618-1.c  -O1  (test for excess errors)
WARNING: gcc.dg/torture/20090618-1.c  -O1  compilation failed to produce executable
FAIL: gcc.dg/torture/20090618-1.c  -O2  (test for excess errors)
WARNING: gcc.dg/torture/20090618-1.c  -O2  compilation failed to produce executable
FAIL: gcc.dg/torture/20090618-1.c  -O3 -fomit-frame-pointer  (test for excess errors)
WARNING: gcc.dg/torture/20090618-1.c  -O3 -fomit-frame-pointer  compilation failed to produce executable
FAIL: gcc.dg/torture/20090618-1.c  -O3 -g  (test for excess errors)
WARNING: gcc.dg/torture/20090618-1.c  -O3 -g  compilation failed to produce executable
FAIL: gcc.dg/torture/20090618-1.c  -O2 -flto  (test for excess errors)
WARNING: gcc.dg/torture/20090618-1.c  -O2 -flto  compilation failed to produce executable
FAIL: gcc.dg/torture/20090618-1.c  -O2 -fwhopr  (test for excess errors)
WARNING: gcc.dg/torture/20090618-1.c  -O2 -fwhopr  compilation failed to produce executable
FAIL: gcc.dg/torture/builtin-modf-1.c  -O0  (test for excess errors)
FAIL: gcc.dg/torture/builtin-modf-1.c  -O1  (test for excess errors)
FAIL: gcc.dg/torture/builtin-modf-1.c  -O2  (test for excess errors)
FAIL: gcc.dg/torture/builtin-modf-1.c  -O3 -fomit-frame-pointer  (test for excess errors)
FAIL: gcc.dg/torture/builtin-modf-1.c  -O3 -fomit-frame-pointer -funroll-loops  (test for excess errors)
FAIL: gcc.dg/torture/builtin-modf-1.c  -O3 -fomit-frame-pointer -funroll-all-loops -finline-functions  (test for excess errors)
FAIL: gcc.dg/torture/builtin-modf-1.c  -O3 -g  (test for excess errors)
FAIL: gcc.dg/torture/builtin-modf-1.c  -Os  (test for excess errors)
FAIL: gcc.dg/torture/builtin-modf-1.c  -O2 -flto  (test for excess errors)
FAIL: gcc.dg/torture/builtin-modf-1.c  -O2 -fwhopr  (test for excess errors)
FAIL: gcc.target/mips/extend-1.c scan-assembler-times \\tdsll\\t 5
FAIL: gcc.target/mips/extend-1.c scan-assembler-times \\tdsra\\t 5
FAIL: gcc.target/mips/octeon-bbit-2.c scan-assembler \\tbnel\\t
FAIL: gcc.target/mips/octeon-bbit-2.c scan-assembler-not \\tbne\\t
FAIL: gcc.target/mips/octeon-exts-6.c scan-assembler-times \\texts\\t 5
FAIL: gcc.target/mips/save-restore-1.c (internal compiler error)
FAIL: gcc.target/mips/save-restore-1.c (test for excess errors)
ERROR: gcc.target/mips/save-restore-1.c: error executing dg-final: couldn't open "save-restore-1.s": no such file or directory
UNRESOLVED: gcc.target/mips/save-restore-1.c: error executing dg-final: couldn't open "save-restore-1.s": no such file or directory
FAIL: gcc.target/mips/save-restore-3.c (internal compiler error)
FAIL: gcc.target/mips/save-restore-3.c (test for excess errors)
ERROR: gcc.target/mips/save-restore-3.c: error executing dg-final: couldn't open "save-restore-3.s": no such file or directory
UNRESOLVED: gcc.target/mips/save-restore-3.c: error executing dg-final: couldn't open "save-restore-3.s": no such file or directory
FAIL: gcc.target/mips/save-restore-4.c (internal compiler error)
FAIL: gcc.target/mips/save-restore-4.c (test for excess errors)
ERROR: gcc.target/mips/save-restore-4.c: error executing dg-final: couldn't open "save-restore-4.s": no such file or directory
UNRESOLVED: gcc.target/mips/save-restore-4.c: error executing dg-final: couldn't open "save-restore-4.s": no such file or directory
FAIL: gcc.target/mips/save-restore-5.c (internal compiler error)
FAIL: gcc.target/mips/save-restore-5.c (test for excess errors)

		=== gcc Summary for unix/-mabi=64 ===

# of expected passes		64347
# of unexpected failures	53
# of expected failures		84
# of unresolved testcases	8
# of unsupported tests		769

		=== gcc Summary ===

# of expected passes		193004
# of unexpected failures	136
# of expected failures		250
# of unresolved testcases	23
# of unsupported tests		2329
/usr/people/tgc/buildpkg/gcc45/src/all_pthreads/gcc/xgcc  version 4.5.2 (GCC) 

		=== gfortran tests ===


Running target unix/-mabi=n32
FAIL: gfortran.dg/allocatable_scalar_5.f90  -O0  execution test
WARNING: program timed out.
FAIL: gfortran.dg/array_constructor_33.f90  -O  (test for excess errors)
FAIL: gfortran.dg/complex_intrinsic_3.f90  -O0  execution test
FAIL: gfortran.dg/complex_intrinsic_3.f90  -O1  execution test
FAIL: gfortran.dg/complex_intrinsic_3.f90  -O2  execution test
FAIL: gfortran.dg/complex_intrinsic_3.f90  -O3 -fomit-frame-pointer  execution test
FAIL: gfortran.dg/complex_intrinsic_3.f90  -O3 -fomit-frame-pointer -funroll-loops  execution test
FAIL: gfortran.dg/complex_intrinsic_3.f90  -O3 -fomit-frame-pointer -funroll-all-loops -finline-functions  execution test
FAIL: gfortran.dg/complex_intrinsic_3.f90  -O3 -g  execution test
FAIL: gfortran.dg/complex_intrinsic_3.f90  -Os  execution test
FAIL: gfortran.dg/default_format_2.f90  -O0  (test for excess errors)
WARNING: gfortran.dg/default_format_2.f90  -O0  compilation failed to produce executable
FAIL: gfortran.dg/default_format_2.f90  -O1  (test for excess errors)
WARNING: gfortran.dg/default_format_2.f90  -O1  compilation failed to produce executable
FAIL: gfortran.dg/default_format_2.f90  -O2  (test for excess errors)
WARNING: gfortran.dg/default_format_2.f90  -O2  compilation failed to produce executable
FAIL: gfortran.dg/default_format_2.f90  -O3 -fomit-frame-pointer  (test for excess errors)
WARNING: gfortran.dg/default_format_2.f90  -O3 -fomit-frame-pointer  compilation failed to produce executable
FAIL: gfortran.dg/default_format_2.f90  -O3 -fomit-frame-pointer -funroll-loops  (test for excess errors)
WARNING: gfortran.dg/default_format_2.f90  -O3 -fomit-frame-pointer -funroll-loops  compilation failed to produce executable
FAIL: gfortran.dg/default_format_2.f90  -O3 -fomit-frame-pointer -funroll-all-loops -finline-functions  (test for excess errors)
WARNING: gfortran.dg/default_format_2.f90  -O3 -fomit-frame-pointer -funroll-all-loops -finline-functions  compilation failed to produce executable
FAIL: gfortran.dg/default_format_2.f90  -O3 -g  (test for excess errors)
WARNING: gfortran.dg/default_format_2.f90  -O3 -g  compilation failed to produce executable
FAIL: gfortran.dg/default_format_2.f90  -Os  (test for excess errors)
WARNING: gfortran.dg/default_format_2.f90  -Os  compilation failed to produce executable
FAIL: gfortran.dg/default_format_denormal_2.f90  -O0  (test for excess errors)
WARNING: gfortran.dg/default_format_denormal_2.f90  -O0  compilation failed to produce executable
FAIL: gfortran.dg/default_format_denormal_2.f90  -O1  (test for excess errors)
WARNING: gfortran.dg/default_format_denormal_2.f90  -O1  compilation failed to produce executable
FAIL: gfortran.dg/default_format_denormal_2.f90  -O2  (test for excess errors)
WARNING: gfortran.dg/default_format_denormal_2.f90  -O2  compilation failed to produce executable
FAIL: gfortran.dg/default_format_denormal_2.f90  -O3 -fomit-frame-pointer  (test for excess errors)
WARNING: gfortran.dg/default_format_denormal_2.f90  -O3 -fomit-frame-pointer  compilation failed to produce executable
FAIL: gfortran.dg/default_format_denormal_2.f90  -O3 -fomit-frame-pointer -funroll-loops  (test for excess errors)
WARNING: gfortran.dg/default_format_denormal_2.f90  -O3 -fomit-frame-pointer -funroll-loops  compilation failed to produce executable
FAIL: gfortran.dg/default_format_denormal_2.f90  -O3 -fomit-frame-pointer -funroll-all-loops -finline-functions  (test for excess errors)
WARNING: gfortran.dg/default_format_denormal_2.f90  -O3 -fomit-frame-pointer -funroll-all-loops -finline-functions  compilation failed to produce executable
FAIL: gfortran.dg/default_format_denormal_2.f90  -O3 -g  (test for excess errors)
WARNING: gfortran.dg/default_format_denormal_2.f90  -O3 -g  compilation failed to produce executable
FAIL: gfortran.dg/default_format_denormal_2.f90  -Os  (test for excess errors)
WARNING: gfortran.dg/default_format_denormal_2.f90  -Os  compilation failed to produce executable
FAIL: gfortran.dg/integer_exponentiation_2.f90  -O0  execution test
FAIL: gfortran.dg/integer_exponentiation_2.f90  -O1  execution test
FAIL: gfortran.dg/integer_exponentiation_2.f90  -O2  execution test
FAIL: gfortran.dg/integer_exponentiation_2.f90  -O3 -fomit-frame-pointer  execution test
FAIL: gfortran.dg/integer_exponentiation_2.f90  -O3 -fomit-frame-pointer -funroll-loops  execution test
FAIL: gfortran.dg/integer_exponentiation_2.f90  -O3 -fomit-frame-pointer -funroll-all-loops -finline-functions  execution test
FAIL: gfortran.dg/integer_exponentiation_2.f90  -O3 -g  execution test
FAIL: gfortran.dg/integer_exponentiation_2.f90  -Os  execution test
FAIL: gfortran.dg/large_real_kind_2.F90  -O0  (test for excess errors)
WARNING: gfortran.dg/large_real_kind_2.F90  -O0  compilation failed to produce executable
FAIL: gfortran.dg/large_real_kind_2.F90  -O1  (test for excess errors)
WARNING: gfortran.dg/large_real_kind_2.F90  -O1  compilation failed to produce executable
FAIL: gfortran.dg/large_real_kind_2.F90  -O2  (test for excess errors)
WARNING: gfortran.dg/large_real_kind_2.F90  -O2  compilation failed to produce executable
FAIL: gfortran.dg/large_real_kind_2.F90  -O3 -fomit-frame-pointer  (test for excess errors)
WARNING: gfortran.dg/large_real_kind_2.F90  -O3 -fomit-frame-pointer  compilation failed to produce executable
FAIL: gfortran.dg/large_real_kind_2.F90  -O3 -fomit-frame-pointer -funroll-loops  (test for excess errors)
WARNING: gfortran.dg/large_real_kind_2.F90  -O3 -fomit-frame-pointer -funroll-loops  compilation failed to produce executable
FAIL: gfortran.dg/large_real_kind_2.F90  -O3 -fomit-frame-pointer -funroll-all-loops -finline-functions  (test for excess errors)
WARNING: gfortran.dg/large_real_kind_2.F90  -O3 -fomit-frame-pointer -funroll-all-loops -finline-functions  compilation failed to produce executable
FAIL: gfortran.dg/large_real_kind_2.F90  -O3 -g  (test for excess errors)
WARNING: gfortran.dg/large_real_kind_2.F90  -O3 -g  compilation failed to produce executable
FAIL: gfortran.dg/large_real_kind_2.F90  -Os  (test for excess errors)
WARNING: gfortran.dg/large_real_kind_2.F90  -Os  compilation failed to produce executable
FAIL: gfortran.dg/namelist_42.f90  -O0  execution test
FAIL: gfortran.dg/namelist_42.f90  -O1  execution test
FAIL: gfortran.dg/namelist_42.f90  -O2  execution test
FAIL: gfortran.dg/namelist_42.f90  -O3 -fomit-frame-pointer  execution test
FAIL: gfortran.dg/namelist_42.f90  -O3 -fomit-frame-pointer -funroll-loops  execution test
FAIL: gfortran.dg/namelist_42.f90  -O3 -fomit-frame-pointer -funroll-all-loops -finline-functions  execution test
FAIL: gfortran.dg/namelist_42.f90  -O3 -g  execution test
FAIL: gfortran.dg/namelist_42.f90  -Os  execution test
FAIL: gfortran.dg/namelist_43.f90  -O0  execution test
FAIL: gfortran.dg/namelist_43.f90  -O1  execution test
FAIL: gfortran.dg/namelist_43.f90  -O2  execution test
FAIL: gfortran.dg/namelist_43.f90  -O3 -fomit-frame-pointer  execution test
FAIL: gfortran.dg/namelist_43.f90  -O3 -fomit-frame-pointer -funroll-loops  execution test
FAIL: gfortran.dg/namelist_43.f90  -O3 -fomit-frame-pointer -funroll-all-loops -finline-functions  execution test
FAIL: gfortran.dg/namelist_43.f90  -O3 -g  execution test
FAIL: gfortran.dg/namelist_43.f90  -Os  execution test
FAIL: gfortran.dg/nan_3.f90  -O0  execution test
FAIL: gfortran.dg/nan_3.f90  -O1  execution test
FAIL: gfortran.dg/nan_3.f90  -O2  execution test
FAIL: gfortran.dg/nan_3.f90  -O3 -fomit-frame-pointer  execution test
FAIL: gfortran.dg/nan_3.f90  -O3 -fomit-frame-pointer -funroll-loops  execution test
FAIL: gfortran.dg/nan_3.f90  -O3 -fomit-frame-pointer -funroll-all-loops -finline-functions  execution test
FAIL: gfortran.dg/nan_3.f90  -O3 -g  execution test
FAIL: gfortran.dg/nan_3.f90  -Os  execution test
FAIL: gfortran.dg/nearest_1.f90  -O0  execution test
FAIL: gfortran.dg/nearest_1.f90  -O1  execution test
FAIL: gfortran.dg/nearest_1.f90  -O2  execution test
FAIL: gfortran.dg/nearest_1.f90  -O3 -fomit-frame-pointer  execution test
FAIL: gfortran.dg/nearest_1.f90  -O3 -fomit-frame-pointer -funroll-loops  execution test
FAIL: gfortran.dg/nearest_1.f90  -O3 -fomit-frame-pointer -funroll-all-loops -finline-functions  execution test
FAIL: gfortran.dg/nearest_1.f90  -O3 -g  execution test
FAIL: gfortran.dg/nearest_1.f90  -Os  execution test
FAIL: gfortran.dg/nearest_3.f90  -O0  execution test
FAIL: gfortran.dg/nearest_3.f90  -O1  execution test
FAIL: gfortran.dg/nearest_3.f90  -O2  execution test
FAIL: gfortran.dg/nearest_3.f90  -O3 -fomit-frame-pointer  execution test
FAIL: gfortran.dg/nearest_3.f90  -O3 -fomit-frame-pointer -funroll-loops  execution test
FAIL: gfortran.dg/nearest_3.f90  -O3 -fomit-frame-pointer -funroll-all-loops -finline-functions  execution test
FAIL: gfortran.dg/nearest_3.f90  -O3 -g  execution test
FAIL: gfortran.dg/nearest_3.f90  -Os  execution test
FAIL: gfortran.dg/specifics_1.f90  -O0  execution test
FAIL: gfortran.dg/specifics_1.f90  -O1  execution test
FAIL: gfortran.dg/specifics_1.f90  -O2  execution test
FAIL: gfortran.dg/specifics_1.f90  -O3 -fomit-frame-pointer  execution test
FAIL: gfortran.dg/specifics_1.f90  -O3 -fomit-frame-pointer -funroll-loops  execution test
FAIL: gfortran.dg/specifics_1.f90  -O3 -fomit-frame-pointer -funroll-all-loops -finline-functions  execution test
FAIL: gfortran.dg/specifics_1.f90  -O3 -g  execution test
FAIL: gfortran.dg/specifics_1.f90  -Os  execution test
WARNING: program timed out.
XPASS: gfortran.dg/g77/cabs.f  -O1  execution test
XPASS: gfortran.dg/g77/cabs.f  -O2  execution test
XPASS: gfortran.dg/g77/cabs.f  -O3 -fomit-frame-pointer  execution test
XPASS: gfortran.dg/g77/cabs.f  -O3 -fomit-frame-pointer -funroll-loops  execution test
XPASS: gfortran.dg/g77/cabs.f  -O3 -fomit-frame-pointer -funroll-all-loops -finline-functions  execution test
XPASS: gfortran.dg/g77/cabs.f  -O3 -g  execution test
XPASS: gfortran.dg/g77/cabs.f  -Os  execution test
FAIL: gfortran.fortran-torture/execute/intrinsic_abs.f90 execution,  -O0 
WARNING: program timed out.
FAIL: gfortran.fortran-torture/execute/intrinsic_fraction_exponent.f90 execution,  -O0 
WARNING: program timed out.
FAIL: gfortran.fortran-torture/execute/intrinsic_fraction_exponent.f90 execution,  -O1 
WARNING: program timed out.
FAIL: gfortran.fortran-torture/execute/intrinsic_fraction_exponent.f90 execution,  -O2 
WARNING: program timed out.
FAIL: gfortran.fortran-torture/execute/intrinsic_fraction_exponent.f90 execution,  -O2 -fomit-frame-pointer -finline-functions 
WARNING: program timed out.
FAIL: gfortran.fortran-torture/execute/intrinsic_fraction_exponent.f90 execution,  -O2 -fomit-frame-pointer -finline-functions -funroll-loops 
WARNING: program timed out.
FAIL: gfortran.fortran-torture/execute/intrinsic_fraction_exponent.f90 execution,  -O2 -fbounds-check 
WARNING: program timed out.
FAIL: gfortran.fortran-torture/execute/intrinsic_fraction_exponent.f90 execution,  -O3 -g 
WARNING: program timed out.
FAIL: gfortran.fortran-torture/execute/intrinsic_fraction_exponent.f90 execution,  -Os 
FAIL: gfortran.fortran-torture/execute/intrinsic_nearest.f90 execution,  -O0 
FAIL: gfortran.fortran-torture/execute/intrinsic_nearest.f90 execution,  -O1 
FAIL: gfortran.fortran-torture/execute/intrinsic_nearest.f90 execution,  -O2 
FAIL: gfortran.fortran-torture/execute/intrinsic_nearest.f90 execution,  -O2 -fomit-frame-pointer -finline-functions 
FAIL: gfortran.fortran-torture/execute/intrinsic_nearest.f90 execution,  -O2 -fomit-frame-pointer -finline-functions -funroll-loops 
FAIL: gfortran.fortran-torture/execute/intrinsic_nearest.f90 execution,  -O2 -fbounds-check 
FAIL: gfortran.fortran-torture/execute/intrinsic_nearest.f90 execution,  -O3 -g 
FAIL: gfortran.fortran-torture/execute/intrinsic_nearest.f90 execution,  -Os 
FAIL: gfortran.fortran-torture/execute/intrinsic_set_exponent.f90 execution,  -O0 
FAIL: gfortran.fortran-torture/execute/power.f90 execution,  -O0 
FAIL: gfortran.fortran-torture/execute/power.f90 execution,  -O1 
FAIL: gfortran.fortran-torture/execute/power.f90 execution,  -O2 
FAIL: gfortran.fortran-torture/execute/power.f90 execution,  -O2 -fomit-frame-pointer -finline-functions 
FAIL: gfortran.fortran-torture/execute/power.f90 execution,  -O2 -fbounds-check 
FAIL: gfortran.fortran-torture/execute/power.f90 execution,  -O3 -g 
FAIL: gfortran.fortran-torture/execute/power.f90 execution,  -Os 
FAIL: gfortran.fortran-torture/execute/specifics.f90 execution,  -O0 
FAIL: gfortran.fortran-torture/execute/specifics.f90 execution,  -O1 
FAIL: gfortran.fortran-torture/execute/specifics.f90 execution,  -O2 
FAIL: gfortran.fortran-torture/execute/specifics.f90 execution,  -O2 -fomit-frame-pointer -finline-functions 
FAIL: gfortran.fortran-torture/execute/specifics.f90 execution,  -O2 -fomit-frame-pointer -finline-functions -funroll-loops 
FAIL: gfortran.fortran-torture/execute/specifics.f90 execution,  -O2 -fbounds-check 
FAIL: gfortran.fortran-torture/execute/specifics.f90 execution,  -O3 -g 
FAIL: gfortran.fortran-torture/execute/specifics.f90 execution,  -Os 

		=== gfortran Summary for unix/-mabi=n32 ===

# of expected passes		33587
# of unexpected failures	123
# of unexpected successes	7
# of expected failures		21
# of unsupported tests		78

Running target unix/-mabi=32
FAIL: gfortran.dg/allocatable_scalar_5.f90  -O0  execution test
WARNING: program timed out.
FAIL: gfortran.dg/array_constructor_33.f90  -O  (test for excess errors)
FAIL: gfortran.dg/erf_2.F90  -O0  execution test
FAIL: gfortran.dg/namelist_42.f90  -O0  execution test
FAIL: gfortran.dg/namelist_42.f90  -O1  execution test
FAIL: gfortran.dg/namelist_42.f90  -O2  execution test
FAIL: gfortran.dg/namelist_42.f90  -O3 -fomit-frame-pointer  execution test
FAIL: gfortran.dg/namelist_42.f90  -O3 -fomit-frame-pointer -funroll-loops  execution test
FAIL: gfortran.dg/namelist_42.f90  -O3 -fomit-frame-pointer -funroll-all-loops -finline-functions  execution test
FAIL: gfortran.dg/namelist_42.f90  -O3 -g  execution test
FAIL: gfortran.dg/namelist_42.f90  -Os  execution test
FAIL: gfortran.dg/namelist_43.f90  -O0  execution test
FAIL: gfortran.dg/namelist_43.f90  -O1  execution test
FAIL: gfortran.dg/namelist_43.f90  -O2  execution test
FAIL: gfortran.dg/namelist_43.f90  -O3 -fomit-frame-pointer  execution test
FAIL: gfortran.dg/namelist_43.f90  -O3 -fomit-frame-pointer -funroll-loops  execution test
FAIL: gfortran.dg/namelist_43.f90  -O3 -fomit-frame-pointer -funroll-all-loops -finline-functions  execution test
FAIL: gfortran.dg/namelist_43.f90  -O3 -g  execution test
FAIL: gfortran.dg/namelist_43.f90  -Os  execution test
FAIL: gfortran.dg/nan_3.f90  -O0  execution test
FAIL: gfortran.dg/nan_3.f90  -O1  execution test
FAIL: gfortran.dg/nan_3.f90  -O2  execution test
FAIL: gfortran.dg/nan_3.f90  -O3 -fomit-frame-pointer  execution test
FAIL: gfortran.dg/nan_3.f90  -O3 -fomit-frame-pointer -funroll-loops  execution test
FAIL: gfortran.dg/nan_3.f90  -O3 -fomit-frame-pointer -funroll-all-loops -finline-functions  execution test
FAIL: gfortran.dg/nan_3.f90  -O3 -g  execution test
FAIL: gfortran.dg/nan_3.f90  -Os  execution test
FAIL: gfortran.dg/nearest_3.f90  -O0  execution test
FAIL: gfortran.dg/nearest_3.f90  -O1  execution test
FAIL: gfortran.dg/nearest_3.f90  -O2  execution test
FAIL: gfortran.dg/nearest_3.f90  -O3 -fomit-frame-pointer  execution test
FAIL: gfortran.dg/nearest_3.f90  -O3 -fomit-frame-pointer -funroll-loops  execution test
FAIL: gfortran.dg/nearest_3.f90  -O3 -fomit-frame-pointer -funroll-all-loops -finline-functions  execution test
FAIL: gfortran.dg/nearest_3.f90  -O3 -g  execution test
FAIL: gfortran.dg/nearest_3.f90  -Os  execution test
WARNING: program timed out.
XPASS: gfortran.dg/g77/cabs.f  -O0  execution test
XPASS: gfortran.dg/g77/cabs.f  -O1  execution test
XPASS: gfortran.dg/g77/cabs.f  -O2  execution test
XPASS: gfortran.dg/g77/cabs.f  -O3 -fomit-frame-pointer  execution test
XPASS: gfortran.dg/g77/cabs.f  -O3 -fomit-frame-pointer -funroll-loops  execution test
XPASS: gfortran.dg/g77/cabs.f  -O3 -fomit-frame-pointer -funroll-all-loops -finline-functions  execution test
XPASS: gfortran.dg/g77/cabs.f  -O3 -g  execution test
XPASS: gfortran.dg/g77/cabs.f  -Os  execution test

		=== gfortran Summary for unix/-mabi=32 ===

# of expected passes		33235
# of unexpected failures	35
# of unexpected successes	8
# of expected failures		20
# of unsupported tests		304

Running target unix/-mabi=64
FAIL: gfortran.dg/allocatable_scalar_5.f90  -O0  execution test
WARNING: program timed out.
FAIL: gfortran.dg/array_constructor_33.f90  -O  (test for excess errors)
FAIL: gfortran.dg/complex_intrinsic_3.f90  -O0  execution test
FAIL: gfortran.dg/complex_intrinsic_3.f90  -O1  execution test
FAIL: gfortran.dg/complex_intrinsic_3.f90  -O2  execution test
FAIL: gfortran.dg/complex_intrinsic_3.f90  -O3 -fomit-frame-pointer  execution test
FAIL: gfortran.dg/complex_intrinsic_3.f90  -O3 -fomit-frame-pointer -funroll-loops  execution test
FAIL: gfortran.dg/complex_intrinsic_3.f90  -O3 -fomit-frame-pointer -funroll-all-loops -finline-functions  execution test
FAIL: gfortran.dg/complex_intrinsic_3.f90  -O3 -g  execution test
FAIL: gfortran.dg/complex_intrinsic_3.f90  -Os  execution test
FAIL: gfortran.dg/default_format_2.f90  -O0  (test for excess errors)
WARNING: gfortran.dg/default_format_2.f90  -O0  compilation failed to produce executable
FAIL: gfortran.dg/default_format_2.f90  -O1  (test for excess errors)
WARNING: gfortran.dg/default_format_2.f90  -O1  compilation failed to produce executable
FAIL: gfortran.dg/default_format_2.f90  -O2  (test for excess errors)
WARNING: gfortran.dg/default_format_2.f90  -O2  compilation failed to produce executable
FAIL: gfortran.dg/default_format_2.f90  -O3 -fomit-frame-pointer  (test for excess errors)
WARNING: gfortran.dg/default_format_2.f90  -O3 -fomit-frame-pointer  compilation failed to produce executable
FAIL: gfortran.dg/default_format_2.f90  -O3 -fomit-frame-pointer -funroll-loops  (test for excess errors)
WARNING: gfortran.dg/default_format_2.f90  -O3 -fomit-frame-pointer -funroll-loops  compilation failed to produce executable
FAIL: gfortran.dg/default_format_2.f90  -O3 -fomit-frame-pointer -funroll-all-loops -finline-functions  (test for excess errors)
WARNING: gfortran.dg/default_format_2.f90  -O3 -fomit-frame-pointer -funroll-all-loops -finline-functions  compilation failed to produce executable
FAIL: gfortran.dg/default_format_2.f90  -O3 -g  (test for excess errors)
WARNING: gfortran.dg/default_format_2.f90  -O3 -g  compilation failed to produce executable
FAIL: gfortran.dg/default_format_2.f90  -Os  (test for excess errors)
WARNING: gfortran.dg/default_format_2.f90  -Os  compilation failed to produce executable
FAIL: gfortran.dg/default_format_denormal_2.f90  -O0  (test for excess errors)
WARNING: gfortran.dg/default_format_denormal_2.f90  -O0  compilation failed to produce executable
FAIL: gfortran.dg/default_format_denormal_2.f90  -O1  (test for excess errors)
WARNING: gfortran.dg/default_format_denormal_2.f90  -O1  compilation failed to produce executable
FAIL: gfortran.dg/default_format_denormal_2.f90  -O2  (test for excess errors)
WARNING: gfortran.dg/default_format_denormal_2.f90  -O2  compilation failed to produce executable
FAIL: gfortran.dg/default_format_denormal_2.f90  -O3 -fomit-frame-pointer  (test for excess errors)
WARNING: gfortran.dg/default_format_denormal_2.f90  -O3 -fomit-frame-pointer  compilation failed to produce executable
FAIL: gfortran.dg/default_format_denormal_2.f90  -O3 -fomit-frame-pointer -funroll-loops  (test for excess errors)
WARNING: gfortran.dg/default_format_denormal_2.f90  -O3 -fomit-frame-pointer -funroll-loops  compilation failed to produce executable
FAIL: gfortran.dg/default_format_denormal_2.f90  -O3 -fomit-frame-pointer -funroll-all-loops -finline-functions  (test for excess errors)
WARNING: gfortran.dg/default_format_denormal_2.f90  -O3 -fomit-frame-pointer -funroll-all-loops -finline-functions  compilation failed to produce executable
FAIL: gfortran.dg/default_format_denormal_2.f90  -O3 -g  (test for excess errors)
WARNING: gfortran.dg/default_format_denormal_2.f90  -O3 -g  compilation failed to produce executable
FAIL: gfortran.dg/default_format_denormal_2.f90  -Os  (test for excess errors)
WARNING: gfortran.dg/default_format_denormal_2.f90  -Os  compilation failed to produce executable
FAIL: gfortran.dg/integer_exponentiation_2.f90  -O0  execution test
FAIL: gfortran.dg/integer_exponentiation_2.f90  -O1  execution test
FAIL: gfortran.dg/integer_exponentiation_2.f90  -O2  execution test
FAIL: gfortran.dg/integer_exponentiation_2.f90  -Os  execution test
FAIL: gfortran.dg/large_real_kind_2.F90  -O0  (test for excess errors)
WARNING: gfortran.dg/large_real_kind_2.F90  -O0  compilation failed to produce executable
FAIL: gfortran.dg/large_real_kind_2.F90  -O1  (test for excess errors)
WARNING: gfortran.dg/large_real_kind_2.F90  -O1  compilation failed to produce executable
FAIL: gfortran.dg/large_real_kind_2.F90  -O2  (test for excess errors)
WARNING: gfortran.dg/large_real_kind_2.F90  -O2  compilation failed to produce executable
FAIL: gfortran.dg/large_real_kind_2.F90  -O3 -fomit-frame-pointer  (test for excess errors)
WARNING: gfortran.dg/large_real_kind_2.F90  -O3 -fomit-frame-pointer  compilation failed to produce executable
FAIL: gfortran.dg/large_real_kind_2.F90  -O3 -fomit-frame-pointer -funroll-loops  (test for excess errors)
WARNING: gfortran.dg/large_real_kind_2.F90  -O3 -fomit-frame-pointer -funroll-loops  compilation failed to produce executable
FAIL: gfortran.dg/large_real_kind_2.F90  -O3 -fomit-frame-pointer -funroll-all-loops -finline-functions  (test for excess errors)
WARNING: gfortran.dg/large_real_kind_2.F90  -O3 -fomit-frame-pointer -funroll-all-loops -finline-functions  compilation failed to produce executable
FAIL: gfortran.dg/large_real_kind_2.F90  -O3 -g  (test for excess errors)
WARNING: gfortran.dg/large_real_kind_2.F90  -O3 -g  compilation failed to produce executable
FAIL: gfortran.dg/large_real_kind_2.F90  -Os  (test for excess errors)
WARNING: gfortran.dg/large_real_kind_2.F90  -Os  compilation failed to produce executable
FAIL: gfortran.dg/namelist_42.f90  -O0  execution test
FAIL: gfortran.dg/namelist_42.f90  -O1  execution test
FAIL: gfortran.dg/namelist_42.f90  -O2  execution test
FAIL: gfortran.dg/namelist_42.f90  -O3 -fomit-frame-pointer  execution test
FAIL: gfortran.dg/namelist_42.f90  -O3 -fomit-frame-pointer -funroll-loops  execution test
FAIL: gfortran.dg/namelist_42.f90  -O3 -fomit-frame-pointer -funroll-all-loops -finline-functions  execution test
FAIL: gfortran.dg/namelist_42.f90  -O3 -g  execution test
FAIL: gfortran.dg/namelist_42.f90  -Os  execution test
FAIL: gfortran.dg/namelist_43.f90  -O0  execution test
FAIL: gfortran.dg/namelist_43.f90  -O1  execution test
FAIL: gfortran.dg/namelist_43.f90  -O2  execution test
FAIL: gfortran.dg/namelist_43.f90  -O3 -fomit-frame-pointer  execution test
FAIL: gfortran.dg/namelist_43.f90  -O3 -fomit-frame-pointer -funroll-loops  execution test
FAIL: gfortran.dg/namelist_43.f90  -O3 -fomit-frame-pointer -funroll-all-loops -finline-functions  execution test
FAIL: gfortran.dg/namelist_43.f90  -O3 -g  execution test
FAIL: gfortran.dg/namelist_43.f90  -Os  execution test
FAIL: gfortran.dg/nan_3.f90  -O0  execution test
FAIL: gfortran.dg/nan_3.f90  -O1  execution test
FAIL: gfortran.dg/nan_3.f90  -O2  execution test
FAIL: gfortran.dg/nan_3.f90  -O3 -fomit-frame-pointer  execution test
FAIL: gfortran.dg/nan_3.f90  -O3 -fomit-frame-pointer -funroll-loops  execution test
FAIL: gfortran.dg/nan_3.f90  -O3 -fomit-frame-pointer -funroll-all-loops -finline-functions  execution test
FAIL: gfortran.dg/nan_3.f90  -O3 -g  execution test
FAIL: gfortran.dg/nan_3.f90  -Os  execution test
FAIL: gfortran.dg/nearest_1.f90  -O0  execution test
FAIL: gfortran.dg/nearest_1.f90  -O1  execution test
FAIL: gfortran.dg/nearest_1.f90  -O2  execution test
FAIL: gfortran.dg/nearest_1.f90  -O3 -fomit-frame-pointer  execution test
FAIL: gfortran.dg/nearest_1.f90  -O3 -fomit-frame-pointer -funroll-loops  execution test
FAIL: gfortran.dg/nearest_1.f90  -O3 -fomit-frame-pointer -funroll-all-loops -finline-functions  execution test
FAIL: gfortran.dg/nearest_1.f90  -O3 -g  execution test
FAIL: gfortran.dg/nearest_1.f90  -Os  execution test
FAIL: gfortran.dg/nearest_3.f90  -O0  execution test
FAIL: gfortran.dg/nearest_3.f90  -O1  execution test
FAIL: gfortran.dg/nearest_3.f90  -O2  execution test
FAIL: gfortran.dg/nearest_3.f90  -O3 -fomit-frame-pointer  execution test
FAIL: gfortran.dg/nearest_3.f90  -O3 -fomit-frame-pointer -funroll-loops  execution test
FAIL: gfortran.dg/nearest_3.f90  -O3 -fomit-frame-pointer -funroll-all-loops -finline-functions  execution test
FAIL: gfortran.dg/nearest_3.f90  -O3 -g  execution test
FAIL: gfortran.dg/nearest_3.f90  -Os  execution test
FAIL: gfortran.dg/specifics_1.f90  -O0  execution test
FAIL: gfortran.dg/specifics_1.f90  -O1  execution test
FAIL: gfortran.dg/specifics_1.f90  -O2  execution test
FAIL: gfortran.dg/specifics_1.f90  -O3 -fomit-frame-pointer  execution test
FAIL: gfortran.dg/specifics_1.f90  -O3 -fomit-frame-pointer -funroll-loops  execution test
FAIL: gfortran.dg/specifics_1.f90  -O3 -fomit-frame-pointer -funroll-all-loops -finline-functions  execution test
FAIL: gfortran.dg/specifics_1.f90  -O3 -g  execution test
FAIL: gfortran.dg/specifics_1.f90  -Os  execution test
WARNING: program timed out.
XPASS: gfortran.dg/g77/cabs.f  -O1  execution test
XPASS: gfortran.dg/g77/cabs.f  -O2  execution test
XPASS: gfortran.dg/g77/cabs.f  -O3 -fomit-frame-pointer  execution test
XPASS: gfortran.dg/g77/cabs.f  -O3 -fomit-frame-pointer -funroll-loops  execution test
XPASS: gfortran.dg/g77/cabs.f  -O3 -fomit-frame-pointer -funroll-all-loops -finline-functions  execution test
XPASS: gfortran.dg/g77/cabs.f  -O3 -g  execution test
XPASS: gfortran.dg/g77/cabs.f  -Os  execution test
FAIL: gfortran.fortran-torture/execute/intrinsic_abs.f90 execution,  -O0 
WARNING: program timed out.
FAIL: gfortran.fortran-torture/execute/intrinsic_fraction_exponent.f90 execution,  -O0 
WARNING: program timed out.
FAIL: gfortran.fortran-torture/execute/intrinsic_fraction_exponent.f90 execution,  -O1 
WARNING: program timed out.
FAIL: gfortran.fortran-torture/execute/intrinsic_fraction_exponent.f90 execution,  -O2 
WARNING: program timed out.
FAIL: gfortran.fortran-torture/execute/intrinsic_fraction_exponent.f90 execution,  -O2 -fomit-frame-pointer -finline-functions 
WARNING: program timed out.
FAIL: gfortran.fortran-torture/execute/intrinsic_fraction_exponent.f90 execution,  -O2 -fomit-frame-pointer -finline-functions -funroll-loops 
WARNING: program timed out.
FAIL: gfortran.fortran-torture/execute/intrinsic_fraction_exponent.f90 execution,  -O2 -fbounds-check 
WARNING: program timed out.
FAIL: gfortran.fortran-torture/execute/intrinsic_fraction_exponent.f90 execution,  -O3 -g 
WARNING: program timed out.
FAIL: gfortran.fortran-torture/execute/intrinsic_fraction_exponent.f90 execution,  -Os 
FAIL: gfortran.fortran-torture/execute/intrinsic_nearest.f90 execution,  -O0 
FAIL: gfortran.fortran-torture/execute/intrinsic_nearest.f90 execution,  -O1 
FAIL: gfortran.fortran-torture/execute/intrinsic_nearest.f90 execution,  -O2 
FAIL: gfortran.fortran-torture/execute/intrinsic_nearest.f90 execution,  -O2 -fomit-frame-pointer -finline-functions 
FAIL: gfortran.fortran-torture/execute/intrinsic_nearest.f90 execution,  -O2 -fomit-frame-pointer -finline-functions -funroll-loops 
FAIL: gfortran.fortran-torture/execute/intrinsic_nearest.f90 execution,  -O2 -fbounds-check 
FAIL: gfortran.fortran-torture/execute/intrinsic_nearest.f90 execution,  -O3 -g 
FAIL: gfortran.fortran-torture/execute/intrinsic_nearest.f90 execution,  -Os 
FAIL: gfortran.fortran-torture/execute/intrinsic_set_exponent.f90 execution,  -O0 
FAIL: gfortran.fortran-torture/execute/specifics.f90 execution,  -O0 
FAIL: gfortran.fortran-torture/execute/specifics.f90 execution,  -O1 
FAIL: gfortran.fortran-torture/execute/specifics.f90 execution,  -O2 
FAIL: gfortran.fortran-torture/execute/specifics.f90 execution,  -O2 -fomit-frame-pointer -finline-functions 
FAIL: gfortran.fortran-torture/execute/specifics.f90 execution,  -O2 -fomit-frame-pointer -finline-functions -funroll-loops 
FAIL: gfortran.fortran-torture/execute/specifics.f90 execution,  -O2 -fbounds-check 
FAIL: gfortran.fortran-torture/execute/specifics.f90 execution,  -O3 -g 
FAIL: gfortran.fortran-torture/execute/specifics.f90 execution,  -Os 

		=== gfortran Summary for unix/-mabi=64 ===

# of expected passes		33582
# of unexpected failures	112
# of unexpected successes	7
# of expected failures		21
# of unsupported tests		94

		=== gfortran Summary ===

# of expected passes		100404
# of unexpected failures	270
# of unexpected successes	22
# of expected failures		62
# of unsupported tests		476
/usr/people/tgc/buildpkg/gcc45/src/all_pthreads/gcc/testsuite/gfortran/../../gfortran  version 4.5.2 (GCC) 

		=== gnat tests ===


Running target unix/-mabi=n32
FAIL: gnat.dg/frame_overflow.adb  (test for errors, line 14)
FAIL: gnat.dg/frame_overflow.adb (test for excess errors)
FAIL: gnat.dg/null_pointer_deref1.adb execution test
FAIL: gnat.dg/null_pointer_deref2.adb execution test
FAIL: gnat.dg/socket1.adb (test for excess errors)
WARNING: gnat.dg/socket1.adb compilation failed to produce executable
FAIL: gnat.dg/stack_check1.adb execution test
FAIL: gnat.dg/stack_check2.adb execution test
FAIL: gnat.dg/test_prio.adb execution test
FAIL: gnat.dg/specs/addr1.ads  (test for bogus messages, line 24)
FAIL: gnat.dg/specs/addr1.ads (test for excess errors)

		=== gnat Summary for unix/-mabi=n32 ===

# of expected passes		753
# of unexpected failures	10
# of expected failures		7
# of unsupported tests		1

Running target unix/-mabi=32
FAIL: gnat.dg/null_pointer_deref1.adb execution test
FAIL: gnat.dg/null_pointer_deref2.adb execution test
FAIL: gnat.dg/socket1.adb (test for excess errors)
WARNING: gnat.dg/socket1.adb compilation failed to produce executable
FAIL: gnat.dg/stack_check1.adb execution test
FAIL: gnat.dg/stack_check2.adb execution test
FAIL: gnat.dg/test_prio.adb execution test

		=== gnat Summary for unix/-mabi=32 ===

# of expected passes		757
# of unexpected failures	6
# of expected failures		7
# of unsupported tests		1

Running target unix/-mabi=64
FAIL: gnat.dg/align_max.adb execution test
FAIL: gnat.dg/allocator_maxalign1.adb execution test
FAIL: gnat.dg/null_pointer_deref1.adb execution test
FAIL: gnat.dg/null_pointer_deref2.adb execution test
FAIL: gnat.dg/socket1.adb (test for excess errors)
WARNING: gnat.dg/socket1.adb compilation failed to produce executable
FAIL: gnat.dg/stack_check1.adb execution test
FAIL: gnat.dg/stack_check2.adb execution test
FAIL: gnat.dg/test_allocator_maxalign2.adb execution test
FAIL: gnat.dg/test_prio.adb execution test
WARNING: program timed out.
FAIL: gnat.dg/timer_cancel.adb execution test

		=== gnat Summary for unix/-mabi=64 ===

# of expected passes		753
# of unexpected failures	10
# of expected failures		7
# of unsupported tests		1

		=== gnat Summary ===

# of expected passes		2263
# of unexpected failures	26
# of expected failures		21
# of unsupported tests		3
		=== obj-c++ tests ===


Running target unix/-mabi=n32
WARNING: obj-c++.dg/lookup-2.mm -fgnu-runtime compilation failed to produce executable
WARNING: obj-c++.dg/try-catch-2.mm -fgnu-runtime compilation failed to produce executable
WARNING: obj-c++.dg/try-catch-9.mm -fgnu-runtime compilation failed to produce executable

		=== obj-c++ Summary for unix/-mabi=n32 ===

# of expected passes		440
# of expected failures		3
# of unsupported tests		14

Running target unix/-mabi=32
WARNING: obj-c++.dg/lookup-2.mm -fgnu-runtime compilation failed to produce executable
WARNING: obj-c++.dg/try-catch-2.mm -fgnu-runtime compilation failed to produce executable
WARNING: obj-c++.dg/try-catch-9.mm -fgnu-runtime compilation failed to produce executable

		=== obj-c++ Summary for unix/-mabi=32 ===

# of expected passes		440
# of expected failures		3
# of unsupported tests		14

Running target unix/-mabi=64
WARNING: obj-c++.dg/lookup-2.mm -fgnu-runtime compilation failed to produce executable
WARNING: obj-c++.dg/try-catch-2.mm -fgnu-runtime compilation failed to produce executable
WARNING: obj-c++.dg/try-catch-9.mm -fgnu-runtime compilation failed to produce executable

		=== obj-c++ Summary for unix/-mabi=64 ===

# of expected passes		432
# of expected failures		11
# of unsupported tests		14

		=== obj-c++ Summary ===

# of expected passes		1312
# of expected failures		17
# of unsupported tests		42
/usr/people/tgc/buildpkg/gcc45/src/all_pthreads/gcc/testsuite/obj-c++/../../g++  version 4.5.2 (GCC) 

		=== objc tests ===


Running target unix/-mabi=n32
FAIL: objc.dg/stabs-1.m scan-assembler (.SUBSPA.*[\$]CODE[\$]|.text"?)\\n\\t.stabs.*100,0,0,([.\$])?L?L[\$]?etext[0-9]*\\n([.\$])?L?L[\$]?etext
WARNING: Could not compile objc.dg/gnu-encoding/struct-layout-encoding-1 generator

		=== objc Summary for unix/-mabi=n32 ===

# of expected passes		1818
# of unexpected failures	1
# of expected failures		8
# of unsupported tests		20

Running target unix/-mabi=32
FAIL: objc.dg/stabs-1.m scan-assembler (.SUBSPA.*[\$]CODE[\$]|.text"?)\\n\\t.stabs.*100,0,0,([.\$])?L?L[\$]?etext[0-9]*\\n([.\$])?L?L[\$]?etext
WARNING: Could not compile objc.dg/gnu-encoding/struct-layout-encoding-1 generator

		=== objc Summary for unix/-mabi=32 ===

# of expected passes		1818
# of unexpected failures	1
# of expected failures		8
# of unsupported tests		20

Running target unix/-mabi=64
FAIL: objc.dg/stabs-1.m scan-assembler (.SUBSPA.*[\$]CODE[\$]|.text"?)\\n\\t.stabs.*100,0,0,([.\$])?L?L[\$]?etext[0-9]*\\n([.\$])?L?L[\$]?etext
WARNING: Could not compile objc.dg/gnu-encoding/struct-layout-encoding-1 generator

		=== objc Summary for unix/-mabi=64 ===

# of expected passes		1818
# of unexpected failures	1
# of expected failures		8
# of unsupported tests		20

		=== objc Summary ===

# of expected passes		5454
# of unexpected failures	3
# of expected failures		24
# of unsupported tests		60
/usr/people/tgc/buildpkg/gcc45/src/all_pthreads/gcc/xgcc  version 4.5.2 (GCC) 

		=== libgomp tests ===


Running target unix/-mabi=n32

		=== libgomp Summary for unix/-mabi=n32 ===

# of expected passes		2506
# of unsupported tests		2

Running target unix/-mabi=32

		=== libgomp Summary for unix/-mabi=32 ===

# of expected passes		2506
# of unsupported tests		2

Running target unix/-mabi=64

		=== libgomp Summary for unix/-mabi=64 ===

# of expected passes		2506
# of unsupported tests		2

		=== libgomp Summary ===

# of expected passes		7518
# of unsupported tests		6
		=== libstdc++ tests ===


Running target unix/-mabi=n32
FAIL: 18_support/numeric_limits/epsilon.cc execution test
FAIL: 18_support/numeric_limits/lowest.cc execution test
FAIL: 21_strings/basic_string/requirements/typedefs.cc (test for excess errors)
FAIL: 27_io/basic_filebuf/sgetn/char/1-in.cc execution test
FAIL: 27_io/basic_filebuf/sgetn/char/1-io.cc execution test
FAIL: 27_io/basic_filebuf/sgetn/char/2-in.cc execution test
FAIL: 27_io/basic_filebuf/sgetn/char/2-io.cc execution test
FAIL: 27_io/basic_istream/readsome/char/6746-2.cc execution test

		=== libstdc++ Summary for unix/-mabi=n32 ===

# of expected passes		5462
# of unexpected failures	8
# of expected failures		86
# of unsupported tests		442

Running target unix/-mabi=32
FAIL: 18_support/exception/what.cc (test for excess errors)
WARNING: 18_support/exception/what.cc compilation failed to produce executable
FAIL: 18_support/numeric_limits/lowest.cc execution test
FAIL: 21_strings/basic_string/requirements/typedefs.cc (test for excess errors)

		=== libstdc++ Summary for unix/-mabi=32 ===

# of expected passes		5466
# of unexpected failures	3
# of expected failures		86
# of unsupported tests		442

Running target unix/-mabi=64
FAIL: 18_support/numeric_limits/epsilon.cc execution test
FAIL: 18_support/numeric_limits/lowest.cc execution test
FAIL: 21_strings/basic_string/requirements/typedefs.cc (test for excess errors)
FAIL: 27_io/basic_filebuf/sgetn/char/1-in.cc execution test
FAIL: 27_io/basic_filebuf/sgetn/char/1-io.cc execution test
FAIL: 27_io/basic_filebuf/sgetn/char/2-in.cc execution test
FAIL: 27_io/basic_filebuf/sgetn/char/2-io.cc execution test
FAIL: 27_io/basic_istream/readsome/char/6746-2.cc execution test

		=== libstdc++ Summary for unix/-mabi=64 ===

# of expected passes		5462
# of unexpected failures	8
# of expected failures		86
# of unsupported tests		442

		=== libstdc++ Summary ===

# of expected passes		16390
# of unexpected failures	19
# of expected failures		258
# of unsupported tests		1326

Compiler version: 4.5.2 (GCC) 
Platform: mips-sgi-irix6.2
configure flags: --prefix=/usr/tgcware/gcc45 --with-local-prefix=/usr/tgcware/gcc45 --disable-nls --with-libiconv-prefix=/usr/tgcware --with-gmp=/usr/tgcware --with-mpfr=/usr/tgcware --with-mpc=/usr/tgcware --with-libelf=/usr/tgcware --enable-obsolete --enable-shared --enable-threads=posix95 --with-gnu-as --with-as=/usr/tgcware/bin/as --without-gnu-ld --with-ld=/usr/bin/ld --enable-languages=c,ada,c++,fortran,objc,obj-c++ --with-bugurl=http://jupiterrise.com/tgcware


Index Nav: [Date Index] [Subject Index] [Author Index] [Thread Index]
Message Nav: [Date Prev] [Date Next] [Thread Prev] [Thread Next]