This is the mail archive of the
gcc-testresults@gcc.gnu.org
mailing list for the GCC project.
Results for 4.7.0 20110408 (experimental) [trunk revision 172183] (GCC) testsuite on i386-pc-solaris2.8
- From: <ro at smtp-relay dot CeBiTec dot Uni-Bielefeld dot DE>
- To: gcc-testresults at gcc dot gnu dot org
- Date: Mon, 11 Apr 2011 12:17:23 +0200 (MEST)
- Subject: Results for 4.7.0 20110408 (experimental) [trunk revision 172183] (GCC) testsuite on i386-pc-solaris2.8
LAST_UPDATED: Fri Apr 8 14:08:46 UTC 2011 (revision 172183)
=== acats tests ===
=== acats Summary ===
# of expected passes 2321
# of unexpected failures 0
Native configuration is i386-pc-solaris2.8
=== g++ tests ===
Running target unix
=== g++ Summary ===
# of expected passes 26702
# of expected failures 166
# of unsupported tests 204
/var/gcc/regression/trunk/8-gcc-gas/build/gcc/testsuite/g++/../../g++ version 4.7.0 20110408 (experimental) [trunk revision 172183] (GCC)
=== gcc tests ===
Running target unix
FAIL: gcc.dg/vect/pr38529.c scan-tree-dump-times vect "OUTER LOOP VECTORIZED" 1
FAIL: gcc.dg/vect/pr48377.c execution test
=== gcc Summary ===
# of expected passes 74917
# of unexpected failures 2
# of expected failures 187
# of unsupported tests 1045
/var/gcc/regression/trunk/8-gcc-gas/build/gcc/xgcc version 4.7.0 20110408 (experimental) [trunk revision 172183] (GCC)
=== gfortran tests ===
Running target unix
FAIL: gfortran.dg/cray_pointers_8.f90 -O2 execution test
FAIL: gfortran.dg/cray_pointers_8.f90 -O3 -fomit-frame-pointer execution test
FAIL: gfortran.dg/cray_pointers_8.f90 -O3 -fomit-frame-pointer -funroll-loops execution test
FAIL: gfortran.dg/cray_pointers_8.f90 -O3 -fomit-frame-pointer -funroll-all-loops -finline-functions execution test
FAIL: gfortran.dg/cray_pointers_8.f90 -O3 -g execution test
FAIL: gfortran.dg/cray_pointers_8.f90 -Os execution test
FAIL: gfortran.dg/graphite/vect-pr40979.f90 -O scan-tree-dump-times vect "vectorized 1 loops" 1
=== gfortran Summary ===
# of expected passes 37630
# of unexpected failures 7
# of expected failures 53
# of unsupported tests 372
/var/gcc/regression/trunk/8-gcc-gas/build/gcc/testsuite/gfortran/../../gfortran version 4.7.0 20110408 (experimental) [trunk revision 172183] (GCC)
=== gnat tests ===
Running target unix
=== gnat Summary ===
# of expected passes 880
# of expected failures 11
# of unsupported tests 5
/var/gcc/regression/trunk/8-gcc-gas/build/gcc/gnatmake version 4.7.0 20110408 (experimental) [trunk revision 172183]
=== go tests ===
Running target unix
=== go Summary ===
# of expected passes 2987
# of expected failures 23
/var/gcc/regression/trunk/8-gcc-gas/build/gcc/testsuite/go/../../gccgo version 4.7.0 20110408 (experimental) [trunk revision 172183] (GCC)
=== objc tests ===
Running target unix
=== objc Summary ===
# of expected passes 2870
# of expected failures 6
# of unsupported tests 98
/var/gcc/regression/trunk/8-gcc-gas/build/gcc/xgcc version 4.7.0 20110408 (experimental) [trunk revision 172183] (GCC)
=== boehm-gc tests ===
Running target unix
=== boehm-gc Summary ===
# of expected passes 12
# of unsupported tests 1
=== libffi tests ===
Running target unix
=== libffi Summary ===
# of expected passes 1634
# of expected failures 10
# of unsupported tests 15
=== libgo tests ===
Running target unix
FAIL: exec
FAIL: fmt
FAIL: os
FAIL: time
FAIL: crypto/rand
FAIL: http/cgi
# of expected passes 111
# of unexpected failures 6
# of untested testcases 2
=== libgomp tests ===
Running target unix
FAIL: libgomp.graphite/force-parallel-1.c execution test
=== libgomp Summary ===
# of expected passes 2583
# of unexpected failures 1
# of unsupported tests 2
=== libjava tests ===
Running target unix
FAIL: PR16923 run
FAIL: Divide_1 output - source compiled test
FAIL: Divide_1 -findirect-dispatch output - source compiled test
FAIL: Divide_1 -O3 output - source compiled test
FAIL: Divide_1 -O3 -findirect-dispatch output - source compiled test
=== libjava Summary ===
# of expected passes 2569
# of unexpected failures 5
# of untested testcases 1
=== libstdc++ tests ===
Running target unix
=== libstdc++ Summary ===
# of expected passes 6847
# of expected failures 82
# of unsupported tests 751
Compiler version: 4.7.0 20110408 (experimental) [trunk revision 172183] (GCC)
Platform: i386-pc-solaris2.8
configure flags: --prefix=/vol/gcc --target=i386-pc-solaris2.8 --enable-obsolete --with-host-libstdcxx='-Wl,-Bstatic -lstdc++ -Wl,-Bdynamic -lm' --with-boot-ldflags='-static-libstdc++ -static-libgcc -L/vol/gcc-4.4/lib' --with-as=/vol/gcc/bin/gas-2.21 --with-gnu-as --with-gmp=/vol/gcc --with-mpfr=/vol/gcc --with-mpc=/vol/gcc --enable-languages=all,ada,go --with-ppl=/vol/gcc --with-cloog=/vol/gcc --enable-cloog-backend=ppl
BOOT_CFLAGS=-g -O2