This is the mail archive of the gcc-testresults@gcc.gnu.org mailing list for the GCC project.


Index Nav: [Date Index] [Subject Index] [Author Index] [Thread Index]
Message Nav: [Date Prev] [Date Next] [Thread Prev] [Thread Next]
Other format: [Raw text]

Results for 4.7.0 20110405 (experimental) [trunk revision 172005] (GCC) testsuite on i686-apple-darwin9


LAST_UPDATED: Tue Apr  5 22:05:21 UTC 2011 (revision 172005)

		=== acats tests ===

		=== acats Summary ===
# of expected passes		2321
# of unexpected failures	0
Native configuration is i686-apple-darwin9

		=== g++ tests ===


Running target unix
WARNING: Could not compile g++.dg/compat/struct-layout-1 generator
WARNING: g++.dg/ext/label13.C compilation failed to produce executable

		=== g++ Summary ===

# of expected passes		26590
# of expected failures		165
# of unsupported tests		180
/Users/dave/gnu/gcc/objdir/gcc/testsuite/g++/../../g++  version 4.7.0 20110405 (experimental) [trunk revision 172005] (GCC) 

		=== gcc tests ===


Running target unix
WARNING: Could not compile gcc.dg/compat/struct-layout-1 generator
FAIL: gcc.dg/vect/pr38529.c scan-tree-dump-times vect "OUTER LOOP VECTORIZED" 1

		=== gcc Summary ===

# of expected passes		74224
# of unexpected failures	1
# of expected failures		182
# of unsupported tests		1402
/Users/dave/gnu/gcc/objdir/gcc/xgcc  version 4.7.0 20110405 (experimental) [trunk revision 172005] (GCC) 

		=== gfortran tests ===


Running target unix

		=== gfortran Summary ===

# of expected passes		38295
# of expected failures		49
# of unsupported tests		213
/Users/dave/gnu/gcc/objdir/gcc/testsuite/gfortran/../../gfortran  version 4.7.0 20110405 (experimental) [trunk revision 172005] (GCC) 

		=== gnat tests ===


Running target unix

		=== gnat Summary ===

# of expected passes		884
# of expected failures		11
# of unsupported tests		2
/Users/dave/gnu/gcc/objdir/gcc/gnatmake version 4.7.0 20110405 (experimental) [trunk revision 172005]

		=== obj-c++ tests ===


Running target unix
FAIL: obj-c++.dg/template-4.mm -fnext-runtime (internal compiler error)
FAIL: obj-c++.dg/template-4.mm -fnext-runtime (test for excess errors)
WARNING: obj-c++.dg/template-4.mm -fnext-runtime compilation failed to produce executable
FAIL: obj-c++.dg/strings/const-str-12.mm -fnext-runtime (internal compiler error)
FAIL: obj-c++.dg/strings/const-str-12.mm -fnext-runtime (test for excess errors)
FAIL: obj-c++.dg/strings/const-str-5.mm -fnext-runtime (internal compiler error)
FAIL: obj-c++.dg/strings/const-str-5.mm -fnext-runtime (test for excess errors)
FAIL: obj-c++.dg/strings/strings-2.mm -fnext-runtime (internal compiler error)
FAIL: obj-c++.dg/strings/strings-2.mm -fnext-runtime (test for excess errors)
WARNING: obj-c++.dg/strings/strings-2.mm -fnext-runtime compilation failed to produce executable
FAIL: obj-c++.dg/torture/strings/const-str-10.mm  -O0  -fnext-runtime (internal compiler error)
FAIL: obj-c++.dg/torture/strings/const-str-10.mm  -O0  -fnext-runtime (test for excess errors)
ERROR: obj-c++.dg/torture/strings/const-str-10.mm: error executing dg-final: couldn't open "const-str-10.s": no such file or directory
UNRESOLVED: obj-c++.dg/torture/strings/const-str-10.mm: error executing dg-final: couldn't open "const-str-10.s": no such file or directory
FAIL: obj-c++.dg/torture/strings/const-str-10.mm  -O1  -fnext-runtime (internal compiler error)
FAIL: obj-c++.dg/torture/strings/const-str-10.mm  -O1  -fnext-runtime (test for excess errors)
ERROR: obj-c++.dg/torture/strings/const-str-10.mm: error executing dg-final: couldn't open "const-str-10.s": no such file or directory
UNRESOLVED: obj-c++.dg/torture/strings/const-str-10.mm: error executing dg-final: couldn't open "const-str-10.s": no such file or directory
FAIL: obj-c++.dg/torture/strings/const-str-10.mm  -O2  -fnext-runtime (internal compiler error)
FAIL: obj-c++.dg/torture/strings/const-str-10.mm  -O2  -fnext-runtime (test for excess errors)
ERROR: obj-c++.dg/torture/strings/const-str-10.mm: error executing dg-final: couldn't open "const-str-10.s": no such file or directory
UNRESOLVED: obj-c++.dg/torture/strings/const-str-10.mm: error executing dg-final: couldn't open "const-str-10.s": no such file or directory
FAIL: obj-c++.dg/torture/strings/const-str-10.mm  -O3 -fomit-frame-pointer  -fnext-runtime (internal compiler error)
FAIL: obj-c++.dg/torture/strings/const-str-10.mm  -O3 -fomit-frame-pointer  -fnext-runtime (test for excess errors)
ERROR: obj-c++.dg/torture/strings/const-str-10.mm: error executing dg-final: couldn't open "const-str-10.s": no such file or directory
UNRESOLVED: obj-c++.dg/torture/strings/const-str-10.mm: error executing dg-final: couldn't open "const-str-10.s": no such file or directory
FAIL: obj-c++.dg/torture/strings/const-str-10.mm  -O3 -g  -fnext-runtime (internal compiler error)
FAIL: obj-c++.dg/torture/strings/const-str-10.mm  -O3 -g  -fnext-runtime (test for excess errors)
ERROR: obj-c++.dg/torture/strings/const-str-10.mm: error executing dg-final: couldn't open "const-str-10.s": no such file or directory
UNRESOLVED: obj-c++.dg/torture/strings/const-str-10.mm: error executing dg-final: couldn't open "const-str-10.s": no such file or directory
FAIL: obj-c++.dg/torture/strings/const-str-10.mm  -Os  -fnext-runtime (internal compiler error)
FAIL: obj-c++.dg/torture/strings/const-str-10.mm  -Os  -fnext-runtime (test for excess errors)
ERROR: obj-c++.dg/torture/strings/const-str-10.mm: error executing dg-final: couldn't open "const-str-10.s": no such file or directory
UNRESOLVED: obj-c++.dg/torture/strings/const-str-10.mm: error executing dg-final: couldn't open "const-str-10.s": no such file or directory
FAIL: obj-c++.dg/torture/strings/const-str-10.mm  -O2 -flto -flto-partition=none  -fnext-runtime (internal compiler error)
FAIL: obj-c++.dg/torture/strings/const-str-10.mm  -O2 -flto -flto-partition=none  -fnext-runtime (test for excess errors)
ERROR: obj-c++.dg/torture/strings/const-str-10.mm: error executing dg-final: couldn't open "const-str-10.s": no such file or directory
UNRESOLVED: obj-c++.dg/torture/strings/const-str-10.mm: error executing dg-final: couldn't open "const-str-10.s": no such file or directory
FAIL: obj-c++.dg/torture/strings/const-str-10.mm  -O2 -flto  -fnext-runtime (internal compiler error)
FAIL: obj-c++.dg/torture/strings/const-str-10.mm  -O2 -flto  -fnext-runtime (test for excess errors)
ERROR: obj-c++.dg/torture/strings/const-str-10.mm: error executing dg-final: couldn't open "const-str-10.s": no such file or directory
UNRESOLVED: obj-c++.dg/torture/strings/const-str-10.mm: error executing dg-final: couldn't open "const-str-10.s": no such file or directory
FAIL: obj-c++.dg/torture/strings/const-str-11.mm  -O0  -fnext-runtime (internal compiler error)
FAIL: obj-c++.dg/torture/strings/const-str-11.mm  -O0  -fnext-runtime (test for excess errors)
ERROR: obj-c++.dg/torture/strings/const-str-11.mm: error executing dg-final: couldn't open "const-str-11.s": no such file or directory
UNRESOLVED: obj-c++.dg/torture/strings/const-str-11.mm: error executing dg-final: couldn't open "const-str-11.s": no such file or directory
FAIL: obj-c++.dg/torture/strings/const-str-11.mm  -O1  -fnext-runtime (internal compiler error)
FAIL: obj-c++.dg/torture/strings/const-str-11.mm  -O1  -fnext-runtime (test for excess errors)
ERROR: obj-c++.dg/torture/strings/const-str-11.mm: error executing dg-final: couldn't open "const-str-11.s": no such file or directory
UNRESOLVED: obj-c++.dg/torture/strings/const-str-11.mm: error executing dg-final: couldn't open "const-str-11.s": no such file or directory
FAIL: obj-c++.dg/torture/strings/const-str-11.mm  -O2  -fnext-runtime (internal compiler error)
FAIL: obj-c++.dg/torture/strings/const-str-11.mm  -O2  -fnext-runtime (test for excess errors)
ERROR: obj-c++.dg/torture/strings/const-str-11.mm: error executing dg-final: couldn't open "const-str-11.s": no such file or directory
UNRESOLVED: obj-c++.dg/torture/strings/const-str-11.mm: error executing dg-final: couldn't open "const-str-11.s": no such file or directory
FAIL: obj-c++.dg/torture/strings/const-str-11.mm  -O3 -fomit-frame-pointer  -fnext-runtime (internal compiler error)
FAIL: obj-c++.dg/torture/strings/const-str-11.mm  -O3 -fomit-frame-pointer  -fnext-runtime (test for excess errors)
ERROR: obj-c++.dg/torture/strings/const-str-11.mm: error executing dg-final: couldn't open "const-str-11.s": no such file or directory
UNRESOLVED: obj-c++.dg/torture/strings/const-str-11.mm: error executing dg-final: couldn't open "const-str-11.s": no such file or directory
FAIL: obj-c++.dg/torture/strings/const-str-11.mm  -O3 -g  -fnext-runtime (internal compiler error)
FAIL: obj-c++.dg/torture/strings/const-str-11.mm  -O3 -g  -fnext-runtime (test for excess errors)
ERROR: obj-c++.dg/torture/strings/const-str-11.mm: error executing dg-final: couldn't open "const-str-11.s": no such file or directory
UNRESOLVED: obj-c++.dg/torture/strings/const-str-11.mm: error executing dg-final: couldn't open "const-str-11.s": no such file or directory
FAIL: obj-c++.dg/torture/strings/const-str-11.mm  -Os  -fnext-runtime (internal compiler error)
FAIL: obj-c++.dg/torture/strings/const-str-11.mm  -Os  -fnext-runtime (test for excess errors)
ERROR: obj-c++.dg/torture/strings/const-str-11.mm: error executing dg-final: couldn't open "const-str-11.s": no such file or directory
UNRESOLVED: obj-c++.dg/torture/strings/const-str-11.mm: error executing dg-final: couldn't open "const-str-11.s": no such file or directory
FAIL: obj-c++.dg/torture/strings/const-str-11.mm  -O2 -flto -flto-partition=none  -fnext-runtime (internal compiler error)
FAIL: obj-c++.dg/torture/strings/const-str-11.mm  -O2 -flto -flto-partition=none  -fnext-runtime (test for excess errors)
ERROR: obj-c++.dg/torture/strings/const-str-11.mm: error executing dg-final: couldn't open "const-str-11.s": no such file or directory
UNRESOLVED: obj-c++.dg/torture/strings/const-str-11.mm: error executing dg-final: couldn't open "const-str-11.s": no such file or directory
FAIL: obj-c++.dg/torture/strings/const-str-11.mm  -O2 -flto  -fnext-runtime (internal compiler error)
FAIL: obj-c++.dg/torture/strings/const-str-11.mm  -O2 -flto  -fnext-runtime (test for excess errors)
ERROR: obj-c++.dg/torture/strings/const-str-11.mm: error executing dg-final: couldn't open "const-str-11.s": no such file or directory
UNRESOLVED: obj-c++.dg/torture/strings/const-str-11.mm: error executing dg-final: couldn't open "const-str-11.s": no such file or directory
FAIL: obj-c++.dg/torture/strings/const-str-3.mm  -O0  -fnext-runtime (internal compiler error)
FAIL: obj-c++.dg/torture/strings/const-str-3.mm  -O0  -fnext-runtime (test for excess errors)
WARNING: obj-c++.dg/torture/strings/const-str-3.mm  -O0  -fnext-runtime compilation failed to produce executable
FAIL: obj-c++.dg/torture/strings/const-str-3.mm  -O1  -fnext-runtime (internal compiler error)
FAIL: obj-c++.dg/torture/strings/const-str-3.mm  -O1  -fnext-runtime (test for excess errors)
WARNING: obj-c++.dg/torture/strings/const-str-3.mm  -O1  -fnext-runtime compilation failed to produce executable
FAIL: obj-c++.dg/torture/strings/const-str-3.mm  -O2  -fnext-runtime (internal compiler error)
FAIL: obj-c++.dg/torture/strings/const-str-3.mm  -O2  -fnext-runtime (test for excess errors)
WARNING: obj-c++.dg/torture/strings/const-str-3.mm  -O2  -fnext-runtime compilation failed to produce executable
FAIL: obj-c++.dg/torture/strings/const-str-3.mm  -O3 -fomit-frame-pointer  -fnext-runtime (internal compiler error)
FAIL: obj-c++.dg/torture/strings/const-str-3.mm  -O3 -fomit-frame-pointer  -fnext-runtime (test for excess errors)
WARNING: obj-c++.dg/torture/strings/const-str-3.mm  -O3 -fomit-frame-pointer  -fnext-runtime compilation failed to produce executable
FAIL: obj-c++.dg/torture/strings/const-str-3.mm  -O3 -g  -fnext-runtime (internal compiler error)
FAIL: obj-c++.dg/torture/strings/const-str-3.mm  -O3 -g  -fnext-runtime (test for excess errors)
WARNING: obj-c++.dg/torture/strings/const-str-3.mm  -O3 -g  -fnext-runtime compilation failed to produce executable
FAIL: obj-c++.dg/torture/strings/const-str-3.mm  -Os  -fnext-runtime (internal compiler error)
FAIL: obj-c++.dg/torture/strings/const-str-3.mm  -Os  -fnext-runtime (test for excess errors)
WARNING: obj-c++.dg/torture/strings/const-str-3.mm  -Os  -fnext-runtime compilation failed to produce executable
FAIL: obj-c++.dg/torture/strings/const-str-3.mm  -O2 -flto -flto-partition=none  -fnext-runtime (internal compiler error)
FAIL: obj-c++.dg/torture/strings/const-str-3.mm  -O2 -flto -flto-partition=none  -fnext-runtime (test for excess errors)
WARNING: obj-c++.dg/torture/strings/const-str-3.mm  -O2 -flto -flto-partition=none  -fnext-runtime compilation failed to produce executable
FAIL: obj-c++.dg/torture/strings/const-str-3.mm  -O2 -flto  -fnext-runtime (internal compiler error)
FAIL: obj-c++.dg/torture/strings/const-str-3.mm  -O2 -flto  -fnext-runtime (test for excess errors)
WARNING: obj-c++.dg/torture/strings/const-str-3.mm  -O2 -flto  -fnext-runtime compilation failed to produce executable
FAIL: obj-c++.dg/torture/strings/const-str-4.mm  -O0  -fnext-runtime (internal compiler error)
FAIL: obj-c++.dg/torture/strings/const-str-4.mm  -O0  -fnext-runtime (test for excess errors)
WARNING: obj-c++.dg/torture/strings/const-str-4.mm  -O0  -fnext-runtime compilation failed to produce executable
FAIL: obj-c++.dg/torture/strings/const-str-4.mm  -O1  -fnext-runtime (internal compiler error)
FAIL: obj-c++.dg/torture/strings/const-str-4.mm  -O1  -fnext-runtime (test for excess errors)
WARNING: obj-c++.dg/torture/strings/const-str-4.mm  -O1  -fnext-runtime compilation failed to produce executable
FAIL: obj-c++.dg/torture/strings/const-str-4.mm  -O2  -fnext-runtime (internal compiler error)
FAIL: obj-c++.dg/torture/strings/const-str-4.mm  -O2  -fnext-runtime (test for excess errors)
WARNING: obj-c++.dg/torture/strings/const-str-4.mm  -O2  -fnext-runtime compilation failed to produce executable
FAIL: obj-c++.dg/torture/strings/const-str-4.mm  -O3 -fomit-frame-pointer  -fnext-runtime (internal compiler error)
FAIL: obj-c++.dg/torture/strings/const-str-4.mm  -O3 -fomit-frame-pointer  -fnext-runtime (test for excess errors)
WARNING: obj-c++.dg/torture/strings/const-str-4.mm  -O3 -fomit-frame-pointer  -fnext-runtime compilation failed to produce executable
FAIL: obj-c++.dg/torture/strings/const-str-4.mm  -O3 -g  -fnext-runtime (internal compiler error)
FAIL: obj-c++.dg/torture/strings/const-str-4.mm  -O3 -g  -fnext-runtime (test for excess errors)
WARNING: obj-c++.dg/torture/strings/const-str-4.mm  -O3 -g  -fnext-runtime compilation failed to produce executable
FAIL: obj-c++.dg/torture/strings/const-str-4.mm  -Os  -fnext-runtime (internal compiler error)
FAIL: obj-c++.dg/torture/strings/const-str-4.mm  -Os  -fnext-runtime (test for excess errors)
WARNING: obj-c++.dg/torture/strings/const-str-4.mm  -Os  -fnext-runtime compilation failed to produce executable
FAIL: obj-c++.dg/torture/strings/const-str-4.mm  -O2 -flto -flto-partition=none  -fnext-runtime (internal compiler error)
FAIL: obj-c++.dg/torture/strings/const-str-4.mm  -O2 -flto -flto-partition=none  -fnext-runtime (test for excess errors)
WARNING: obj-c++.dg/torture/strings/const-str-4.mm  -O2 -flto -flto-partition=none  -fnext-runtime compilation failed to produce executable
FAIL: obj-c++.dg/torture/strings/const-str-4.mm  -O2 -flto  -fnext-runtime (internal compiler error)
FAIL: obj-c++.dg/torture/strings/const-str-4.mm  -O2 -flto  -fnext-runtime (test for excess errors)
WARNING: obj-c++.dg/torture/strings/const-str-4.mm  -O2 -flto  -fnext-runtime compilation failed to produce executable
FAIL: obj-c++.dg/torture/strings/const-str-7.mm  -O0  -fnext-runtime (internal compiler error)
FAIL: obj-c++.dg/torture/strings/const-str-7.mm  -O0  -fnext-runtime (test for excess errors)
WARNING: obj-c++.dg/torture/strings/const-str-7.mm  -O0  -fnext-runtime compilation failed to produce executable
FAIL: obj-c++.dg/torture/strings/const-str-7.mm  -O1  -fnext-runtime (internal compiler error)
FAIL: obj-c++.dg/torture/strings/const-str-7.mm  -O1  -fnext-runtime (test for excess errors)
WARNING: obj-c++.dg/torture/strings/const-str-7.mm  -O1  -fnext-runtime compilation failed to produce executable
FAIL: obj-c++.dg/torture/strings/const-str-7.mm  -O2  -fnext-runtime (internal compiler error)
FAIL: obj-c++.dg/torture/strings/const-str-7.mm  -O2  -fnext-runtime (test for excess errors)
WARNING: obj-c++.dg/torture/strings/const-str-7.mm  -O2  -fnext-runtime compilation failed to produce executable
FAIL: obj-c++.dg/torture/strings/const-str-7.mm  -O3 -fomit-frame-pointer  -fnext-runtime (internal compiler error)
FAIL: obj-c++.dg/torture/strings/const-str-7.mm  -O3 -fomit-frame-pointer  -fnext-runtime (test for excess errors)
WARNING: obj-c++.dg/torture/strings/const-str-7.mm  -O3 -fomit-frame-pointer  -fnext-runtime compilation failed to produce executable
FAIL: obj-c++.dg/torture/strings/const-str-7.mm  -O3 -g  -fnext-runtime (internal compiler error)
FAIL: obj-c++.dg/torture/strings/const-str-7.mm  -O3 -g  -fnext-runtime (test for excess errors)
WARNING: obj-c++.dg/torture/strings/const-str-7.mm  -O3 -g  -fnext-runtime compilation failed to produce executable
FAIL: obj-c++.dg/torture/strings/const-str-7.mm  -Os  -fnext-runtime (internal compiler error)
FAIL: obj-c++.dg/torture/strings/const-str-7.mm  -Os  -fnext-runtime (test for excess errors)
WARNING: obj-c++.dg/torture/strings/const-str-7.mm  -Os  -fnext-runtime compilation failed to produce executable
FAIL: obj-c++.dg/torture/strings/const-str-7.mm  -O2 -flto -flto-partition=none  -fnext-runtime (internal compiler error)
FAIL: obj-c++.dg/torture/strings/const-str-7.mm  -O2 -flto -flto-partition=none  -fnext-runtime (test for excess errors)
WARNING: obj-c++.dg/torture/strings/const-str-7.mm  -O2 -flto -flto-partition=none  -fnext-runtime compilation failed to produce executable
FAIL: obj-c++.dg/torture/strings/const-str-7.mm  -O2 -flto  -fnext-runtime (internal compiler error)
FAIL: obj-c++.dg/torture/strings/const-str-7.mm  -O2 -flto  -fnext-runtime (test for excess errors)
WARNING: obj-c++.dg/torture/strings/const-str-7.mm  -O2 -flto  -fnext-runtime compilation failed to produce executable
FAIL: obj-c++.dg/torture/strings/const-str-8.mm  -O0  -fnext-runtime (internal compiler error)
FAIL: obj-c++.dg/torture/strings/const-str-8.mm  -O0  -fnext-runtime (test for excess errors)
WARNING: obj-c++.dg/torture/strings/const-str-8.mm  -O0  -fnext-runtime compilation failed to produce executable
FAIL: obj-c++.dg/torture/strings/const-str-8.mm  -O1  -fnext-runtime (internal compiler error)
FAIL: obj-c++.dg/torture/strings/const-str-8.mm  -O1  -fnext-runtime (test for excess errors)
WARNING: obj-c++.dg/torture/strings/const-str-8.mm  -O1  -fnext-runtime compilation failed to produce executable
FAIL: obj-c++.dg/torture/strings/const-str-8.mm  -O2  -fnext-runtime (internal compiler error)
FAIL: obj-c++.dg/torture/strings/const-str-8.mm  -O2  -fnext-runtime (test for excess errors)
WARNING: obj-c++.dg/torture/strings/const-str-8.mm  -O2  -fnext-runtime compilation failed to produce executable
FAIL: obj-c++.dg/torture/strings/const-str-8.mm  -O3 -fomit-frame-pointer  -fnext-runtime (internal compiler error)
FAIL: obj-c++.dg/torture/strings/const-str-8.mm  -O3 -fomit-frame-pointer  -fnext-runtime (test for excess errors)
WARNING: obj-c++.dg/torture/strings/const-str-8.mm  -O3 -fomit-frame-pointer  -fnext-runtime compilation failed to produce executable
FAIL: obj-c++.dg/torture/strings/const-str-8.mm  -O3 -g  -fnext-runtime (internal compiler error)
FAIL: obj-c++.dg/torture/strings/const-str-8.mm  -O3 -g  -fnext-runtime (test for excess errors)
WARNING: obj-c++.dg/torture/strings/const-str-8.mm  -O3 -g  -fnext-runtime compilation failed to produce executable
FAIL: obj-c++.dg/torture/strings/const-str-8.mm  -Os  -fnext-runtime (internal compiler error)
FAIL: obj-c++.dg/torture/strings/const-str-8.mm  -Os  -fnext-runtime (test for excess errors)
WARNING: obj-c++.dg/torture/strings/const-str-8.mm  -Os  -fnext-runtime compilation failed to produce executable
FAIL: obj-c++.dg/torture/strings/const-str-8.mm  -O2 -flto -flto-partition=none  -fnext-runtime (internal compiler error)
FAIL: obj-c++.dg/torture/strings/const-str-8.mm  -O2 -flto -flto-partition=none  -fnext-runtime (test for excess errors)
WARNING: obj-c++.dg/torture/strings/const-str-8.mm  -O2 -flto -flto-partition=none  -fnext-runtime compilation failed to produce executable
FAIL: obj-c++.dg/torture/strings/const-str-8.mm  -O2 -flto  -fnext-runtime (internal compiler error)
FAIL: obj-c++.dg/torture/strings/const-str-8.mm  -O2 -flto  -fnext-runtime (test for excess errors)
WARNING: obj-c++.dg/torture/strings/const-str-8.mm  -O2 -flto  -fnext-runtime compilation failed to produce executable
FAIL: obj-c++.dg/torture/strings/const-str-9.mm  -O0  -fnext-runtime (internal compiler error)
FAIL: obj-c++.dg/torture/strings/const-str-9.mm  -O0  -fnext-runtime (test for excess errors)
ERROR: obj-c++.dg/torture/strings/const-str-9.mm: error executing dg-final: couldn't open "const-str-9.s": no such file or directory
UNRESOLVED: obj-c++.dg/torture/strings/const-str-9.mm: error executing dg-final: couldn't open "const-str-9.s": no such file or directory
FAIL: obj-c++.dg/torture/strings/const-str-9.mm  -O1  -fnext-runtime (internal compiler error)
FAIL: obj-c++.dg/torture/strings/const-str-9.mm  -O1  -fnext-runtime (test for excess errors)
ERROR: obj-c++.dg/torture/strings/const-str-9.mm: error executing dg-final: couldn't open "const-str-9.s": no such file or directory
UNRESOLVED: obj-c++.dg/torture/strings/const-str-9.mm: error executing dg-final: couldn't open "const-str-9.s": no such file or directory
FAIL: obj-c++.dg/torture/strings/const-str-9.mm  -O2  -fnext-runtime (internal compiler error)
FAIL: obj-c++.dg/torture/strings/const-str-9.mm  -O2  -fnext-runtime (test for excess errors)
ERROR: obj-c++.dg/torture/strings/const-str-9.mm: error executing dg-final: couldn't open "const-str-9.s": no such file or directory
UNRESOLVED: obj-c++.dg/torture/strings/const-str-9.mm: error executing dg-final: couldn't open "const-str-9.s": no such file or directory
FAIL: obj-c++.dg/torture/strings/const-str-9.mm  -O3 -fomit-frame-pointer  -fnext-runtime (internal compiler error)
FAIL: obj-c++.dg/torture/strings/const-str-9.mm  -O3 -fomit-frame-pointer  -fnext-runtime (test for excess errors)
ERROR: obj-c++.dg/torture/strings/const-str-9.mm: error executing dg-final: couldn't open "const-str-9.s": no such file or directory
UNRESOLVED: obj-c++.dg/torture/strings/const-str-9.mm: error executing dg-final: couldn't open "const-str-9.s": no such file or directory
FAIL: obj-c++.dg/torture/strings/const-str-9.mm  -O3 -g  -fnext-runtime (internal compiler error)
FAIL: obj-c++.dg/torture/strings/const-str-9.mm  -O3 -g  -fnext-runtime (test for excess errors)
ERROR: obj-c++.dg/torture/strings/const-str-9.mm: error executing dg-final: couldn't open "const-str-9.s": no such file or directory
UNRESOLVED: obj-c++.dg/torture/strings/const-str-9.mm: error executing dg-final: couldn't open "const-str-9.s": no such file or directory
FAIL: obj-c++.dg/torture/strings/const-str-9.mm  -Os  -fnext-runtime (internal compiler error)
FAIL: obj-c++.dg/torture/strings/const-str-9.mm  -Os  -fnext-runtime (test for excess errors)
ERROR: obj-c++.dg/torture/strings/const-str-9.mm: error executing dg-final: couldn't open "const-str-9.s": no such file or directory
UNRESOLVED: obj-c++.dg/torture/strings/const-str-9.mm: error executing dg-final: couldn't open "const-str-9.s": no such file or directory
FAIL: obj-c++.dg/torture/strings/const-str-9.mm  -O2 -flto -flto-partition=none  -fnext-runtime (internal compiler error)
FAIL: obj-c++.dg/torture/strings/const-str-9.mm  -O2 -flto -flto-partition=none  -fnext-runtime (test for excess errors)
ERROR: obj-c++.dg/torture/strings/const-str-9.mm: error executing dg-final: couldn't open "const-str-9.s": no such file or directory
UNRESOLVED: obj-c++.dg/torture/strings/const-str-9.mm: error executing dg-final: couldn't open "const-str-9.s": no such file or directory
FAIL: obj-c++.dg/torture/strings/const-str-9.mm  -O2 -flto  -fnext-runtime (internal compiler error)
FAIL: obj-c++.dg/torture/strings/const-str-9.mm  -O2 -flto  -fnext-runtime (test for excess errors)
ERROR: obj-c++.dg/torture/strings/const-str-9.mm: error executing dg-final: couldn't open "const-str-9.s": no such file or directory
UNRESOLVED: obj-c++.dg/torture/strings/const-str-9.mm: error executing dg-final: couldn't open "const-str-9.s": no such file or directory
FAIL: obj-c++.dg/torture/strings/string1.mm  -O0  -fnext-runtime (internal compiler error)
FAIL: obj-c++.dg/torture/strings/string1.mm  -O0  -fnext-runtime (test for excess errors)
WARNING: obj-c++.dg/torture/strings/string1.mm  -O0  -fnext-runtime compilation failed to produce executable
FAIL: obj-c++.dg/torture/strings/string1.mm  -O1  -fnext-runtime (internal compiler error)
FAIL: obj-c++.dg/torture/strings/string1.mm  -O1  -fnext-runtime (test for excess errors)
WARNING: obj-c++.dg/torture/strings/string1.mm  -O1  -fnext-runtime compilation failed to produce executable
FAIL: obj-c++.dg/torture/strings/string1.mm  -O2  -fnext-runtime (internal compiler error)
FAIL: obj-c++.dg/torture/strings/string1.mm  -O2  -fnext-runtime (test for excess errors)
WARNING: obj-c++.dg/torture/strings/string1.mm  -O2  -fnext-runtime compilation failed to produce executable
FAIL: obj-c++.dg/torture/strings/string1.mm  -O3 -fomit-frame-pointer  -fnext-runtime (internal compiler error)
FAIL: obj-c++.dg/torture/strings/string1.mm  -O3 -fomit-frame-pointer  -fnext-runtime (test for excess errors)
WARNING: obj-c++.dg/torture/strings/string1.mm  -O3 -fomit-frame-pointer  -fnext-runtime compilation failed to produce executable
FAIL: obj-c++.dg/torture/strings/string1.mm  -O3 -g  -fnext-runtime (internal compiler error)
FAIL: obj-c++.dg/torture/strings/string1.mm  -O3 -g  -fnext-runtime (test for excess errors)
WARNING: obj-c++.dg/torture/strings/string1.mm  -O3 -g  -fnext-runtime compilation failed to produce executable
FAIL: obj-c++.dg/torture/strings/string1.mm  -Os  -fnext-runtime (internal compiler error)
FAIL: obj-c++.dg/torture/strings/string1.mm  -Os  -fnext-runtime (test for excess errors)
WARNING: obj-c++.dg/torture/strings/string1.mm  -Os  -fnext-runtime compilation failed to produce executable
FAIL: obj-c++.dg/torture/strings/string1.mm  -O2 -flto -flto-partition=none  -fnext-runtime (internal compiler error)
FAIL: obj-c++.dg/torture/strings/string1.mm  -O2 -flto -flto-partition=none  -fnext-runtime (test for excess errors)
WARNING: obj-c++.dg/torture/strings/string1.mm  -O2 -flto -flto-partition=none  -fnext-runtime compilation failed to produce executable
FAIL: obj-c++.dg/torture/strings/string1.mm  -O2 -flto  -fnext-runtime (internal compiler error)
FAIL: obj-c++.dg/torture/strings/string1.mm  -O2 -flto  -fnext-runtime (test for excess errors)
WARNING: obj-c++.dg/torture/strings/string1.mm  -O2 -flto  -fnext-runtime compilation failed to produce executable

		=== obj-c++ Summary ===

# of expected passes		2873
# of unexpected failures	136
# of expected failures		2
# of unresolved testcases	24
# of unsupported tests		68
/Users/dave/gnu/gcc/objdir/gcc/testsuite/obj-c++/../../g++  version 4.7.0 20110405 (experimental) [trunk revision 172005] (GCC) 

		=== objc tests ===


Running target unix
WARNING: Could not compile objc.dg/gnu-encoding/struct-layout-encoding-1 generator

		=== objc Summary ===

# of expected passes		5899
# of unsupported tests		86
/Users/dave/gnu/gcc/objdir/gcc/xgcc  version 4.7.0 20110405 (experimental) [trunk revision 172005] (GCC) 

		=== boehm-gc tests ===


Running target unix

		=== boehm-gc Summary ===

# of expected passes		12
# of unsupported tests		1
		=== libffi tests ===


Running target unix

		=== libffi Summary ===

# of expected passes		1634
# of expected failures		10
# of unsupported tests		15
		=== libgomp tests ===


Running target unix

		=== libgomp Summary ===

# of expected passes		2538
# of unsupported tests		2
		=== libjava tests ===


Running target unix

		=== libjava Summary ===

# of expected passes		2574
		=== libstdc++ tests ===


Running target unix
FAIL: ext/mt_allocator/deallocate_global_thread-1.cc execution test
FAIL: ext/mt_allocator/deallocate_global_thread-3.cc execution test

		=== libstdc++ Summary ===

# of expected passes		7017
# of unexpected failures	2
# of expected failures		81
# of unsupported tests		656

Compiler version: 4.7.0 20110405 (experimental) [trunk revision 172005] (GCC) 
Platform: i686-apple-darwin9
configure flags: --build=i686-apple-darwin9 --host=i686-apple-darwin9 --target=i686-apple-darwin9 --with-tune=generic --prefix=/opt/gnu/gcc/gcc-4.6.0 --with-gmp=/opt/gnu/gcc/gcc-4.6.0 --enable-debug=no --disable-nls --enable-languages=c,c++,objc,fortran,obj-c++,java,ada --enable-threads=posix --enable-__cxa_atexit --enable-java-gc=boehm


Index Nav: [Date Index] [Subject Index] [Author Index] [Thread Index]
Message Nav: [Date Prev] [Date Next] [Thread Prev] [Thread Next]