This is the mail archive of the gcc-testresults@gcc.gnu.org mailing list for the GCC project.


Index Nav: [Date Index] [Subject Index] [Author Index] [Thread Index]
Message Nav: [Date Prev] [Date Next] [Thread Prev] [Thread Next]
Other format: [Raw text]

Results for 4.6.1 20110403 (prerelease) (GCC) testsuite on arm-none-linux-gnueabi


LAST_UPDATED: Mon Apr  4 03:17:34 UTC 2011 (/branches/gcc-4_6-branch revision 171899)

Target is arm-none-linux-gnueabi
Host   is i686-pc-linux-gnu

		=== g++ tests ===


Running target qemu-default
FAIL: g++.dg/abi/local1.C execution test
FAIL: g++.dg/abi/packed1.C (test for excess errors)
XPASS: g++.dg/other/packed1.C execution test
FAIL: g++.dg/template/stdarg1.C (test for excess errors)
FAIL: g++.dg/warn/Wunused-parm-3.C (test for excess errors)
FAIL: g++.dg/vect/pr36648.cc scan-tree-dump-times vect "vectorized 1 loops" 1
FAIL: g++.dg/vect/pr36648.cc scan-tree-dump-times vect "vectorizing stmts using SLP" 1

		=== g++ Summary ===

# of expected passes		26200
# of unexpected failures	6
# of unexpected successes	1
# of expected failures		161
# of unsupported tests		392
/scratch/gcc/nightly-2011-04-03-4.6/arm-none-linux-gnueabi/obj/test-4.6-0-arm-none-linux-gnueabi/host-i686-pc-linux-gnu/fsf-4.6/bin/arm-none-linux-gnueabi-g++  version 4.6.1 20110403 (prerelease) (GCC) 

Host   is i686-pc-linux-gnu

		=== gcc tests ===


Running target qemu-default
FAIL: gcc.dg/uninit-13.c unconditional (test for warnings, line 8)
FAIL: gcc.dg/uninit-13.c (test for excess errors)
FAIL: gcc.dg/lto/20110201-1 c_lto_20110201-1_0.o-c_lto_20110201-1_0.o link,  -O0 -flto 
UNRESOLVED: gcc.dg/lto/20110201-1 c_lto_20110201-1_0.o-c_lto_20110201-1_0.o execute  -O0 -flto 
XPASS: gcc.dg/tree-ssa/20040204-1.c scan-tree-dump-times optimized "link_error" 0
XPASS: gcc.dg/vect/vect-16.c scan-tree-dump-times vect "vectorized 1 loops" 1
FAIL: gcc.dg/vect/vect-72.c scan-tree-dump-times vect "Alignment of access forced using peeling" 0
FAIL: gcc.dg/vect/vect-multitypes-11.c scan-tree-dump-times vect "vectorized 1 loops" 1
FAIL: gcc.dg/vect/vect-multitypes-12.c scan-tree-dump-times vect "vectorized 1 loops" 1
FAIL: gcc.dg/vect/vect-peel-3.c scan-tree-dump-times vect "Vectorizing an unaligned access" 1
FAIL: gcc.dg/vect/vect-peel-4.c scan-tree-dump-times vect "Vectorizing an unaligned access" 1
FAIL: gcc.dg/vect/vect-reduc-dot-s16b.c scan-tree-dump-times vect "vectorized 1 loops" 0
FAIL: gcc.dg/vect/vect-reduc-pattern-1a.c scan-tree-dump-times vect "vectorized 1 loops" 0
FAIL: gcc.dg/vect/vect-reduc-pattern-1b.c scan-tree-dump-times vect "vectorized 1 loops" 0
FAIL: gcc.dg/vect/vect-reduc-pattern-1c.c scan-tree-dump-times vect "vectorized 1 loops" 0
FAIL: gcc.dg/vect/vect-reduc-pattern-2a.c scan-tree-dump-times vect "vectorized 1 loops" 0
FAIL: gcc.dg/vect/vect-reduc-pattern-2b.c scan-tree-dump-times vect "vectorized 1 loops" 0
XPASS: gcc.dg/vect/slp-reduc-3.c scan-tree-dump-times vect "vectorizing stmts using SLP" 1
FAIL: gcc.dg/vect/bb-slp-10.c scan-tree-dump-times slp "unsupported alignment in basic block." 1
FAIL: gcc.dg/vect/wrapv-vect-reduc-pattern-2c.c scan-tree-dump-times vect "vectorized 1 loops" 0
XPASS: gcc.dg/vect/no-scevccp-outer-16.c scan-tree-dump-times vect "OUTER LOOP VECTORIZED." 1
XPASS: gcc.dg/vect/no-scevccp-outer-17.c scan-tree-dump-times vect "OUTER LOOP VECTORIZED." 1
XPASS: gcc.dg/vect/no-scevccp-outer-19.c scan-tree-dump-times vect "OUTER LOOP VECTORIZED." 1
XPASS: gcc.dg/vect/no-scevccp-outer-21.c scan-tree-dump-times vect "OUTER LOOP VECTORIZED." 1
FAIL: gcc.target/arm/fp16-compile-none-1.c  (test for errors, line 6)
FAIL: gcc.target/arm/fp16-compile-none-1.c (test for excess errors)
FAIL: gcc.target/arm/pr42575.c scan-assembler-not mov
FAIL: gcc.target/arm/sync-1.c execution test

		=== gcc Summary ===

# of expected passes		73964
# of unexpected failures	20
# of unexpected successes	7
# of expected failures		201
# of unresolved testcases	1
# of unsupported tests		1005
/scratch/gcc/nightly-2011-04-03-4.6/arm-none-linux-gnueabi/obj/test-4.6-0-arm-none-linux-gnueabi/host-i686-pc-linux-gnu/fsf-4.6/bin/arm-none-linux-gnueabi-gcc  version 4.6.1 20110403 (prerelease) (GCC) 

Host   is i686-pc-linux-gnu

		=== libstdc++ tests ===


Running target qemu-default
FAIL: 21_strings/basic_string/inserters_extractors/wchar_t/28277.cc execution test
FAIL: 27_io/basic_filebuf/seekoff/wchar_t/4.cc (test for excess errors)
UNRESOLVED: 27_io/basic_filebuf/seekoff/wchar_t/4.cc compilation failed to produce executable
FAIL: 27_io/basic_ostream/inserters_character/wchar_t/28277-3.cc execution test
FAIL: 27_io/basic_ostream/inserters_character/wchar_t/28277-4.cc execution test
FAIL: 27_io/ios_base/types/fmtflags/bitmask_operators.cc (test for excess errors)
FAIL: 27_io/ios_base/types/iostate/bitmask_operators.cc (test for excess errors)
FAIL: 27_io/ios_base/types/openmode/bitmask_operators.cc (test for excess errors)
FAIL: ext/vstring/inserters_extractors/wchar_t/28277.cc execution test
FAIL: tr1/6_containers/unordered_map/requirements/iterator_null_neg.cc  (test for errors, line 26)
FAIL: tr1/6_containers/unordered_map/requirements/iterator_null_neg.cc  (test for errors, line 27)
FAIL: tr1/6_containers/unordered_map/requirements/iterator_null_neg.cc (test for excess errors)
FAIL: tr1/6_containers/unordered_set/requirements/iterator_null_neg.cc  (test for errors, line 26)
FAIL: tr1/6_containers/unordered_set/requirements/iterator_null_neg.cc  (test for errors, line 27)
FAIL: tr1/6_containers/unordered_set/requirements/iterator_null_neg.cc (test for excess errors)

		=== libstdc++ Summary ===

# of expected passes		8004
# of unexpected failures	14
# of expected failures		81
# of unresolved testcases	1
# of unsupported tests		134
Host   is i686-pc-linux-gnu

		=== g++ tests ===


Running target qemu-default-thumb/-mthumb
FAIL: g++.dg/abi/local1.C execution test
FAIL: g++.dg/abi/packed1.C (test for excess errors)
XPASS: g++.dg/other/packed1.C execution test
FAIL: g++.dg/template/stdarg1.C (test for excess errors)
FAIL: g++.dg/warn/Wunused-parm-3.C (test for excess errors)

		=== g++ Summary ===

# of expected passes		26138
# of unexpected failures	4
# of unexpected successes	1
# of expected failures		161
# of unsupported tests		400
/scratch/gcc/nightly-2011-04-03-4.6/arm-none-linux-gnueabi/obj/test-4.6-0-arm-none-linux-gnueabi/host-i686-pc-linux-gnu/fsf-4.6/bin/arm-none-linux-gnueabi-g++  version 4.6.1 20110403 (prerelease) (GCC) 

Host   is i686-pc-linux-gnu

		=== gcc tests ===


Running target qemu-default-thumb/-mthumb
XPASS: gcc.c-torture/execute/941014-1.c execution,  -O0 
FAIL: gcc.c-torture/execute/pr45070.c execution,  -Os 
FAIL: gcc.dg/uninit-13.c unconditional (test for warnings, line 8)
FAIL: gcc.dg/uninit-13.c (test for excess errors)
FAIL: gcc.dg/lto/20110201-1 c_lto_20110201-1_0.o-c_lto_20110201-1_0.o link,  -O0 -flto 
UNRESOLVED: gcc.dg/lto/20110201-1 c_lto_20110201-1_0.o-c_lto_20110201-1_0.o execute  -O0 -flto 
XPASS: gcc.dg/tree-ssa/20040204-1.c scan-tree-dump-times optimized "link_error" 0
FAIL: gcc.target/arm/fp16-compile-none-1.c  (test for errors, line 6)
FAIL: gcc.target/arm/fp16-compile-none-1.c (test for excess errors)
FAIL: gcc.target/arm/pr42172-1.c scan-assembler-times ldr 1
FAIL: gcc.target/arm/sync-1.c execution test

		=== gcc Summary ===

# of expected passes		68974
# of unexpected failures	8
# of unexpected successes	2
# of expected failures		136
# of unresolved testcases	1
# of unsupported tests		2885
/scratch/gcc/nightly-2011-04-03-4.6/arm-none-linux-gnueabi/obj/test-4.6-0-arm-none-linux-gnueabi/host-i686-pc-linux-gnu/fsf-4.6/bin/arm-none-linux-gnueabi-gcc  version 4.6.1 20110403 (prerelease) (GCC) 

Host   is i686-pc-linux-gnu

		=== libstdc++ tests ===


Running target qemu-default-thumb/-mthumb
FAIL: 21_strings/basic_string/inserters_extractors/wchar_t/28277.cc execution test
FAIL: 27_io/basic_filebuf/seekoff/wchar_t/4.cc (test for excess errors)
UNRESOLVED: 27_io/basic_filebuf/seekoff/wchar_t/4.cc compilation failed to produce executable
FAIL: 27_io/basic_ostream/inserters_character/wchar_t/28277-3.cc execution test
FAIL: 27_io/basic_ostream/inserters_character/wchar_t/28277-4.cc execution test
FAIL: 27_io/ios_base/types/fmtflags/bitmask_operators.cc (test for excess errors)
FAIL: 27_io/ios_base/types/iostate/bitmask_operators.cc (test for excess errors)
FAIL: 27_io/ios_base/types/openmode/bitmask_operators.cc (test for excess errors)
FAIL: ext/vstring/inserters_extractors/wchar_t/28277.cc execution test
FAIL: tr1/6_containers/unordered_map/requirements/iterator_null_neg.cc  (test for errors, line 26)
FAIL: tr1/6_containers/unordered_map/requirements/iterator_null_neg.cc  (test for errors, line 27)
FAIL: tr1/6_containers/unordered_map/requirements/iterator_null_neg.cc (test for excess errors)
FAIL: tr1/6_containers/unordered_set/requirements/iterator_null_neg.cc  (test for errors, line 26)
FAIL: tr1/6_containers/unordered_set/requirements/iterator_null_neg.cc  (test for errors, line 27)
FAIL: tr1/6_containers/unordered_set/requirements/iterator_null_neg.cc (test for excess errors)

		=== libstdc++ Summary ===

# of expected passes		8004
# of unexpected failures	14
# of expected failures		81
# of unresolved testcases	1
# of unsupported tests		134

Compiler version: 4.6.1 20110403 (prerelease) (GCC) 
Platform: arm-none-linux-gnueabi
configure flags: --build=i686-pc-linux-gnu --host=i686-pc-linux-gnu --target=arm-none-linux-gnueabi --enable-threads --disable-libmudflap --disable-libssp --disable-libstdcxx-pch --with-gnu-as --with-gnu-ld --enable-languages=c,c++ --enable-shared --enable-lto --enable-symvers=gnu --enable-__cxa_atexit --disable-nls --prefix=/opt/codesourcery --with-sysroot=/opt/codesourcery/arm-none-linux-gnueabi/libc --with-build-sysroot=/scratch/gcc/nightly-2011-04-03-4.6/arm-none-linux-gnueabi/install/arm-none-linux-gnueabi/libc --with-gmp=/scratch/gcc/nightly-2011-04-03-4.6/arm-none-linux-gnueabi/obj/host-libs-4.6-0-arm-none-linux-gnueabi-i686-pc-linux-gnu/usr --with-mpfr=/scratch/gcc/nightly-2011-04-03-4.6/arm-none-linux-gnueabi/obj/host-libs-4.6-0-arm-none-linux-gnueabi-i686-pc-linux-gnu/usr --with-mpc=/scratch/gcc/nightly-2011-04-03-4.6/arm-none-linux-gnueabi/obj/host-libs-4.6-0-arm-none-linux-gnueabi-i686-pc-linux-gnu/usr --with-ppl=/scratch/gcc/nightly-2011-04-03-4.6/arm-none-linux-
 gnueabi/obj/host-libs-4.6-0-arm-none-linux-gnueabi-i686-pc-linux-gnu/usr --with-host-libstdcxx='-static-libgcc -Wl,-Bstatic,-lstdc++,-Bdynamic -lm' --with-cloog=/scratch/gcc/nightly-2011-04-03-4.6/arm-none-linux-gnueabi/obj/host-libs-4.6-0-arm-none-linux-gnueabi-i686-pc-linux-gnu/usr --with-libelf=/scratch/gcc/nightly-2011-04-03-4.6/arm-none-linux-gnueabi/obj/host-libs-4.6-0-arm-none-linux-gnueabi-i686-pc-linux-gnu/usr --disable-libgomp --enable-poison-system-directories --with-build-time-tools=/scratch/gcc/nightly-2011-04-03-4.6/arm-none-linux-gnueabi/install/arm-none-linux-gnueabi/bin --with-build-time-tools=/scratch/gcc/nightly-2011-04-03-4.6/arm-none-linux-gnueabi/install/arm-none-linux-gnueabi/bin


Index Nav: [Date Index] [Subject Index] [Author Index] [Thread Index]
Message Nav: [Date Prev] [Date Next] [Thread Prev] [Thread Next]