This is the mail archive of the gcc-testresults@gcc.gnu.org mailing list for the GCC project.


Index Nav: [Date Index] [Subject Index] [Author Index] [Thread Index]
Message Nav: [Date Prev] [Date Next] [Thread Prev] [Thread Next]
Other format: [Raw text]

Results for 4.7.0 20110401 (experimental) [trunk revision 171817] (GCC) testsuite on armv7l-unknown-linux-gnueabi


LAST_UPDATED: Fri Apr  1 04:35:13 UTC 2011 (revision 171817)

Native configuration is armv7l-unknown-linux-gnueabi

		=== libgomp tests ===


Running target unix
FAIL: libgomp.c++/ctor-3.C  -O0  execution test
FAIL: libgomp.c++/ctor-3.C  -O1  execution test
FAIL: libgomp.c++/ctor-3.C  -O2  execution test
FAIL: libgomp.c++/ctor-3.C  -O3 -fomit-frame-pointer  execution test
FAIL: libgomp.c++/ctor-3.C  -O3 -fomit-frame-pointer -funroll-loops  execution test
FAIL: libgomp.c++/ctor-3.C  -O3 -fomit-frame-pointer -funroll-all-loops -finline-functions  execution test
FAIL: libgomp.c++/ctor-3.C  -O3 -g  execution test
FAIL: libgomp.c++/ctor-3.C  -Os  execution test

		=== libgomp Summary ===

# of expected passes		1021
# of unexpected failures	8
		=== libmudflap tests ===


Running target unix
FAIL: libmudflap.c/fail40-frag.c output pattern test
FAIL: libmudflap.c/pass51-frag.c execution test
FAIL: libmudflap.c/pass51-frag.c execution test
FAIL: libmudflap.c/fail40-frag.c (-static) output pattern test
FAIL: libmudflap.c/pass51-frag.c (-static) execution test
FAIL: libmudflap.c/pass51-frag.c (-static) execution test
FAIL: libmudflap.c/fail40-frag.c (-O2) output pattern test
FAIL: libmudflap.c/pass51-frag.c (-O2) execution test
FAIL: libmudflap.c/pass51-frag.c (-O2) execution test
FAIL: libmudflap.c/fail40-frag.c (-O3) output pattern test
FAIL: libmudflap.c/pass51-frag.c (-O3) execution test
FAIL: libmudflap.c/pass51-frag.c (-O3) execution test
WARNING: program timed out.
FAIL: libmudflap.cth/pass40-frag.c execution test
FAIL: libmudflap.cth/pass40-frag.c output pattern test
WARNING: program timed out.
FAIL: libmudflap.cth/pass40-frag.c (-static -DSTATIC) execution test
FAIL: libmudflap.cth/pass40-frag.c (-static -DSTATIC) output pattern test
WARNING: program timed out.
FAIL: libmudflap.cth/pass40-frag.c (-O2) execution test
FAIL: libmudflap.cth/pass40-frag.c (-O2) output pattern test
WARNING: program timed out.
FAIL: libmudflap.cth/pass40-frag.c (-O3) execution test
FAIL: libmudflap.cth/pass40-frag.c (-O3) output pattern test

		=== libmudflap Summary ===

# of expected passes		1874
# of unexpected failures	20
		=== libstdc++ tests ===


Running target unix

		=== libstdc++ Summary ===

# of expected passes		7449
# of expected failures		81
# of unsupported tests		431
		=== gcc tests ===


Running target unix
WARNING: program timed out.
FAIL: gcc.c-torture/compile/limits-fndefn.c  -O3 -g  (test for excess errors)
FAIL: gcc.dg/c99-stdint-1.c (test for excess errors)
FAIL: gcc.dg/c99-stdint-7.c (test for excess errors)
FAIL: gcc.dg/cproj-fails-with-broken-glibc.c execution test
FAIL: gcc.dg/pr17957.c (internal compiler error)
FAIL: gcc.dg/pr17957.c (test for excess errors)
FAIL: gcc.dg/uninit-13.c unconditional (test for warnings, line 8)
FAIL: gcc.dg/uninit-13.c (test for excess errors)
FAIL: gcc.dg/pch/counter-1.c   -O0  -I. (internal compiler error)
FAIL: gcc.dg/pch/counter-1.c   -O0  -I. (test for excess errors)
FAIL: gcc.dg/pch/counter-1.c   -O0  assembly comparison
FAIL: gcc.dg/pch/counter-1.c   -O3 -fomit-frame-pointer  -I. (internal compiler error)
FAIL: gcc.dg/pch/counter-1.c   -O3 -fomit-frame-pointer  -I. (test for excess errors)
FAIL: gcc.dg/pch/counter-1.c   -O3 -fomit-frame-pointer  assembly comparison
FAIL: gcc.dg/pch/counter-3.c   -O0  -I. (internal compiler error)
FAIL: gcc.dg/pch/counter-3.c   -O0  -I. (test for excess errors)
FAIL: gcc.dg/pch/counter-3.c   -O0  assembly comparison
FAIL: gcc.dg/pch/counter-3.c   -O3 -g  -I. (internal compiler error)
FAIL: gcc.dg/pch/counter-3.c   -O3 -g  -I. (test for excess errors)
FAIL: gcc.dg/pch/counter-3.c   -O3 -g  assembly comparison
FAIL: gcc.dg/pch/cpp-1.c   -O1  -I. (internal compiler error)
FAIL: gcc.dg/pch/cpp-1.c   -O1  -I. (test for excess errors)
FAIL: gcc.dg/pch/cpp-1.c   -O1  assembly comparison
FAIL: gcc.dg/pch/cpp-3.c   -O2  -I. (internal compiler error)
FAIL: gcc.dg/pch/cpp-3.c   -O2  -I.  (test for warnings, line )
FAIL: gcc.dg/pch/cpp-3.c   -O2  -I. (test for excess errors)
FAIL: gcc.dg/pch/cpp-3.c   -O2  assembly comparison
FAIL: gcc.dg/pch/decl-2.c   -O3 -fomit-frame-pointer  -I. (internal compiler error)
FAIL: gcc.dg/pch/decl-2.c   -O3 -fomit-frame-pointer  -I. (test for excess errors)
FAIL: gcc.dg/pch/decl-2.c   -O3 -fomit-frame-pointer  assembly comparison
FAIL: gcc.dg/pch/empty.c   -O0  -I. (internal compiler error)
FAIL: gcc.dg/pch/empty.c   -O0  -I. (test for excess errors)
FAIL: gcc.dg/pch/empty.c   -O0  assembly comparison
FAIL: gcc.dg/pch/global-1.c  -O0 -g -I. (internal compiler error)
FAIL: gcc.dg/pch/global-1.c  -O0 -g -I. (test for excess errors)
FAIL: gcc.dg/pch/global-1.c  -O0 -g assembly comparison
FAIL: gcc.dg/pch/inline-3.c   -O0  -I. (internal compiler error)
FAIL: gcc.dg/pch/inline-3.c   -O0  -I. (test for excess errors)
FAIL: gcc.dg/pch/inline-3.c   -O0  assembly comparison
FAIL: gcc.dg/pch/inline-3.c   -O1  -I. (internal compiler error)
FAIL: gcc.dg/pch/inline-3.c   -O1  -I. (test for excess errors)
FAIL: gcc.dg/pch/inline-3.c   -O1  assembly comparison
FAIL: gcc.dg/pch/inline-3.c   -O2  -I. (internal compiler error)
FAIL: gcc.dg/pch/inline-3.c   -O2  -I. (test for excess errors)
FAIL: gcc.dg/pch/inline-3.c   -O2  assembly comparison
FAIL: gcc.dg/pch/inline-3.c   -O3 -g  -I. (internal compiler error)
FAIL: gcc.dg/pch/inline-3.c   -O3 -g  -I. (test for excess errors)
FAIL: gcc.dg/pch/inline-3.c   -O3 -g  assembly comparison
FAIL: gcc.dg/pch/inline-4.c   -O1  -I. (internal compiler error)
FAIL: gcc.dg/pch/inline-4.c   -O1  -I. (test for excess errors)
FAIL: gcc.dg/pch/inline-4.c   -O1  assembly comparison
FAIL: gcc.dg/pch/macro-4.c   -O3 -fomit-frame-pointer  -I. (internal compiler error)
FAIL: gcc.dg/pch/macro-4.c   -O3 -fomit-frame-pointer  -I. (test for excess errors)
FAIL: gcc.dg/pch/macro-4.c   -O3 -fomit-frame-pointer  assembly comparison
FAIL: gcc.dg/pch/save-temps-1.c   -O2  -I. (internal compiler error)
FAIL: gcc.dg/pch/save-temps-1.c   -O2  -I. (test for excess errors)
FAIL: gcc.dg/pch/save-temps-1.c   -O2  assembly comparison
FAIL: gcc.dg/pch/static-1.c   -O1  -I. (internal compiler error)
FAIL: gcc.dg/pch/static-1.c   -O1  -I. (test for excess errors)
FAIL: gcc.dg/pch/static-1.c   -O1  assembly comparison
FAIL: gcc.dg/pch/static-2.c   -O2  -I. (internal compiler error)
FAIL: gcc.dg/pch/static-2.c   -O2  -I. (test for excess errors)
FAIL: gcc.dg/pch/static-2.c   -O2  assembly comparison
FAIL: gcc.dg/pch/valid-4.c   -O0  -I. (internal compiler error)
FAIL: gcc.dg/pch/valid-4.c   -O0  -I.  (test for warnings, line 5)
FAIL: gcc.dg/pch/valid-4.c   -O0  -I. (test for excess errors)
FAIL: gcc.dg/pch/valid-4.c   -O0  assembly comparison
FAIL: largefile.c  -O0 -g -I. (internal compiler error)
FAIL: largefile.c  -O0 -g -I. (test for excess errors)
FAIL: gcc.dg/pch/largefile.c  -O0 -g assembly comparison
FAIL: largefile.c   -O2  -I. (internal compiler error)
FAIL: largefile.c   -O2  -I. (test for excess errors)
FAIL: gcc.dg/pch/largefile.c   -O2  assembly comparison
FAIL: gcc.dg/tls/pr45870.c (test for excess errors)
FAIL: gcc.dg/torture/pr47975.c  -O0  (internal compiler error)
FAIL: gcc.dg/torture/pr47975.c  -O0  (test for excess errors)
FAIL: gcc.dg/torture/pr47975.c  -O1  (internal compiler error)
FAIL: gcc.dg/torture/pr47975.c  -O1  (test for excess errors)
FAIL: gcc.dg/torture/pr47975.c  -O2  (internal compiler error)
FAIL: gcc.dg/torture/pr47975.c  -O2  (test for excess errors)
FAIL: gcc.dg/torture/pr47975.c  -O3 -fomit-frame-pointer  (internal compiler error)
FAIL: gcc.dg/torture/pr47975.c  -O3 -fomit-frame-pointer  (test for excess errors)
FAIL: gcc.dg/torture/pr47975.c  -O3 -g  (internal compiler error)
FAIL: gcc.dg/torture/pr47975.c  -O3 -g  (test for excess errors)
FAIL: gcc.dg/torture/pr47975.c  -Os  (internal compiler error)
FAIL: gcc.dg/torture/pr47975.c  -Os  (test for excess errors)
FAIL: gcc.dg/torture/pr47975.c  -O2 -flto -flto-partition=none  (internal compiler error)
FAIL: gcc.dg/torture/pr47975.c  -O2 -flto -flto-partition=none  (test for excess errors)
FAIL: gcc.dg/torture/pr47975.c  -O2 -flto  (internal compiler error)
FAIL: gcc.dg/torture/pr47975.c  -O2 -flto  (test for excess errors)
XPASS: gcc.dg/tree-ssa/20040204-1.c scan-tree-dump-times optimized "link_error" 0
FAIL: gcc.dg/tree-ssa/pr42585.c scan-tree-dump-times optimized "struct _fat_ptr _ans" 0
FAIL: gcc.dg/tree-ssa/pr42585.c scan-tree-dump-times optimized "struct _fat_ptr _T2" 0
FAIL: gcc.dg/vect/pr38529.c scan-tree-dump-times vect "OUTER LOOP VECTORIZED" 1
XPASS: gcc.dg/vect/vect-16.c scan-tree-dump-times vect "vectorized 1 loops" 1
FAIL: gcc.dg/vect/vect-72.c scan-tree-dump-times vect "Alignment of access forced using peeling" 0
FAIL: gcc.dg/vect/vect-peel-3.c scan-tree-dump-times vect "Vectorizing an unaligned access" 1
FAIL: gcc.dg/vect/vect-peel-4.c scan-tree-dump-times vect "Vectorizing an unaligned access" 1
FAIL: gcc.dg/vect/slp-reduc-6.c scan-tree-dump-times vect "vectorized 1 loops" 2
FAIL: gcc.dg/vect/bb-slp-10.c scan-tree-dump-times slp "unsupported alignment in basic block." 1
FAIL: gcc.target/arm/eliminate.c scan-assembler-times r0,[\\\\t ]*sp 3
FAIL: gcc.target/arm/fp16-compile-none-1.c  (test for errors, line 6)
FAIL: gcc.target/arm/fp16-compile-none-1.c (test for excess errors)
FAIL: gcc.target/arm/pr42093.c scan-assembler-not tbb
FAIL: gcc.target/arm/pr42575.c scan-assembler-not mov
FAIL: gcc.target/arm/vfp-ldmdbd.c scan-assembler fldmdbd
FAIL: gcc.target/arm/vfp-ldmiad.c scan-assembler fldmiad
FAIL: gcc.target/arm/vfp-stmdbd.c scan-assembler fstmdbd
FAIL: gcc.target/arm/vfp-stmiad.c scan-assembler fstmiad

		=== gcc Summary ===

# of expected passes		74184
# of unexpected failures	107
# of unexpected successes	2
# of expected failures		170
# of unsupported tests		976
/var/builds/opt/trunk/objdir/gcc/xgcc  version 4.7.0 20110401 (experimental) [trunk revision 171817] (GCC) 

		=== g++ tests ===


Running target unix
FAIL: g++.dg/abi/local1.C execution test
FAIL: g++.dg/abi/packed1.C (test for excess errors)
XPASS: g++.dg/other/packed1.C execution test
FAIL: g++.dg/template/cond5.C (internal compiler error)
FAIL: g++.dg/template/cond5.C (test for excess errors)
FAIL: g++.dg/template/stdarg1.C (test for excess errors)
FAIL: g++.dg/warn/Wunused-parm-3.C (test for excess errors)
FAIL: 23:is 1:should be 2
FAIL: g++.dg/gcov/gcov-2.C gcov: 1 failures in line counts, 0 in branch percentages, 0 in return percentages
FAIL: g++.dg/gomp/clause-2.C  (test for errors, line 32)
FAIL: g++.dg/vect/pr36648.cc scan-tree-dump-times vect "vectorized 1 loops" 1
FAIL: g++.dg/vect/pr36648.cc scan-tree-dump-times vect "vectorizing stmts using SLP" 1

		=== g++ Summary ===

# of expected passes		26309
# of unexpected failures	11
# of unexpected successes	1
# of expected failures		164
# of unsupported tests		384
/var/builds/opt/trunk/objdir/gcc/testsuite/g++/../../g++  version 4.7.0 20110401 (experimental) [trunk revision 171817] (GCC) 


Compiler version: 4.7.0 20110401 (experimental) [trunk revision 171817] (GCC) 
Platform: armv7l-unknown-linux-gnueabi
configure flags: --prefix=/opt/install-gcc-trunk --enable-languages=c,c++ --with-cpu=cortex-a9 --with-fpu=neon --with-float=softfp

Build Logs: http://rcn-ee.homeip.net:81/dl/gcc/


Index Nav: [Date Index] [Subject Index] [Author Index] [Thread Index]
Message Nav: [Date Prev] [Date Next] [Thread Prev] [Thread Next]