This is the mail archive of the gcc-testresults@gcc.gnu.org mailing list for the GCC project.


Index Nav: [Date Index] [Subject Index] [Author Index] [Thread Index]
Message Nav: [Date Prev] [Date Next] [Thread Prev] [Thread Next]
Other format: [Raw text]

Results for 4.6.0 (GCC) testsuite on i686-pc-linux-gnu


LAST_UPDATED: Obtained from SVN: tags/gcc_4_6_0_release revision 171513

Native configuration is i686-pc-linux-gnu

		=== g++ tests ===


Running target unix
UNRESOLVED: g++.dg/compat/abi/bitfield1 cp_compat_x_tst.o-cp_compat_y_tst.o link 
UNRESOLVED: g++.dg/compat/abi/bitfield1 cp_compat_x_tst.o-cp_compat_y_tst.o execute 
UNRESOLVED: g++.dg/compat/abi/bitfield2 cp_compat_x_tst.o-cp_compat_y_tst.o link 
UNRESOLVED: g++.dg/compat/abi/bitfield2 cp_compat_x_tst.o-cp_compat_y_tst.o execute 
UNRESOLVED: g++.dg/compat/abi/vbase8-10 cp_compat_x_tst.o-cp_compat_y_tst.o link 
UNRESOLVED: g++.dg/compat/abi/vbase8-10 cp_compat_x_tst.o-cp_compat_y_tst.o execute 
UNRESOLVED: g++.dg/compat/abi/vbase8-21 cp_compat_x_tst.o-cp_compat_y_tst.o link 
UNRESOLVED: g++.dg/compat/abi/vbase8-21 cp_compat_x_tst.o-cp_compat_y_tst.o execute 
UNRESOLVED: g++.dg/compat/abi/vbase8-22 cp_compat_x_tst.o-cp_compat_y_tst.o link 
UNRESOLVED: g++.dg/compat/abi/vbase8-22 cp_compat_x_tst.o-cp_compat_y_tst.o execute 
UNRESOLVED: g++.dg/compat/abi/vbase8-4 cp_compat_x_tst.o-cp_compat_y_tst.o link 
UNRESOLVED: g++.dg/compat/abi/vbase8-4 cp_compat_x_tst.o-cp_compat_y_tst.o execute 
UNRESOLVED: g++.dg/compat/break/bitfield5 cp_compat_x_tst.o-cp_compat_y_tst.o link 
UNRESOLVED: g++.dg/compat/break/bitfield5 cp_compat_x_tst.o-cp_compat_y_tst.o execute 
UNRESOLVED: g++.dg/compat/break/bitfield7 cp_compat_x_tst.o-cp_compat_y_tst.o link 
UNRESOLVED: g++.dg/compat/break/bitfield7 cp_compat_x_tst.o-cp_compat_y_tst.o execute 
UNRESOLVED: g++.dg/compat/break/empty6 cp_compat_x_tst.o-cp_compat_y_tst.o link 
UNRESOLVED: g++.dg/compat/break/empty6 cp_compat_x_tst.o-cp_compat_y_tst.o execute 
UNRESOLVED: g++.dg/compat/break/vbase10 cp_compat_x_tst.o-cp_compat_y_tst.o link 
UNRESOLVED: g++.dg/compat/break/vbase10 cp_compat_x_tst.o-cp_compat_y_tst.o execute 
UNRESOLVED: g++.dg/compat/break/vbase11 cp_compat_x_tst.o-cp_compat_y_tst.o link 
UNRESOLVED: g++.dg/compat/break/vbase11 cp_compat_x_tst.o-cp_compat_y_tst.o execute 
UNRESOLVED: g++.dg/compat/decimal/pass-1 cp_compat_x_tst.o-cp_compat_y_tst.o link 
UNRESOLVED: g++.dg/compat/decimal/pass-1 cp_compat_x_tst.o-cp_compat_y_tst.o execute 
UNRESOLVED: g++.dg/compat/decimal/pass-2 cp_compat_x_tst.o-cp_compat_y_tst.o link 
UNRESOLVED: g++.dg/compat/decimal/pass-2 cp_compat_x_tst.o-cp_compat_y_tst.o execute 
UNRESOLVED: g++.dg/compat/decimal/pass-3 cp_compat_x_tst.o-cp_compat_y_tst.o link 
UNRESOLVED: g++.dg/compat/decimal/pass-3 cp_compat_x_tst.o-cp_compat_y_tst.o execute 
UNRESOLVED: g++.dg/compat/decimal/pass-4 cp_compat_x_tst.o-cp_compat_y_tst.o link 
UNRESOLVED: g++.dg/compat/decimal/pass-4 cp_compat_x_tst.o-cp_compat_y_tst.o execute 
UNRESOLVED: g++.dg/compat/decimal/pass-5 cp_compat_x_tst.o-cp_compat_y_tst.o link 
UNRESOLVED: g++.dg/compat/decimal/pass-5 cp_compat_x_tst.o-cp_compat_y_tst.o execute 
UNRESOLVED: g++.dg/compat/decimal/pass-6 cp_compat_x_tst.o-cp_compat_y_tst.o link 
UNRESOLVED: g++.dg/compat/decimal/pass-6 cp_compat_x_tst.o-cp_compat_y_tst.o execute 
UNRESOLVED: g++.dg/compat/decimal/return-1 cp_compat_x_tst.o-cp_compat_y_tst.o link 
UNRESOLVED: g++.dg/compat/decimal/return-1 cp_compat_x_tst.o-cp_compat_y_tst.o execute 
UNRESOLVED: g++.dg/compat/decimal/return-2 cp_compat_x_tst.o-cp_compat_y_tst.o link 
UNRESOLVED: g++.dg/compat/decimal/return-2 cp_compat_x_tst.o-cp_compat_y_tst.o execute 
UNRESOLVED: g++.dg/compat/decimal/return-3 cp_compat_x_tst.o-cp_compat_y_tst.o link 
UNRESOLVED: g++.dg/compat/decimal/return-3 cp_compat_x_tst.o-cp_compat_y_tst.o execute 
UNRESOLVED: g++.dg/compat/decimal/return-4 cp_compat_x_tst.o-cp_compat_y_tst.o link 
UNRESOLVED: g++.dg/compat/decimal/return-4 cp_compat_x_tst.o-cp_compat_y_tst.o execute 
UNRESOLVED: g++.dg/compat/decimal/return-5 cp_compat_x_tst.o-cp_compat_y_tst.o link 
UNRESOLVED: g++.dg/compat/decimal/return-5 cp_compat_x_tst.o-cp_compat_y_tst.o execute 
UNRESOLVED: g++.dg/compat/decimal/return-6 cp_compat_x_tst.o-cp_compat_y_tst.o link 
UNRESOLVED: g++.dg/compat/decimal/return-6 cp_compat_x_tst.o-cp_compat_y_tst.o execute 
UNRESOLVED: g++.dg/compat/eh/ctor1 cp_compat_x_tst.o-cp_compat_y_tst.o link 
UNRESOLVED: g++.dg/compat/eh/ctor1 cp_compat_x_tst.o-cp_compat_y_tst.o execute 
UNRESOLVED: g++.dg/compat/eh/ctor2 cp_compat_x_tst.o-cp_compat_y_tst.o link 
UNRESOLVED: g++.dg/compat/eh/ctor2 cp_compat_x_tst.o-cp_compat_y_tst.o execute 
UNRESOLVED: g++.dg/compat/eh/dtor1 cp_compat_x_tst.o-cp_compat_y_tst.o link 
UNRESOLVED: g++.dg/compat/eh/dtor1 cp_compat_x_tst.o-cp_compat_y_tst.o execute 
UNRESOLVED: g++.dg/compat/eh/filter1 cp_compat_x_tst.o-cp_compat_y_tst.o link 
UNRESOLVED: g++.dg/compat/eh/filter1 cp_compat_x_tst.o-cp_compat_y_tst.o execute 
UNRESOLVED: g++.dg/compat/eh/filter2 cp_compat_x_tst.o-cp_compat_y_tst.o link 
UNRESOLVED: g++.dg/compat/eh/filter2 cp_compat_x_tst.o-cp_compat_y_tst.o execute 
UNRESOLVED: g++.dg/compat/eh/new1 cp_compat_x_tst.o-cp_compat_y_tst.o link 
UNRESOLVED: g++.dg/compat/eh/new1 cp_compat_x_tst.o-cp_compat_y_tst.o execute 
UNRESOLVED: g++.dg/compat/eh/nrv1 cp_compat_x_tst.o-cp_compat_y_tst.o link 
UNRESOLVED: g++.dg/compat/eh/nrv1 cp_compat_x_tst.o-cp_compat_y_tst.o execute 
UNRESOLVED: g++.dg/compat/eh/spec3 cp_compat_x_tst.o-cp_compat_y_tst.o link 
UNRESOLVED: g++.dg/compat/eh/spec3 cp_compat_x_tst.o-cp_compat_y_tst.o execute 
UNRESOLVED: g++.dg/compat/eh/template1 cp_compat_x_tst.o-cp_compat_y_tst.o link 
UNRESOLVED: g++.dg/compat/eh/template1 cp_compat_x_tst.o-cp_compat_y_tst.o execute 
UNRESOLVED: g++.dg/compat/eh/unexpected1 cp_compat_x_tst.o-cp_compat_y_tst.o link 
UNRESOLVED: g++.dg/compat/eh/unexpected1 cp_compat_x_tst.o-cp_compat_y_tst.o execute 
UNRESOLVED: g++.dg/compat/init/array5 cp_compat_x_tst.o-cp_compat_y_tst.o link 
UNRESOLVED: g++.dg/compat/init/array5 cp_compat_x_tst.o-cp_compat_y_tst.o execute 
UNRESOLVED: g++.dg/compat/init/byval1 cp_compat_x_tst.o-cp_compat_y_tst.o link 
UNRESOLVED: g++.dg/compat/init/byval1 cp_compat_x_tst.o-cp_compat_y_tst.o execute 
UNRESOLVED: g++.dg/compat/init/dtor1 cp_compat_x_tst.o-cp_compat_y_tst.o link 
UNRESOLVED: g++.dg/compat/init/dtor1 cp_compat_x_tst.o-cp_compat_y_tst.o execute 
UNRESOLVED: g++.dg/compat/init/elide1 cp_compat_x_tst.o-cp_compat_y_tst.o link 
UNRESOLVED: g++.dg/compat/init/elide1 cp_compat_x_tst.o-cp_compat_y_tst.o execute 
UNRESOLVED: g++.dg/compat/init/init-ref2 cp_compat_x_tst.o-cp_compat_y_tst.o link 
UNRESOLVED: g++.dg/compat/init/init-ref2 cp_compat_x_tst.o-cp_compat_y_tst.o execute 
UNRESOLVED: tmpdir-g++.dg-struct-layout-1/t001 cp_compat_x_tst.o-cp_compat_y_tst.o link 
UNRESOLVED: tmpdir-g++.dg-struct-layout-1/t001 cp_compat_x_tst.o-cp_compat_y_tst.o execute 
UNRESOLVED: tmpdir-g++.dg-struct-layout-1/t002 cp_compat_x_tst.o-cp_compat_y_tst.o link 
UNRESOLVED: tmpdir-g++.dg-struct-layout-1/t002 cp_compat_x_tst.o-cp_compat_y_tst.o execute 
UNRESOLVED: tmpdir-g++.dg-struct-layout-1/t003 cp_compat_x_tst.o-cp_compat_y_tst.o link 
UNRESOLVED: tmpdir-g++.dg-struct-layout-1/t003 cp_compat_x_tst.o-cp_compat_y_tst.o execute 
UNRESOLVED: tmpdir-g++.dg-struct-layout-1/t004 cp_compat_x_tst.o-cp_compat_y_tst.o link 
UNRESOLVED: tmpdir-g++.dg-struct-layout-1/t004 cp_compat_x_tst.o-cp_compat_y_tst.o execute 
UNRESOLVED: tmpdir-g++.dg-struct-layout-1/t005 cp_compat_x_tst.o-cp_compat_y_tst.o link 
UNRESOLVED: tmpdir-g++.dg-struct-layout-1/t005 cp_compat_x_tst.o-cp_compat_y_tst.o execute 
UNRESOLVED: tmpdir-g++.dg-struct-layout-1/t006 cp_compat_x_tst.o-cp_compat_y_tst.o link 
UNRESOLVED: tmpdir-g++.dg-struct-layout-1/t006 cp_compat_x_tst.o-cp_compat_y_tst.o execute 
UNRESOLVED: tmpdir-g++.dg-struct-layout-1/t007 cp_compat_x_tst.o-cp_compat_y_tst.o link 
UNRESOLVED: tmpdir-g++.dg-struct-layout-1/t007 cp_compat_x_tst.o-cp_compat_y_tst.o execute 
UNRESOLVED: tmpdir-g++.dg-struct-layout-1/t008 cp_compat_x_tst.o-cp_compat_y_tst.o link 
UNRESOLVED: tmpdir-g++.dg-struct-layout-1/t008 cp_compat_x_tst.o-cp_compat_y_tst.o execute 
UNRESOLVED: tmpdir-g++.dg-struct-layout-1/t009 cp_compat_x_tst.o-cp_compat_y_tst.o link 
UNRESOLVED: tmpdir-g++.dg-struct-layout-1/t009 cp_compat_x_tst.o-cp_compat_y_tst.o execute 
UNRESOLVED: tmpdir-g++.dg-struct-layout-1/t010 cp_compat_x_tst.o-cp_compat_y_tst.o link 
UNRESOLVED: tmpdir-g++.dg-struct-layout-1/t010 cp_compat_x_tst.o-cp_compat_y_tst.o execute 
UNRESOLVED: tmpdir-g++.dg-struct-layout-1/t011 cp_compat_x_tst.o-cp_compat_y_tst.o link 
UNRESOLVED: tmpdir-g++.dg-struct-layout-1/t011 cp_compat_x_tst.o-cp_compat_y_tst.o execute 
UNRESOLVED: tmpdir-g++.dg-struct-layout-1/t012 cp_compat_x_tst.o-cp_compat_y_tst.o link 
UNRESOLVED: tmpdir-g++.dg-struct-layout-1/t012 cp_compat_x_tst.o-cp_compat_y_tst.o execute 
UNRESOLVED: tmpdir-g++.dg-struct-layout-1/t013 cp_compat_x_tst.o-cp_compat_y_tst.o link 
UNRESOLVED: tmpdir-g++.dg-struct-layout-1/t013 cp_compat_x_tst.o-cp_compat_y_tst.o execute 
UNRESOLVED: tmpdir-g++.dg-struct-layout-1/t014 cp_compat_x_tst.o-cp_compat_y_tst.o link 
UNRESOLVED: tmpdir-g++.dg-struct-layout-1/t014 cp_compat_x_tst.o-cp_compat_y_tst.o execute 
UNRESOLVED: tmpdir-g++.dg-struct-layout-1/t015 cp_compat_x_tst.o-cp_compat_y_tst.o link 
UNRESOLVED: tmpdir-g++.dg-struct-layout-1/t015 cp_compat_x_tst.o-cp_compat_y_tst.o execute 
UNRESOLVED: tmpdir-g++.dg-struct-layout-1/t016 cp_compat_x_tst.o-cp_compat_y_tst.o link 
UNRESOLVED: tmpdir-g++.dg-struct-layout-1/t016 cp_compat_x_tst.o-cp_compat_y_tst.o execute 
UNRESOLVED: tmpdir-g++.dg-struct-layout-1/t017 cp_compat_x_tst.o-cp_compat_y_tst.o link 
UNRESOLVED: tmpdir-g++.dg-struct-layout-1/t017 cp_compat_x_tst.o-cp_compat_y_tst.o execute 
UNRESOLVED: tmpdir-g++.dg-struct-layout-1/t018 cp_compat_x_tst.o-cp_compat_y_tst.o link 
UNRESOLVED: tmpdir-g++.dg-struct-layout-1/t018 cp_compat_x_tst.o-cp_compat_y_tst.o execute 
UNRESOLVED: tmpdir-g++.dg-struct-layout-1/t019 cp_compat_x_tst.o-cp_compat_y_tst.o link 
UNRESOLVED: tmpdir-g++.dg-struct-layout-1/t019 cp_compat_x_tst.o-cp_compat_y_tst.o execute 
UNRESOLVED: tmpdir-g++.dg-struct-layout-1/t020 cp_compat_x_tst.o-cp_compat_y_tst.o link 
UNRESOLVED: tmpdir-g++.dg-struct-layout-1/t020 cp_compat_x_tst.o-cp_compat_y_tst.o execute 
UNRESOLVED: tmpdir-g++.dg-struct-layout-1/t021 cp_compat_x_tst.o-cp_compat_y_tst.o link 
UNRESOLVED: tmpdir-g++.dg-struct-layout-1/t021 cp_compat_x_tst.o-cp_compat_y_tst.o execute 
UNRESOLVED: tmpdir-g++.dg-struct-layout-1/t022 cp_compat_x_tst.o-cp_compat_y_tst.o link 
UNRESOLVED: tmpdir-g++.dg-struct-layout-1/t022 cp_compat_x_tst.o-cp_compat_y_tst.o execute 
UNRESOLVED: tmpdir-g++.dg-struct-layout-1/t023 cp_compat_x_tst.o-cp_compat_y_tst.o link 
UNRESOLVED: tmpdir-g++.dg-struct-layout-1/t023 cp_compat_x_tst.o-cp_compat_y_tst.o execute 
UNRESOLVED: tmpdir-g++.dg-struct-layout-1/t024 cp_compat_x_tst.o-cp_compat_y_tst.o link 
UNRESOLVED: tmpdir-g++.dg-struct-layout-1/t024 cp_compat_x_tst.o-cp_compat_y_tst.o execute 
UNRESOLVED: tmpdir-g++.dg-struct-layout-1/t025 cp_compat_x_tst.o-cp_compat_y_tst.o link 
UNRESOLVED: tmpdir-g++.dg-struct-layout-1/t025 cp_compat_x_tst.o-cp_compat_y_tst.o execute 
UNRESOLVED: tmpdir-g++.dg-struct-layout-1/t026 cp_compat_x_tst.o-cp_compat_y_tst.o link 
UNRESOLVED: tmpdir-g++.dg-struct-layout-1/t026 cp_compat_x_tst.o-cp_compat_y_tst.o execute 
UNRESOLVED: tmpdir-g++.dg-struct-layout-1/t027 cp_compat_x_tst.o-cp_compat_y_tst.o link 
UNRESOLVED: tmpdir-g++.dg-struct-layout-1/t027 cp_compat_x_tst.o-cp_compat_y_tst.o execute 
UNRESOLVED: tmpdir-g++.dg-struct-layout-1/t028 cp_compat_x_tst.o-cp_compat_y_tst.o link 
UNRESOLVED: tmpdir-g++.dg-struct-layout-1/t028 cp_compat_x_tst.o-cp_compat_y_tst.o execute 
UNRESOLVED: tmpdir-g++.dg-struct-layout-1/t029 cp_compat_x_tst.o-cp_compat_y_tst.o link 
UNRESOLVED: tmpdir-g++.dg-struct-layout-1/t029 cp_compat_x_tst.o-cp_compat_y_tst.o execute 
UNRESOLVED: tmpdir-g++.dg-struct-layout-1/t030 cp_compat_x_tst.o-cp_compat_y_tst.o link 
UNRESOLVED: tmpdir-g++.dg-struct-layout-1/t030 cp_compat_x_tst.o-cp_compat_y_tst.o execute 
FAIL: g++.dg/abi/guard2.C scan-assembler _ZGVZN1A1fEvE1i,comdat
FAIL: g++.dg/guality/redeclaration1.C line 17 i == 24
FAIL: g++.dg/guality/redeclaration1.C line 17 i == 24
FAIL: g++.dg/guality/redeclaration1.C line 17 i == 24
FAIL: g++.dg/guality/redeclaration1.C line 17 i == 24
FAIL: g++.dg/guality/redeclaration1.C line 17 i == 24
FAIL: g++.dg/guality/redeclaration1.C line 17 i == 24
UNRESOLVED: g++.dg/lto/20080709 cp_lto_20080709_0.o-cp_lto_20080709_0.o link -O0 -flto -flto-partition=none 
UNRESOLVED: g++.dg/lto/20080709 cp_lto_20080709_0.o-cp_lto_20080709_0.o execute -O0 -flto -flto-partition=none 
UNRESOLVED: g++.dg/lto/20080709 cp_lto_20080709_0.o-cp_lto_20080709_0.o link -O2 -flto -flto-partition=none 
UNRESOLVED: g++.dg/lto/20080709 cp_lto_20080709_0.o-cp_lto_20080709_0.o execute -O2 -flto -flto-partition=none 
UNRESOLVED: g++.dg/lto/20080709 cp_lto_20080709_0.o-cp_lto_20080709_0.o link -O0 -flto -flto-partition=1to1 
UNRESOLVED: g++.dg/lto/20080709 cp_lto_20080709_0.o-cp_lto_20080709_0.o execute -O0 -flto -flto-partition=1to1 
UNRESOLVED: g++.dg/lto/20080709 cp_lto_20080709_0.o-cp_lto_20080709_0.o link -O2 -flto -flto-partition=1to1 
UNRESOLVED: g++.dg/lto/20080709 cp_lto_20080709_0.o-cp_lto_20080709_0.o execute -O2 -flto -flto-partition=1to1 
UNRESOLVED: g++.dg/lto/20080709 cp_lto_20080709_0.o-cp_lto_20080709_0.o link -O0 -flto
UNRESOLVED: g++.dg/lto/20080709 cp_lto_20080709_0.o-cp_lto_20080709_0.o execute -O0 -flto
UNRESOLVED: g++.dg/lto/20080709 cp_lto_20080709_0.o-cp_lto_20080709_0.o link -O2 -flto
UNRESOLVED: g++.dg/lto/20080709 cp_lto_20080709_0.o-cp_lto_20080709_0.o execute -O2 -flto
UNRESOLVED: g++.dg/lto/20080904 cp_lto_20080904_0.o-cp_lto_20080904_0.o link -O0 -flto -flto-partition=none 
UNRESOLVED: g++.dg/lto/20080904 cp_lto_20080904_0.o-cp_lto_20080904_0.o execute -O0 -flto -flto-partition=none 
UNRESOLVED: g++.dg/lto/20080904 cp_lto_20080904_0.o-cp_lto_20080904_0.o link -O2 -flto -flto-partition=none 
UNRESOLVED: g++.dg/lto/20080904 cp_lto_20080904_0.o-cp_lto_20080904_0.o execute -O2 -flto -flto-partition=none 
UNRESOLVED: g++.dg/lto/20080904 cp_lto_20080904_0.o-cp_lto_20080904_0.o link -O0 -flto -flto-partition=1to1 
UNRESOLVED: g++.dg/lto/20080904 cp_lto_20080904_0.o-cp_lto_20080904_0.o execute -O0 -flto -flto-partition=1to1 
UNRESOLVED: g++.dg/lto/20080904 cp_lto_20080904_0.o-cp_lto_20080904_0.o link -O2 -flto -flto-partition=1to1 
UNRESOLVED: g++.dg/lto/20080904 cp_lto_20080904_0.o-cp_lto_20080904_0.o execute -O2 -flto -flto-partition=1to1 
UNRESOLVED: g++.dg/lto/20080904 cp_lto_20080904_0.o-cp_lto_20080904_0.o link -O0 -flto
UNRESOLVED: g++.dg/lto/20080904 cp_lto_20080904_0.o-cp_lto_20080904_0.o execute -O0 -flto
UNRESOLVED: g++.dg/lto/20080904 cp_lto_20080904_0.o-cp_lto_20080904_0.o link -O2 -flto
UNRESOLVED: g++.dg/lto/20080904 cp_lto_20080904_0.o-cp_lto_20080904_0.o execute -O2 -flto
UNRESOLVED: g++.dg/lto/20080908-1 cp_lto_20080908-1_0.o-cp_lto_20080908-1_0.o link -O0 -flto -flto-partition=none 
UNRESOLVED: g++.dg/lto/20080908-1 cp_lto_20080908-1_0.o-cp_lto_20080908-1_0.o execute -O0 -flto -flto-partition=none 
UNRESOLVED: g++.dg/lto/20080908-1 cp_lto_20080908-1_0.o-cp_lto_20080908-1_0.o link -O2 -flto -flto-partition=none 
UNRESOLVED: g++.dg/lto/20080908-1 cp_lto_20080908-1_0.o-cp_lto_20080908-1_0.o execute -O2 -flto -flto-partition=none 
UNRESOLVED: g++.dg/lto/20080908-1 cp_lto_20080908-1_0.o-cp_lto_20080908-1_0.o link -O0 -flto -flto-partition=1to1 
UNRESOLVED: g++.dg/lto/20080908-1 cp_lto_20080908-1_0.o-cp_lto_20080908-1_0.o execute -O0 -flto -flto-partition=1to1 
UNRESOLVED: g++.dg/lto/20080908-1 cp_lto_20080908-1_0.o-cp_lto_20080908-1_0.o link -O2 -flto -flto-partition=1to1 
UNRESOLVED: g++.dg/lto/20080908-1 cp_lto_20080908-1_0.o-cp_lto_20080908-1_0.o execute -O2 -flto -flto-partition=1to1 
UNRESOLVED: g++.dg/lto/20080908-1 cp_lto_20080908-1_0.o-cp_lto_20080908-1_0.o link -O0 -flto
UNRESOLVED: g++.dg/lto/20080908-1 cp_lto_20080908-1_0.o-cp_lto_20080908-1_0.o execute -O0 -flto
UNRESOLVED: g++.dg/lto/20080908-1 cp_lto_20080908-1_0.o-cp_lto_20080908-1_0.o link -O2 -flto
UNRESOLVED: g++.dg/lto/20080908-1 cp_lto_20080908-1_0.o-cp_lto_20080908-1_0.o execute -O2 -flto
UNRESOLVED: g++.dg/lto/20080908-3 cp_lto_20080908-3_0.o-cp_lto_20080908-3_0.o link -O0 -flto -flto-partition=none 
UNRESOLVED: g++.dg/lto/20080908-3 cp_lto_20080908-3_0.o-cp_lto_20080908-3_0.o execute -O0 -flto -flto-partition=none 
UNRESOLVED: g++.dg/lto/20080908-3 cp_lto_20080908-3_0.o-cp_lto_20080908-3_0.o link -O2 -flto -flto-partition=none 
UNRESOLVED: g++.dg/lto/20080908-3 cp_lto_20080908-3_0.o-cp_lto_20080908-3_0.o execute -O2 -flto -flto-partition=none 
UNRESOLVED: g++.dg/lto/20080908-3 cp_lto_20080908-3_0.o-cp_lto_20080908-3_0.o link -O0 -flto -flto-partition=1to1 
UNRESOLVED: g++.dg/lto/20080908-3 cp_lto_20080908-3_0.o-cp_lto_20080908-3_0.o execute -O0 -flto -flto-partition=1to1 
UNRESOLVED: g++.dg/lto/20080908-3 cp_lto_20080908-3_0.o-cp_lto_20080908-3_0.o link -O2 -flto -flto-partition=1to1 
UNRESOLVED: g++.dg/lto/20080908-3 cp_lto_20080908-3_0.o-cp_lto_20080908-3_0.o execute -O2 -flto -flto-partition=1to1 
UNRESOLVED: g++.dg/lto/20080908-3 cp_lto_20080908-3_0.o-cp_lto_20080908-3_0.o link -O0 -flto
UNRESOLVED: g++.dg/lto/20080908-3 cp_lto_20080908-3_0.o-cp_lto_20080908-3_0.o execute -O0 -flto
UNRESOLVED: g++.dg/lto/20080908-3 cp_lto_20080908-3_0.o-cp_lto_20080908-3_0.o link -O2 -flto
UNRESOLVED: g++.dg/lto/20080908-3 cp_lto_20080908-3_0.o-cp_lto_20080908-3_0.o execute -O2 -flto
UNRESOLVED: g++.dg/lto/20081022 cp_lto_20081022_0.o-cp_lto_20081022_1.o link -O0 -flto -flto-partition=none 
UNRESOLVED: g++.dg/lto/20081022 cp_lto_20081022_0.o-cp_lto_20081022_1.o execute -O0 -flto -flto-partition=none 
UNRESOLVED: g++.dg/lto/20081022 cp_lto_20081022_0.o-cp_lto_20081022_1.o link -O2 -flto -flto-partition=none 
UNRESOLVED: g++.dg/lto/20081022 cp_lto_20081022_0.o-cp_lto_20081022_1.o execute -O2 -flto -flto-partition=none 
UNRESOLVED: g++.dg/lto/20081022 cp_lto_20081022_0.o-cp_lto_20081022_1.o link -O0 -flto -flto-partition=1to1 
UNRESOLVED: g++.dg/lto/20081022 cp_lto_20081022_0.o-cp_lto_20081022_1.o execute -O0 -flto -flto-partition=1to1 
UNRESOLVED: g++.dg/lto/20081022 cp_lto_20081022_0.o-cp_lto_20081022_1.o link -O2 -flto -flto-partition=1to1 
UNRESOLVED: g++.dg/lto/20081022 cp_lto_20081022_0.o-cp_lto_20081022_1.o execute -O2 -flto -flto-partition=1to1 
UNRESOLVED: g++.dg/lto/20081022 cp_lto_20081022_0.o-cp_lto_20081022_1.o link -O0 -flto
UNRESOLVED: g++.dg/lto/20081022 cp_lto_20081022_0.o-cp_lto_20081022_1.o execute -O0 -flto
UNRESOLVED: g++.dg/lto/20081022 cp_lto_20081022_0.o-cp_lto_20081022_1.o link -O2 -flto
UNRESOLVED: g++.dg/lto/20081022 cp_lto_20081022_0.o-cp_lto_20081022_1.o execute -O2 -flto
UNRESOLVED: g++.dg/lto/20081023 cp_lto_20081023_0.o-cp_lto_20081023_0.o link -O0 -flto -flto-partition=none 
UNRESOLVED: g++.dg/lto/20081023 cp_lto_20081023_0.o-cp_lto_20081023_0.o execute -O0 -flto -flto-partition=none 
UNRESOLVED: g++.dg/lto/20081023 cp_lto_20081023_0.o-cp_lto_20081023_0.o link -O2 -flto -flto-partition=none 
UNRESOLVED: g++.dg/lto/20081023 cp_lto_20081023_0.o-cp_lto_20081023_0.o execute -O2 -flto -flto-partition=none 
UNRESOLVED: g++.dg/lto/20081023 cp_lto_20081023_0.o-cp_lto_20081023_0.o link -O0 -flto -flto-partition=1to1 
UNRESOLVED: g++.dg/lto/20081023 cp_lto_20081023_0.o-cp_lto_20081023_0.o execute -O0 -flto -flto-partition=1to1 
UNRESOLVED: g++.dg/lto/20081023 cp_lto_20081023_0.o-cp_lto_20081023_0.o link -O2 -flto -flto-partition=1to1 
UNRESOLVED: g++.dg/lto/20081023 cp_lto_20081023_0.o-cp_lto_20081023_0.o execute -O2 -flto -flto-partition=1to1 
UNRESOLVED: g++.dg/lto/20081023 cp_lto_20081023_0.o-cp_lto_20081023_0.o link -O0 -flto
UNRESOLVED: g++.dg/lto/20081023 cp_lto_20081023_0.o-cp_lto_20081023_0.o execute -O0 -flto
UNRESOLVED: g++.dg/lto/20081023 cp_lto_20081023_0.o-cp_lto_20081023_0.o link -O2 -flto
UNRESOLVED: g++.dg/lto/20081023 cp_lto_20081023_0.o-cp_lto_20081023_0.o execute -O2 -flto
UNRESOLVED: g++.dg/lto/20081109-1 cp_lto_20081109-1_0.o-cp_lto_20081109-1_0.o link -fPIC -flto -flto-partition=1to1
UNRESOLVED: g++.dg/lto/20081109-1 cp_lto_20081109-1_0.o-cp_lto_20081109-1_0.o execute -fPIC -flto -flto-partition=1to1
UNRESOLVED: g++.dg/lto/20081109 cp_lto_20081109_0.o-cp_lto_20081109_1.o link -O0 -flto -flto-partition=none 
UNRESOLVED: g++.dg/lto/20081109 cp_lto_20081109_0.o-cp_lto_20081109_1.o execute -O0 -flto -flto-partition=none 
UNRESOLVED: g++.dg/lto/20081109 cp_lto_20081109_0.o-cp_lto_20081109_1.o link -O2 -flto -flto-partition=none 
UNRESOLVED: g++.dg/lto/20081109 cp_lto_20081109_0.o-cp_lto_20081109_1.o execute -O2 -flto -flto-partition=none 
UNRESOLVED: g++.dg/lto/20081109 cp_lto_20081109_0.o-cp_lto_20081109_1.o link -O0 -flto -flto-partition=1to1 
UNRESOLVED: g++.dg/lto/20081109 cp_lto_20081109_0.o-cp_lto_20081109_1.o execute -O0 -flto -flto-partition=1to1 
UNRESOLVED: g++.dg/lto/20081109 cp_lto_20081109_0.o-cp_lto_20081109_1.o link -O2 -flto -flto-partition=1to1 
UNRESOLVED: g++.dg/lto/20081109 cp_lto_20081109_0.o-cp_lto_20081109_1.o execute -O2 -flto -flto-partition=1to1 
UNRESOLVED: g++.dg/lto/20081109 cp_lto_20081109_0.o-cp_lto_20081109_1.o link -O0 -flto
UNRESOLVED: g++.dg/lto/20081109 cp_lto_20081109_0.o-cp_lto_20081109_1.o execute -O0 -flto
UNRESOLVED: g++.dg/lto/20081109 cp_lto_20081109_0.o-cp_lto_20081109_1.o link -O2 -flto
UNRESOLVED: g++.dg/lto/20081109 cp_lto_20081109_0.o-cp_lto_20081109_1.o execute -O2 -flto
UNRESOLVED: g++.dg/lto/20081118-1 cp_lto_20081118-1_0.o-cp_lto_20081118-1_1.o link -O0 -flto -flto-partition=none 
UNRESOLVED: g++.dg/lto/20081118-1 cp_lto_20081118-1_0.o-cp_lto_20081118-1_1.o execute -O0 -flto -flto-partition=none 
UNRESOLVED: g++.dg/lto/20081118-1 cp_lto_20081118-1_0.o-cp_lto_20081118-1_1.o link -O2 -flto -flto-partition=none 
UNRESOLVED: g++.dg/lto/20081118-1 cp_lto_20081118-1_0.o-cp_lto_20081118-1_1.o execute -O2 -flto -flto-partition=none 
UNRESOLVED: g++.dg/lto/20081118-1 cp_lto_20081118-1_0.o-cp_lto_20081118-1_1.o link -O0 -flto -flto-partition=1to1 
UNRESOLVED: g++.dg/lto/20081118-1 cp_lto_20081118-1_0.o-cp_lto_20081118-1_1.o execute -O0 -flto -flto-partition=1to1 
UNRESOLVED: g++.dg/lto/20081118-1 cp_lto_20081118-1_0.o-cp_lto_20081118-1_1.o link -O2 -flto -flto-partition=1to1 
UNRESOLVED: g++.dg/lto/20081118-1 cp_lto_20081118-1_0.o-cp_lto_20081118-1_1.o execute -O2 -flto -flto-partition=1to1 
UNRESOLVED: g++.dg/lto/20081118-1 cp_lto_20081118-1_0.o-cp_lto_20081118-1_1.o link -O0 -flto
UNRESOLVED: g++.dg/lto/20081118-1 cp_lto_20081118-1_0.o-cp_lto_20081118-1_1.o execute -O0 -flto
UNRESOLVED: g++.dg/lto/20081118-1 cp_lto_20081118-1_0.o-cp_lto_20081118-1_1.o link -O2 -flto
UNRESOLVED: g++.dg/lto/20081118-1 cp_lto_20081118-1_0.o-cp_lto_20081118-1_1.o execute -O2 -flto
UNRESOLVED: g++.dg/lto/20081118 cp_lto_20081118_0.o-cp_lto_20081118_1.o link -fPIC -flto -flto-partition=1to1 -r -nostdlib
UNRESOLVED: g++.dg/lto/20081118 cp_lto_20081118_0.o-cp_lto_20081118_1.o execute -fPIC -flto -flto-partition=1to1 -r -nostdlib
UNRESOLVED: g++.dg/lto/20081119-1 cp_lto_20081119-1_0.o-cp_lto_20081119-1_1.o link -fPIC -flto -flto-partition=1to1 -r -nostdlib
UNRESOLVED: g++.dg/lto/20081119-1 cp_lto_20081119-1_0.o-cp_lto_20081119-1_1.o execute -fPIC -flto -flto-partition=1to1 -r -nostdlib
UNRESOLVED: g++.dg/lto/20081119 cp_lto_20081119_0.o-cp_lto_20081119_1.o link -O0 -flto -flto-partition=none 
UNRESOLVED: g++.dg/lto/20081119 cp_lto_20081119_0.o-cp_lto_20081119_1.o execute -O0 -flto -flto-partition=none 
UNRESOLVED: g++.dg/lto/20081119 cp_lto_20081119_0.o-cp_lto_20081119_1.o link -O2 -flto -flto-partition=none 
UNRESOLVED: g++.dg/lto/20081119 cp_lto_20081119_0.o-cp_lto_20081119_1.o execute -O2 -flto -flto-partition=none 
UNRESOLVED: g++.dg/lto/20081119 cp_lto_20081119_0.o-cp_lto_20081119_1.o link -O0 -flto -flto-partition=1to1 
UNRESOLVED: g++.dg/lto/20081119 cp_lto_20081119_0.o-cp_lto_20081119_1.o execute -O0 -flto -flto-partition=1to1 
UNRESOLVED: g++.dg/lto/20081119 cp_lto_20081119_0.o-cp_lto_20081119_1.o link -O2 -flto -flto-partition=1to1 
UNRESOLVED: g++.dg/lto/20081119 cp_lto_20081119_0.o-cp_lto_20081119_1.o execute -O2 -flto -flto-partition=1to1 
UNRESOLVED: g++.dg/lto/20081119 cp_lto_20081119_0.o-cp_lto_20081119_1.o link -O0 -flto
UNRESOLVED: g++.dg/lto/20081119 cp_lto_20081119_0.o-cp_lto_20081119_1.o execute -O0 -flto
UNRESOLVED: g++.dg/lto/20081119 cp_lto_20081119_0.o-cp_lto_20081119_1.o link -O2 -flto
UNRESOLVED: g++.dg/lto/20081119 cp_lto_20081119_0.o-cp_lto_20081119_1.o execute -O2 -flto
UNRESOLVED: g++.dg/lto/20081120-1 cp_lto_20081120-1_0.o-cp_lto_20081120-1_1.o link -flto -r -nostdlib
UNRESOLVED: g++.dg/lto/20081120-1 cp_lto_20081120-1_0.o-cp_lto_20081120-1_1.o execute -flto -r -nostdlib
UNRESOLVED: g++.dg/lto/20081120-2 cp_lto_20081120-2_0.o-cp_lto_20081120-2_1.o link -flto -r -nostdlib
UNRESOLVED: g++.dg/lto/20081120-2 cp_lto_20081120-2_0.o-cp_lto_20081120-2_1.o execute -flto -r -nostdlib
UNRESOLVED: g++.dg/lto/20081123 cp_lto_20081123_0.o-cp_lto_20081123_1.o link -flto -flto-partition=1to1 -r -nostdlib -fPIC
UNRESOLVED: g++.dg/lto/20081123 cp_lto_20081123_0.o-cp_lto_20081123_1.o execute -flto -flto-partition=1to1 -r -nostdlib -fPIC
UNRESOLVED: g++.dg/lto/20081125 cp_lto_20081125_0.o-cp_lto_20081125_1.o link -flto -flto-partition=1to1
UNRESOLVED: g++.dg/lto/20081125 cp_lto_20081125_0.o-cp_lto_20081125_1.o execute -flto -flto-partition=1to1
UNRESOLVED: g++.dg/lto/20081127 cp_lto_20081127_0.o-cp_lto_20081127_1.o link -O0 -flto -flto-partition=none 
UNRESOLVED: g++.dg/lto/20081127 cp_lto_20081127_0.o-cp_lto_20081127_1.o execute -O0 -flto -flto-partition=none 
UNRESOLVED: g++.dg/lto/20081127 cp_lto_20081127_0.o-cp_lto_20081127_1.o link -O2 -flto -flto-partition=none 
UNRESOLVED: g++.dg/lto/20081127 cp_lto_20081127_0.o-cp_lto_20081127_1.o execute -O2 -flto -flto-partition=none 
UNRESOLVED: g++.dg/lto/20081127 cp_lto_20081127_0.o-cp_lto_20081127_1.o link -O0 -flto -flto-partition=1to1 
UNRESOLVED: g++.dg/lto/20081127 cp_lto_20081127_0.o-cp_lto_20081127_1.o execute -O0 -flto -flto-partition=1to1 
UNRESOLVED: g++.dg/lto/20081127 cp_lto_20081127_0.o-cp_lto_20081127_1.o link -O2 -flto -flto-partition=1to1 
UNRESOLVED: g++.dg/lto/20081127 cp_lto_20081127_0.o-cp_lto_20081127_1.o execute -O2 -flto -flto-partition=1to1 
UNRESOLVED: g++.dg/lto/20081127 cp_lto_20081127_0.o-cp_lto_20081127_1.o link -O0 -flto
UNRESOLVED: g++.dg/lto/20081127 cp_lto_20081127_0.o-cp_lto_20081127_1.o execute -O0 -flto
UNRESOLVED: g++.dg/lto/20081127 cp_lto_20081127_0.o-cp_lto_20081127_1.o link -O2 -flto
UNRESOLVED: g++.dg/lto/20081127 cp_lto_20081127_0.o-cp_lto_20081127_1.o execute -O2 -flto
UNRESOLVED: g++.dg/lto/20081203 cp_lto_20081203_0.o-cp_lto_20081203_1.o link -O0 -flto -flto-partition=none 
UNRESOLVED: g++.dg/lto/20081203 cp_lto_20081203_0.o-cp_lto_20081203_1.o execute -O0 -flto -flto-partition=none 
UNRESOLVED: g++.dg/lto/20081203 cp_lto_20081203_0.o-cp_lto_20081203_1.o link -O2 -flto -flto-partition=none 
UNRESOLVED: g++.dg/lto/20081203 cp_lto_20081203_0.o-cp_lto_20081203_1.o execute -O2 -flto -flto-partition=none 
UNRESOLVED: g++.dg/lto/20081203 cp_lto_20081203_0.o-cp_lto_20081203_1.o link -O0 -flto -flto-partition=1to1 
UNRESOLVED: g++.dg/lto/20081203 cp_lto_20081203_0.o-cp_lto_20081203_1.o execute -O0 -flto -flto-partition=1to1 
UNRESOLVED: g++.dg/lto/20081203 cp_lto_20081203_0.o-cp_lto_20081203_1.o link -O2 -flto -flto-partition=1to1 
UNRESOLVED: g++.dg/lto/20081203 cp_lto_20081203_0.o-cp_lto_20081203_1.o execute -O2 -flto -flto-partition=1to1 
UNRESOLVED: g++.dg/lto/20081203 cp_lto_20081203_0.o-cp_lto_20081203_1.o link -O0 -flto
UNRESOLVED: g++.dg/lto/20081203 cp_lto_20081203_0.o-cp_lto_20081203_1.o execute -O0 -flto
UNRESOLVED: g++.dg/lto/20081203 cp_lto_20081203_0.o-cp_lto_20081203_1.o link -O2 -flto
UNRESOLVED: g++.dg/lto/20081203 cp_lto_20081203_0.o-cp_lto_20081203_1.o execute -O2 -flto
UNRESOLVED: g++.dg/lto/20081204-1 cp_lto_20081204-1_0.o-cp_lto_20081204-1_1.o link -flto -flto-partition=1to1 -fPIC -r -nostdlib
UNRESOLVED: g++.dg/lto/20081204-1 cp_lto_20081204-1_0.o-cp_lto_20081204-1_1.o execute -flto -flto-partition=1to1 -fPIC -r -nostdlib
UNRESOLVED: g++.dg/lto/20081204-2 cp_lto_20081204-2_0.o-cp_lto_20081204-2_1.o link -flto -flto-partition=1to1 -O3
UNRESOLVED: g++.dg/lto/20081204-2 cp_lto_20081204-2_0.o-cp_lto_20081204-2_1.o execute -flto -flto-partition=1to1 -O3
UNRESOLVED: g++.dg/lto/20081209 cp_lto_20081209_0.o-cp_lto_20081209_1.o link -O0 -flto -flto-partition=none 
UNRESOLVED: g++.dg/lto/20081209 cp_lto_20081209_0.o-cp_lto_20081209_1.o execute -O0 -flto -flto-partition=none 
UNRESOLVED: g++.dg/lto/20081209 cp_lto_20081209_0.o-cp_lto_20081209_1.o link -O2 -flto -flto-partition=none 
UNRESOLVED: g++.dg/lto/20081209 cp_lto_20081209_0.o-cp_lto_20081209_1.o execute -O2 -flto -flto-partition=none 
UNRESOLVED: g++.dg/lto/20081209 cp_lto_20081209_0.o-cp_lto_20081209_1.o link -O0 -flto -flto-partition=1to1 
UNRESOLVED: g++.dg/lto/20081209 cp_lto_20081209_0.o-cp_lto_20081209_1.o execute -O0 -flto -flto-partition=1to1 
UNRESOLVED: g++.dg/lto/20081209 cp_lto_20081209_0.o-cp_lto_20081209_1.o link -O2 -flto -flto-partition=1to1 
UNRESOLVED: g++.dg/lto/20081209 cp_lto_20081209_0.o-cp_lto_20081209_1.o execute -O2 -flto -flto-partition=1to1 
UNRESOLVED: g++.dg/lto/20081209 cp_lto_20081209_0.o-cp_lto_20081209_1.o link -O0 -flto
UNRESOLVED: g++.dg/lto/20081209 cp_lto_20081209_0.o-cp_lto_20081209_1.o execute -O0 -flto
UNRESOLVED: g++.dg/lto/20081209 cp_lto_20081209_0.o-cp_lto_20081209_1.o link -O2 -flto
UNRESOLVED: g++.dg/lto/20081209 cp_lto_20081209_0.o-cp_lto_20081209_1.o execute -O2 -flto
UNRESOLVED: g++.dg/lto/20081211-1 cp_lto_20081211-1_0.o-cp_lto_20081211-1_1.o link -O0 -flto -flto-partition=none 
UNRESOLVED: g++.dg/lto/20081211-1 cp_lto_20081211-1_0.o-cp_lto_20081211-1_1.o execute -O0 -flto -flto-partition=none 
UNRESOLVED: g++.dg/lto/20081211-1 cp_lto_20081211-1_0.o-cp_lto_20081211-1_1.o link -O2 -flto -flto-partition=none 
UNRESOLVED: g++.dg/lto/20081211-1 cp_lto_20081211-1_0.o-cp_lto_20081211-1_1.o execute -O2 -flto -flto-partition=none 
UNRESOLVED: g++.dg/lto/20081211-1 cp_lto_20081211-1_0.o-cp_lto_20081211-1_1.o link -O0 -flto -flto-partition=1to1 
UNRESOLVED: g++.dg/lto/20081211-1 cp_lto_20081211-1_0.o-cp_lto_20081211-1_1.o execute -O0 -flto -flto-partition=1to1 
UNRESOLVED: g++.dg/lto/20081211-1 cp_lto_20081211-1_0.o-cp_lto_20081211-1_1.o link -O2 -flto -flto-partition=1to1 
UNRESOLVED: g++.dg/lto/20081211-1 cp_lto_20081211-1_0.o-cp_lto_20081211-1_1.o execute -O2 -flto -flto-partition=1to1 
UNRESOLVED: g++.dg/lto/20081211-1 cp_lto_20081211-1_0.o-cp_lto_20081211-1_1.o link -O0 -flto
UNRESOLVED: g++.dg/lto/20081211-1 cp_lto_20081211-1_0.o-cp_lto_20081211-1_1.o execute -O0 -flto
UNRESOLVED: g++.dg/lto/20081211-1 cp_lto_20081211-1_0.o-cp_lto_20081211-1_1.o link -O2 -flto
UNRESOLVED: g++.dg/lto/20081211-1 cp_lto_20081211-1_0.o-cp_lto_20081211-1_1.o execute -O2 -flto
UNRESOLVED: g++.dg/lto/20081217-1 cp_lto_20081217-1_0.o-cp_lto_20081217-1_0.o link -O0 -flto -flto-partition=none 
UNRESOLVED: g++.dg/lto/20081217-1 cp_lto_20081217-1_0.o-cp_lto_20081217-1_0.o execute -O0 -flto -flto-partition=none 
UNRESOLVED: g++.dg/lto/20081217-1 cp_lto_20081217-1_0.o-cp_lto_20081217-1_0.o link -O2 -flto -flto-partition=none 
UNRESOLVED: g++.dg/lto/20081217-1 cp_lto_20081217-1_0.o-cp_lto_20081217-1_0.o execute -O2 -flto -flto-partition=none 
UNRESOLVED: g++.dg/lto/20081217-1 cp_lto_20081217-1_0.o-cp_lto_20081217-1_0.o link -O0 -flto -flto-partition=1to1 
UNRESOLVED: g++.dg/lto/20081217-1 cp_lto_20081217-1_0.o-cp_lto_20081217-1_0.o execute -O0 -flto -flto-partition=1to1 
UNRESOLVED: g++.dg/lto/20081217-1 cp_lto_20081217-1_0.o-cp_lto_20081217-1_0.o link -O2 -flto -flto-partition=1to1 
UNRESOLVED: g++.dg/lto/20081217-1 cp_lto_20081217-1_0.o-cp_lto_20081217-1_0.o execute -O2 -flto -flto-partition=1to1 
UNRESOLVED: g++.dg/lto/20081217-1 cp_lto_20081217-1_0.o-cp_lto_20081217-1_0.o link -O0 -flto
UNRESOLVED: g++.dg/lto/20081217-1 cp_lto_20081217-1_0.o-cp_lto_20081217-1_0.o execute -O0 -flto
UNRESOLVED: g++.dg/lto/20081217-1 cp_lto_20081217-1_0.o-cp_lto_20081217-1_0.o link -O2 -flto
UNRESOLVED: g++.dg/lto/20081217-1 cp_lto_20081217-1_0.o-cp_lto_20081217-1_0.o execute -O2 -flto
UNRESOLVED: g++.dg/lto/20081217-2 cp_lto_20081217-2_0.o-cp_lto_20081217-2_0.o link -O0 -flto -flto-partition=none 
UNRESOLVED: g++.dg/lto/20081217-2 cp_lto_20081217-2_0.o-cp_lto_20081217-2_0.o execute -O0 -flto -flto-partition=none 
UNRESOLVED: g++.dg/lto/20081217-2 cp_lto_20081217-2_0.o-cp_lto_20081217-2_0.o link -O2 -flto -flto-partition=none 
UNRESOLVED: g++.dg/lto/20081217-2 cp_lto_20081217-2_0.o-cp_lto_20081217-2_0.o execute -O2 -flto -flto-partition=none 
UNRESOLVED: g++.dg/lto/20081217-2 cp_lto_20081217-2_0.o-cp_lto_20081217-2_0.o link -O0 -flto -flto-partition=1to1 
UNRESOLVED: g++.dg/lto/20081217-2 cp_lto_20081217-2_0.o-cp_lto_20081217-2_0.o execute -O0 -flto -flto-partition=1to1 
UNRESOLVED: g++.dg/lto/20081217-2 cp_lto_20081217-2_0.o-cp_lto_20081217-2_0.o link -O2 -flto -flto-partition=1to1 
UNRESOLVED: g++.dg/lto/20081217-2 cp_lto_20081217-2_0.o-cp_lto_20081217-2_0.o execute -O2 -flto -flto-partition=1to1 
UNRESOLVED: g++.dg/lto/20081217-2 cp_lto_20081217-2_0.o-cp_lto_20081217-2_0.o link -O0 -flto
UNRESOLVED: g++.dg/lto/20081217-2 cp_lto_20081217-2_0.o-cp_lto_20081217-2_0.o execute -O0 -flto
UNRESOLVED: g++.dg/lto/20081217-2 cp_lto_20081217-2_0.o-cp_lto_20081217-2_0.o link -O2 -flto
UNRESOLVED: g++.dg/lto/20081217-2 cp_lto_20081217-2_0.o-cp_lto_20081217-2_0.o execute -O2 -flto
UNRESOLVED: g++.dg/lto/20081219 cp_lto_20081219_0.o-cp_lto_20081219_1.o link -fPIC -flto -flto-partition=1to1 -O2
UNRESOLVED: g++.dg/lto/20081219 cp_lto_20081219_0.o-cp_lto_20081219_1.o execute -fPIC -flto -flto-partition=1to1 -O2
UNRESOLVED: g++.dg/lto/20090106 cp_lto_20090106_0.o-cp_lto_20090106_0.o link -O0 -flto -flto-partition=none 
UNRESOLVED: g++.dg/lto/20090106 cp_lto_20090106_0.o-cp_lto_20090106_0.o execute -O0 -flto -flto-partition=none 
UNRESOLVED: g++.dg/lto/20090106 cp_lto_20090106_0.o-cp_lto_20090106_0.o link -O2 -flto -flto-partition=none 
UNRESOLVED: g++.dg/lto/20090106 cp_lto_20090106_0.o-cp_lto_20090106_0.o execute -O2 -flto -flto-partition=none 
UNRESOLVED: g++.dg/lto/20090106 cp_lto_20090106_0.o-cp_lto_20090106_0.o link -O0 -flto -flto-partition=1to1 
UNRESOLVED: g++.dg/lto/20090106 cp_lto_20090106_0.o-cp_lto_20090106_0.o execute -O0 -flto -flto-partition=1to1 
UNRESOLVED: g++.dg/lto/20090106 cp_lto_20090106_0.o-cp_lto_20090106_0.o link -O2 -flto -flto-partition=1to1 
UNRESOLVED: g++.dg/lto/20090106 cp_lto_20090106_0.o-cp_lto_20090106_0.o execute -O2 -flto -flto-partition=1to1 
UNRESOLVED: g++.dg/lto/20090106 cp_lto_20090106_0.o-cp_lto_20090106_0.o link -O0 -flto
UNRESOLVED: g++.dg/lto/20090106 cp_lto_20090106_0.o-cp_lto_20090106_0.o execute -O0 -flto
UNRESOLVED: g++.dg/lto/20090106 cp_lto_20090106_0.o-cp_lto_20090106_0.o link -O2 -flto
UNRESOLVED: g++.dg/lto/20090106 cp_lto_20090106_0.o-cp_lto_20090106_0.o execute -O2 -flto
UNRESOLVED: g++.dg/lto/20090112 cp_lto_20090112_0.o-cp_lto_20090112_0.o link -O0 -flto -flto-partition=none 
UNRESOLVED: g++.dg/lto/20090112 cp_lto_20090112_0.o-cp_lto_20090112_0.o execute -O0 -flto -flto-partition=none 
UNRESOLVED: g++.dg/lto/20090112 cp_lto_20090112_0.o-cp_lto_20090112_0.o link -O2 -flto -flto-partition=none 
UNRESOLVED: g++.dg/lto/20090112 cp_lto_20090112_0.o-cp_lto_20090112_0.o execute -O2 -flto -flto-partition=none 
UNRESOLVED: g++.dg/lto/20090112 cp_lto_20090112_0.o-cp_lto_20090112_0.o link -O0 -flto -flto-partition=1to1 
UNRESOLVED: g++.dg/lto/20090112 cp_lto_20090112_0.o-cp_lto_20090112_0.o execute -O0 -flto -flto-partition=1to1 
UNRESOLVED: g++.dg/lto/20090112 cp_lto_20090112_0.o-cp_lto_20090112_0.o link -O2 -flto -flto-partition=1to1 
UNRESOLVED: g++.dg/lto/20090112 cp_lto_20090112_0.o-cp_lto_20090112_0.o execute -O2 -flto -flto-partition=1to1 
UNRESOLVED: g++.dg/lto/20090112 cp_lto_20090112_0.o-cp_lto_20090112_0.o link -O0 -flto
UNRESOLVED: g++.dg/lto/20090112 cp_lto_20090112_0.o-cp_lto_20090112_0.o execute -O0 -flto
UNRESOLVED: g++.dg/lto/20090112 cp_lto_20090112_0.o-cp_lto_20090112_0.o link -O2 -flto
UNRESOLVED: g++.dg/lto/20090112 cp_lto_20090112_0.o-cp_lto_20090112_0.o execute -O2 -flto
UNRESOLVED: g++.dg/lto/20090302 cp_lto_20090302_0.o-cp_lto_20090302_1.o link -fPIC -flto -flto-partition=1to1 -r -nostdlib
UNRESOLVED: g++.dg/lto/20090302 cp_lto_20090302_0.o-cp_lto_20090302_1.o execute -fPIC -flto -flto-partition=1to1 -r -nostdlib
UNRESOLVED: g++.dg/lto/20090303 cp_lto_20090303_0.o-cp_lto_20090303_0.o link -flto -flto-partition=1to1
UNRESOLVED: g++.dg/lto/20090303 cp_lto_20090303_0.o-cp_lto_20090303_0.o execute -flto -flto-partition=1to1
UNRESOLVED: g++.dg/lto/20090311-1 cp_lto_20090311-1_0.o-cp_lto_20090311-1_1.o link -O0 -flto -flto-partition=none 
UNRESOLVED: g++.dg/lto/20090311-1 cp_lto_20090311-1_0.o-cp_lto_20090311-1_1.o execute -O0 -flto -flto-partition=none 
UNRESOLVED: g++.dg/lto/20090311-1 cp_lto_20090311-1_0.o-cp_lto_20090311-1_1.o link -O2 -flto -flto-partition=none 
UNRESOLVED: g++.dg/lto/20090311-1 cp_lto_20090311-1_0.o-cp_lto_20090311-1_1.o execute -O2 -flto -flto-partition=none 
UNRESOLVED: g++.dg/lto/20090311-1 cp_lto_20090311-1_0.o-cp_lto_20090311-1_1.o link -O0 -flto -flto-partition=1to1 
UNRESOLVED: g++.dg/lto/20090311-1 cp_lto_20090311-1_0.o-cp_lto_20090311-1_1.o execute -O0 -flto -flto-partition=1to1 
UNRESOLVED: g++.dg/lto/20090311-1 cp_lto_20090311-1_0.o-cp_lto_20090311-1_1.o link -O2 -flto -flto-partition=1to1 
UNRESOLVED: g++.dg/lto/20090311-1 cp_lto_20090311-1_0.o-cp_lto_20090311-1_1.o execute -O2 -flto -flto-partition=1to1 
UNRESOLVED: g++.dg/lto/20090311-1 cp_lto_20090311-1_0.o-cp_lto_20090311-1_1.o link -O0 -flto
UNRESOLVED: g++.dg/lto/20090311-1 cp_lto_20090311-1_0.o-cp_lto_20090311-1_1.o execute -O0 -flto
UNRESOLVED: g++.dg/lto/20090311-1 cp_lto_20090311-1_0.o-cp_lto_20090311-1_1.o link -O2 -flto
UNRESOLVED: g++.dg/lto/20090311-1 cp_lto_20090311-1_0.o-cp_lto_20090311-1_1.o execute -O2 -flto
UNRESOLVED: g++.dg/lto/20090311 cp_lto_20090311_0.o-cp_lto_20090311_1.o link -O0 -flto -flto-partition=none 
UNRESOLVED: g++.dg/lto/20090311 cp_lto_20090311_0.o-cp_lto_20090311_1.o execute -O0 -flto -flto-partition=none 
UNRESOLVED: g++.dg/lto/20090311 cp_lto_20090311_0.o-cp_lto_20090311_1.o link -O2 -flto -flto-partition=none 
UNRESOLVED: g++.dg/lto/20090311 cp_lto_20090311_0.o-cp_lto_20090311_1.o execute -O2 -flto -flto-partition=none 
UNRESOLVED: g++.dg/lto/20090311 cp_lto_20090311_0.o-cp_lto_20090311_1.o link -O0 -flto -flto-partition=1to1 
UNRESOLVED: g++.dg/lto/20090311 cp_lto_20090311_0.o-cp_lto_20090311_1.o execute -O0 -flto -flto-partition=1to1 
UNRESOLVED: g++.dg/lto/20090311 cp_lto_20090311_0.o-cp_lto_20090311_1.o link -O2 -flto -flto-partition=1to1 
UNRESOLVED: g++.dg/lto/20090311 cp_lto_20090311_0.o-cp_lto_20090311_1.o execute -O2 -flto -flto-partition=1to1 
UNRESOLVED: g++.dg/lto/20090311 cp_lto_20090311_0.o-cp_lto_20090311_1.o link -O0 -flto
UNRESOLVED: g++.dg/lto/20090311 cp_lto_20090311_0.o-cp_lto_20090311_1.o execute -O0 -flto
UNRESOLVED: g++.dg/lto/20090311 cp_lto_20090311_0.o-cp_lto_20090311_1.o link -O2 -flto
UNRESOLVED: g++.dg/lto/20090311 cp_lto_20090311_0.o-cp_lto_20090311_1.o execute -O2 -flto
UNRESOLVED: g++.dg/lto/20090312 cp_lto_20090312_0.o-cp_lto_20090312_1.o link -O0 -flto -flto-partition=none 
UNRESOLVED: g++.dg/lto/20090312 cp_lto_20090312_0.o-cp_lto_20090312_1.o execute -O0 -flto -flto-partition=none 
UNRESOLVED: g++.dg/lto/20090312 cp_lto_20090312_0.o-cp_lto_20090312_1.o link -O2 -flto -flto-partition=none 
UNRESOLVED: g++.dg/lto/20090312 cp_lto_20090312_0.o-cp_lto_20090312_1.o execute -O2 -flto -flto-partition=none 
UNRESOLVED: g++.dg/lto/20090312 cp_lto_20090312_0.o-cp_lto_20090312_1.o link -O0 -flto -flto-partition=1to1 
UNRESOLVED: g++.dg/lto/20090312 cp_lto_20090312_0.o-cp_lto_20090312_1.o execute -O0 -flto -flto-partition=1to1 
UNRESOLVED: g++.dg/lto/20090312 cp_lto_20090312_0.o-cp_lto_20090312_1.o link -O2 -flto -flto-partition=1to1 
UNRESOLVED: g++.dg/lto/20090312 cp_lto_20090312_0.o-cp_lto_20090312_1.o execute -O2 -flto -flto-partition=1to1 
UNRESOLVED: g++.dg/lto/20090312 cp_lto_20090312_0.o-cp_lto_20090312_1.o link -O0 -flto
UNRESOLVED: g++.dg/lto/20090312 cp_lto_20090312_0.o-cp_lto_20090312_1.o execute -O0 -flto
UNRESOLVED: g++.dg/lto/20090312 cp_lto_20090312_0.o-cp_lto_20090312_1.o link -O2 -flto
UNRESOLVED: g++.dg/lto/20090312 cp_lto_20090312_0.o-cp_lto_20090312_1.o execute -O2 -flto
UNRESOLVED: g++.dg/lto/20090313 cp_lto_20090313_0.o-cp_lto_20090313_1.o link -flto -flto-partition=1to1 -fPIC
UNRESOLVED: g++.dg/lto/20090313 cp_lto_20090313_0.o-cp_lto_20090313_1.o execute -flto -flto-partition=1to1 -fPIC
UNRESOLVED: g++.dg/lto/20090315 cp_lto_20090315_0.o-cp_lto_20090315_1.o link -O0 -flto -flto-partition=none 
UNRESOLVED: g++.dg/lto/20090315 cp_lto_20090315_0.o-cp_lto_20090315_1.o execute -O0 -flto -flto-partition=none 
UNRESOLVED: g++.dg/lto/20090315 cp_lto_20090315_0.o-cp_lto_20090315_1.o link -O2 -flto -flto-partition=none 
UNRESOLVED: g++.dg/lto/20090315 cp_lto_20090315_0.o-cp_lto_20090315_1.o execute -O2 -flto -flto-partition=none 
UNRESOLVED: g++.dg/lto/20090315 cp_lto_20090315_0.o-cp_lto_20090315_1.o link -O0 -flto -flto-partition=1to1 
UNRESOLVED: g++.dg/lto/20090315 cp_lto_20090315_0.o-cp_lto_20090315_1.o execute -O0 -flto -flto-partition=1to1 
UNRESOLVED: g++.dg/lto/20090315 cp_lto_20090315_0.o-cp_lto_20090315_1.o link -O2 -flto -flto-partition=1to1 
UNRESOLVED: g++.dg/lto/20090315 cp_lto_20090315_0.o-cp_lto_20090315_1.o execute -O2 -flto -flto-partition=1to1 
UNRESOLVED: g++.dg/lto/20090315 cp_lto_20090315_0.o-cp_lto_20090315_1.o link -O0 -flto
UNRESOLVED: g++.dg/lto/20090315 cp_lto_20090315_0.o-cp_lto_20090315_1.o execute -O0 -flto
UNRESOLVED: g++.dg/lto/20090315 cp_lto_20090315_0.o-cp_lto_20090315_1.o link -O2 -flto
UNRESOLVED: g++.dg/lto/20090315 cp_lto_20090315_0.o-cp_lto_20090315_1.o execute -O2 -flto
UNRESOLVED: g++.dg/lto/20091002-1 cp_lto_20091002-1_0.o-cp_lto_20091002-1_0.o link -fPIC -flto
UNRESOLVED: g++.dg/lto/20091002-1 cp_lto_20091002-1_0.o-cp_lto_20091002-1_0.o execute -fPIC -flto
UNRESOLVED: g++.dg/lto/20091002-2 cp_lto_20091002-2_0.o-cp_lto_20091002-2_0.o link -fPIC
UNRESOLVED: g++.dg/lto/20091002-2 cp_lto_20091002-2_0.o-cp_lto_20091002-2_0.o execute -fPIC
UNRESOLVED: g++.dg/lto/20091002-3 cp_lto_20091002-3_0.o-cp_lto_20091002-3_0.o link -fPIC
UNRESOLVED: g++.dg/lto/20091002-3 cp_lto_20091002-3_0.o-cp_lto_20091002-3_0.o execute -fPIC
UNRESOLVED: g++.dg/lto/20091004-1 cp_lto_20091004-1_0.o-cp_lto_20091004-1_1.o link -fPIC -O -flto
UNRESOLVED: g++.dg/lto/20091004-1 cp_lto_20091004-1_0.o-cp_lto_20091004-1_1.o execute -fPIC -O -flto
UNRESOLVED: g++.dg/lto/20091004-2 cp_lto_20091004-2_0.o-cp_lto_20091004-2_1.o link -fPIC -O -flto
UNRESOLVED: g++.dg/lto/20091004-2 cp_lto_20091004-2_0.o-cp_lto_20091004-2_1.o execute -fPIC -O -flto
UNRESOLVED: g++.dg/lto/20091022-1 cp_lto_20091022-1_0.o-cp_lto_20091022-1_0.o link -O0 -flto -flto-partition=none 
UNRESOLVED: g++.dg/lto/20091022-1 cp_lto_20091022-1_0.o-cp_lto_20091022-1_0.o execute -O0 -flto -flto-partition=none 
UNRESOLVED: g++.dg/lto/20091022-1 cp_lto_20091022-1_0.o-cp_lto_20091022-1_0.o link -O2 -flto -flto-partition=none 
UNRESOLVED: g++.dg/lto/20091022-1 cp_lto_20091022-1_0.o-cp_lto_20091022-1_0.o execute -O2 -flto -flto-partition=none 
UNRESOLVED: g++.dg/lto/20091022-1 cp_lto_20091022-1_0.o-cp_lto_20091022-1_0.o link -O0 -flto -flto-partition=1to1 
UNRESOLVED: g++.dg/lto/20091022-1 cp_lto_20091022-1_0.o-cp_lto_20091022-1_0.o execute -O0 -flto -flto-partition=1to1 
UNRESOLVED: g++.dg/lto/20091022-1 cp_lto_20091022-1_0.o-cp_lto_20091022-1_0.o link -O2 -flto -flto-partition=1to1 
UNRESOLVED: g++.dg/lto/20091022-1 cp_lto_20091022-1_0.o-cp_lto_20091022-1_0.o execute -O2 -flto -flto-partition=1to1 
UNRESOLVED: g++.dg/lto/20091022-1 cp_lto_20091022-1_0.o-cp_lto_20091022-1_0.o link -O0 -flto
UNRESOLVED: g++.dg/lto/20091022-1 cp_lto_20091022-1_0.o-cp_lto_20091022-1_0.o execute -O0 -flto
UNRESOLVED: g++.dg/lto/20091022-1 cp_lto_20091022-1_0.o-cp_lto_20091022-1_0.o link -O2 -flto
UNRESOLVED: g++.dg/lto/20091022-1 cp_lto_20091022-1_0.o-cp_lto_20091022-1_0.o execute -O2 -flto
UNRESOLVED: g++.dg/lto/20091022-2 cp_lto_20091022-2_0.o-cp_lto_20091022-2_0.o link -O3 -flto -Winline
UNRESOLVED: g++.dg/lto/20091022-2 cp_lto_20091022-2_0.o-cp_lto_20091022-2_0.o execute -O3 -flto -Winline
UNRESOLVED: g++.dg/lto/20091026-1 cp_lto_20091026-1_0.o-cp_lto_20091026-1_1.o link -O0 -flto -flto-partition=none 
UNRESOLVED: g++.dg/lto/20091026-1 cp_lto_20091026-1_0.o-cp_lto_20091026-1_1.o execute -O0 -flto -flto-partition=none 
UNRESOLVED: g++.dg/lto/20091026-1 cp_lto_20091026-1_0.o-cp_lto_20091026-1_1.o link -O2 -flto -flto-partition=none 
UNRESOLVED: g++.dg/lto/20091026-1 cp_lto_20091026-1_0.o-cp_lto_20091026-1_1.o execute -O2 -flto -flto-partition=none 
UNRESOLVED: g++.dg/lto/20091026-1 cp_lto_20091026-1_0.o-cp_lto_20091026-1_1.o link -O0 -flto -flto-partition=1to1 
UNRESOLVED: g++.dg/lto/20091026-1 cp_lto_20091026-1_0.o-cp_lto_20091026-1_1.o execute -O0 -flto -flto-partition=1to1 
UNRESOLVED: g++.dg/lto/20091026-1 cp_lto_20091026-1_0.o-cp_lto_20091026-1_1.o link -O2 -flto -flto-partition=1to1 
UNRESOLVED: g++.dg/lto/20091026-1 cp_lto_20091026-1_0.o-cp_lto_20091026-1_1.o execute -O2 -flto -flto-partition=1to1 
UNRESOLVED: g++.dg/lto/20091026-1 cp_lto_20091026-1_0.o-cp_lto_20091026-1_1.o link -O0 -flto
UNRESOLVED: g++.dg/lto/20091026-1 cp_lto_20091026-1_0.o-cp_lto_20091026-1_1.o execute -O0 -flto
UNRESOLVED: g++.dg/lto/20091026-1 cp_lto_20091026-1_0.o-cp_lto_20091026-1_1.o link -O2 -flto
UNRESOLVED: g++.dg/lto/20091026-1 cp_lto_20091026-1_0.o-cp_lto_20091026-1_1.o execute -O2 -flto
UNRESOLVED: g++.dg/lto/20091210-1 cp_lto_20091210-1_0.o-cp_lto_20091210-1_1.o link -O0 -flto -flto-partition=none 
UNRESOLVED: g++.dg/lto/20091210-1 cp_lto_20091210-1_0.o-cp_lto_20091210-1_1.o execute -O0 -flto -flto-partition=none 
UNRESOLVED: g++.dg/lto/20091210-1 cp_lto_20091210-1_0.o-cp_lto_20091210-1_1.o link -O2 -flto -flto-partition=none 
UNRESOLVED: g++.dg/lto/20091210-1 cp_lto_20091210-1_0.o-cp_lto_20091210-1_1.o execute -O2 -flto -flto-partition=none 
UNRESOLVED: g++.dg/lto/20091210-1 cp_lto_20091210-1_0.o-cp_lto_20091210-1_1.o link -O0 -flto -flto-partition=1to1 
UNRESOLVED: g++.dg/lto/20091210-1 cp_lto_20091210-1_0.o-cp_lto_20091210-1_1.o execute -O0 -flto -flto-partition=1to1 
UNRESOLVED: g++.dg/lto/20091210-1 cp_lto_20091210-1_0.o-cp_lto_20091210-1_1.o link -O2 -flto -flto-partition=1to1 
UNRESOLVED: g++.dg/lto/20091210-1 cp_lto_20091210-1_0.o-cp_lto_20091210-1_1.o execute -O2 -flto -flto-partition=1to1 
UNRESOLVED: g++.dg/lto/20091210-1 cp_lto_20091210-1_0.o-cp_lto_20091210-1_1.o link -O0 -flto
UNRESOLVED: g++.dg/lto/20091210-1 cp_lto_20091210-1_0.o-cp_lto_20091210-1_1.o execute -O0 -flto
UNRESOLVED: g++.dg/lto/20091210-1 cp_lto_20091210-1_0.o-cp_lto_20091210-1_1.o link -O2 -flto
UNRESOLVED: g++.dg/lto/20091210-1 cp_lto_20091210-1_0.o-cp_lto_20091210-1_1.o execute -O2 -flto
UNRESOLVED: g++.dg/lto/20091219 cp_lto_20091219_0.o-cp_lto_20091219_0.o link -O3 -flto
UNRESOLVED: g++.dg/lto/20091219 cp_lto_20091219_0.o-cp_lto_20091219_0.o execute -O3 -flto
UNRESOLVED: g++.dg/lto/20100302 cp_lto_20100302_0.o-cp_lto_20100302_1.o link -flto -fabi-version=2
UNRESOLVED: g++.dg/lto/20100302 cp_lto_20100302_0.o-cp_lto_20100302_1.o execute -flto -fabi-version=2
UNRESOLVED: g++.dg/lto/20100519-1 cp_lto_20100519-1_0.o-cp_lto_20100519-1_0.o link -O0 -flto -flto-partition=none 
UNRESOLVED: g++.dg/lto/20100519-1 cp_lto_20100519-1_0.o-cp_lto_20100519-1_0.o execute -O0 -flto -flto-partition=none 
UNRESOLVED: g++.dg/lto/20100519-1 cp_lto_20100519-1_0.o-cp_lto_20100519-1_0.o link -O2 -flto -flto-partition=none 
UNRESOLVED: g++.dg/lto/20100519-1 cp_lto_20100519-1_0.o-cp_lto_20100519-1_0.o execute -O2 -flto -flto-partition=none 
UNRESOLVED: g++.dg/lto/20100519-1 cp_lto_20100519-1_0.o-cp_lto_20100519-1_0.o link -O0 -flto -flto-partition=1to1 
UNRESOLVED: g++.dg/lto/20100519-1 cp_lto_20100519-1_0.o-cp_lto_20100519-1_0.o execute -O0 -flto -flto-partition=1to1 
UNRESOLVED: g++.dg/lto/20100519-1 cp_lto_20100519-1_0.o-cp_lto_20100519-1_0.o link -O2 -flto -flto-partition=1to1 
UNRESOLVED: g++.dg/lto/20100519-1 cp_lto_20100519-1_0.o-cp_lto_20100519-1_0.o execute -O2 -flto -flto-partition=1to1 
UNRESOLVED: g++.dg/lto/20100519-1 cp_lto_20100519-1_0.o-cp_lto_20100519-1_0.o link -O0 -flto
UNRESOLVED: g++.dg/lto/20100519-1 cp_lto_20100519-1_0.o-cp_lto_20100519-1_0.o execute -O0 -flto
UNRESOLVED: g++.dg/lto/20100519-1 cp_lto_20100519-1_0.o-cp_lto_20100519-1_0.o link -O2 -flto
UNRESOLVED: g++.dg/lto/20100519-1 cp_lto_20100519-1_0.o-cp_lto_20100519-1_0.o execute -O2 -flto
UNRESOLVED: g++.dg/lto/20100603-1 cp_lto_20100603-1_0.o-cp_lto_20100603-1_1.o link -O0 -flto -flto-partition=none 
UNRESOLVED: g++.dg/lto/20100603-1 cp_lto_20100603-1_0.o-cp_lto_20100603-1_1.o execute -O0 -flto -flto-partition=none 
UNRESOLVED: g++.dg/lto/20100603-1 cp_lto_20100603-1_0.o-cp_lto_20100603-1_1.o link -O2 -flto -flto-partition=none 
UNRESOLVED: g++.dg/lto/20100603-1 cp_lto_20100603-1_0.o-cp_lto_20100603-1_1.o execute -O2 -flto -flto-partition=none 
UNRESOLVED: g++.dg/lto/20100603-1 cp_lto_20100603-1_0.o-cp_lto_20100603-1_1.o link -O0 -flto -flto-partition=1to1 
UNRESOLVED: g++.dg/lto/20100603-1 cp_lto_20100603-1_0.o-cp_lto_20100603-1_1.o execute -O0 -flto -flto-partition=1to1 
UNRESOLVED: g++.dg/lto/20100603-1 cp_lto_20100603-1_0.o-cp_lto_20100603-1_1.o link -O2 -flto -flto-partition=1to1 
UNRESOLVED: g++.dg/lto/20100603-1 cp_lto_20100603-1_0.o-cp_lto_20100603-1_1.o execute -O2 -flto -flto-partition=1to1 
UNRESOLVED: g++.dg/lto/20100603-1 cp_lto_20100603-1_0.o-cp_lto_20100603-1_1.o link -O0 -flto
UNRESOLVED: g++.dg/lto/20100603-1 cp_lto_20100603-1_0.o-cp_lto_20100603-1_1.o execute -O0 -flto
UNRESOLVED: g++.dg/lto/20100603-1 cp_lto_20100603-1_0.o-cp_lto_20100603-1_1.o link -O2 -flto
UNRESOLVED: g++.dg/lto/20100603-1 cp_lto_20100603-1_0.o-cp_lto_20100603-1_1.o execute -O2 -flto
UNRESOLVED: g++.dg/lto/20100723-1 cp_lto_20100723-1_0.o-cp_lto_20100723-1_0.o link -fcompare-debug -flto -flto-partition=none
UNRESOLVED: g++.dg/lto/20100723-1 cp_lto_20100723-1_0.o-cp_lto_20100723-1_0.o execute -fcompare-debug -flto -flto-partition=none
UNRESOLVED: g++.dg/lto/20100723-1 cp_lto_20100723-1_0.o-cp_lto_20100723-1_0.o link -fcompare-debug -flto -flto-partition=1to1
UNRESOLVED: g++.dg/lto/20100723-1 cp_lto_20100723-1_0.o-cp_lto_20100723-1_0.o execute -fcompare-debug -flto -flto-partition=1to1
UNRESOLVED: g++.dg/lto/20100724-1 cp_lto_20100724-1_0.o-cp_lto_20100724-1_0.o link -ftoplevel-reorder -flto -flto-partition=none
UNRESOLVED: g++.dg/lto/20100724-1 cp_lto_20100724-1_0.o-cp_lto_20100724-1_0.o execute -ftoplevel-reorder -flto -flto-partition=none
UNRESOLVED: g++.dg/lto/20100724-1 cp_lto_20100724-1_0.o-cp_lto_20100724-1_0.o link -ftoplevel-reorder -flto -flto-partition=1to1
UNRESOLVED: g++.dg/lto/20100724-1 cp_lto_20100724-1_0.o-cp_lto_20100724-1_0.o execute -ftoplevel-reorder -flto -flto-partition=1to1
UNRESOLVED: g++.dg/lto/20101009-1 cp_lto_20101009-1_0.o-cp_lto_20101009-1_0.o link -O0 -flto -flto-partition=none 
UNRESOLVED: g++.dg/lto/20101009-1 cp_lto_20101009-1_0.o-cp_lto_20101009-1_0.o execute -O0 -flto -flto-partition=none 
UNRESOLVED: g++.dg/lto/20101009-1 cp_lto_20101009-1_0.o-cp_lto_20101009-1_0.o link -O2 -flto -flto-partition=none 
UNRESOLVED: g++.dg/lto/20101009-1 cp_lto_20101009-1_0.o-cp_lto_20101009-1_0.o execute -O2 -flto -flto-partition=none 
UNRESOLVED: g++.dg/lto/20101009-1 cp_lto_20101009-1_0.o-cp_lto_20101009-1_0.o link -O0 -flto -flto-partition=1to1 
UNRESOLVED: g++.dg/lto/20101009-1 cp_lto_20101009-1_0.o-cp_lto_20101009-1_0.o execute -O0 -flto -flto-partition=1to1 
UNRESOLVED: g++.dg/lto/20101009-1 cp_lto_20101009-1_0.o-cp_lto_20101009-1_0.o link -O2 -flto -flto-partition=1to1 
UNRESOLVED: g++.dg/lto/20101009-1 cp_lto_20101009-1_0.o-cp_lto_20101009-1_0.o execute -O2 -flto -flto-partition=1to1 
UNRESOLVED: g++.dg/lto/20101009-1 cp_lto_20101009-1_0.o-cp_lto_20101009-1_0.o link -O0 -flto
UNRESOLVED: g++.dg/lto/20101009-1 cp_lto_20101009-1_0.o-cp_lto_20101009-1_0.o execute -O0 -flto
UNRESOLVED: g++.dg/lto/20101009-1 cp_lto_20101009-1_0.o-cp_lto_20101009-1_0.o link -O2 -flto
UNRESOLVED: g++.dg/lto/20101009-1 cp_lto_20101009-1_0.o-cp_lto_20101009-1_0.o execute -O2 -flto
UNRESOLVED: g++.dg/lto/20101010-1 cp_lto_20101010-1_0.o-cp_lto_20101010-1_0.o link -O0 -flto -flto-partition=none 
UNRESOLVED: g++.dg/lto/20101010-1 cp_lto_20101010-1_0.o-cp_lto_20101010-1_0.o execute -O0 -flto -flto-partition=none 
UNRESOLVED: g++.dg/lto/20101010-1 cp_lto_20101010-1_0.o-cp_lto_20101010-1_0.o link -O2 -flto -flto-partition=none 
UNRESOLVED: g++.dg/lto/20101010-1 cp_lto_20101010-1_0.o-cp_lto_20101010-1_0.o execute -O2 -flto -flto-partition=none 
UNRESOLVED: g++.dg/lto/20101010-1 cp_lto_20101010-1_0.o-cp_lto_20101010-1_0.o link -O0 -flto -flto-partition=1to1 
UNRESOLVED: g++.dg/lto/20101010-1 cp_lto_20101010-1_0.o-cp_lto_20101010-1_0.o execute -O0 -flto -flto-partition=1to1 
UNRESOLVED: g++.dg/lto/20101010-1 cp_lto_20101010-1_0.o-cp_lto_20101010-1_0.o link -O2 -flto -flto-partition=1to1 
UNRESOLVED: g++.dg/lto/20101010-1 cp_lto_20101010-1_0.o-cp_lto_20101010-1_0.o execute -O2 -flto -flto-partition=1to1 
UNRESOLVED: g++.dg/lto/20101010-1 cp_lto_20101010-1_0.o-cp_lto_20101010-1_0.o link -O0 -flto
UNRESOLVED: g++.dg/lto/20101010-1 cp_lto_20101010-1_0.o-cp_lto_20101010-1_0.o execute -O0 -flto
UNRESOLVED: g++.dg/lto/20101010-1 cp_lto_20101010-1_0.o-cp_lto_20101010-1_0.o link -O2 -flto
UNRESOLVED: g++.dg/lto/20101010-1 cp_lto_20101010-1_0.o-cp_lto_20101010-1_0.o execute -O2 -flto
UNRESOLVED: g++.dg/lto/20101010-2 cp_lto_20101010-2_0.o-cp_lto_20101010-2_0.o link -O0 -flto -flto-partition=none 
UNRESOLVED: g++.dg/lto/20101010-2 cp_lto_20101010-2_0.o-cp_lto_20101010-2_0.o execute -O0 -flto -flto-partition=none 
UNRESOLVED: g++.dg/lto/20101010-2 cp_lto_20101010-2_0.o-cp_lto_20101010-2_0.o link -O2 -flto -flto-partition=none 
UNRESOLVED: g++.dg/lto/20101010-2 cp_lto_20101010-2_0.o-cp_lto_20101010-2_0.o execute -O2 -flto -flto-partition=none 
UNRESOLVED: g++.dg/lto/20101010-2 cp_lto_20101010-2_0.o-cp_lto_20101010-2_0.o link -O0 -flto -flto-partition=1to1 
UNRESOLVED: g++.dg/lto/20101010-2 cp_lto_20101010-2_0.o-cp_lto_20101010-2_0.o execute -O0 -flto -flto-partition=1to1 
UNRESOLVED: g++.dg/lto/20101010-2 cp_lto_20101010-2_0.o-cp_lto_20101010-2_0.o link -O2 -flto -flto-partition=1to1 
UNRESOLVED: g++.dg/lto/20101010-2 cp_lto_20101010-2_0.o-cp_lto_20101010-2_0.o execute -O2 -flto -flto-partition=1to1 
UNRESOLVED: g++.dg/lto/20101010-2 cp_lto_20101010-2_0.o-cp_lto_20101010-2_0.o link -O0 -flto
UNRESOLVED: g++.dg/lto/20101010-2 cp_lto_20101010-2_0.o-cp_lto_20101010-2_0.o execute -O0 -flto
UNRESOLVED: g++.dg/lto/20101010-2 cp_lto_20101010-2_0.o-cp_lto_20101010-2_0.o link -O2 -flto
UNRESOLVED: g++.dg/lto/20101010-2 cp_lto_20101010-2_0.o-cp_lto_20101010-2_0.o execute -O2 -flto
UNRESOLVED: g++.dg/lto/20101010-3 cp_lto_20101010-3_0.o-cp_lto_20101010-3_0.o link -flto -std=c++0x
UNRESOLVED: g++.dg/lto/20101010-3 cp_lto_20101010-3_0.o-cp_lto_20101010-3_0.o execute -flto -std=c++0x
UNRESOLVED: g++.dg/lto/20101010-4 cp_lto_20101010-4_0.o-cp_lto_20101010-4_0.o link  -std=c++0x -flto -r -nostdlib 
UNRESOLVED: g++.dg/lto/20101010-4 cp_lto_20101010-4_0.o-cp_lto_20101010-4_0.o execute  -std=c++0x -flto -r -nostdlib 
UNRESOLVED: g++.dg/lto/20101010-4 cp_lto_20101010-4_0.o-cp_lto_20101010-4_0.o link  -std=c++0x -flto -g -r -nostdlib 
UNRESOLVED: g++.dg/lto/20101010-4 cp_lto_20101010-4_0.o-cp_lto_20101010-4_0.o execute  -std=c++0x -flto -g -r -nostdlib 
UNRESOLVED: g++.dg/lto/20101014-1 cp_lto_20101014-1_0.o-cp_lto_20101014-1_0.o link -O0 -flto -flto-partition=none 
UNRESOLVED: g++.dg/lto/20101014-1 cp_lto_20101014-1_0.o-cp_lto_20101014-1_0.o execute -O0 -flto -flto-partition=none 
UNRESOLVED: g++.dg/lto/20101014-1 cp_lto_20101014-1_0.o-cp_lto_20101014-1_0.o link -O2 -flto -flto-partition=none 
UNRESOLVED: g++.dg/lto/20101014-1 cp_lto_20101014-1_0.o-cp_lto_20101014-1_0.o execute -O2 -flto -flto-partition=none 
UNRESOLVED: g++.dg/lto/20101014-1 cp_lto_20101014-1_0.o-cp_lto_20101014-1_0.o link -O0 -flto -flto-partition=1to1 
UNRESOLVED: g++.dg/lto/20101014-1 cp_lto_20101014-1_0.o-cp_lto_20101014-1_0.o execute -O0 -flto -flto-partition=1to1 
UNRESOLVED: g++.dg/lto/20101014-1 cp_lto_20101014-1_0.o-cp_lto_20101014-1_0.o link -O2 -flto -flto-partition=1to1 
UNRESOLVED: g++.dg/lto/20101014-1 cp_lto_20101014-1_0.o-cp_lto_20101014-1_0.o execute -O2 -flto -flto-partition=1to1 
UNRESOLVED: g++.dg/lto/20101014-1 cp_lto_20101014-1_0.o-cp_lto_20101014-1_0.o link -O0 -flto
UNRESOLVED: g++.dg/lto/20101014-1 cp_lto_20101014-1_0.o-cp_lto_20101014-1_0.o execute -O0 -flto
UNRESOLVED: g++.dg/lto/20101014-1 cp_lto_20101014-1_0.o-cp_lto_20101014-1_0.o link -O2 -flto
UNRESOLVED: g++.dg/lto/20101014-1 cp_lto_20101014-1_0.o-cp_lto_20101014-1_0.o execute -O2 -flto
UNRESOLVED: g++.dg/lto/20101015-2 cp_lto_20101015-2_0.o-cp_lto_20101015-2_0.o link  -flto 
UNRESOLVED: g++.dg/lto/20101015-2 cp_lto_20101015-2_0.o-cp_lto_20101015-2_0.o execute  -flto 
UNRESOLVED: g++.dg/lto/20101015-2 cp_lto_20101015-2_0.o-cp_lto_20101015-2_0.o link  -g -flto 
UNRESOLVED: g++.dg/lto/20101015-2 cp_lto_20101015-2_0.o-cp_lto_20101015-2_0.o execute  -g -flto 
UNRESOLVED: g++.dg/lto/20101020-1 cp_lto_20101020-1_0.o-cp_lto_20101020-1_1.o link -O0 -flto -flto-partition=none 
UNRESOLVED: g++.dg/lto/20101020-1 cp_lto_20101020-1_0.o-cp_lto_20101020-1_1.o execute -O0 -flto -flto-partition=none 
UNRESOLVED: g++.dg/lto/20101020-1 cp_lto_20101020-1_0.o-cp_lto_20101020-1_1.o link -O2 -flto -flto-partition=none 
UNRESOLVED: g++.dg/lto/20101020-1 cp_lto_20101020-1_0.o-cp_lto_20101020-1_1.o execute -O2 -flto -flto-partition=none 
UNRESOLVED: g++.dg/lto/20101020-1 cp_lto_20101020-1_0.o-cp_lto_20101020-1_1.o link -O0 -flto -flto-partition=1to1 
UNRESOLVED: g++.dg/lto/20101020-1 cp_lto_20101020-1_0.o-cp_lto_20101020-1_1.o execute -O0 -flto -flto-partition=1to1 
UNRESOLVED: g++.dg/lto/20101020-1 cp_lto_20101020-1_0.o-cp_lto_20101020-1_1.o link -O2 -flto -flto-partition=1to1 
UNRESOLVED: g++.dg/lto/20101020-1 cp_lto_20101020-1_0.o-cp_lto_20101020-1_1.o execute -O2 -flto -flto-partition=1to1 
UNRESOLVED: g++.dg/lto/20101020-1 cp_lto_20101020-1_0.o-cp_lto_20101020-1_1.o link -O0 -flto
UNRESOLVED: g++.dg/lto/20101020-1 cp_lto_20101020-1_0.o-cp_lto_20101020-1_1.o execute -O0 -flto
UNRESOLVED: g++.dg/lto/20101020-1 cp_lto_20101020-1_0.o-cp_lto_20101020-1_1.o link -O2 -flto
UNRESOLVED: g++.dg/lto/20101020-1 cp_lto_20101020-1_0.o-cp_lto_20101020-1_1.o execute -O2 -flto
UNRESOLVED: g++.dg/lto/20101126-1 cp_lto_20101126-1_0.o-cp_lto_20101126-1_1.o link -O0 -flto -flto-partition=none 
UNRESOLVED: g++.dg/lto/20101126-1 cp_lto_20101126-1_0.o-cp_lto_20101126-1_1.o execute -O0 -flto -flto-partition=none 
UNRESOLVED: g++.dg/lto/20101126-1 cp_lto_20101126-1_0.o-cp_lto_20101126-1_1.o link -O2 -flto -flto-partition=none 
UNRESOLVED: g++.dg/lto/20101126-1 cp_lto_20101126-1_0.o-cp_lto_20101126-1_1.o execute -O2 -flto -flto-partition=none 
UNRESOLVED: g++.dg/lto/20101126-1 cp_lto_20101126-1_0.o-cp_lto_20101126-1_1.o link -O0 -flto -flto-partition=1to1 
UNRESOLVED: g++.dg/lto/20101126-1 cp_lto_20101126-1_0.o-cp_lto_20101126-1_1.o execute -O0 -flto -flto-partition=1to1 
UNRESOLVED: g++.dg/lto/20101126-1 cp_lto_20101126-1_0.o-cp_lto_20101126-1_1.o link -O2 -flto -flto-partition=1to1 
UNRESOLVED: g++.dg/lto/20101126-1 cp_lto_20101126-1_0.o-cp_lto_20101126-1_1.o execute -O2 -flto -flto-partition=1to1 
UNRESOLVED: g++.dg/lto/20101126-1 cp_lto_20101126-1_0.o-cp_lto_20101126-1_1.o link -O0 -flto
UNRESOLVED: g++.dg/lto/20101126-1 cp_lto_20101126-1_0.o-cp_lto_20101126-1_1.o execute -O0 -flto
UNRESOLVED: g++.dg/lto/20101126-1 cp_lto_20101126-1_0.o-cp_lto_20101126-1_1.o link -O2 -flto
UNRESOLVED: g++.dg/lto/20101126-1 cp_lto_20101126-1_0.o-cp_lto_20101126-1_1.o execute -O2 -flto
UNRESOLVED: g++.dg/lto/20110311-1 cp_lto_20110311-1_0.o-cp_lto_20110311-1_0.o link -O0 -flto -flto-partition=none 
UNRESOLVED: g++.dg/lto/20110311-1 cp_lto_20110311-1_0.o-cp_lto_20110311-1_0.o execute -O0 -flto -flto-partition=none 
UNRESOLVED: g++.dg/lto/20110311-1 cp_lto_20110311-1_0.o-cp_lto_20110311-1_0.o link -O2 -flto -flto-partition=none 
UNRESOLVED: g++.dg/lto/20110311-1 cp_lto_20110311-1_0.o-cp_lto_20110311-1_0.o execute -O2 -flto -flto-partition=none 
UNRESOLVED: g++.dg/lto/20110311-1 cp_lto_20110311-1_0.o-cp_lto_20110311-1_0.o link -O0 -flto -flto-partition=1to1 
UNRESOLVED: g++.dg/lto/20110311-1 cp_lto_20110311-1_0.o-cp_lto_20110311-1_0.o execute -O0 -flto -flto-partition=1to1 
UNRESOLVED: g++.dg/lto/20110311-1 cp_lto_20110311-1_0.o-cp_lto_20110311-1_0.o link -O2 -flto -flto-partition=1to1 
UNRESOLVED: g++.dg/lto/20110311-1 cp_lto_20110311-1_0.o-cp_lto_20110311-1_0.o execute -O2 -flto -flto-partition=1to1 
UNRESOLVED: g++.dg/lto/20110311-1 cp_lto_20110311-1_0.o-cp_lto_20110311-1_0.o link -O0 -flto
UNRESOLVED: g++.dg/lto/20110311-1 cp_lto_20110311-1_0.o-cp_lto_20110311-1_0.o execute -O0 -flto
UNRESOLVED: g++.dg/lto/20110311-1 cp_lto_20110311-1_0.o-cp_lto_20110311-1_0.o link -O2 -flto
UNRESOLVED: g++.dg/lto/20110311-1 cp_lto_20110311-1_0.o-cp_lto_20110311-1_0.o execute -O2 -flto
UNRESOLVED: g++.dg/lto/pr45679-1 cp_lto_pr45679-1_0.o-cp_lto_pr45679-1_1.o link -O3 -Wno-multichar
UNRESOLVED: g++.dg/lto/pr45679-1 cp_lto_pr45679-1_0.o-cp_lto_pr45679-1_1.o execute -O3 -Wno-multichar
UNRESOLVED: g++.dg/lto/pr45679-2 cp_lto_pr45679-2_0.o-cp_lto_pr45679-2_1.o link -O3 -Wno-multichar
UNRESOLVED: g++.dg/lto/pr45679-2 cp_lto_pr45679-2_0.o-cp_lto_pr45679-2_1.o execute -O3 -Wno-multichar
UNRESOLVED: g++.dg/lto/pr45983 cp_lto_pr45983_0.o-cp_lto_pr45983_0.o link -O0 -flto -flto-partition=none 
UNRESOLVED: g++.dg/lto/pr45983 cp_lto_pr45983_0.o-cp_lto_pr45983_0.o execute -O0 -flto -flto-partition=none 
UNRESOLVED: g++.dg/lto/pr45983 cp_lto_pr45983_0.o-cp_lto_pr45983_0.o link -O2 -flto -flto-partition=none 
UNRESOLVED: g++.dg/lto/pr45983 cp_lto_pr45983_0.o-cp_lto_pr45983_0.o execute -O2 -flto -flto-partition=none 
UNRESOLVED: g++.dg/lto/pr45983 cp_lto_pr45983_0.o-cp_lto_pr45983_0.o link -O0 -flto -flto-partition=1to1 
UNRESOLVED: g++.dg/lto/pr45983 cp_lto_pr45983_0.o-cp_lto_pr45983_0.o execute -O0 -flto -flto-partition=1to1 
UNRESOLVED: g++.dg/lto/pr45983 cp_lto_pr45983_0.o-cp_lto_pr45983_0.o link -O2 -flto -flto-partition=1to1 
UNRESOLVED: g++.dg/lto/pr45983 cp_lto_pr45983_0.o-cp_lto_pr45983_0.o execute -O2 -flto -flto-partition=1to1 
UNRESOLVED: g++.dg/lto/pr45983 cp_lto_pr45983_0.o-cp_lto_pr45983_0.o link -O0 -flto
UNRESOLVED: g++.dg/lto/pr45983 cp_lto_pr45983_0.o-cp_lto_pr45983_0.o execute -O0 -flto
UNRESOLVED: g++.dg/lto/pr45983 cp_lto_pr45983_0.o-cp_lto_pr45983_0.o link -O2 -flto
UNRESOLVED: g++.dg/lto/pr45983 cp_lto_pr45983_0.o-cp_lto_pr45983_0.o execute -O2 -flto
FAIL: g++.dg/pch/array-1.C -g
FAIL: g++.dg/pch/array-1.C -g assembly comparison
FAIL: g++.dg/pch/array-1.C -O2 -g
FAIL: g++.dg/pch/array-1.C -O2 -g assembly comparison
FAIL: g++.dg/pch/array-1.C -O2
FAIL: g++.dg/pch/array-1.C -O2 assembly comparison
FAIL: g++.dg/pch/empty.C -g
FAIL: g++.dg/pch/empty.C -g assembly comparison
FAIL: g++.dg/pch/empty.C -O2 -g
FAIL: g++.dg/pch/empty.C -O2 -g assembly comparison
FAIL: g++.dg/pch/empty.C -O2
FAIL: g++.dg/pch/empty.C -O2 assembly comparison
FAIL: g++.dg/pch/externc-1.C -g
FAIL: g++.dg/pch/externc-1.C -g assembly comparison
FAIL: g++.dg/pch/externc-1.C -O2 -g
FAIL: g++.dg/pch/externc-1.C -O2 -g assembly comparison
FAIL: g++.dg/pch/externc-1.C -O2
FAIL: g++.dg/pch/externc-1.C -O2 assembly comparison
FAIL: g++.dg/pch/local-1.C -g
FAIL: g++.dg/pch/local-1.C -g assembly comparison
FAIL: g++.dg/pch/local-1.C -O2 -g
FAIL: g++.dg/pch/local-1.C -O2 -g assembly comparison
FAIL: g++.dg/pch/local-1.C -O2
FAIL: g++.dg/pch/local-1.C -O2 assembly comparison
FAIL: g++.dg/pch/pch.C -g
FAIL: g++.dg/pch/pch.C -g assembly comparison
FAIL: g++.dg/pch/pch.C -O2 -g
FAIL: g++.dg/pch/pch.C -O2 -g assembly comparison
FAIL: g++.dg/pch/pch.C -O2
FAIL: g++.dg/pch/pch.C -O2 assembly comparison
FAIL: g++.dg/pch/static-1.C -g
FAIL: g++.dg/pch/static-1.C -g assembly comparison
FAIL: g++.dg/pch/static-1.C -O2 -g
FAIL: g++.dg/pch/static-1.C -O2 -g assembly comparison
FAIL: g++.dg/pch/static-1.C -O2
FAIL: g++.dg/pch/static-1.C -O2 assembly comparison
FAIL: g++.dg/pch/system-1.C -g
FAIL: g++.dg/pch/system-1.C -g assembly comparison
FAIL: g++.dg/pch/system-1.C -O2 -g
FAIL: g++.dg/pch/system-1.C -O2 -g assembly comparison
FAIL: g++.dg/pch/system-1.C -O2
FAIL: g++.dg/pch/system-1.C -O2 assembly comparison
FAIL: g++.dg/pch/system-2.C -g
FAIL: g++.dg/pch/system-2.C -g assembly comparison
FAIL: g++.dg/pch/system-2.C -O2 -g
FAIL: g++.dg/pch/system-2.C -O2 -g assembly comparison
FAIL: g++.dg/pch/system-2.C -O2
FAIL: g++.dg/pch/system-2.C -O2 assembly comparison
FAIL: g++.dg/pch/template-1.C -g
FAIL: g++.dg/pch/template-1.C -g assembly comparison
FAIL: g++.dg/pch/template-1.C -O2 -g
FAIL: g++.dg/pch/template-1.C -O2 -g assembly comparison
FAIL: g++.dg/pch/template-1.C -O2
FAIL: g++.dg/pch/template-1.C -O2 assembly comparison
FAIL: g++.dg/pch/uninst.C -g
FAIL: g++.dg/pch/uninst.C -g assembly comparison
FAIL: g++.dg/pch/uninst.C -O2 -g
FAIL: g++.dg/pch/uninst.C -O2 -g assembly comparison
FAIL: g++.dg/pch/uninst.C -O2
FAIL: g++.dg/pch/uninst.C -O2 assembly comparison
FAIL: g++.dg/pch/wchar-1.C -g
FAIL: g++.dg/pch/wchar-1.C -g assembly comparison
FAIL: g++.dg/pch/wchar-1.C -O2 -g
FAIL: g++.dg/pch/wchar-1.C -O2 -g assembly comparison
FAIL: g++.dg/pch/wchar-1.C -O2
FAIL: g++.dg/pch/wchar-1.C -O2 assembly comparison

		=== g++ Summary ===

# of expected passes		26419
# of unexpected failures	73
# of expected failures		161
# of unresolved testcases	608
# of unsupported tests		159
/home/ronis/objdir/gcc/testsuite/g++/../../g++  version 4.6.0 (GCC) 

		=== gcc tests ===


Running target unix
UNRESOLVED: gcc.dg/compat/fnptr-by-value-1 c_compat_x_tst.o-c_compat_y_tst.o link 
UNRESOLVED: gcc.dg/compat/fnptr-by-value-1 c_compat_x_tst.o-c_compat_y_tst.o execute 
UNRESOLVED: gcc.dg/compat/scalar-by-value-1 c_compat_x_tst.o-c_compat_y_tst.o link 
UNRESOLVED: gcc.dg/compat/scalar-by-value-1 c_compat_x_tst.o-c_compat_y_tst.o execute 
UNRESOLVED: gcc.dg/compat/scalar-by-value-2 c_compat_x_tst.o-c_compat_y_tst.o link 
UNRESOLVED: gcc.dg/compat/scalar-by-value-2 c_compat_x_tst.o-c_compat_y_tst.o execute 
UNRESOLVED: gcc.dg/compat/scalar-by-value-3 c_compat_x_tst.o-c_compat_y_tst.o link 
UNRESOLVED: gcc.dg/compat/scalar-by-value-3 c_compat_x_tst.o-c_compat_y_tst.o execute 
UNRESOLVED: gcc.dg/compat/scalar-by-value-4 c_compat_x_tst.o-c_compat_y_tst.o link 
UNRESOLVED: gcc.dg/compat/scalar-by-value-4 c_compat_x_tst.o-c_compat_y_tst.o execute 
UNRESOLVED: gcc.dg/compat/scalar-by-value-5 c_compat_x_tst.o-c_compat_y_tst.o link 
UNRESOLVED: gcc.dg/compat/scalar-by-value-5 c_compat_x_tst.o-c_compat_y_tst.o execute 
UNRESOLVED: gcc.dg/compat/scalar-by-value-6 c_compat_x_tst.o-c_compat_y_tst.o link 
UNRESOLVED: gcc.dg/compat/scalar-by-value-6 c_compat_x_tst.o-c_compat_y_tst.o execute 
UNRESOLVED: gcc.dg/compat/scalar-by-value-dfp c_compat_x_tst.o-c_compat_y_tst.o link 
UNRESOLVED: gcc.dg/compat/scalar-by-value-dfp c_compat_x_tst.o-c_compat_y_tst.o execute 
UNRESOLVED: gcc.dg/compat/scalar-return-1 c_compat_x_tst.o-c_compat_y_tst.o link 
UNRESOLVED: gcc.dg/compat/scalar-return-1 c_compat_x_tst.o-c_compat_y_tst.o execute 
UNRESOLVED: gcc.dg/compat/scalar-return-2 c_compat_x_tst.o-c_compat_y_tst.o link 
UNRESOLVED: gcc.dg/compat/scalar-return-2 c_compat_x_tst.o-c_compat_y_tst.o execute 
UNRESOLVED: gcc.dg/compat/scalar-return-3 c_compat_x_tst.o-c_compat_y_tst.o link 
UNRESOLVED: gcc.dg/compat/scalar-return-3 c_compat_x_tst.o-c_compat_y_tst.o execute 
UNRESOLVED: gcc.dg/compat/scalar-return-4 c_compat_x_tst.o-c_compat_y_tst.o link 
UNRESOLVED: gcc.dg/compat/scalar-return-4 c_compat_x_tst.o-c_compat_y_tst.o execute 
UNRESOLVED: gcc.dg/compat/scalar-return-dfp c_compat_x_tst.o-c_compat_y_tst.o link 
UNRESOLVED: gcc.dg/compat/scalar-return-dfp c_compat_x_tst.o-c_compat_y_tst.o execute 
UNRESOLVED: gcc.dg/compat/sdata-1 c_compat_x_tst.o-c_compat_y_tst.o link 
UNRESOLVED: gcc.dg/compat/sdata-1 c_compat_x_tst.o-c_compat_y_tst.o execute 
UNRESOLVED: gcc.dg/compat/struct-align-1 c_compat_x_tst.o-c_compat_y_tst.o link 
UNRESOLVED: gcc.dg/compat/struct-align-1 c_compat_x_tst.o-c_compat_y_tst.o execute 
UNRESOLVED: gcc.dg/compat/struct-align-2 c_compat_x_tst.o-c_compat_y_tst.o link 
UNRESOLVED: gcc.dg/compat/struct-align-2 c_compat_x_tst.o-c_compat_y_tst.o execute 
UNRESOLVED: gcc.dg/compat/struct-by-value-10 c_compat_x_tst.o-c_compat_y_tst.o link 
UNRESOLVED: gcc.dg/compat/struct-by-value-10 c_compat_x_tst.o-c_compat_y_tst.o execute 
UNRESOLVED: gcc.dg/compat/struct-by-value-11 c_compat_x_tst.o-c_compat_y_tst.o link 
UNRESOLVED: gcc.dg/compat/struct-by-value-11 c_compat_x_tst.o-c_compat_y_tst.o execute 
UNRESOLVED: gcc.dg/compat/struct-by-value-12 c_compat_x_tst.o-c_compat_y_tst.o link 
UNRESOLVED: gcc.dg/compat/struct-by-value-12 c_compat_x_tst.o-c_compat_y_tst.o execute 
UNRESOLVED: gcc.dg/compat/struct-by-value-13 c_compat_x_tst.o-c_compat_y_tst.o link 
UNRESOLVED: gcc.dg/compat/struct-by-value-13 c_compat_x_tst.o-c_compat_y_tst.o execute 
UNRESOLVED: gcc.dg/compat/struct-by-value-14 c_compat_x_tst.o-c_compat_y_tst.o link 
UNRESOLVED: gcc.dg/compat/struct-by-value-14 c_compat_x_tst.o-c_compat_y_tst.o execute 
UNRESOLVED: gcc.dg/compat/struct-by-value-15 c_compat_x_tst.o-c_compat_y_tst.o link 
UNRESOLVED: gcc.dg/compat/struct-by-value-15 c_compat_x_tst.o-c_compat_y_tst.o execute 
UNRESOLVED: gcc.dg/compat/struct-by-value-16 c_compat_x_tst.o-c_compat_y_tst.o link 
UNRESOLVED: gcc.dg/compat/struct-by-value-16 c_compat_x_tst.o-c_compat_y_tst.o execute 
UNRESOLVED: gcc.dg/compat/struct-by-value-16a c_compat_x_tst.o-c_compat_y_tst.o link 
UNRESOLVED: gcc.dg/compat/struct-by-value-16a c_compat_x_tst.o-c_compat_y_tst.o execute 
UNRESOLVED: gcc.dg/compat/struct-by-value-17 c_compat_x_tst.o-c_compat_y_tst.o link 
UNRESOLVED: gcc.dg/compat/struct-by-value-17 c_compat_x_tst.o-c_compat_y_tst.o execute 
UNRESOLVED: gcc.dg/compat/struct-by-value-17a c_compat_x_tst.o-c_compat_y_tst.o link 
UNRESOLVED: gcc.dg/compat/struct-by-value-17a c_compat_x_tst.o-c_compat_y_tst.o execute 
UNRESOLVED: gcc.dg/compat/struct-by-value-18 c_compat_x_tst.o-c_compat_y_tst.o link 
UNRESOLVED: gcc.dg/compat/struct-by-value-18 c_compat_x_tst.o-c_compat_y_tst.o execute 
UNRESOLVED: gcc.dg/compat/struct-by-value-18a c_compat_x_tst.o-c_compat_y_tst.o link 
UNRESOLVED: gcc.dg/compat/struct-by-value-18a c_compat_x_tst.o-c_compat_y_tst.o execute 
UNRESOLVED: gcc.dg/compat/struct-by-value-19 c_compat_x_tst.o-c_compat_y_tst.o link 
UNRESOLVED: gcc.dg/compat/struct-by-value-19 c_compat_x_tst.o-c_compat_y_tst.o execute 
UNRESOLVED: gcc.dg/compat/struct-by-value-1 c_compat_x_tst.o-c_compat_y_tst.o link 
UNRESOLVED: gcc.dg/compat/struct-by-value-1 c_compat_x_tst.o-c_compat_y_tst.o execute 
UNRESOLVED: gcc.dg/compat/struct-by-value-20 c_compat_x_tst.o-c_compat_y_tst.o link 
UNRESOLVED: gcc.dg/compat/struct-by-value-20 c_compat_x_tst.o-c_compat_y_tst.o execute 
UNRESOLVED: gcc.dg/compat/struct-by-value-21 c_compat_x_tst.o-c_compat_y_tst.o link 
UNRESOLVED: gcc.dg/compat/struct-by-value-21 c_compat_x_tst.o-c_compat_y_tst.o execute 
UNRESOLVED: gcc.dg/compat/struct-by-value-22 c_compat_x_tst.o-c_compat_y_tst.o link 
UNRESOLVED: gcc.dg/compat/struct-by-value-22 c_compat_x_tst.o-c_compat_y_tst.o execute 
UNRESOLVED: gcc.dg/compat/struct-by-value-2 c_compat_x_tst.o-c_compat_y_tst.o link 
UNRESOLVED: gcc.dg/compat/struct-by-value-2 c_compat_x_tst.o-c_compat_y_tst.o execute 
UNRESOLVED: gcc.dg/compat/struct-by-value-3 c_compat_x_tst.o-c_compat_y_tst.o link 
UNRESOLVED: gcc.dg/compat/struct-by-value-3 c_compat_x_tst.o-c_compat_y_tst.o execute 
UNRESOLVED: gcc.dg/compat/struct-by-value-4 c_compat_x_tst.o-c_compat_y_tst.o link 
UNRESOLVED: gcc.dg/compat/struct-by-value-4 c_compat_x_tst.o-c_compat_y_tst.o execute 
UNRESOLVED: gcc.dg/compat/struct-by-value-5a c_compat_x_tst.o-c_compat_y_tst.o link 
UNRESOLVED: gcc.dg/compat/struct-by-value-5a c_compat_x_tst.o-c_compat_y_tst.o execute 
UNRESOLVED: gcc.dg/compat/struct-by-value-5b c_compat_x_tst.o-c_compat_y_tst.o link 
UNRESOLVED: gcc.dg/compat/struct-by-value-5b c_compat_x_tst.o-c_compat_y_tst.o execute 
UNRESOLVED: gcc.dg/compat/struct-by-value-6a c_compat_x_tst.o-c_compat_y_tst.o link 
UNRESOLVED: gcc.dg/compat/struct-by-value-6a c_compat_x_tst.o-c_compat_y_tst.o execute 
UNRESOLVED: gcc.dg/compat/struct-by-value-6b c_compat_x_tst.o-c_compat_y_tst.o link 
UNRESOLVED: gcc.dg/compat/struct-by-value-6b c_compat_x_tst.o-c_compat_y_tst.o execute 
UNRESOLVED: gcc.dg/compat/struct-by-value-7a c_compat_x_tst.o-c_compat_y_tst.o link 
UNRESOLVED: gcc.dg/compat/struct-by-value-7a c_compat_x_tst.o-c_compat_y_tst.o execute 
UNRESOLVED: gcc.dg/compat/struct-by-value-7b c_compat_x_tst.o-c_compat_y_tst.o link 
UNRESOLVED: gcc.dg/compat/struct-by-value-7b c_compat_x_tst.o-c_compat_y_tst.o execute 
UNRESOLVED: gcc.dg/compat/struct-by-value-8 c_compat_x_tst.o-c_compat_y_tst.o link 
UNRESOLVED: gcc.dg/compat/struct-by-value-8 c_compat_x_tst.o-c_compat_y_tst.o execute 
UNRESOLVED: gcc.dg/compat/struct-by-value-9 c_compat_x_tst.o-c_compat_y_tst.o link 
UNRESOLVED: gcc.dg/compat/struct-by-value-9 c_compat_x_tst.o-c_compat_y_tst.o execute 
UNRESOLVED: gcc.dg/compat/struct-complex-1 c_compat_x_tst.o-c_compat_y_tst.o link 
UNRESOLVED: gcc.dg/compat/struct-complex-1 c_compat_x_tst.o-c_compat_y_tst.o execute 
UNRESOLVED: gcc.dg/compat/struct-complex-2 c_compat_x_tst.o-c_compat_y_tst.o link 
UNRESOLVED: gcc.dg/compat/struct-complex-2 c_compat_x_tst.o-c_compat_y_tst.o execute 
UNRESOLVED: gcc.dg/compat/struct-layout-1 c_compat_x_tst.o-c_compat_y_tst.o link 
UNRESOLVED: gcc.dg/compat/struct-layout-1 c_compat_x_tst.o-c_compat_y_tst.o execute 
UNRESOLVED: gcc.dg/compat/struct-return-10 c_compat_x_tst.o-c_compat_y_tst.o link 
UNRESOLVED: gcc.dg/compat/struct-return-10 c_compat_x_tst.o-c_compat_y_tst.o execute 
UNRESOLVED: gcc.dg/compat/struct-return-19 c_compat_x_tst.o-c_compat_y_tst.o link 
UNRESOLVED: gcc.dg/compat/struct-return-19 c_compat_x_tst.o-c_compat_y_tst.o execute 
UNRESOLVED: gcc.dg/compat/struct-return-20 c_compat_x_tst.o-c_compat_y_tst.o link 
UNRESOLVED: gcc.dg/compat/struct-return-20 c_compat_x_tst.o-c_compat_y_tst.o execute 
UNRESOLVED: gcc.dg/compat/struct-return-21 c_compat_x_tst.o-c_compat_y_tst.o link 
UNRESOLVED: gcc.dg/compat/struct-return-21 c_compat_x_tst.o-c_compat_y_tst.o execute 
UNRESOLVED: gcc.dg/compat/struct-return-2 c_compat_x_tst.o-c_compat_y_tst.o link 
UNRESOLVED: gcc.dg/compat/struct-return-2 c_compat_x_tst.o-c_compat_y_tst.o execute 
UNRESOLVED: gcc.dg/compat/struct-return-3 c_compat_x_tst.o-c_compat_y_tst.o link 
UNRESOLVED: gcc.dg/compat/struct-return-3 c_compat_x_tst.o-c_compat_y_tst.o execute 
UNRESOLVED: gcc.dg/compat/union-by-value-1 c_compat_x_tst.o-c_compat_y_tst.o link 
UNRESOLVED: gcc.dg/compat/union-by-value-1 c_compat_x_tst.o-c_compat_y_tst.o execute 
UNRESOLVED: gcc.dg/compat/union-return-1 c_compat_x_tst.o-c_compat_y_tst.o link 
UNRESOLVED: gcc.dg/compat/union-return-1 c_compat_x_tst.o-c_compat_y_tst.o execute 
UNRESOLVED: gcc.dg/compat/vector-1 c_compat_x_tst.o-c_compat_y_tst.o link 
UNRESOLVED: gcc.dg/compat/vector-1 c_compat_x_tst.o-c_compat_y_tst.o execute 
UNRESOLVED: gcc.dg/compat/vector-2 c_compat_x_tst.o-c_compat_y_tst.o link 
UNRESOLVED: gcc.dg/compat/vector-2 c_compat_x_tst.o-c_compat_y_tst.o execute 
UNRESOLVED: tmpdir-gcc.dg-struct-layout-1/t001 c_compat_x_tst.o-c_compat_y_tst.o link 
UNRESOLVED: tmpdir-gcc.dg-struct-layout-1/t001 c_compat_x_tst.o-c_compat_y_tst.o execute 
UNRESOLVED: tmpdir-gcc.dg-struct-layout-1/t002 c_compat_x_tst.o-c_compat_y_tst.o link 
UNRESOLVED: tmpdir-gcc.dg-struct-layout-1/t002 c_compat_x_tst.o-c_compat_y_tst.o execute 
UNRESOLVED: tmpdir-gcc.dg-struct-layout-1/t003 c_compat_x_tst.o-c_compat_y_tst.o link 
UNRESOLVED: tmpdir-gcc.dg-struct-layout-1/t003 c_compat_x_tst.o-c_compat_y_tst.o execute 
UNRESOLVED: tmpdir-gcc.dg-struct-layout-1/t004 c_compat_x_tst.o-c_compat_y_tst.o link 
UNRESOLVED: tmpdir-gcc.dg-struct-layout-1/t004 c_compat_x_tst.o-c_compat_y_tst.o execute 
UNRESOLVED: tmpdir-gcc.dg-struct-layout-1/t005 c_compat_x_tst.o-c_compat_y_tst.o link 
UNRESOLVED: tmpdir-gcc.dg-struct-layout-1/t005 c_compat_x_tst.o-c_compat_y_tst.o execute 
UNRESOLVED: tmpdir-gcc.dg-struct-layout-1/t006 c_compat_x_tst.o-c_compat_y_tst.o link 
UNRESOLVED: tmpdir-gcc.dg-struct-layout-1/t006 c_compat_x_tst.o-c_compat_y_tst.o execute 
UNRESOLVED: tmpdir-gcc.dg-struct-layout-1/t007 c_compat_x_tst.o-c_compat_y_tst.o link 
UNRESOLVED: tmpdir-gcc.dg-struct-layout-1/t007 c_compat_x_tst.o-c_compat_y_tst.o execute 
UNRESOLVED: tmpdir-gcc.dg-struct-layout-1/t008 c_compat_x_tst.o-c_compat_y_tst.o link 
UNRESOLVED: tmpdir-gcc.dg-struct-layout-1/t008 c_compat_x_tst.o-c_compat_y_tst.o execute 
UNRESOLVED: tmpdir-gcc.dg-struct-layout-1/t009 c_compat_x_tst.o-c_compat_y_tst.o link 
UNRESOLVED: tmpdir-gcc.dg-struct-layout-1/t009 c_compat_x_tst.o-c_compat_y_tst.o execute 
UNRESOLVED: tmpdir-gcc.dg-struct-layout-1/t010 c_compat_x_tst.o-c_compat_y_tst.o link 
UNRESOLVED: tmpdir-gcc.dg-struct-layout-1/t010 c_compat_x_tst.o-c_compat_y_tst.o execute 
UNRESOLVED: tmpdir-gcc.dg-struct-layout-1/t011 c_compat_x_tst.o-c_compat_y_tst.o link 
UNRESOLVED: tmpdir-gcc.dg-struct-layout-1/t011 c_compat_x_tst.o-c_compat_y_tst.o execute 
UNRESOLVED: tmpdir-gcc.dg-struct-layout-1/t012 c_compat_x_tst.o-c_compat_y_tst.o link 
UNRESOLVED: tmpdir-gcc.dg-struct-layout-1/t012 c_compat_x_tst.o-c_compat_y_tst.o execute 
UNRESOLVED: tmpdir-gcc.dg-struct-layout-1/t013 c_compat_x_tst.o-c_compat_y_tst.o link 
UNRESOLVED: tmpdir-gcc.dg-struct-layout-1/t013 c_compat_x_tst.o-c_compat_y_tst.o execute 
UNRESOLVED: tmpdir-gcc.dg-struct-layout-1/t014 c_compat_x_tst.o-c_compat_y_tst.o link 
UNRESOLVED: tmpdir-gcc.dg-struct-layout-1/t014 c_compat_x_tst.o-c_compat_y_tst.o execute 
UNRESOLVED: tmpdir-gcc.dg-struct-layout-1/t015 c_compat_x_tst.o-c_compat_y_tst.o link 
UNRESOLVED: tmpdir-gcc.dg-struct-layout-1/t015 c_compat_x_tst.o-c_compat_y_tst.o execute 
UNRESOLVED: tmpdir-gcc.dg-struct-layout-1/t016 c_compat_x_tst.o-c_compat_y_tst.o link 
UNRESOLVED: tmpdir-gcc.dg-struct-layout-1/t016 c_compat_x_tst.o-c_compat_y_tst.o execute 
UNRESOLVED: tmpdir-gcc.dg-struct-layout-1/t017 c_compat_x_tst.o-c_compat_y_tst.o link 
UNRESOLVED: tmpdir-gcc.dg-struct-layout-1/t017 c_compat_x_tst.o-c_compat_y_tst.o execute 
UNRESOLVED: tmpdir-gcc.dg-struct-layout-1/t018 c_compat_x_tst.o-c_compat_y_tst.o link 
UNRESOLVED: tmpdir-gcc.dg-struct-layout-1/t018 c_compat_x_tst.o-c_compat_y_tst.o execute 
UNRESOLVED: tmpdir-gcc.dg-struct-layout-1/t019 c_compat_x_tst.o-c_compat_y_tst.o link 
UNRESOLVED: tmpdir-gcc.dg-struct-layout-1/t019 c_compat_x_tst.o-c_compat_y_tst.o execute 
UNRESOLVED: tmpdir-gcc.dg-struct-layout-1/t020 c_compat_x_tst.o-c_compat_y_tst.o link 
UNRESOLVED: tmpdir-gcc.dg-struct-layout-1/t020 c_compat_x_tst.o-c_compat_y_tst.o execute 
UNRESOLVED: tmpdir-gcc.dg-struct-layout-1/t021 c_compat_x_tst.o-c_compat_y_tst.o link 
UNRESOLVED: tmpdir-gcc.dg-struct-layout-1/t021 c_compat_x_tst.o-c_compat_y_tst.o execute 
UNRESOLVED: tmpdir-gcc.dg-struct-layout-1/t022 c_compat_x_tst.o-c_compat_y_tst.o link 
UNRESOLVED: tmpdir-gcc.dg-struct-layout-1/t022 c_compat_x_tst.o-c_compat_y_tst.o execute 
UNRESOLVED: tmpdir-gcc.dg-struct-layout-1/t023 c_compat_x_tst.o-c_compat_y_tst.o link 
UNRESOLVED: tmpdir-gcc.dg-struct-layout-1/t023 c_compat_x_tst.o-c_compat_y_tst.o execute 
UNRESOLVED: tmpdir-gcc.dg-struct-layout-1/t024 c_compat_x_tst.o-c_compat_y_tst.o link 
UNRESOLVED: tmpdir-gcc.dg-struct-layout-1/t024 c_compat_x_tst.o-c_compat_y_tst.o execute 
UNRESOLVED: tmpdir-gcc.dg-struct-layout-1/t025 c_compat_x_tst.o-c_compat_y_tst.o link 
UNRESOLVED: tmpdir-gcc.dg-struct-layout-1/t025 c_compat_x_tst.o-c_compat_y_tst.o execute 
UNRESOLVED: tmpdir-gcc.dg-struct-layout-1/t026 c_compat_x_tst.o-c_compat_y_tst.o link 
UNRESOLVED: tmpdir-gcc.dg-struct-layout-1/t026 c_compat_x_tst.o-c_compat_y_tst.o execute 
UNRESOLVED: tmpdir-gcc.dg-struct-layout-1/t027 c_compat_x_tst.o-c_compat_y_tst.o link 
UNRESOLVED: tmpdir-gcc.dg-struct-layout-1/t027 c_compat_x_tst.o-c_compat_y_tst.o execute 
UNRESOLVED: tmpdir-gcc.dg-struct-layout-1/t028 c_compat_x_tst.o-c_compat_y_tst.o link 
UNRESOLVED: tmpdir-gcc.dg-struct-layout-1/t028 c_compat_x_tst.o-c_compat_y_tst.o execute 
FAIL: gcc.dg/cproj-fails-with-broken-glibc.c execution test
XPASS: gcc.dg/guality/example.c execution test
XPASS: gcc.dg/guality/example.c execution test
XPASS: gcc.dg/guality/guality.c execution test
XPASS: gcc.dg/guality/guality.c execution test
XPASS: gcc.dg/guality/guality.c execution test
XPASS: gcc.dg/guality/guality.c execution test
XPASS: gcc.dg/guality/guality.c execution test
XPASS: gcc.dg/guality/guality.c execution test
XPASS: gcc.dg/guality/guality.c execution test
XPASS: gcc.dg/guality/guality.c execution test
FAIL: gcc.dg/guality/inline-params.c execution test
FAIL: gcc.dg/guality/inline-params.c execution test
XPASS: gcc.dg/guality/pr41353-1.c line 28 j == 28 + 37
XPASS: gcc.dg/guality/pr41447-1.c execution test
XPASS: gcc.dg/guality/pr41447-1.c execution test
XPASS: gcc.dg/guality/pr41447-1.c execution test
XPASS: gcc.dg/guality/pr41616-1.c execution test
FAIL: gcc.dg/guality/vla-1.c line 17 sizeof (a) == 6
FAIL: gcc.dg/guality/vla-1.c line 24 sizeof (a) == 17 * sizeof (short)
FAIL: gcc.dg/guality/vla-1.c line 24 sizeof (a) == 17 * sizeof (short)
FAIL: gcc.dg/guality/vla-1.c line 24 sizeof (a) == 17 * sizeof (short)
FAIL: gcc.dg/guality/vla-1.c line 24 sizeof (a) == 17 * sizeof (short)
FAIL: gcc.dg/guality/vla-1.c line 24 sizeof (a) == 17 * sizeof (short)
FAIL: gcc.dg/guality/vla-1.c line 24 sizeof (a) == 17 * sizeof (short)
FAIL: gcc.dg/guality/vla-1.c line 24 sizeof (a) == 17 * sizeof (short)
FAIL: gcc.dg/guality/vla-1.c line 24 sizeof (a) == 17 * sizeof (short)
FAIL: gcc.dg/guality/vla-2.c line 16 sizeof (a) == 5 * sizeof (int)
FAIL: gcc.dg/guality/vla-2.c line 25 sizeof (a) == 6 * sizeof (int)
FAIL: gcc.dg/guality/vla-2.c line 16 sizeof (a) == 5 * sizeof (int)
FAIL: gcc.dg/guality/vla-2.c line 25 sizeof (a) == 6 * sizeof (int)
UNRESOLVED: gcc.dg/lto/20081024 c_lto_20081024_0.o-c_lto_20081024_0.o link -O0 -flto -flto-partition=none 
UNRESOLVED: gcc.dg/lto/20081024 c_lto_20081024_0.o-c_lto_20081024_0.o execute -O0 -flto -flto-partition=none 
UNRESOLVED: gcc.dg/lto/20081024 c_lto_20081024_0.o-c_lto_20081024_0.o link -O2 -flto -flto-partition=none 
UNRESOLVED: gcc.dg/lto/20081024 c_lto_20081024_0.o-c_lto_20081024_0.o execute -O2 -flto -flto-partition=none 
UNRESOLVED: gcc.dg/lto/20081024 c_lto_20081024_0.o-c_lto_20081024_0.o link -O0 -flto -flto-partition=1to1 
UNRESOLVED: gcc.dg/lto/20081024 c_lto_20081024_0.o-c_lto_20081024_0.o execute -O0 -flto -flto-partition=1to1 
UNRESOLVED: gcc.dg/lto/20081024 c_lto_20081024_0.o-c_lto_20081024_0.o link -O2 -flto -flto-partition=1to1 
UNRESOLVED: gcc.dg/lto/20081024 c_lto_20081024_0.o-c_lto_20081024_0.o execute -O2 -flto -flto-partition=1to1 
UNRESOLVED: gcc.dg/lto/20081024 c_lto_20081024_0.o-c_lto_20081024_0.o link -O0 -flto
UNRESOLVED: gcc.dg/lto/20081024 c_lto_20081024_0.o-c_lto_20081024_0.o execute -O0 -flto
UNRESOLVED: gcc.dg/lto/20081024 c_lto_20081024_0.o-c_lto_20081024_0.o link -O2 -flto
UNRESOLVED: gcc.dg/lto/20081024 c_lto_20081024_0.o-c_lto_20081024_0.o execute -O2 -flto
UNRESOLVED: gcc.dg/lto/20081111 c_lto_20081111_0.o-c_lto_20081111_1.o link -O0 -flto -flto-partition=none 
UNRESOLVED: gcc.dg/lto/20081111 c_lto_20081111_0.o-c_lto_20081111_1.o execute -O0 -flto -flto-partition=none 
UNRESOLVED: gcc.dg/lto/20081111 c_lto_20081111_0.o-c_lto_20081111_1.o link -O2 -flto -flto-partition=none 
UNRESOLVED: gcc.dg/lto/20081111 c_lto_20081111_0.o-c_lto_20081111_1.o execute -O2 -flto -flto-partition=none 
UNRESOLVED: gcc.dg/lto/20081111 c_lto_20081111_0.o-c_lto_20081111_1.o link -O0 -flto -flto-partition=1to1 
UNRESOLVED: gcc.dg/lto/20081111 c_lto_20081111_0.o-c_lto_20081111_1.o execute -O0 -flto -flto-partition=1to1 
UNRESOLVED: gcc.dg/lto/20081111 c_lto_20081111_0.o-c_lto_20081111_1.o link -O2 -flto -flto-partition=1to1 
UNRESOLVED: gcc.dg/lto/20081111 c_lto_20081111_0.o-c_lto_20081111_1.o execute -O2 -flto -flto-partition=1to1 
UNRESOLVED: gcc.dg/lto/20081111 c_lto_20081111_0.o-c_lto_20081111_1.o link -O0 -flto
UNRESOLVED: gcc.dg/lto/20081111 c_lto_20081111_0.o-c_lto_20081111_1.o execute -O0 -flto
UNRESOLVED: gcc.dg/lto/20081111 c_lto_20081111_0.o-c_lto_20081111_1.o link -O2 -flto
UNRESOLVED: gcc.dg/lto/20081111 c_lto_20081111_0.o-c_lto_20081111_1.o execute -O2 -flto
UNRESOLVED: gcc.dg/lto/20081112 c_lto_20081112_0.o-c_lto_20081112_1.o link -O0 -flto -flto-partition=none 
UNRESOLVED: gcc.dg/lto/20081112 c_lto_20081112_0.o-c_lto_20081112_1.o execute -O0 -flto -flto-partition=none 
UNRESOLVED: gcc.dg/lto/20081112 c_lto_20081112_0.o-c_lto_20081112_1.o link -O2 -flto -flto-partition=none 
UNRESOLVED: gcc.dg/lto/20081112 c_lto_20081112_0.o-c_lto_20081112_1.o execute -O2 -flto -flto-partition=none 
UNRESOLVED: gcc.dg/lto/20081112 c_lto_20081112_0.o-c_lto_20081112_1.o link -O0 -flto -flto-partition=1to1 
UNRESOLVED: gcc.dg/lto/20081112 c_lto_20081112_0.o-c_lto_20081112_1.o execute -O0 -flto -flto-partition=1to1 
UNRESOLVED: gcc.dg/lto/20081112 c_lto_20081112_0.o-c_lto_20081112_1.o link -O2 -flto -flto-partition=1to1 
UNRESOLVED: gcc.dg/lto/20081112 c_lto_20081112_0.o-c_lto_20081112_1.o execute -O2 -flto -flto-partition=1to1 
UNRESOLVED: gcc.dg/lto/20081112 c_lto_20081112_0.o-c_lto_20081112_1.o link -O0 -flto
UNRESOLVED: gcc.dg/lto/20081112 c_lto_20081112_0.o-c_lto_20081112_1.o execute -O0 -flto
UNRESOLVED: gcc.dg/lto/20081112 c_lto_20081112_0.o-c_lto_20081112_1.o link -O2 -flto
UNRESOLVED: gcc.dg/lto/20081112 c_lto_20081112_0.o-c_lto_20081112_1.o execute -O2 -flto
UNRESOLVED: gcc.dg/lto/20081115 c_lto_20081115_0.o-c_lto_20081115_2.o link -O2 -DOPTIMIZE -flto -flto-partition=1to1
UNRESOLVED: gcc.dg/lto/20081115 c_lto_20081115_0.o-c_lto_20081115_2.o execute -O2 -DOPTIMIZE -flto -flto-partition=1to1
UNRESOLVED: gcc.dg/lto/20081115 c_lto_20081115_0.o-c_lto_20081115_2.o link -O0 -flto -flto-partition=1to1
UNRESOLVED: gcc.dg/lto/20081115 c_lto_20081115_0.o-c_lto_20081115_2.o execute -O0 -flto -flto-partition=1to1
UNRESOLVED: gcc.dg/lto/20081118 c_lto_20081118_0.o-c_lto_20081118_2.o link -O2 -DOPTIMIZE -flto -flto-partition=1to1
UNRESOLVED: gcc.dg/lto/20081118 c_lto_20081118_0.o-c_lto_20081118_2.o execute -O2 -DOPTIMIZE -flto -flto-partition=1to1
UNRESOLVED: gcc.dg/lto/20081118 c_lto_20081118_0.o-c_lto_20081118_2.o link -O0 -flto -flto-partition=1to1
UNRESOLVED: gcc.dg/lto/20081118 c_lto_20081118_0.o-c_lto_20081118_2.o execute -O0 -flto -flto-partition=1to1
UNRESOLVED: gcc.dg/lto/20081120-1 c_lto_20081120-1_0.o-c_lto_20081120-1_1.o link -flto -r -nostdlib
UNRESOLVED: gcc.dg/lto/20081120-1 c_lto_20081120-1_0.o-c_lto_20081120-1_1.o execute -flto -r -nostdlib
UNRESOLVED: gcc.dg/lto/20081120-2 c_lto_20081120-2_0.o-c_lto_20081120-2_1.o link -flto -flto-partition=1to1 -r -nostdlib
UNRESOLVED: gcc.dg/lto/20081120-2 c_lto_20081120-2_0.o-c_lto_20081120-2_1.o execute -flto -flto-partition=1to1 -r -nostdlib
UNRESOLVED: gcc.dg/lto/20081125 c_lto_20081125_0.o-c_lto_20081125_1.o link -O0 -flto -flto-partition=none 
UNRESOLVED: gcc.dg/lto/20081125 c_lto_20081125_0.o-c_lto_20081125_1.o execute -O0 -flto -flto-partition=none 
UNRESOLVED: gcc.dg/lto/20081125 c_lto_20081125_0.o-c_lto_20081125_1.o link -O2 -flto -flto-partition=none 
UNRESOLVED: gcc.dg/lto/20081125 c_lto_20081125_0.o-c_lto_20081125_1.o execute -O2 -flto -flto-partition=none 
UNRESOLVED: gcc.dg/lto/20081125 c_lto_20081125_0.o-c_lto_20081125_1.o link -O0 -flto -flto-partition=1to1 
UNRESOLVED: gcc.dg/lto/20081125 c_lto_20081125_0.o-c_lto_20081125_1.o execute -O0 -flto -flto-partition=1to1 
UNRESOLVED: gcc.dg/lto/20081125 c_lto_20081125_0.o-c_lto_20081125_1.o link -O2 -flto -flto-partition=1to1 
UNRESOLVED: gcc.dg/lto/20081125 c_lto_20081125_0.o-c_lto_20081125_1.o execute -O2 -flto -flto-partition=1to1 
UNRESOLVED: gcc.dg/lto/20081125 c_lto_20081125_0.o-c_lto_20081125_1.o link -O0 -flto
UNRESOLVED: gcc.dg/lto/20081125 c_lto_20081125_0.o-c_lto_20081125_1.o execute -O0 -flto
UNRESOLVED: gcc.dg/lto/20081125 c_lto_20081125_0.o-c_lto_20081125_1.o link -O2 -flto
UNRESOLVED: gcc.dg/lto/20081125 c_lto_20081125_0.o-c_lto_20081125_1.o execute -O2 -flto
UNRESOLVED: gcc.dg/lto/20081126 c_lto_20081126_0.o-c_lto_20081126_0.o link -flto -r -nostdlib
UNRESOLVED: gcc.dg/lto/20081126 c_lto_20081126_0.o-c_lto_20081126_0.o execute -flto -r -nostdlib
UNRESOLVED: gcc.dg/lto/20081201-1 c_lto_20081201-1_0.o-c_lto_20081201-1_2.o link -O2 -DOPTIMIZE -flto -flto-partition=1to1
UNRESOLVED: gcc.dg/lto/20081201-1 c_lto_20081201-1_0.o-c_lto_20081201-1_2.o execute -O2 -DOPTIMIZE -flto -flto-partition=1to1
UNRESOLVED: gcc.dg/lto/20081201-1 c_lto_20081201-1_0.o-c_lto_20081201-1_2.o link -O0 -flto -flto-partition=1to1
UNRESOLVED: gcc.dg/lto/20081201-1 c_lto_20081201-1_0.o-c_lto_20081201-1_2.o execute -O0 -flto -flto-partition=1to1
UNRESOLVED: gcc.dg/lto/20081201-2 c_lto_20081201-2_0.o-c_lto_20081201-2_1.o link -O3 -flto -flto-partition=1to1
UNRESOLVED: gcc.dg/lto/20081201-2 c_lto_20081201-2_0.o-c_lto_20081201-2_1.o execute -O3 -flto -flto-partition=1to1
UNRESOLVED: gcc.dg/lto/20081202-1 c_lto_20081202-1_0.o-c_lto_20081202-1_1.o link -flto -flto-partition=1to1 -O3
UNRESOLVED: gcc.dg/lto/20081202-1 c_lto_20081202-1_0.o-c_lto_20081202-1_1.o execute -flto -flto-partition=1to1 -O3
UNRESOLVED: gcc.dg/lto/20081202-2 c_lto_20081202-2_0.o-c_lto_20081202-2_1.o link -flto -flto-partition=1to1 -O3
UNRESOLVED: gcc.dg/lto/20081202-2 c_lto_20081202-2_0.o-c_lto_20081202-2_1.o execute -flto -flto-partition=1to1 -O3
UNRESOLVED: gcc.dg/lto/20081204-1 c_lto_20081204-1_0.o-c_lto_20081204-1_1.o link -flto -flto-partition=1to1 -fPIC -r -nostdlib
UNRESOLVED: gcc.dg/lto/20081204-1 c_lto_20081204-1_0.o-c_lto_20081204-1_1.o execute -flto -flto-partition=1to1 -fPIC -r -nostdlib
UNRESOLVED: gcc.dg/lto/20081204-2 c_lto_20081204-2_0.o-c_lto_20081204-2_0.o link -w -flto -fPIC -r -nostdlib
UNRESOLVED: gcc.dg/lto/20081204-2 c_lto_20081204-2_0.o-c_lto_20081204-2_0.o execute -w -flto -fPIC -r -nostdlib
UNRESOLVED: gcc.dg/lto/20081210-1 c_lto_20081210-1_0.o-c_lto_20081210-1_0.o link -O0 -flto -flto-partition=none 
UNRESOLVED: gcc.dg/lto/20081210-1 c_lto_20081210-1_0.o-c_lto_20081210-1_0.o execute -O0 -flto -flto-partition=none 
UNRESOLVED: gcc.dg/lto/20081210-1 c_lto_20081210-1_0.o-c_lto_20081210-1_0.o link -O2 -flto -flto-partition=none 
UNRESOLVED: gcc.dg/lto/20081210-1 c_lto_20081210-1_0.o-c_lto_20081210-1_0.o execute -O2 -flto -flto-partition=none 
UNRESOLVED: gcc.dg/lto/20081210-1 c_lto_20081210-1_0.o-c_lto_20081210-1_0.o link -O0 -flto -flto-partition=1to1 
UNRESOLVED: gcc.dg/lto/20081210-1 c_lto_20081210-1_0.o-c_lto_20081210-1_0.o execute -O0 -flto -flto-partition=1to1 
UNRESOLVED: gcc.dg/lto/20081210-1 c_lto_20081210-1_0.o-c_lto_20081210-1_0.o link -O2 -flto -flto-partition=1to1 
UNRESOLVED: gcc.dg/lto/20081210-1 c_lto_20081210-1_0.o-c_lto_20081210-1_0.o execute -O2 -flto -flto-partition=1to1 
UNRESOLVED: gcc.dg/lto/20081210-1 c_lto_20081210-1_0.o-c_lto_20081210-1_0.o link -O0 -flto
UNRESOLVED: gcc.dg/lto/20081210-1 c_lto_20081210-1_0.o-c_lto_20081210-1_0.o execute -O0 -flto
UNRESOLVED: gcc.dg/lto/20081210-1 c_lto_20081210-1_0.o-c_lto_20081210-1_0.o link -O2 -flto
UNRESOLVED: gcc.dg/lto/20081210-1 c_lto_20081210-1_0.o-c_lto_20081210-1_0.o execute -O2 -flto
UNRESOLVED: gcc.dg/lto/20081212-1 c_lto_20081212-1_0.o-c_lto_20081212-1_0.o link -r -nostdlib
UNRESOLVED: gcc.dg/lto/20081212-1 c_lto_20081212-1_0.o-c_lto_20081212-1_0.o execute -r -nostdlib
FAIL: scan-symbol exported_var: dump file does not exist
UNRESOLVED: gcc.dg/lto/20081222 c_lto_20081222_0.o-c_lto_20081222_1.o link -O0 -flto -flto-partition=none 
UNRESOLVED: gcc.dg/lto/20081222 c_lto_20081222_0.o-c_lto_20081222_1.o execute -O0 -flto -flto-partition=none 
UNRESOLVED: gcc.dg/lto/20081222 c_lto_20081222_0.o-c_lto_20081222_1.o link -O2 -flto -flto-partition=none 
UNRESOLVED: gcc.dg/lto/20081222 c_lto_20081222_0.o-c_lto_20081222_1.o execute -O2 -flto -flto-partition=none 
UNRESOLVED: gcc.dg/lto/20081222 c_lto_20081222_0.o-c_lto_20081222_1.o link -O0 -flto -flto-partition=1to1 
UNRESOLVED: gcc.dg/lto/20081222 c_lto_20081222_0.o-c_lto_20081222_1.o execute -O0 -flto -flto-partition=1to1 
UNRESOLVED: gcc.dg/lto/20081222 c_lto_20081222_0.o-c_lto_20081222_1.o link -O2 -flto -flto-partition=1to1 
UNRESOLVED: gcc.dg/lto/20081222 c_lto_20081222_0.o-c_lto_20081222_1.o execute -O2 -flto -flto-partition=1to1 
UNRESOLVED: gcc.dg/lto/20081222 c_lto_20081222_0.o-c_lto_20081222_1.o link -O0 -flto
UNRESOLVED: gcc.dg/lto/20081222 c_lto_20081222_0.o-c_lto_20081222_1.o execute -O0 -flto
UNRESOLVED: gcc.dg/lto/20081222 c_lto_20081222_0.o-c_lto_20081222_1.o link -O2 -flto
UNRESOLVED: gcc.dg/lto/20081222 c_lto_20081222_0.o-c_lto_20081222_1.o execute -O2 -flto
UNRESOLVED: gcc.dg/lto/20081224 c_lto_20081224_0.o-c_lto_20081224_1.o link -flto -flto-partition=1to1 -r -nostdlib -fPIC
UNRESOLVED: gcc.dg/lto/20081224 c_lto_20081224_0.o-c_lto_20081224_1.o execute -flto -flto-partition=1to1 -r -nostdlib -fPIC
UNRESOLVED: gcc.dg/lto/20090116 c_lto_20090116_0.o-c_lto_20090116_0.o link -O1 -flto -flto-partition=1to1 -fPIC
UNRESOLVED: gcc.dg/lto/20090116 c_lto_20090116_0.o-c_lto_20090116_0.o execute -O1 -flto -flto-partition=1to1 -fPIC
UNRESOLVED: gcc.dg/lto/20090120 c_lto_20090120_0.o-c_lto_20090120_0.o link -flto -funsigned-char
UNRESOLVED: gcc.dg/lto/20090120 c_lto_20090120_0.o-c_lto_20090120_0.o execute -flto -funsigned-char
UNRESOLVED: gcc.dg/lto/20090126-1 c_lto_20090126-1_0.o-c_lto_20090126-1_0.o link -O0 -flto -flto-partition=1to1
UNRESOLVED: gcc.dg/lto/20090126-1 c_lto_20090126-1_0.o-c_lto_20090126-1_0.o execute -O0 -flto -flto-partition=1to1
UNRESOLVED: gcc.dg/lto/20090126-2 c_lto_20090126-2_0.o-c_lto_20090126-2_0.o link -fPIC -O2 -flto -flto-partition=1to1
UNRESOLVED: gcc.dg/lto/20090126-2 c_lto_20090126-2_0.o-c_lto_20090126-2_0.o execute -fPIC -O2 -flto -flto-partition=1to1
UNRESOLVED: gcc.dg/lto/20090206-1 c_lto_20090206-1_0.o-c_lto_20090206-1_0.o link -r -nostdlib -flto -flto-partition=1to1
UNRESOLVED: gcc.dg/lto/20090206-1 c_lto_20090206-1_0.o-c_lto_20090206-1_0.o execute -r -nostdlib -flto -flto-partition=1to1
UNRESOLVED: gcc.dg/lto/20090206-2 c_lto_20090206-2_0.o-c_lto_20090206-2_0.o link -flto -flto-partition=1to1
UNRESOLVED: gcc.dg/lto/20090206-2 c_lto_20090206-2_0.o-c_lto_20090206-2_0.o execute -flto -flto-partition=1to1
UNRESOLVED: gcc.dg/lto/20090210 c_lto_20090210_0.o-c_lto_20090210_1.o link -O0 -flto -flto-partition=none 
UNRESOLVED: gcc.dg/lto/20090210 c_lto_20090210_0.o-c_lto_20090210_1.o execute -O0 -flto -flto-partition=none 
UNRESOLVED: gcc.dg/lto/20090210 c_lto_20090210_0.o-c_lto_20090210_1.o link -O2 -flto -flto-partition=none 
UNRESOLVED: gcc.dg/lto/20090210 c_lto_20090210_0.o-c_lto_20090210_1.o execute -O2 -flto -flto-partition=none 
UNRESOLVED: gcc.dg/lto/20090210 c_lto_20090210_0.o-c_lto_20090210_1.o link -O0 -flto -flto-partition=1to1 
UNRESOLVED: gcc.dg/lto/20090210 c_lto_20090210_0.o-c_lto_20090210_1.o execute -O0 -flto -flto-partition=1to1 
UNRESOLVED: gcc.dg/lto/20090210 c_lto_20090210_0.o-c_lto_20090210_1.o link -O2 -flto -flto-partition=1to1 
UNRESOLVED: gcc.dg/lto/20090210 c_lto_20090210_0.o-c_lto_20090210_1.o execute -O2 -flto -flto-partition=1to1 
UNRESOLVED: gcc.dg/lto/20090210 c_lto_20090210_0.o-c_lto_20090210_1.o link -O0 -flto
UNRESOLVED: gcc.dg/lto/20090210 c_lto_20090210_0.o-c_lto_20090210_1.o execute -O0 -flto
UNRESOLVED: gcc.dg/lto/20090210 c_lto_20090210_0.o-c_lto_20090210_1.o link -O2 -flto
UNRESOLVED: gcc.dg/lto/20090210 c_lto_20090210_0.o-c_lto_20090210_1.o execute -O2 -flto
UNRESOLVED: gcc.dg/lto/20090213 c_lto_20090213_0.o-c_lto_20090213_1.o link -O0 -flto -flto-partition=none 
UNRESOLVED: gcc.dg/lto/20090213 c_lto_20090213_0.o-c_lto_20090213_1.o execute -O0 -flto -flto-partition=none 
UNRESOLVED: gcc.dg/lto/20090213 c_lto_20090213_0.o-c_lto_20090213_1.o link -O2 -flto -flto-partition=none 
UNRESOLVED: gcc.dg/lto/20090213 c_lto_20090213_0.o-c_lto_20090213_1.o execute -O2 -flto -flto-partition=none 
UNRESOLVED: gcc.dg/lto/20090213 c_lto_20090213_0.o-c_lto_20090213_1.o link -O0 -flto -flto-partition=1to1 
UNRESOLVED: gcc.dg/lto/20090213 c_lto_20090213_0.o-c_lto_20090213_1.o execute -O0 -flto -flto-partition=1to1 
UNRESOLVED: gcc.dg/lto/20090213 c_lto_20090213_0.o-c_lto_20090213_1.o link -O2 -flto -flto-partition=1to1 
UNRESOLVED: gcc.dg/lto/20090213 c_lto_20090213_0.o-c_lto_20090213_1.o execute -O2 -flto -flto-partition=1to1 
UNRESOLVED: gcc.dg/lto/20090213 c_lto_20090213_0.o-c_lto_20090213_1.o link -O0 -flto
UNRESOLVED: gcc.dg/lto/20090213 c_lto_20090213_0.o-c_lto_20090213_1.o execute -O0 -flto
UNRESOLVED: gcc.dg/lto/20090213 c_lto_20090213_0.o-c_lto_20090213_1.o link -O2 -flto
UNRESOLVED: gcc.dg/lto/20090213 c_lto_20090213_0.o-c_lto_20090213_1.o execute -O2 -flto
UNRESOLVED: gcc.dg/lto/20090218-1 c_lto_20090218-1_0.o-c_lto_20090218-1_1.o link -O0 -flto -flto-partition=none 
UNRESOLVED: gcc.dg/lto/20090218-1 c_lto_20090218-1_0.o-c_lto_20090218-1_1.o execute -O0 -flto -flto-partition=none 
UNRESOLVED: gcc.dg/lto/20090218-1 c_lto_20090218-1_0.o-c_lto_20090218-1_1.o link -O2 -flto -flto-partition=none 
UNRESOLVED: gcc.dg/lto/20090218-1 c_lto_20090218-1_0.o-c_lto_20090218-1_1.o execute -O2 -flto -flto-partition=none 
UNRESOLVED: gcc.dg/lto/20090218-1 c_lto_20090218-1_0.o-c_lto_20090218-1_1.o link -O0 -flto -flto-partition=1to1 
UNRESOLVED: gcc.dg/lto/20090218-1 c_lto_20090218-1_0.o-c_lto_20090218-1_1.o execute -O0 -flto -flto-partition=1to1 
UNRESOLVED: gcc.dg/lto/20090218-1 c_lto_20090218-1_0.o-c_lto_20090218-1_1.o link -O2 -flto -flto-partition=1to1 
UNRESOLVED: gcc.dg/lto/20090218-1 c_lto_20090218-1_0.o-c_lto_20090218-1_1.o execute -O2 -flto -flto-partition=1to1 
UNRESOLVED: gcc.dg/lto/20090218-1 c_lto_20090218-1_0.o-c_lto_20090218-1_1.o link -O0 -flto
UNRESOLVED: gcc.dg/lto/20090218-1 c_lto_20090218-1_0.o-c_lto_20090218-1_1.o execute -O0 -flto
UNRESOLVED: gcc.dg/lto/20090218-1 c_lto_20090218-1_0.o-c_lto_20090218-1_1.o link -O2 -flto
UNRESOLVED: gcc.dg/lto/20090218-1 c_lto_20090218-1_0.o-c_lto_20090218-1_1.o execute -O2 -flto
UNRESOLVED: gcc.dg/lto/20090218-2 c_lto_20090218-2_0.o-c_lto_20090218-2_1.o link -O0 -flto -flto-partition=none 
UNRESOLVED: gcc.dg/lto/20090218-2 c_lto_20090218-2_0.o-c_lto_20090218-2_1.o execute -O0 -flto -flto-partition=none 
UNRESOLVED: gcc.dg/lto/20090218-2 c_lto_20090218-2_0.o-c_lto_20090218-2_1.o link -O2 -flto -flto-partition=none 
UNRESOLVED: gcc.dg/lto/20090218-2 c_lto_20090218-2_0.o-c_lto_20090218-2_1.o execute -O2 -flto -flto-partition=none 
UNRESOLVED: gcc.dg/lto/20090218-2 c_lto_20090218-2_0.o-c_lto_20090218-2_1.o link -O0 -flto -flto-partition=1to1 
UNRESOLVED: gcc.dg/lto/20090218-2 c_lto_20090218-2_0.o-c_lto_20090218-2_1.o execute -O0 -flto -flto-partition=1to1 
UNRESOLVED: gcc.dg/lto/20090218-2 c_lto_20090218-2_0.o-c_lto_20090218-2_1.o link -O2 -flto -flto-partition=1to1 
UNRESOLVED: gcc.dg/lto/20090218-2 c_lto_20090218-2_0.o-c_lto_20090218-2_1.o execute -O2 -flto -flto-partition=1to1 
UNRESOLVED: gcc.dg/lto/20090218-2 c_lto_20090218-2_0.o-c_lto_20090218-2_1.o link -O0 -flto
UNRESOLVED: gcc.dg/lto/20090218-2 c_lto_20090218-2_0.o-c_lto_20090218-2_1.o execute -O0 -flto
UNRESOLVED: gcc.dg/lto/20090218-2 c_lto_20090218-2_0.o-c_lto_20090218-2_1.o link -O2 -flto
UNRESOLVED: gcc.dg/lto/20090218-2 c_lto_20090218-2_0.o-c_lto_20090218-2_1.o execute -O2 -flto
UNRESOLVED: gcc.dg/lto/20090218 c_lto_20090218_0.o-c_lto_20090218_3.o link -O0 -flto -flto-partition=none 
UNRESOLVED: gcc.dg/lto/20090218 c_lto_20090218_0.o-c_lto_20090218_3.o execute -O0 -flto -flto-partition=none 
UNRESOLVED: gcc.dg/lto/20090218 c_lto_20090218_0.o-c_lto_20090218_3.o link -O2 -flto -flto-partition=none 
UNRESOLVED: gcc.dg/lto/20090218 c_lto_20090218_0.o-c_lto_20090218_3.o execute -O2 -flto -flto-partition=none 
UNRESOLVED: gcc.dg/lto/20090218 c_lto_20090218_0.o-c_lto_20090218_3.o link -O0 -flto -flto-partition=1to1 
UNRESOLVED: gcc.dg/lto/20090218 c_lto_20090218_0.o-c_lto_20090218_3.o execute -O0 -flto -flto-partition=1to1 
UNRESOLVED: gcc.dg/lto/20090218 c_lto_20090218_0.o-c_lto_20090218_3.o link -O2 -flto -flto-partition=1to1 
UNRESOLVED: gcc.dg/lto/20090218 c_lto_20090218_0.o-c_lto_20090218_3.o execute -O2 -flto -flto-partition=1to1 
UNRESOLVED: gcc.dg/lto/20090218 c_lto_20090218_0.o-c_lto_20090218_3.o link -O0 -flto
UNRESOLVED: gcc.dg/lto/20090218 c_lto_20090218_0.o-c_lto_20090218_3.o execute -O0 -flto
UNRESOLVED: gcc.dg/lto/20090218 c_lto_20090218_0.o-c_lto_20090218_3.o link -O2 -flto
UNRESOLVED: gcc.dg/lto/20090218 c_lto_20090218_0.o-c_lto_20090218_3.o execute -O2 -flto
UNRESOLVED: gcc.dg/lto/20090219 c_lto_20090219_0.o-c_lto_20090219_0.o link -O3 -flto -flto-partition=1to1 -fPIC -r -nostdlib
UNRESOLVED: gcc.dg/lto/20090219 c_lto_20090219_0.o-c_lto_20090219_0.o execute -O3 -flto -flto-partition=1to1 -fPIC -r -nostdlib
UNRESOLVED: gcc.dg/lto/20090312 c_lto_20090312_0.o-c_lto_20090312_1.o link -O0 -flto -flto-partition=none 
UNRESOLVED: gcc.dg/lto/20090312 c_lto_20090312_0.o-c_lto_20090312_1.o execute -O0 -flto -flto-partition=none 
UNRESOLVED: gcc.dg/lto/20090312 c_lto_20090312_0.o-c_lto_20090312_1.o link -O2 -flto -flto-partition=none 
UNRESOLVED: gcc.dg/lto/20090312 c_lto_20090312_0.o-c_lto_20090312_1.o execute -O2 -flto -flto-partition=none 
UNRESOLVED: gcc.dg/lto/20090312 c_lto_20090312_0.o-c_lto_20090312_1.o link -O0 -flto -flto-partition=1to1 
UNRESOLVED: gcc.dg/lto/20090312 c_lto_20090312_0.o-c_lto_20090312_1.o execute -O0 -flto -flto-partition=1to1 
UNRESOLVED: gcc.dg/lto/20090312 c_lto_20090312_0.o-c_lto_20090312_1.o link -O2 -flto -flto-partition=1to1 
UNRESOLVED: gcc.dg/lto/20090312 c_lto_20090312_0.o-c_lto_20090312_1.o execute -O2 -flto -flto-partition=1to1 
UNRESOLVED: gcc.dg/lto/20090312 c_lto_20090312_0.o-c_lto_20090312_1.o link -O0 -flto
UNRESOLVED: gcc.dg/lto/20090312 c_lto_20090312_0.o-c_lto_20090312_1.o execute -O0 -flto
UNRESOLVED: gcc.dg/lto/20090312 c_lto_20090312_0.o-c_lto_20090312_1.o link -O2 -flto
UNRESOLVED: gcc.dg/lto/20090312 c_lto_20090312_0.o-c_lto_20090312_1.o execute -O2 -flto
UNRESOLVED: gcc.dg/lto/20090313 c_lto_20090313_0.o-c_lto_20090313_0.o link -O0 -flto -flto-partition=none 
UNRESOLVED: gcc.dg/lto/20090313 c_lto_20090313_0.o-c_lto_20090313_0.o execute -O0 -flto -flto-partition=none 
UNRESOLVED: gcc.dg/lto/20090313 c_lto_20090313_0.o-c_lto_20090313_0.o link -O2 -flto -flto-partition=none 
UNRESOLVED: gcc.dg/lto/20090313 c_lto_20090313_0.o-c_lto_20090313_0.o execute -O2 -flto -flto-partition=none 
UNRESOLVED: gcc.dg/lto/20090313 c_lto_20090313_0.o-c_lto_20090313_0.o link -O0 -flto -flto-partition=1to1 
UNRESOLVED: gcc.dg/lto/20090313 c_lto_20090313_0.o-c_lto_20090313_0.o execute -O0 -flto -flto-partition=1to1 
UNRESOLVED: gcc.dg/lto/20090313 c_lto_20090313_0.o-c_lto_20090313_0.o link -O2 -flto -flto-partition=1to1 
UNRESOLVED: gcc.dg/lto/20090313 c_lto_20090313_0.o-c_lto_20090313_0.o execute -O2 -flto -flto-partition=1to1 
UNRESOLVED: gcc.dg/lto/20090313 c_lto_20090313_0.o-c_lto_20090313_0.o link -O0 -flto
UNRESOLVED: gcc.dg/lto/20090313 c_lto_20090313_0.o-c_lto_20090313_0.o execute -O0 -flto
UNRESOLVED: gcc.dg/lto/20090313 c_lto_20090313_0.o-c_lto_20090313_0.o link -O2 -flto
UNRESOLVED: gcc.dg/lto/20090313 c_lto_20090313_0.o-c_lto_20090313_0.o execute -O2 -flto
UNRESOLVED: gcc.dg/lto/20090706-1 c_lto_20090706-1_0.o-c_lto_20090706-1_0.o link -O0 -flto -flto-partition=none 
UNRESOLVED: gcc.dg/lto/20090706-1 c_lto_20090706-1_0.o-c_lto_20090706-1_0.o execute -O0 -flto -flto-partition=none 
UNRESOLVED: gcc.dg/lto/20090706-1 c_lto_20090706-1_0.o-c_lto_20090706-1_0.o link -O2 -flto -flto-partition=none 
UNRESOLVED: gcc.dg/lto/20090706-1 c_lto_20090706-1_0.o-c_lto_20090706-1_0.o execute -O2 -flto -flto-partition=none 
UNRESOLVED: gcc.dg/lto/20090706-1 c_lto_20090706-1_0.o-c_lto_20090706-1_0.o link -O0 -flto -flto-partition=1to1 
UNRESOLVED: gcc.dg/lto/20090706-1 c_lto_20090706-1_0.o-c_lto_20090706-1_0.o execute -O0 -flto -flto-partition=1to1 
UNRESOLVED: gcc.dg/lto/20090706-1 c_lto_20090706-1_0.o-c_lto_20090706-1_0.o link -O2 -flto -flto-partition=1to1 
UNRESOLVED: gcc.dg/lto/20090706-1 c_lto_20090706-1_0.o-c_lto_20090706-1_0.o execute -O2 -flto -flto-partition=1to1 
UNRESOLVED: gcc.dg/lto/20090706-1 c_lto_20090706-1_0.o-c_lto_20090706-1_0.o link -O0 -flto
UNRESOLVED: gcc.dg/lto/20090706-1 c_lto_20090706-1_0.o-c_lto_20090706-1_0.o execute -O0 -flto
UNRESOLVED: gcc.dg/lto/20090706-1 c_lto_20090706-1_0.o-c_lto_20090706-1_0.o link -O2 -flto
UNRESOLVED: gcc.dg/lto/20090706-1 c_lto_20090706-1_0.o-c_lto_20090706-1_0.o execute -O2 -flto
UNRESOLVED: gcc.dg/lto/20090706-2 c_lto_20090706-2_0.o-c_lto_20090706-2_0.o link -O0 -flto -flto-partition=none 
UNRESOLVED: gcc.dg/lto/20090706-2 c_lto_20090706-2_0.o-c_lto_20090706-2_0.o execute -O0 -flto -flto-partition=none 
UNRESOLVED: gcc.dg/lto/20090706-2 c_lto_20090706-2_0.o-c_lto_20090706-2_0.o link -O2 -flto -flto-partition=none 
UNRESOLVED: gcc.dg/lto/20090706-2 c_lto_20090706-2_0.o-c_lto_20090706-2_0.o execute -O2 -flto -flto-partition=none 
UNRESOLVED: gcc.dg/lto/20090706-2 c_lto_20090706-2_0.o-c_lto_20090706-2_0.o link -O0 -flto -flto-partition=1to1 
UNRESOLVED: gcc.dg/lto/20090706-2 c_lto_20090706-2_0.o-c_lto_20090706-2_0.o execute -O0 -flto -flto-partition=1to1 
UNRESOLVED: gcc.dg/lto/20090706-2 c_lto_20090706-2_0.o-c_lto_20090706-2_0.o link -O2 -flto -flto-partition=1to1 
UNRESOLVED: gcc.dg/lto/20090706-2 c_lto_20090706-2_0.o-c_lto_20090706-2_0.o execute -O2 -flto -flto-partition=1to1 
UNRESOLVED: gcc.dg/lto/20090706-2 c_lto_20090706-2_0.o-c_lto_20090706-2_0.o link -O0 -flto
UNRESOLVED: gcc.dg/lto/20090706-2 c_lto_20090706-2_0.o-c_lto_20090706-2_0.o execute -O0 -flto
UNRESOLVED: gcc.dg/lto/20090706-2 c_lto_20090706-2_0.o-c_lto_20090706-2_0.o link -O2 -flto
UNRESOLVED: gcc.dg/lto/20090706-2 c_lto_20090706-2_0.o-c_lto_20090706-2_0.o execute -O2 -flto
UNRESOLVED: gcc.dg/lto/20090717 c_lto_20090717_0.o-c_lto_20090717_1.o link -O0 -flto -flto-partition=none 
UNRESOLVED: gcc.dg/lto/20090717 c_lto_20090717_0.o-c_lto_20090717_1.o execute -O0 -flto -flto-partition=none 
UNRESOLVED: gcc.dg/lto/20090717 c_lto_20090717_0.o-c_lto_20090717_1.o link -O2 -flto -flto-partition=none 
UNRESOLVED: gcc.dg/lto/20090717 c_lto_20090717_0.o-c_lto_20090717_1.o execute -O2 -flto -flto-partition=none 
UNRESOLVED: gcc.dg/lto/20090717 c_lto_20090717_0.o-c_lto_20090717_1.o link -O0 -flto -flto-partition=1to1 
UNRESOLVED: gcc.dg/lto/20090717 c_lto_20090717_0.o-c_lto_20090717_1.o execute -O0 -flto -flto-partition=1to1 
UNRESOLVED: gcc.dg/lto/20090717 c_lto_20090717_0.o-c_lto_20090717_1.o link -O2 -flto -flto-partition=1to1 
UNRESOLVED: gcc.dg/lto/20090717 c_lto_20090717_0.o-c_lto_20090717_1.o execute -O2 -flto -flto-partition=1to1 
UNRESOLVED: gcc.dg/lto/20090717 c_lto_20090717_0.o-c_lto_20090717_1.o link -O0 -flto
UNRESOLVED: gcc.dg/lto/20090717 c_lto_20090717_0.o-c_lto_20090717_1.o execute -O0 -flto
UNRESOLVED: gcc.dg/lto/20090717 c_lto_20090717_0.o-c_lto_20090717_1.o link -O2 -flto
UNRESOLVED: gcc.dg/lto/20090717 c_lto_20090717_0.o-c_lto_20090717_1.o execute -O2 -flto
UNRESOLVED: gcc.dg/lto/20090729 c_lto_20090729_0.o-c_lto_20090729_1.o link -w
UNRESOLVED: gcc.dg/lto/20090729 c_lto_20090729_0.o-c_lto_20090729_1.o execute -w
UNRESOLVED: gcc.dg/lto/20090812 c_lto_20090812_0.o-c_lto_20090812_1.o link -O0 -flto -flto-partition=none 
UNRESOLVED: gcc.dg/lto/20090812 c_lto_20090812_0.o-c_lto_20090812_1.o execute -O0 -flto -flto-partition=none 
UNRESOLVED: gcc.dg/lto/20090812 c_lto_20090812_0.o-c_lto_20090812_1.o link -O2 -flto -flto-partition=none 
UNRESOLVED: gcc.dg/lto/20090812 c_lto_20090812_0.o-c_lto_20090812_1.o execute -O2 -flto -flto-partition=none 
UNRESOLVED: gcc.dg/lto/20090812 c_lto_20090812_0.o-c_lto_20090812_1.o link -O0 -flto -flto-partition=1to1 
UNRESOLVED: gcc.dg/lto/20090812 c_lto_20090812_0.o-c_lto_20090812_1.o execute -O0 -flto -flto-partition=1to1 
UNRESOLVED: gcc.dg/lto/20090812 c_lto_20090812_0.o-c_lto_20090812_1.o link -O2 -flto -flto-partition=1to1 
UNRESOLVED: gcc.dg/lto/20090812 c_lto_20090812_0.o-c_lto_20090812_1.o execute -O2 -flto -flto-partition=1to1 
UNRESOLVED: gcc.dg/lto/20090812 c_lto_20090812_0.o-c_lto_20090812_1.o link -O0 -flto
UNRESOLVED: gcc.dg/lto/20090812 c_lto_20090812_0.o-c_lto_20090812_1.o execute -O0 -flto
UNRESOLVED: gcc.dg/lto/20090812 c_lto_20090812_0.o-c_lto_20090812_1.o link -O2 -flto
UNRESOLVED: gcc.dg/lto/20090812 c_lto_20090812_0.o-c_lto_20090812_1.o execute -O2 -flto
UNRESOLVED: gcc.dg/lto/20090914-1 c_lto_20090914-1_0.o-c_lto_20090914-1_0.o link -flto
UNRESOLVED: gcc.dg/lto/20090914-1 c_lto_20090914-1_0.o-c_lto_20090914-1_0.o execute -flto
UNRESOLVED: gcc.dg/lto/20090914-2 c_lto_20090914-2_0.o-c_lto_20090914-2_0.o link -O0 -flto -flto-partition=none 
UNRESOLVED: gcc.dg/lto/20090914-2 c_lto_20090914-2_0.o-c_lto_20090914-2_0.o execute -O0 -flto -flto-partition=none 
UNRESOLVED: gcc.dg/lto/20090914-2 c_lto_20090914-2_0.o-c_lto_20090914-2_0.o link -O2 -flto -flto-partition=none 
UNRESOLVED: gcc.dg/lto/20090914-2 c_lto_20090914-2_0.o-c_lto_20090914-2_0.o execute -O2 -flto -flto-partition=none 
UNRESOLVED: gcc.dg/lto/20090914-2 c_lto_20090914-2_0.o-c_lto_20090914-2_0.o link -O0 -flto -flto-partition=1to1 
UNRESOLVED: gcc.dg/lto/20090914-2 c_lto_20090914-2_0.o-c_lto_20090914-2_0.o execute -O0 -flto -flto-partition=1to1 
UNRESOLVED: gcc.dg/lto/20090914-2 c_lto_20090914-2_0.o-c_lto_20090914-2_0.o link -O2 -flto -flto-partition=1to1 
UNRESOLVED: gcc.dg/lto/20090914-2 c_lto_20090914-2_0.o-c_lto_20090914-2_0.o execute -O2 -flto -flto-partition=1to1 
UNRESOLVED: gcc.dg/lto/20090914-2 c_lto_20090914-2_0.o-c_lto_20090914-2_0.o link -O0 -flto
UNRESOLVED: gcc.dg/lto/20090914-2 c_lto_20090914-2_0.o-c_lto_20090914-2_0.o execute -O0 -flto
UNRESOLVED: gcc.dg/lto/20090914-2 c_lto_20090914-2_0.o-c_lto_20090914-2_0.o link -O2 -flto
UNRESOLVED: gcc.dg/lto/20090914-2 c_lto_20090914-2_0.o-c_lto_20090914-2_0.o execute -O2 -flto
UNRESOLVED: gcc.dg/lto/20091005-1 c_lto_20091005-1_0.o-c_lto_20091005-1_1.o link -O0 -flto -flto-partition=none 
UNRESOLVED: gcc.dg/lto/20091005-1 c_lto_20091005-1_0.o-c_lto_20091005-1_1.o execute -O0 -flto -flto-partition=none 
UNRESOLVED: gcc.dg/lto/20091005-1 c_lto_20091005-1_0.o-c_lto_20091005-1_1.o link -O2 -flto -flto-partition=none 
UNRESOLVED: gcc.dg/lto/20091005-1 c_lto_20091005-1_0.o-c_lto_20091005-1_1.o execute -O2 -flto -flto-partition=none 
UNRESOLVED: gcc.dg/lto/20091005-1 c_lto_20091005-1_0.o-c_lto_20091005-1_1.o link -O0 -flto -flto-partition=1to1 
UNRESOLVED: gcc.dg/lto/20091005-1 c_lto_20091005-1_0.o-c_lto_20091005-1_1.o execute -O0 -flto -flto-partition=1to1 
UNRESOLVED: gcc.dg/lto/20091005-1 c_lto_20091005-1_0.o-c_lto_20091005-1_1.o link -O2 -flto -flto-partition=1to1 
UNRESOLVED: gcc.dg/lto/20091005-1 c_lto_20091005-1_0.o-c_lto_20091005-1_1.o execute -O2 -flto -flto-partition=1to1 
UNRESOLVED: gcc.dg/lto/20091005-1 c_lto_20091005-1_0.o-c_lto_20091005-1_1.o link -O0 -flto
UNRESOLVED: gcc.dg/lto/20091005-1 c_lto_20091005-1_0.o-c_lto_20091005-1_1.o execute -O0 -flto
UNRESOLVED: gcc.dg/lto/20091005-1 c_lto_20091005-1_0.o-c_lto_20091005-1_1.o link -O2 -flto
UNRESOLVED: gcc.dg/lto/20091005-1 c_lto_20091005-1_0.o-c_lto_20091005-1_1.o execute -O2 -flto
UNRESOLVED: gcc.dg/lto/20091005-2 c_lto_20091005-2_0.o-c_lto_20091005-2_0.o link -fstrict-aliasing -flto
UNRESOLVED: gcc.dg/lto/20091005-2 c_lto_20091005-2_0.o-c_lto_20091005-2_0.o execute -fstrict-aliasing -flto
UNRESOLVED: gcc.dg/lto/20091006-1 c_lto_20091006-1_0.o-c_lto_20091006-1_1.o link -O0 -flto -flto-partition=none 
UNRESOLVED: gcc.dg/lto/20091006-1 c_lto_20091006-1_0.o-c_lto_20091006-1_1.o execute -O0 -flto -flto-partition=none 
UNRESOLVED: gcc.dg/lto/20091006-1 c_lto_20091006-1_0.o-c_lto_20091006-1_1.o link -O2 -flto -flto-partition=none 
UNRESOLVED: gcc.dg/lto/20091006-1 c_lto_20091006-1_0.o-c_lto_20091006-1_1.o execute -O2 -flto -flto-partition=none 
UNRESOLVED: gcc.dg/lto/20091006-1 c_lto_20091006-1_0.o-c_lto_20091006-1_1.o link -O0 -flto -flto-partition=1to1 
UNRESOLVED: gcc.dg/lto/20091006-1 c_lto_20091006-1_0.o-c_lto_20091006-1_1.o execute -O0 -flto -flto-partition=1to1 
UNRESOLVED: gcc.dg/lto/20091006-1 c_lto_20091006-1_0.o-c_lto_20091006-1_1.o link -O2 -flto -flto-partition=1to1 
UNRESOLVED: gcc.dg/lto/20091006-1 c_lto_20091006-1_0.o-c_lto_20091006-1_1.o execute -O2 -flto -flto-partition=1to1 
UNRESOLVED: gcc.dg/lto/20091006-1 c_lto_20091006-1_0.o-c_lto_20091006-1_1.o link -O0 -flto
UNRESOLVED: gcc.dg/lto/20091006-1 c_lto_20091006-1_0.o-c_lto_20091006-1_1.o execute -O0 -flto
UNRESOLVED: gcc.dg/lto/20091006-1 c_lto_20091006-1_0.o-c_lto_20091006-1_1.o link -O2 -flto
UNRESOLVED: gcc.dg/lto/20091006-1 c_lto_20091006-1_0.o-c_lto_20091006-1_1.o execute -O2 -flto
UNRESOLVED: gcc.dg/lto/20091006-2 c_lto_20091006-2_0.o-c_lto_20091006-2_2.o link -O0 -flto -flto-partition=none 
UNRESOLVED: gcc.dg/lto/20091006-2 c_lto_20091006-2_0.o-c_lto_20091006-2_2.o execute -O0 -flto -flto-partition=none 
UNRESOLVED: gcc.dg/lto/20091006-2 c_lto_20091006-2_0.o-c_lto_20091006-2_2.o link -O2 -flto -flto-partition=none 
UNRESOLVED: gcc.dg/lto/20091006-2 c_lto_20091006-2_0.o-c_lto_20091006-2_2.o execute -O2 -flto -flto-partition=none 
UNRESOLVED: gcc.dg/lto/20091006-2 c_lto_20091006-2_0.o-c_lto_20091006-2_2.o link -O0 -flto -flto-partition=1to1 
UNRESOLVED: gcc.dg/lto/20091006-2 c_lto_20091006-2_0.o-c_lto_20091006-2_2.o execute -O0 -flto -flto-partition=1to1 
UNRESOLVED: gcc.dg/lto/20091006-2 c_lto_20091006-2_0.o-c_lto_20091006-2_2.o link -O2 -flto -flto-partition=1to1 
UNRESOLVED: gcc.dg/lto/20091006-2 c_lto_20091006-2_0.o-c_lto_20091006-2_2.o execute -O2 -flto -flto-partition=1to1 
UNRESOLVED: gcc.dg/lto/20091006-2 c_lto_20091006-2_0.o-c_lto_20091006-2_2.o link -O0 -flto
UNRESOLVED: gcc.dg/lto/20091006-2 c_lto_20091006-2_0.o-c_lto_20091006-2_2.o execute -O0 -flto
UNRESOLVED: gcc.dg/lto/20091006-2 c_lto_20091006-2_0.o-c_lto_20091006-2_2.o link -O2 -flto
UNRESOLVED: gcc.dg/lto/20091006-2 c_lto_20091006-2_0.o-c_lto_20091006-2_2.o execute -O2 -flto
UNRESOLVED: gcc.dg/lto/20091013-1 c_lto_20091013-1_0.o-c_lto_20091013-1_2.o link -fPIC -r -nostdlib -flto
UNRESOLVED: gcc.dg/lto/20091013-1 c_lto_20091013-1_0.o-c_lto_20091013-1_2.o execute -fPIC -r -nostdlib -flto
UNRESOLVED: gcc.dg/lto/20091013-1 c_lto_20091013-1_0.o-c_lto_20091013-1_2.o link -fPIC -r -nostdlib -O2 -flto
UNRESOLVED: gcc.dg/lto/20091013-1 c_lto_20091013-1_0.o-c_lto_20091013-1_2.o execute -fPIC -r -nostdlib -O2 -flto
UNRESOLVED: gcc.dg/lto/20091014-1 c_lto_20091014-1_0.o-c_lto_20091014-1_0.o link -fPIC -r -nostdlib -flto
UNRESOLVED: gcc.dg/lto/20091014-1 c_lto_20091014-1_0.o-c_lto_20091014-1_0.o execute -fPIC -r -nostdlib -flto
UNRESOLVED: gcc.dg/lto/20091015-1 c_lto_20091015-1_0.o-c_lto_20091015-1_2.o link -fPIC -r -nostdlib -O2 -flto
UNRESOLVED: gcc.dg/lto/20091015-1 c_lto_20091015-1_0.o-c_lto_20091015-1_2.o execute -fPIC -r -nostdlib -O2 -flto
UNRESOLVED: gcc.dg/lto/20091015-1 c_lto_20091015-1_0.o-c_lto_20091015-1_2.o link -fPIC -r -nostdlib -O2 -flto -flto-partition=1to1
UNRESOLVED: gcc.dg/lto/20091015-1 c_lto_20091015-1_0.o-c_lto_20091015-1_2.o execute -fPIC -r -nostdlib -O2 -flto -flto-partition=1to1
UNRESOLVED: gcc.dg/lto/20091016-1 c_lto_20091016-1_0.o-c_lto_20091016-1_1.o link -fPIC -r -nostdlib -O2 -flto
UNRESOLVED: gcc.dg/lto/20091016-1 c_lto_20091016-1_0.o-c_lto_20091016-1_1.o execute -fPIC -r -nostdlib -O2 -flto
UNRESOLVED: gcc.dg/lto/20091017-1 c_lto_20091017-1_0.o-c_lto_20091017-1_1.o link -O0 -flto -flto-partition=none 
UNRESOLVED: gcc.dg/lto/20091017-1 c_lto_20091017-1_0.o-c_lto_20091017-1_1.o execute -O0 -flto -flto-partition=none 
UNRESOLVED: gcc.dg/lto/20091017-1 c_lto_20091017-1_0.o-c_lto_20091017-1_1.o link -O2 -flto -flto-partition=none 
UNRESOLVED: gcc.dg/lto/20091017-1 c_lto_20091017-1_0.o-c_lto_20091017-1_1.o execute -O2 -flto -flto-partition=none 
UNRESOLVED: gcc.dg/lto/20091017-1 c_lto_20091017-1_0.o-c_lto_20091017-1_1.o link -O0 -flto -flto-partition=1to1 
UNRESOLVED: gcc.dg/lto/20091017-1 c_lto_20091017-1_0.o-c_lto_20091017-1_1.o execute -O0 -flto -flto-partition=1to1 
UNRESOLVED: gcc.dg/lto/20091017-1 c_lto_20091017-1_0.o-c_lto_20091017-1_1.o link -O2 -flto -flto-partition=1to1 
UNRESOLVED: gcc.dg/lto/20091017-1 c_lto_20091017-1_0.o-c_lto_20091017-1_1.o execute -O2 -flto -flto-partition=1to1 
UNRESOLVED: gcc.dg/lto/20091017-1 c_lto_20091017-1_0.o-c_lto_20091017-1_1.o link -O0 -flto
UNRESOLVED: gcc.dg/lto/20091017-1 c_lto_20091017-1_0.o-c_lto_20091017-1_1.o execute -O0 -flto
UNRESOLVED: gcc.dg/lto/20091017-1 c_lto_20091017-1_0.o-c_lto_20091017-1_1.o link -O2 -flto
UNRESOLVED: gcc.dg/lto/20091017-1 c_lto_20091017-1_0.o-c_lto_20091017-1_1.o execute -O2 -flto
UNRESOLVED: gcc.dg/lto/20091020-1 c_lto_20091020-1_0.o-c_lto_20091020-1_1.o link -fPIC -r -nostdlib -flto
UNRESOLVED: gcc.dg/lto/20091020-1 c_lto_20091020-1_0.o-c_lto_20091020-1_1.o execute -fPIC -r -nostdlib -flto
UNRESOLVED: gcc.dg/lto/20091020-2 c_lto_20091020-2_0.o-c_lto_20091020-2_1.o link -fPIC -r -nostdlib -flto
UNRESOLVED: gcc.dg/lto/20091020-2 c_lto_20091020-2_0.o-c_lto_20091020-2_1.o execute -fPIC -r -nostdlib -flto
UNRESOLVED: gcc.dg/lto/20091027-1 c_lto_20091027-1_0.o-c_lto_20091027-1_1.o link -O0 -flto -flto-partition=none 
UNRESOLVED: gcc.dg/lto/20091027-1 c_lto_20091027-1_0.o-c_lto_20091027-1_1.o execute -O0 -flto -flto-partition=none 
UNRESOLVED: gcc.dg/lto/20091027-1 c_lto_20091027-1_0.o-c_lto_20091027-1_1.o link -O2 -flto -flto-partition=none 
UNRESOLVED: gcc.dg/lto/20091027-1 c_lto_20091027-1_0.o-c_lto_20091027-1_1.o execute -O2 -flto -flto-partition=none 
UNRESOLVED: gcc.dg/lto/20091027-1 c_lto_20091027-1_0.o-c_lto_20091027-1_1.o link -O0 -flto -flto-partition=1to1 
UNRESOLVED: gcc.dg/lto/20091027-1 c_lto_20091027-1_0.o-c_lto_20091027-1_1.o execute -O0 -flto -flto-partition=1to1 
UNRESOLVED: gcc.dg/lto/20091027-1 c_lto_20091027-1_0.o-c_lto_20091027-1_1.o link -O2 -flto -flto-partition=1to1 
UNRESOLVED: gcc.dg/lto/20091027-1 c_lto_20091027-1_0.o-c_lto_20091027-1_1.o execute -O2 -flto -flto-partition=1to1 
UNRESOLVED: gcc.dg/lto/20091027-1 c_lto_20091027-1_0.o-c_lto_20091027-1_1.o link -O0 -flto
UNRESOLVED: gcc.dg/lto/20091027-1 c_lto_20091027-1_0.o-c_lto_20091027-1_1.o execute -O0 -flto
UNRESOLVED: gcc.dg/lto/20091027-1 c_lto_20091027-1_0.o-c_lto_20091027-1_1.o link -O2 -flto
UNRESOLVED: gcc.dg/lto/20091027-1 c_lto_20091027-1_0.o-c_lto_20091027-1_1.o execute -O2 -flto
UNRESOLVED: gcc.dg/lto/20091209-1 c_lto_20091209-1_0.o-c_lto_20091209-1_0.o link  -O3 -fno-early-inlining -flto 
UNRESOLVED: gcc.dg/lto/20091209-1 c_lto_20091209-1_0.o-c_lto_20091209-1_0.o execute  -O3 -fno-early-inlining -flto 
UNRESOLVED: gcc.dg/lto/20091216-1 c_lto_20091216-1_0.o-c_lto_20091216-1_0.o link -O0 -flto -flto-partition=none 
UNRESOLVED: gcc.dg/lto/20091216-1 c_lto_20091216-1_0.o-c_lto_20091216-1_0.o execute -O0 -flto -flto-partition=none 
UNRESOLVED: gcc.dg/lto/20091216-1 c_lto_20091216-1_0.o-c_lto_20091216-1_0.o link -O2 -flto -flto-partition=none 
UNRESOLVED: gcc.dg/lto/20091216-1 c_lto_20091216-1_0.o-c_lto_20091216-1_0.o execute -O2 -flto -flto-partition=none 
UNRESOLVED: gcc.dg/lto/20091216-1 c_lto_20091216-1_0.o-c_lto_20091216-1_0.o link -O0 -flto -flto-partition=1to1 
UNRESOLVED: gcc.dg/lto/20091216-1 c_lto_20091216-1_0.o-c_lto_20091216-1_0.o execute -O0 -flto -flto-partition=1to1 
UNRESOLVED: gcc.dg/lto/20091216-1 c_lto_20091216-1_0.o-c_lto_20091216-1_0.o link -O2 -flto -flto-partition=1to1 
UNRESOLVED: gcc.dg/lto/20091216-1 c_lto_20091216-1_0.o-c_lto_20091216-1_0.o execute -O2 -flto -flto-partition=1to1 
UNRESOLVED: gcc.dg/lto/20091216-1 c_lto_20091216-1_0.o-c_lto_20091216-1_0.o link -O0 -flto
UNRESOLVED: gcc.dg/lto/20091216-1 c_lto_20091216-1_0.o-c_lto_20091216-1_0.o execute -O0 -flto
UNRESOLVED: gcc.dg/lto/20091216-1 c_lto_20091216-1_0.o-c_lto_20091216-1_0.o link -O2 -flto
UNRESOLVED: gcc.dg/lto/20091216-1 c_lto_20091216-1_0.o-c_lto_20091216-1_0.o execute -O2 -flto
UNRESOLVED: gcc.dg/lto/20100103-1 c_lto_20100103-1_0.o-c_lto_20100103-1_0.o link -funsigned-char -flto
UNRESOLVED: gcc.dg/lto/20100103-1 c_lto_20100103-1_0.o-c_lto_20100103-1_0.o execute -funsigned-char -flto
UNRESOLVED: gcc.dg/lto/20100103-1 c_lto_20100103-1_0.o-c_lto_20100103-1_0.o link -fsigned-char -flto
UNRESOLVED: gcc.dg/lto/20100103-1 c_lto_20100103-1_0.o-c_lto_20100103-1_0.o execute -fsigned-char -flto
UNRESOLVED: gcc.dg/lto/20100103-2 c_lto_20100103-2_0.o-c_lto_20100103-2_0.o link -O -flto -funsigned-char
UNRESOLVED: gcc.dg/lto/20100103-2 c_lto_20100103-2_0.o-c_lto_20100103-2_0.o execute -O -flto -funsigned-char
UNRESOLVED: gcc.dg/lto/20100103-2 c_lto_20100103-2_0.o-c_lto_20100103-2_0.o link -O -flto -fsigned-char
UNRESOLVED: gcc.dg/lto/20100103-2 c_lto_20100103-2_0.o-c_lto_20100103-2_0.o execute -O -flto -fsigned-char
UNRESOLVED: gcc.dg/lto/20100227-1 c_lto_20100227-1_0.o-c_lto_20100227-1_1.o link -O0 -flto -flto-partition=none 
UNRESOLVED: gcc.dg/lto/20100227-1 c_lto_20100227-1_0.o-c_lto_20100227-1_1.o execute -O0 -flto -flto-partition=none 
UNRESOLVED: gcc.dg/lto/20100227-1 c_lto_20100227-1_0.o-c_lto_20100227-1_1.o link -O2 -flto -flto-partition=none 
UNRESOLVED: gcc.dg/lto/20100227-1 c_lto_20100227-1_0.o-c_lto_20100227-1_1.o execute -O2 -flto -flto-partition=none 
UNRESOLVED: gcc.dg/lto/20100227-1 c_lto_20100227-1_0.o-c_lto_20100227-1_1.o link -O0 -flto -flto-partition=1to1 
UNRESOLVED: gcc.dg/lto/20100227-1 c_lto_20100227-1_0.o-c_lto_20100227-1_1.o execute -O0 -flto -flto-partition=1to1 
UNRESOLVED: gcc.dg/lto/20100227-1 c_lto_20100227-1_0.o-c_lto_20100227-1_1.o link -O2 -flto -flto-partition=1to1 
UNRESOLVED: gcc.dg/lto/20100227-1 c_lto_20100227-1_0.o-c_lto_20100227-1_1.o execute -O2 -flto -flto-partition=1to1 
UNRESOLVED: gcc.dg/lto/20100227-1 c_lto_20100227-1_0.o-c_lto_20100227-1_1.o link -O0 -flto
UNRESOLVED: gcc.dg/lto/20100227-1 c_lto_20100227-1_0.o-c_lto_20100227-1_1.o execute -O0 -flto
UNRESOLVED: gcc.dg/lto/20100227-1 c_lto_20100227-1_0.o-c_lto_20100227-1_1.o link -O2 -flto
UNRESOLVED: gcc.dg/lto/20100227-1 c_lto_20100227-1_0.o-c_lto_20100227-1_1.o execute -O2 -flto
UNRESOLVED: gcc.dg/lto/20100423-1 c_lto_20100423-1_0.o-c_lto_20100423-1_1.o link -O0 -flto -flto-partition=none 
UNRESOLVED: gcc.dg/lto/20100423-1 c_lto_20100423-1_0.o-c_lto_20100423-1_1.o execute -O0 -flto -flto-partition=none 
UNRESOLVED: gcc.dg/lto/20100423-1 c_lto_20100423-1_0.o-c_lto_20100423-1_1.o link -O2 -flto -flto-partition=none 
UNRESOLVED: gcc.dg/lto/20100423-1 c_lto_20100423-1_0.o-c_lto_20100423-1_1.o execute -O2 -flto -flto-partition=none 
UNRESOLVED: gcc.dg/lto/20100423-1 c_lto_20100423-1_0.o-c_lto_20100423-1_1.o link -O0 -flto -flto-partition=1to1 
UNRESOLVED: gcc.dg/lto/20100423-1 c_lto_20100423-1_0.o-c_lto_20100423-1_1.o execute -O0 -flto -flto-partition=1to1 
UNRESOLVED: gcc.dg/lto/20100423-1 c_lto_20100423-1_0.o-c_lto_20100423-1_1.o link -O2 -flto -flto-partition=1to1 
UNRESOLVED: gcc.dg/lto/20100423-1 c_lto_20100423-1_0.o-c_lto_20100423-1_1.o execute -O2 -flto -flto-partition=1to1 
UNRESOLVED: gcc.dg/lto/20100423-1 c_lto_20100423-1_0.o-c_lto_20100423-1_1.o link -O0 -flto
UNRESOLVED: gcc.dg/lto/20100423-1 c_lto_20100423-1_0.o-c_lto_20100423-1_1.o execute -O0 -flto
UNRESOLVED: gcc.dg/lto/20100423-1 c_lto_20100423-1_0.o-c_lto_20100423-1_1.o link -O2 -flto
UNRESOLVED: gcc.dg/lto/20100423-1 c_lto_20100423-1_0.o-c_lto_20100423-1_1.o execute -O2 -flto
UNRESOLVED: gcc.dg/lto/20100423-2 c_lto_20100423-2_0.o-c_lto_20100423-2_1.o link -O2 -flto -flto-partition=none
UNRESOLVED: gcc.dg/lto/20100423-2 c_lto_20100423-2_0.o-c_lto_20100423-2_1.o execute -O2 -flto -flto-partition=none
UNRESOLVED: gcc.dg/lto/20100423-2 c_lto_20100423-2_0.o-c_lto_20100423-2_1.o link -O2 -flto -flto-partition=1to1
UNRESOLVED: gcc.dg/lto/20100423-2 c_lto_20100423-2_0.o-c_lto_20100423-2_1.o execute -O2 -flto -flto-partition=1to1
UNRESOLVED: gcc.dg/lto/20100423-2 c_lto_20100423-2_0.o-c_lto_20100423-2_1.o link -O3 -flto -flto-partition=none
UNRESOLVED: gcc.dg/lto/20100423-2 c_lto_20100423-2_0.o-c_lto_20100423-2_1.o execute -O3 -flto -flto-partition=none
UNRESOLVED: gcc.dg/lto/20100423-2 c_lto_20100423-2_0.o-c_lto_20100423-2_1.o link -O3 -flto -flto-partition=1to1
UNRESOLVED: gcc.dg/lto/20100423-2 c_lto_20100423-2_0.o-c_lto_20100423-2_1.o execute -O3 -flto -flto-partition=1to1
UNRESOLVED: gcc.dg/lto/20100426 c_lto_20100426_0.o-c_lto_20100426_0.o link -r -nostdlib -flto -g
UNRESOLVED: gcc.dg/lto/20100426 c_lto_20100426_0.o-c_lto_20100426_0.o execute -r -nostdlib -flto -g
UNRESOLVED: gcc.dg/lto/20100430-1 c_lto_20100430-1_0.o-c_lto_20100430-1_0.o link -O2 -fprofile-arcs -flto -r -nostdlib
UNRESOLVED: gcc.dg/lto/20100430-1 c_lto_20100430-1_0.o-c_lto_20100430-1_0.o execute -O2 -fprofile-arcs -flto -r -nostdlib
UNRESOLVED: gcc.dg/lto/20100518 c_lto_20100518_0.o-c_lto_20100518_0.o link -O0 -flto -flto-partition=none 
UNRESOLVED: gcc.dg/lto/20100518 c_lto_20100518_0.o-c_lto_20100518_0.o execute -O0 -flto -flto-partition=none 
UNRESOLVED: gcc.dg/lto/20100518 c_lto_20100518_0.o-c_lto_20100518_0.o link -O2 -flto -flto-partition=none 
UNRESOLVED: gcc.dg/lto/20100518 c_lto_20100518_0.o-c_lto_20100518_0.o execute -O2 -flto -flto-partition=none 
UNRESOLVED: gcc.dg/lto/20100518 c_lto_20100518_0.o-c_lto_20100518_0.o link -O0 -flto -flto-partition=1to1 
UNRESOLVED: gcc.dg/lto/20100518 c_lto_20100518_0.o-c_lto_20100518_0.o execute -O0 -flto -flto-partition=1to1 
UNRESOLVED: gcc.dg/lto/20100518 c_lto_20100518_0.o-c_lto_20100518_0.o link -O2 -flto -flto-partition=1to1 
UNRESOLVED: gcc.dg/lto/20100518 c_lto_20100518_0.o-c_lto_20100518_0.o execute -O2 -flto -flto-partition=1to1 
UNRESOLVED: gcc.dg/lto/20100518 c_lto_20100518_0.o-c_lto_20100518_0.o link -O0 -flto
UNRESOLVED: gcc.dg/lto/20100518 c_lto_20100518_0.o-c_lto_20100518_0.o execute -O0 -flto
UNRESOLVED: gcc.dg/lto/20100518 c_lto_20100518_0.o-c_lto_20100518_0.o link -O2 -flto
UNRESOLVED: gcc.dg/lto/20100518 c_lto_20100518_0.o-c_lto_20100518_0.o execute -O2 -flto
UNRESOLVED: gcc.dg/lto/20100603-1 c_lto_20100603-1_0.o-c_lto_20100603-1_0.o link -O0 -flto -flto-partition=none 
UNRESOLVED: gcc.dg/lto/20100603-1 c_lto_20100603-1_0.o-c_lto_20100603-1_0.o execute -O0 -flto -flto-partition=none 
UNRESOLVED: gcc.dg/lto/20100603-1 c_lto_20100603-1_0.o-c_lto_20100603-1_0.o link -O2 -flto -flto-partition=none 
UNRESOLVED: gcc.dg/lto/20100603-1 c_lto_20100603-1_0.o-c_lto_20100603-1_0.o execute -O2 -flto -flto-partition=none 
UNRESOLVED: gcc.dg/lto/20100603-1 c_lto_20100603-1_0.o-c_lto_20100603-1_0.o link -O0 -flto -flto-partition=1to1 
UNRESOLVED: gcc.dg/lto/20100603-1 c_lto_20100603-1_0.o-c_lto_20100603-1_0.o execute -O0 -flto -flto-partition=1to1 
UNRESOLVED: gcc.dg/lto/20100603-1 c_lto_20100603-1_0.o-c_lto_20100603-1_0.o link -O2 -flto -flto-partition=1to1 
UNRESOLVED: gcc.dg/lto/20100603-1 c_lto_20100603-1_0.o-c_lto_20100603-1_0.o execute -O2 -flto -flto-partition=1to1 
UNRESOLVED: gcc.dg/lto/20100603-1 c_lto_20100603-1_0.o-c_lto_20100603-1_0.o link -O0 -flto
UNRESOLVED: gcc.dg/lto/20100603-1 c_lto_20100603-1_0.o-c_lto_20100603-1_0.o execute -O0 -flto
UNRESOLVED: gcc.dg/lto/20100603-1 c_lto_20100603-1_0.o-c_lto_20100603-1_0.o link -O2 -flto
UNRESOLVED: gcc.dg/lto/20100603-1 c_lto_20100603-1_0.o-c_lto_20100603-1_0.o execute -O2 -flto
UNRESOLVED: gcc.dg/lto/20100603-2 c_lto_20100603-2_0.o-c_lto_20100603-2_0.o link -O0 -flto -flto-partition=none 
UNRESOLVED: gcc.dg/lto/20100603-2 c_lto_20100603-2_0.o-c_lto_20100603-2_0.o execute -O0 -flto -flto-partition=none 
UNRESOLVED: gcc.dg/lto/20100603-2 c_lto_20100603-2_0.o-c_lto_20100603-2_0.o link -O2 -flto -flto-partition=none 
UNRESOLVED: gcc.dg/lto/20100603-2 c_lto_20100603-2_0.o-c_lto_20100603-2_0.o execute -O2 -flto -flto-partition=none 
UNRESOLVED: gcc.dg/lto/20100603-2 c_lto_20100603-2_0.o-c_lto_20100603-2_0.o link -O0 -flto -flto-partition=1to1 
UNRESOLVED: gcc.dg/lto/20100603-2 c_lto_20100603-2_0.o-c_lto_20100603-2_0.o execute -O0 -flto -flto-partition=1to1 
UNRESOLVED: gcc.dg/lto/20100603-2 c_lto_20100603-2_0.o-c_lto_20100603-2_0.o link -O2 -flto -flto-partition=1to1 
UNRESOLVED: gcc.dg/lto/20100603-2 c_lto_20100603-2_0.o-c_lto_20100603-2_0.o execute -O2 -flto -flto-partition=1to1 
UNRESOLVED: gcc.dg/lto/20100603-2 c_lto_20100603-2_0.o-c_lto_20100603-2_0.o link -O0 -flto
UNRESOLVED: gcc.dg/lto/20100603-2 c_lto_20100603-2_0.o-c_lto_20100603-2_0.o execute -O0 -flto
UNRESOLVED: gcc.dg/lto/20100603-2 c_lto_20100603-2_0.o-c_lto_20100603-2_0.o link -O2 -flto
UNRESOLVED: gcc.dg/lto/20100603-2 c_lto_20100603-2_0.o-c_lto_20100603-2_0.o execute -O2 -flto
UNRESOLVED: gcc.dg/lto/20100603-3 c_lto_20100603-3_0.o-c_lto_20100603-3_0.o link -O0 -flto -flto-partition=none 
UNRESOLVED: gcc.dg/lto/20100603-3 c_lto_20100603-3_0.o-c_lto_20100603-3_0.o execute -O0 -flto -flto-partition=none 
UNRESOLVED: gcc.dg/lto/20100603-3 c_lto_20100603-3_0.o-c_lto_20100603-3_0.o link -O2 -flto -flto-partition=none 
UNRESOLVED: gcc.dg/lto/20100603-3 c_lto_20100603-3_0.o-c_lto_20100603-3_0.o execute -O2 -flto -flto-partition=none 
UNRESOLVED: gcc.dg/lto/20100603-3 c_lto_20100603-3_0.o-c_lto_20100603-3_0.o link -O0 -flto -flto-partition=1to1 
UNRESOLVED: gcc.dg/lto/20100603-3 c_lto_20100603-3_0.o-c_lto_20100603-3_0.o execute -O0 -flto -flto-partition=1to1 
UNRESOLVED: gcc.dg/lto/20100603-3 c_lto_20100603-3_0.o-c_lto_20100603-3_0.o link -O2 -flto -flto-partition=1to1 
UNRESOLVED: gcc.dg/lto/20100603-3 c_lto_20100603-3_0.o-c_lto_20100603-3_0.o execute -O2 -flto -flto-partition=1to1 
UNRESOLVED: gcc.dg/lto/20100603-3 c_lto_20100603-3_0.o-c_lto_20100603-3_0.o link -O0 -flto
UNRESOLVED: gcc.dg/lto/20100603-3 c_lto_20100603-3_0.o-c_lto_20100603-3_0.o execute -O0 -flto
UNRESOLVED: gcc.dg/lto/20100603-3 c_lto_20100603-3_0.o-c_lto_20100603-3_0.o link -O2 -flto
UNRESOLVED: gcc.dg/lto/20100603-3 c_lto_20100603-3_0.o-c_lto_20100603-3_0.o execute -O2 -flto
UNRESOLVED: gcc.dg/lto/20100709-1 c_lto_20100709-1_0.o-c_lto_20100709-1_1.o link -O0 -flto -flto-partition=none 
UNRESOLVED: gcc.dg/lto/20100709-1 c_lto_20100709-1_0.o-c_lto_20100709-1_1.o execute -O0 -flto -flto-partition=none 
UNRESOLVED: gcc.dg/lto/20100709-1 c_lto_20100709-1_0.o-c_lto_20100709-1_1.o link -O2 -flto -flto-partition=none 
UNRESOLVED: gcc.dg/lto/20100709-1 c_lto_20100709-1_0.o-c_lto_20100709-1_1.o execute -O2 -flto -flto-partition=none 
UNRESOLVED: gcc.dg/lto/20100709-1 c_lto_20100709-1_0.o-c_lto_20100709-1_1.o link -O0 -flto -flto-partition=1to1 
UNRESOLVED: gcc.dg/lto/20100709-1 c_lto_20100709-1_0.o-c_lto_20100709-1_1.o execute -O0 -flto -flto-partition=1to1 
UNRESOLVED: gcc.dg/lto/20100709-1 c_lto_20100709-1_0.o-c_lto_20100709-1_1.o link -O2 -flto -flto-partition=1to1 
UNRESOLVED: gcc.dg/lto/20100709-1 c_lto_20100709-1_0.o-c_lto_20100709-1_1.o execute -O2 -flto -flto-partition=1to1 
UNRESOLVED: gcc.dg/lto/20100709-1 c_lto_20100709-1_0.o-c_lto_20100709-1_1.o link -O0 -flto
UNRESOLVED: gcc.dg/lto/20100709-1 c_lto_20100709-1_0.o-c_lto_20100709-1_1.o execute -O0 -flto
UNRESOLVED: gcc.dg/lto/20100709-1 c_lto_20100709-1_0.o-c_lto_20100709-1_1.o link -O2 -flto
UNRESOLVED: gcc.dg/lto/20100709-1 c_lto_20100709-1_0.o-c_lto_20100709-1_1.o execute -O2 -flto
UNRESOLVED: gcc.dg/lto/20100720-1 c_lto_20100720-1_0.o-c_lto_20100720-1_1.o link -O0 -flto -flto-partition=none 
UNRESOLVED: gcc.dg/lto/20100720-1 c_lto_20100720-1_0.o-c_lto_20100720-1_1.o execute -O0 -flto -flto-partition=none 
UNRESOLVED: gcc.dg/lto/20100720-1 c_lto_20100720-1_0.o-c_lto_20100720-1_1.o link -O2 -flto -flto-partition=none 
UNRESOLVED: gcc.dg/lto/20100720-1 c_lto_20100720-1_0.o-c_lto_20100720-1_1.o execute -O2 -flto -flto-partition=none 
UNRESOLVED: gcc.dg/lto/20100720-1 c_lto_20100720-1_0.o-c_lto_20100720-1_1.o link -O0 -flto -flto-partition=1to1 
UNRESOLVED: gcc.dg/lto/20100720-1 c_lto_20100720-1_0.o-c_lto_20100720-1_1.o execute -O0 -flto -flto-partition=1to1 
UNRESOLVED: gcc.dg/lto/20100720-1 c_lto_20100720-1_0.o-c_lto_20100720-1_1.o link -O2 -flto -flto-partition=1to1 
UNRESOLVED: gcc.dg/lto/20100720-1 c_lto_20100720-1_0.o-c_lto_20100720-1_1.o execute -O2 -flto -flto-partition=1to1 
UNRESOLVED: gcc.dg/lto/20100720-1 c_lto_20100720-1_0.o-c_lto_20100720-1_1.o link -O0 -flto
UNRESOLVED: gcc.dg/lto/20100720-1 c_lto_20100720-1_0.o-c_lto_20100720-1_1.o execute -O0 -flto
UNRESOLVED: gcc.dg/lto/20100720-1 c_lto_20100720-1_0.o-c_lto_20100720-1_1.o link -O2 -flto
UNRESOLVED: gcc.dg/lto/20100720-1 c_lto_20100720-1_0.o-c_lto_20100720-1_1.o execute -O2 -flto
UNRESOLVED: gcc.dg/lto/20100720-2 c_lto_20100720-2_0.o-c_lto_20100720-2_1.o link -O0 -flto -flto-partition=none 
UNRESOLVED: gcc.dg/lto/20100720-2 c_lto_20100720-2_0.o-c_lto_20100720-2_1.o execute -O0 -flto -flto-partition=none 
UNRESOLVED: gcc.dg/lto/20100720-2 c_lto_20100720-2_0.o-c_lto_20100720-2_1.o link -O2 -flto -flto-partition=none 
UNRESOLVED: gcc.dg/lto/20100720-2 c_lto_20100720-2_0.o-c_lto_20100720-2_1.o execute -O2 -flto -flto-partition=none 
UNRESOLVED: gcc.dg/lto/20100720-2 c_lto_20100720-2_0.o-c_lto_20100720-2_1.o link -O0 -flto -flto-partition=1to1 
UNRESOLVED: gcc.dg/lto/20100720-2 c_lto_20100720-2_0.o-c_lto_20100720-2_1.o execute -O0 -flto -flto-partition=1to1 
UNRESOLVED: gcc.dg/lto/20100720-2 c_lto_20100720-2_0.o-c_lto_20100720-2_1.o link -O2 -flto -flto-partition=1to1 
UNRESOLVED: gcc.dg/lto/20100720-2 c_lto_20100720-2_0.o-c_lto_20100720-2_1.o execute -O2 -flto -flto-partition=1to1 
UNRESOLVED: gcc.dg/lto/20100720-2 c_lto_20100720-2_0.o-c_lto_20100720-2_1.o link -O0 -flto
UNRESOLVED: gcc.dg/lto/20100720-2 c_lto_20100720-2_0.o-c_lto_20100720-2_1.o execute -O0 -flto
UNRESOLVED: gcc.dg/lto/20100720-2 c_lto_20100720-2_0.o-c_lto_20100720-2_1.o link -O2 -flto
UNRESOLVED: gcc.dg/lto/20100720-2 c_lto_20100720-2_0.o-c_lto_20100720-2_1.o execute -O2 -flto
UNRESOLVED: gcc.dg/lto/20100720-3 c_lto_20100720-3_0.o-c_lto_20100720-3_1.o link -O0 -flto -flto-partition=none 
UNRESOLVED: gcc.dg/lto/20100720-3 c_lto_20100720-3_0.o-c_lto_20100720-3_1.o execute -O0 -flto -flto-partition=none 
UNRESOLVED: gcc.dg/lto/20100720-3 c_lto_20100720-3_0.o-c_lto_20100720-3_1.o link -O2 -flto -flto-partition=none 
UNRESOLVED: gcc.dg/lto/20100720-3 c_lto_20100720-3_0.o-c_lto_20100720-3_1.o execute -O2 -flto -flto-partition=none 
UNRESOLVED: gcc.dg/lto/20100720-3 c_lto_20100720-3_0.o-c_lto_20100720-3_1.o link -O0 -flto -flto-partition=1to1 
UNRESOLVED: gcc.dg/lto/20100720-3 c_lto_20100720-3_0.o-c_lto_20100720-3_1.o execute -O0 -flto -flto-partition=1to1 
UNRESOLVED: gcc.dg/lto/20100720-3 c_lto_20100720-3_0.o-c_lto_20100720-3_1.o link -O2 -flto -flto-partition=1to1 
UNRESOLVED: gcc.dg/lto/20100720-3 c_lto_20100720-3_0.o-c_lto_20100720-3_1.o execute -O2 -flto -flto-partition=1to1 
UNRESOLVED: gcc.dg/lto/20100720-3 c_lto_20100720-3_0.o-c_lto_20100720-3_1.o link -O0 -flto
UNRESOLVED: gcc.dg/lto/20100720-3 c_lto_20100720-3_0.o-c_lto_20100720-3_1.o execute -O0 -flto
UNRESOLVED: gcc.dg/lto/20100720-3 c_lto_20100720-3_0.o-c_lto_20100720-3_1.o link -O2 -flto
UNRESOLVED: gcc.dg/lto/20100720-3 c_lto_20100720-3_0.o-c_lto_20100720-3_1.o execute -O2 -flto
UNRESOLVED: gcc.dg/lto/20100720-4 c_lto_20100720-4_0.o-c_lto_20100720-4_0.o link -flto -fsigned-char
UNRESOLVED: gcc.dg/lto/20100720-4 c_lto_20100720-4_0.o-c_lto_20100720-4_0.o execute -flto -fsigned-char
UNRESOLVED: gcc.dg/lto/20100720-4 c_lto_20100720-4_0.o-c_lto_20100720-4_0.o link -flto -funsigned-char
UNRESOLVED: gcc.dg/lto/20100720-4 c_lto_20100720-4_0.o-c_lto_20100720-4_0.o execute -flto -funsigned-char
UNRESOLVED: gcc.dg/lto/20100724-1 c_lto_20100724-1_0.o-c_lto_20100724-1_1.o link -O0 -flto -flto-partition=none 
UNRESOLVED: gcc.dg/lto/20100724-1 c_lto_20100724-1_0.o-c_lto_20100724-1_1.o execute -O0 -flto -flto-partition=none 
UNRESOLVED: gcc.dg/lto/20100724-1 c_lto_20100724-1_0.o-c_lto_20100724-1_1.o link -O2 -flto -flto-partition=none 
UNRESOLVED: gcc.dg/lto/20100724-1 c_lto_20100724-1_0.o-c_lto_20100724-1_1.o execute -O2 -flto -flto-partition=none 
UNRESOLVED: gcc.dg/lto/20100724-1 c_lto_20100724-1_0.o-c_lto_20100724-1_1.o link -O0 -flto -flto-partition=1to1 
UNRESOLVED: gcc.dg/lto/20100724-1 c_lto_20100724-1_0.o-c_lto_20100724-1_1.o execute -O0 -flto -flto-partition=1to1 
UNRESOLVED: gcc.dg/lto/20100724-1 c_lto_20100724-1_0.o-c_lto_20100724-1_1.o link -O2 -flto -flto-partition=1to1 
UNRESOLVED: gcc.dg/lto/20100724-1 c_lto_20100724-1_0.o-c_lto_20100724-1_1.o execute -O2 -flto -flto-partition=1to1 
UNRESOLVED: gcc.dg/lto/20100724-1 c_lto_20100724-1_0.o-c_lto_20100724-1_1.o link -O0 -flto
UNRESOLVED: gcc.dg/lto/20100724-1 c_lto_20100724-1_0.o-c_lto_20100724-1_1.o execute -O0 -flto
UNRESOLVED: gcc.dg/lto/20100724-1 c_lto_20100724-1_0.o-c_lto_20100724-1_1.o link -O2 -flto
UNRESOLVED: gcc.dg/lto/20100724-1 c_lto_20100724-1_0.o-c_lto_20100724-1_1.o execute -O2 -flto
UNRESOLVED: gcc.dg/lto/20100825-1 c_lto_20100825-1_0.o-c_lto_20100825-1_0.o link  -O3 -flto 
UNRESOLVED: gcc.dg/lto/20100825-1 c_lto_20100825-1_0.o-c_lto_20100825-1_0.o execute  -O3 -flto 
UNRESOLVED: gcc.dg/lto/20101009-1 c_lto_20101009-1_0.o-c_lto_20101009-1_0.o link -O0 -flto -flto-partition=none 
UNRESOLVED: gcc.dg/lto/20101009-1 c_lto_20101009-1_0.o-c_lto_20101009-1_0.o execute -O0 -flto -flto-partition=none 
UNRESOLVED: gcc.dg/lto/20101009-1 c_lto_20101009-1_0.o-c_lto_20101009-1_0.o link -O2 -flto -flto-partition=none 
UNRESOLVED: gcc.dg/lto/20101009-1 c_lto_20101009-1_0.o-c_lto_20101009-1_0.o execute -O2 -flto -flto-partition=none 
UNRESOLVED: gcc.dg/lto/20101009-1 c_lto_20101009-1_0.o-c_lto_20101009-1_0.o link -O0 -flto -flto-partition=1to1 
UNRESOLVED: gcc.dg/lto/20101009-1 c_lto_20101009-1_0.o-c_lto_20101009-1_0.o execute -O0 -flto -flto-partition=1to1 
UNRESOLVED: gcc.dg/lto/20101009-1 c_lto_20101009-1_0.o-c_lto_20101009-1_0.o link -O2 -flto -flto-partition=1to1 
UNRESOLVED: gcc.dg/lto/20101009-1 c_lto_20101009-1_0.o-c_lto_20101009-1_0.o execute -O2 -flto -flto-partition=1to1 
UNRESOLVED: gcc.dg/lto/20101009-1 c_lto_20101009-1_0.o-c_lto_20101009-1_0.o link -O0 -flto
UNRESOLVED: gcc.dg/lto/20101009-1 c_lto_20101009-1_0.o-c_lto_20101009-1_0.o execute -O0 -flto
UNRESOLVED: gcc.dg/lto/20101009-1 c_lto_20101009-1_0.o-c_lto_20101009-1_0.o link -O2 -flto
UNRESOLVED: gcc.dg/lto/20101009-1 c_lto_20101009-1_0.o-c_lto_20101009-1_0.o execute -O2 -flto
UNRESOLVED: gcc.dg/lto/20101009-2 c_lto_20101009-2_0.o-c_lto_20101009-2_2.o link -O0 -flto -flto-partition=none 
UNRESOLVED: gcc.dg/lto/20101009-2 c_lto_20101009-2_0.o-c_lto_20101009-2_2.o execute -O0 -flto -flto-partition=none 
UNRESOLVED: gcc.dg/lto/20101009-2 c_lto_20101009-2_0.o-c_lto_20101009-2_2.o link -O2 -flto -flto-partition=none 
UNRESOLVED: gcc.dg/lto/20101009-2 c_lto_20101009-2_0.o-c_lto_20101009-2_2.o execute -O2 -flto -flto-partition=none 
UNRESOLVED: gcc.dg/lto/20101009-2 c_lto_20101009-2_0.o-c_lto_20101009-2_2.o link -O0 -flto -flto-partition=1to1 
UNRESOLVED: gcc.dg/lto/20101009-2 c_lto_20101009-2_0.o-c_lto_20101009-2_2.o execute -O0 -flto -flto-partition=1to1 
UNRESOLVED: gcc.dg/lto/20101009-2 c_lto_20101009-2_0.o-c_lto_20101009-2_2.o link -O2 -flto -flto-partition=1to1 
UNRESOLVED: gcc.dg/lto/20101009-2 c_lto_20101009-2_0.o-c_lto_20101009-2_2.o execute -O2 -flto -flto-partition=1to1 
UNRESOLVED: gcc.dg/lto/20101009-2 c_lto_20101009-2_0.o-c_lto_20101009-2_2.o link -O0 -flto
UNRESOLVED: gcc.dg/lto/20101009-2 c_lto_20101009-2_0.o-c_lto_20101009-2_2.o execute -O0 -flto
UNRESOLVED: gcc.dg/lto/20101009-2 c_lto_20101009-2_0.o-c_lto_20101009-2_2.o link -O2 -flto
UNRESOLVED: gcc.dg/lto/20101009-2 c_lto_20101009-2_0.o-c_lto_20101009-2_2.o execute -O2 -flto
UNRESOLVED: gcc.dg/lto/20101125-1 c_lto_20101125-1_0.o-c_lto_20101125-1_1.o link -O0 -flto -flto-partition=none 
UNRESOLVED: gcc.dg/lto/20101125-1 c_lto_20101125-1_0.o-c_lto_20101125-1_1.o execute -O0 -flto -flto-partition=none 
UNRESOLVED: gcc.dg/lto/20101125-1 c_lto_20101125-1_0.o-c_lto_20101125-1_1.o link -O2 -flto -flto-partition=none 
UNRESOLVED: gcc.dg/lto/20101125-1 c_lto_20101125-1_0.o-c_lto_20101125-1_1.o execute -O2 -flto -flto-partition=none 
UNRESOLVED: gcc.dg/lto/20101125-1 c_lto_20101125-1_0.o-c_lto_20101125-1_1.o link -O0 -flto -flto-partition=1to1 
UNRESOLVED: gcc.dg/lto/20101125-1 c_lto_20101125-1_0.o-c_lto_20101125-1_1.o execute -O0 -flto -flto-partition=1to1 
UNRESOLVED: gcc.dg/lto/20101125-1 c_lto_20101125-1_0.o-c_lto_20101125-1_1.o link -O2 -flto -flto-partition=1to1 
UNRESOLVED: gcc.dg/lto/20101125-1 c_lto_20101125-1_0.o-c_lto_20101125-1_1.o execute -O2 -flto -flto-partition=1to1 
UNRESOLVED: gcc.dg/lto/20101125-1 c_lto_20101125-1_0.o-c_lto_20101125-1_1.o link -O0 -flto
UNRESOLVED: gcc.dg/lto/20101125-1 c_lto_20101125-1_0.o-c_lto_20101125-1_1.o execute -O0 -flto
UNRESOLVED: gcc.dg/lto/20101125-1 c_lto_20101125-1_0.o-c_lto_20101125-1_1.o link -O2 -flto
UNRESOLVED: gcc.dg/lto/20101125-1 c_lto_20101125-1_0.o-c_lto_20101125-1_1.o execute -O2 -flto
UNRESOLVED: gcc.dg/lto/const-uniq c_lto_const-uniq_0.o-c_lto_const-uniq_1.o link -Os -flto -flto-partition=none
UNRESOLVED: gcc.dg/lto/const-uniq c_lto_const-uniq_0.o-c_lto_const-uniq_1.o execute -Os -flto -flto-partition=none
UNRESOLVED: gcc.dg/lto/const-uniq c_lto_const-uniq_0.o-c_lto_const-uniq_1.o link -Os -flto -flto-partition=1to1
UNRESOLVED: gcc.dg/lto/const-uniq c_lto_const-uniq_0.o-c_lto_const-uniq_1.o execute -Os -flto -flto-partition=1to1
UNRESOLVED: gcc.dg/lto/ipacp c_lto_ipacp_0.o-c_lto_ipacp_1.o link  -O1 -flto -flto-partition=1to1 -fipa-cp -fipa-cp-clone
UNRESOLVED: gcc.dg/lto/ipacp c_lto_ipacp_0.o-c_lto_ipacp_1.o execute  -O1 -flto -flto-partition=1to1 -fipa-cp -fipa-cp-clone
UNRESOLVED: gcc.dg/lto/ipareference2 c_lto_ipareference2_0.o-c_lto_ipareference2_1.o link  -O1 -flto -flto-partition=1to1 -fwhole-program
UNRESOLVED: gcc.dg/lto/ipareference2 c_lto_ipareference2_0.o-c_lto_ipareference2_1.o execute  -O1 -flto -flto-partition=1to1 -fwhole-program
UNRESOLVED: gcc.dg/lto/ipareference c_lto_ipareference_0.o-c_lto_ipareference_1.o link  -O1 -flto -flto-partition=1to1 
UNRESOLVED: gcc.dg/lto/ipareference c_lto_ipareference_0.o-c_lto_ipareference_1.o execute  -O1 -flto -flto-partition=1to1 
UNRESOLVED: gcc.dg/lto/materialize-1 c_lto_materialize-1_0.o-c_lto_materialize-1_1.o link  -O3 -flto -flto-partition=1to1
UNRESOLVED: gcc.dg/lto/materialize-1 c_lto_materialize-1_0.o-c_lto_materialize-1_1.o execute  -O3 -flto -flto-partition=1to1
UNRESOLVED: gcc.dg/lto/noreturn-1 c_lto_noreturn-1_0.o-c_lto_noreturn-1_1.o link -O2 -flto -flto-partition=1to1
UNRESOLVED: gcc.dg/lto/noreturn-1 c_lto_noreturn-1_0.o-c_lto_noreturn-1_1.o execute -O2 -flto -flto-partition=1to1
UNRESOLVED: gcc.dg/lto/pr27898 c_lto_pr27898_0.o-c_lto_pr27898_1.o link -O0 -flto -flto-partition=none 
UNRESOLVED: gcc.dg/lto/pr27898 c_lto_pr27898_0.o-c_lto_pr27898_1.o execute -O0 -flto -flto-partition=none 
UNRESOLVED: gcc.dg/lto/pr27898 c_lto_pr27898_0.o-c_lto_pr27898_1.o link -O2 -flto -flto-partition=none 
UNRESOLVED: gcc.dg/lto/pr27898 c_lto_pr27898_0.o-c_lto_pr27898_1.o execute -O2 -flto -flto-partition=none 
UNRESOLVED: gcc.dg/lto/pr27898 c_lto_pr27898_0.o-c_lto_pr27898_1.o link -O0 -flto -flto-partition=1to1 
UNRESOLVED: gcc.dg/lto/pr27898 c_lto_pr27898_0.o-c_lto_pr27898_1.o execute -O0 -flto -flto-partition=1to1 
UNRESOLVED: gcc.dg/lto/pr27898 c_lto_pr27898_0.o-c_lto_pr27898_1.o link -O2 -flto -flto-partition=1to1 
UNRESOLVED: gcc.dg/lto/pr27898 c_lto_pr27898_0.o-c_lto_pr27898_1.o execute -O2 -flto -flto-partition=1to1 
UNRESOLVED: gcc.dg/lto/pr27898 c_lto_pr27898_0.o-c_lto_pr27898_1.o link -O0 -flto
UNRESOLVED: gcc.dg/lto/pr27898 c_lto_pr27898_0.o-c_lto_pr27898_1.o execute -O0 -flto
UNRESOLVED: gcc.dg/lto/pr27898 c_lto_pr27898_0.o-c_lto_pr27898_1.o link -O2 -flto
UNRESOLVED: gcc.dg/lto/pr27898 c_lto_pr27898_0.o-c_lto_pr27898_1.o execute -O2 -flto
UNRESOLVED: gcc.dg/lto/pr28706 c_lto_pr28706_0.o-c_lto_pr28706_1.o link -O0 -flto -flto-partition=none 
UNRESOLVED: gcc.dg/lto/pr28706 c_lto_pr28706_0.o-c_lto_pr28706_1.o execute -O0 -flto -flto-partition=none 
UNRESOLVED: gcc.dg/lto/pr28706 c_lto_pr28706_0.o-c_lto_pr28706_1.o link -O2 -flto -flto-partition=none 
UNRESOLVED: gcc.dg/lto/pr28706 c_lto_pr28706_0.o-c_lto_pr28706_1.o execute -O2 -flto -flto-partition=none 
UNRESOLVED: gcc.dg/lto/pr28706 c_lto_pr28706_0.o-c_lto_pr28706_1.o link -O0 -flto -flto-partition=1to1 
UNRESOLVED: gcc.dg/lto/pr28706 c_lto_pr28706_0.o-c_lto_pr28706_1.o execute -O0 -flto -flto-partition=1to1 
UNRESOLVED: gcc.dg/lto/pr28706 c_lto_pr28706_0.o-c_lto_pr28706_1.o link -O2 -flto -flto-partition=1to1 
UNRESOLVED: gcc.dg/lto/pr28706 c_lto_pr28706_0.o-c_lto_pr28706_1.o execute -O2 -flto -flto-partition=1to1 
UNRESOLVED: gcc.dg/lto/pr28706 c_lto_pr28706_0.o-c_lto_pr28706_1.o link -O0 -flto
UNRESOLVED: gcc.dg/lto/pr28706 c_lto_pr28706_0.o-c_lto_pr28706_1.o execute -O0 -flto
UNRESOLVED: gcc.dg/lto/pr28706 c_lto_pr28706_0.o-c_lto_pr28706_1.o link -O2 -flto
UNRESOLVED: gcc.dg/lto/pr28706 c_lto_pr28706_0.o-c_lto_pr28706_1.o execute -O2 -flto
UNRESOLVED: gcc.dg/lto/pr28712 c_lto_pr28712_0.o-c_lto_pr28712_2.o link -O0 -flto -flto-partition=none 
UNRESOLVED: gcc.dg/lto/pr28712 c_lto_pr28712_0.o-c_lto_pr28712_2.o execute -O0 -flto -flto-partition=none 
UNRESOLVED: gcc.dg/lto/pr28712 c_lto_pr28712_0.o-c_lto_pr28712_2.o link -O2 -flto -flto-partition=none 
UNRESOLVED: gcc.dg/lto/pr28712 c_lto_pr28712_0.o-c_lto_pr28712_2.o execute -O2 -flto -flto-partition=none 
UNRESOLVED: gcc.dg/lto/pr28712 c_lto_pr28712_0.o-c_lto_pr28712_2.o link -O0 -flto -flto-partition=1to1 
UNRESOLVED: gcc.dg/lto/pr28712 c_lto_pr28712_0.o-c_lto_pr28712_2.o execute -O0 -flto -flto-partition=1to1 
UNRESOLVED: gcc.dg/lto/pr28712 c_lto_pr28712_0.o-c_lto_pr28712_2.o link -O2 -flto -flto-partition=1to1 
UNRESOLVED: gcc.dg/lto/pr28712 c_lto_pr28712_0.o-c_lto_pr28712_2.o execute -O2 -flto -flto-partition=1to1 
UNRESOLVED: gcc.dg/lto/pr28712 c_lto_pr28712_0.o-c_lto_pr28712_2.o link -O0 -flto
UNRESOLVED: gcc.dg/lto/pr28712 c_lto_pr28712_0.o-c_lto_pr28712_2.o execute -O0 -flto
UNRESOLVED: gcc.dg/lto/pr28712 c_lto_pr28712_0.o-c_lto_pr28712_2.o link -O2 -flto
UNRESOLVED: gcc.dg/lto/pr28712 c_lto_pr28712_0.o-c_lto_pr28712_2.o execute -O2 -flto
UNRESOLVED: gcc.dg/lto/pr34989-1 c_lto_pr34989-1_0.o-c_lto_pr34989-1_1.o link -O0 -flto -flto-partition=none 
UNRESOLVED: gcc.dg/lto/pr34989-1 c_lto_pr34989-1_0.o-c_lto_pr34989-1_1.o execute -O0 -flto -flto-partition=none 
UNRESOLVED: gcc.dg/lto/pr34989-1 c_lto_pr34989-1_0.o-c_lto_pr34989-1_1.o link -O2 -flto -flto-partition=none 
UNRESOLVED: gcc.dg/lto/pr34989-1 c_lto_pr34989-1_0.o-c_lto_pr34989-1_1.o execute -O2 -flto -flto-partition=none 
UNRESOLVED: gcc.dg/lto/pr34989-1 c_lto_pr34989-1_0.o-c_lto_pr34989-1_1.o link -O0 -flto -flto-partition=1to1 
UNRESOLVED: gcc.dg/lto/pr34989-1 c_lto_pr34989-1_0.o-c_lto_pr34989-1_1.o execute -O0 -flto -flto-partition=1to1 
UNRESOLVED: gcc.dg/lto/pr34989-1 c_lto_pr34989-1_0.o-c_lto_pr34989-1_1.o link -O2 -flto -flto-partition=1to1 
UNRESOLVED: gcc.dg/lto/pr34989-1 c_lto_pr34989-1_0.o-c_lto_pr34989-1_1.o execute -O2 -flto -flto-partition=1to1 
UNRESOLVED: gcc.dg/lto/pr34989-1 c_lto_pr34989-1_0.o-c_lto_pr34989-1_1.o link -O0 -flto
UNRESOLVED: gcc.dg/lto/pr34989-1 c_lto_pr34989-1_0.o-c_lto_pr34989-1_1.o execute -O0 -flto
UNRESOLVED: gcc.dg/lto/pr34989-1 c_lto_pr34989-1_0.o-c_lto_pr34989-1_1.o link -O2 -flto
UNRESOLVED: gcc.dg/lto/pr34989-1 c_lto_pr34989-1_0.o-c_lto_pr34989-1_1.o execute -O2 -flto
UNRESOLVED: gcc.dg/lto/pr45736 c_lto_pr45736_0.o-c_lto_pr45736_0.o link -flto -r -nostdlib -O
UNRESOLVED: gcc.dg/lto/pr45736 c_lto_pr45736_0.o-c_lto_pr45736_0.o execute -flto -r -nostdlib -O
UNRESOLVED: gcc.dg/lto/pr47924 c_lto_pr47924_0.o-c_lto_pr47924_0.o link -O2 -flto
UNRESOLVED: gcc.dg/lto/pr47924 c_lto_pr47924_0.o-c_lto_pr47924_0.o execute -O2 -flto
FAIL: gcc.dg/pch/common-1.c -O0 -g
FAIL: gcc.dg/pch/common-1.c -O0 -g assembly comparison
FAIL: gcc.dg/pch/common-1.c  -O0 
FAIL: gcc.dg/pch/common-1.c  -O0  assembly comparison
FAIL: gcc.dg/pch/common-1.c  -O1 
FAIL: gcc.dg/pch/common-1.c  -O1  assembly comparison
FAIL: gcc.dg/pch/common-1.c  -O2 
FAIL: gcc.dg/pch/common-1.c  -O2  assembly comparison
FAIL: gcc.dg/pch/common-1.c  -O3 -fomit-frame-pointer 
FAIL: gcc.dg/pch/common-1.c  -O3 -fomit-frame-pointer  assembly comparison
FAIL: gcc.dg/pch/common-1.c  -O3 -g 
FAIL: gcc.dg/pch/common-1.c  -O3 -g  assembly comparison
FAIL: gcc.dg/pch/common-1.c  -Os 
FAIL: gcc.dg/pch/common-1.c  -Os  assembly comparison
FAIL: gcc.dg/pch/counter-1.c -O0 -g
FAIL: gcc.dg/pch/counter-1.c -O0 -g assembly comparison
FAIL: gcc.dg/pch/counter-1.c  -O0 
FAIL: gcc.dg/pch/counter-1.c  -O0  assembly comparison
FAIL: gcc.dg/pch/counter-1.c  -O1 
FAIL: gcc.dg/pch/counter-1.c  -O1  assembly comparison
FAIL: gcc.dg/pch/counter-1.c  -O2 
FAIL: gcc.dg/pch/counter-1.c  -O2  assembly comparison
FAIL: gcc.dg/pch/counter-1.c  -O3 -fomit-frame-pointer 
FAIL: gcc.dg/pch/counter-1.c  -O3 -fomit-frame-pointer  assembly comparison
FAIL: gcc.dg/pch/counter-1.c  -O3 -g 
FAIL: gcc.dg/pch/counter-1.c  -O3 -g  assembly comparison
FAIL: gcc.dg/pch/counter-1.c  -Os 
FAIL: gcc.dg/pch/counter-1.c  -Os  assembly comparison
FAIL: gcc.dg/pch/counter-2.c -O0 -g
FAIL: gcc.dg/pch/counter-2.c  -O0 
FAIL: gcc.dg/pch/counter-2.c  -O1 
FAIL: gcc.dg/pch/counter-2.c  -O2 
FAIL: gcc.dg/pch/counter-2.c  -O3 -fomit-frame-pointer 
FAIL: gcc.dg/pch/counter-2.c  -O3 -g 
FAIL: gcc.dg/pch/counter-2.c  -Os 
FAIL: gcc.dg/pch/counter-3.c -O0 -g
FAIL: gcc.dg/pch/counter-3.c -O0 -g assembly comparison
FAIL: gcc.dg/pch/counter-3.c  -O0 
FAIL: gcc.dg/pch/counter-3.c  -O0  assembly comparison
FAIL: gcc.dg/pch/counter-3.c  -O1 
FAIL: gcc.dg/pch/counter-3.c  -O1  assembly comparison
FAIL: gcc.dg/pch/counter-3.c  -O2 
FAIL: gcc.dg/pch/counter-3.c  -O2  assembly comparison
FAIL: gcc.dg/pch/counter-3.c  -O3 -fomit-frame-pointer 
FAIL: gcc.dg/pch/counter-3.c  -O3 -fomit-frame-pointer  assembly comparison
FAIL: gcc.dg/pch/counter-3.c  -O3 -g 
FAIL: gcc.dg/pch/counter-3.c  -O3 -g  assembly comparison
FAIL: gcc.dg/pch/counter-3.c  -Os 
FAIL: gcc.dg/pch/counter-3.c  -Os  assembly comparison
FAIL: gcc.dg/pch/cpp-1.c -O0 -g
FAIL: gcc.dg/pch/cpp-1.c -O0 -g assembly comparison
FAIL: gcc.dg/pch/cpp-1.c  -O0 
FAIL: gcc.dg/pch/cpp-1.c  -O0  assembly comparison
FAIL: gcc.dg/pch/cpp-1.c  -O1 
FAIL: gcc.dg/pch/cpp-1.c  -O1  assembly comparison
FAIL: gcc.dg/pch/cpp-1.c  -O2 
FAIL: gcc.dg/pch/cpp-1.c  -O2  assembly comparison
FAIL: gcc.dg/pch/cpp-1.c  -O3 -fomit-frame-pointer 
FAIL: gcc.dg/pch/cpp-1.c  -O3 -fomit-frame-pointer  assembly comparison
FAIL: gcc.dg/pch/cpp-1.c  -O3 -g 
FAIL: gcc.dg/pch/cpp-1.c  -O3 -g  assembly comparison
FAIL: gcc.dg/pch/cpp-1.c  -Os 
FAIL: gcc.dg/pch/cpp-1.c  -Os  assembly comparison
FAIL: gcc.dg/pch/cpp-2.c -O0 -g
FAIL: gcc.dg/pch/cpp-2.c -O0 -g assembly comparison
FAIL: gcc.dg/pch/cpp-2.c  -O0 
FAIL: gcc.dg/pch/cpp-2.c  -O0  assembly comparison
FAIL: gcc.dg/pch/cpp-2.c  -O1 
FAIL: gcc.dg/pch/cpp-2.c  -O1  assembly comparison
FAIL: gcc.dg/pch/cpp-2.c  -O2 
FAIL: gcc.dg/pch/cpp-2.c  -O2  assembly comparison
FAIL: gcc.dg/pch/cpp-2.c  -O3 -fomit-frame-pointer 
FAIL: gcc.dg/pch/cpp-2.c  -O3 -fomit-frame-pointer  assembly comparison
FAIL: gcc.dg/pch/cpp-2.c  -O3 -g 
FAIL: gcc.dg/pch/cpp-2.c  -O3 -g  assembly comparison
FAIL: gcc.dg/pch/cpp-2.c  -Os 
FAIL: gcc.dg/pch/cpp-2.c  -Os  assembly comparison
FAIL: gcc.dg/pch/cpp-3.c -O0 -g
FAIL: gcc.dg/pch/cpp-3.c -O0 -g assembly comparison
FAIL: gcc.dg/pch/cpp-3.c  -O0 
FAIL: gcc.dg/pch/cpp-3.c  -O0  assembly comparison
FAIL: gcc.dg/pch/cpp-3.c  -O1 
FAIL: gcc.dg/pch/cpp-3.c  -O1  assembly comparison
FAIL: gcc.dg/pch/cpp-3.c  -O2 
FAIL: gcc.dg/pch/cpp-3.c  -O2  assembly comparison
FAIL: gcc.dg/pch/cpp-3.c  -O3 -fomit-frame-pointer 
FAIL: gcc.dg/pch/cpp-3.c  -O3 -fomit-frame-pointer  assembly comparison
FAIL: gcc.dg/pch/cpp-3.c  -O3 -g 
FAIL: gcc.dg/pch/cpp-3.c  -O3 -g  assembly comparison
FAIL: gcc.dg/pch/cpp-3.c  -Os 
FAIL: gcc.dg/pch/cpp-3.c  -Os  assembly comparison
FAIL: gcc.dg/pch/decl-1.c -O0 -g
FAIL: gcc.dg/pch/decl-1.c -O0 -g assembly comparison
FAIL: gcc.dg/pch/decl-1.c  -O0 
FAIL: gcc.dg/pch/decl-1.c  -O0  assembly comparison
FAIL: gcc.dg/pch/decl-1.c  -O1 
FAIL: gcc.dg/pch/decl-1.c  -O1  assembly comparison
FAIL: gcc.dg/pch/decl-1.c  -O2 
FAIL: gcc.dg/pch/decl-1.c  -O2  assembly comparison
FAIL: gcc.dg/pch/decl-1.c  -O3 -fomit-frame-pointer 
FAIL: gcc.dg/pch/decl-1.c  -O3 -fomit-frame-pointer  assembly comparison
FAIL: gcc.dg/pch/decl-1.c  -O3 -g 
FAIL: gcc.dg/pch/decl-1.c  -O3 -g  assembly comparison
FAIL: gcc.dg/pch/decl-1.c  -Os 
FAIL: gcc.dg/pch/decl-1.c  -Os  assembly comparison
FAIL: gcc.dg/pch/decl-2.c -O0 -g
FAIL: gcc.dg/pch/decl-2.c -O0 -g assembly comparison
FAIL: gcc.dg/pch/decl-2.c  -O0 
FAIL: gcc.dg/pch/decl-2.c  -O0  assembly comparison
FAIL: gcc.dg/pch/decl-2.c  -O1 
FAIL: gcc.dg/pch/decl-2.c  -O1  assembly comparison
FAIL: gcc.dg/pch/decl-2.c  -O2 
FAIL: gcc.dg/pch/decl-2.c  -O2  assembly comparison
FAIL: gcc.dg/pch/decl-2.c  -O3 -fomit-frame-pointer 
FAIL: gcc.dg/pch/decl-2.c  -O3 -fomit-frame-pointer  assembly comparison
FAIL: gcc.dg/pch/decl-2.c  -O3 -g 
FAIL: gcc.dg/pch/decl-2.c  -O3 -g  assembly comparison
FAIL: gcc.dg/pch/decl-2.c  -Os 
FAIL: gcc.dg/pch/decl-2.c  -Os  assembly comparison
FAIL: gcc.dg/pch/decl-3.c -O0 -g
FAIL: gcc.dg/pch/decl-3.c -O0 -g assembly comparison
FAIL: gcc.dg/pch/decl-3.c  -O0 
FAIL: gcc.dg/pch/decl-3.c  -O0  assembly comparison
FAIL: gcc.dg/pch/decl-3.c  -O1 
FAIL: gcc.dg/pch/decl-3.c  -O1  assembly comparison
FAIL: gcc.dg/pch/decl-3.c  -O2 
FAIL: gcc.dg/pch/decl-3.c  -O2  assembly comparison
FAIL: gcc.dg/pch/decl-3.c  -O3 -fomit-frame-pointer 
FAIL: gcc.dg/pch/decl-3.c  -O3 -fomit-frame-pointer  assembly comparison
FAIL: gcc.dg/pch/decl-3.c  -O3 -g 
FAIL: gcc.dg/pch/decl-3.c  -O3 -g  assembly comparison
FAIL: gcc.dg/pch/decl-3.c  -Os 
FAIL: gcc.dg/pch/decl-3.c  -Os  assembly comparison
FAIL: gcc.dg/pch/decl-4.c -O0 -g
FAIL: gcc.dg/pch/decl-4.c -O0 -g assembly comparison
FAIL: gcc.dg/pch/decl-4.c  -O0 
FAIL: gcc.dg/pch/decl-4.c  -O0  assembly comparison
FAIL: gcc.dg/pch/decl-4.c  -O1 
FAIL: gcc.dg/pch/decl-4.c  -O1  assembly comparison
FAIL: gcc.dg/pch/decl-4.c  -O2 
FAIL: gcc.dg/pch/decl-4.c  -O2  assembly comparison
FAIL: gcc.dg/pch/decl-4.c  -O3 -fomit-frame-pointer 
FAIL: gcc.dg/pch/decl-4.c  -O3 -fomit-frame-pointer  assembly comparison
FAIL: gcc.dg/pch/decl-4.c  -O3 -g 
FAIL: gcc.dg/pch/decl-4.c  -O3 -g  assembly comparison
FAIL: gcc.dg/pch/decl-4.c  -Os 
FAIL: gcc.dg/pch/decl-4.c  -Os  assembly comparison
FAIL: gcc.dg/pch/decl-5.c -O0 -g
FAIL: gcc.dg/pch/decl-5.c -O0 -g assembly comparison
FAIL: gcc.dg/pch/decl-5.c  -O0 
FAIL: gcc.dg/pch/decl-5.c  -O0  assembly comparison
FAIL: gcc.dg/pch/decl-5.c  -O1 
FAIL: gcc.dg/pch/decl-5.c  -O1  assembly comparison
FAIL: gcc.dg/pch/decl-5.c  -O2 
FAIL: gcc.dg/pch/decl-5.c  -O2  assembly comparison
FAIL: gcc.dg/pch/decl-5.c  -O3 -fomit-frame-pointer 
FAIL: gcc.dg/pch/decl-5.c  -O3 -fomit-frame-pointer  assembly comparison
FAIL: gcc.dg/pch/decl-5.c  -O3 -g 
FAIL: gcc.dg/pch/decl-5.c  -O3 -g  assembly comparison
FAIL: gcc.dg/pch/decl-5.c  -Os 
FAIL: gcc.dg/pch/decl-5.c  -Os  assembly comparison
FAIL: gcc.dg/pch/empty.c -O0 -g
FAIL: gcc.dg/pch/empty.c -O0 -g assembly comparison
FAIL: gcc.dg/pch/empty.c  -O0 
FAIL: gcc.dg/pch/empty.c  -O0  assembly comparison
FAIL: gcc.dg/pch/empty.c  -O1 
FAIL: gcc.dg/pch/empty.c  -O1  assembly comparison
FAIL: gcc.dg/pch/empty.c  -O2 
FAIL: gcc.dg/pch/empty.c  -O2  assembly comparison
FAIL: gcc.dg/pch/empty.c  -O3 -fomit-frame-pointer 
FAIL: gcc.dg/pch/empty.c  -O3 -fomit-frame-pointer  assembly comparison
FAIL: gcc.dg/pch/empty.c  -O3 -g 
FAIL: gcc.dg/pch/empty.c  -O3 -g  assembly comparison
FAIL: gcc.dg/pch/empty.c  -Os 
FAIL: gcc.dg/pch/empty.c  -Os  assembly comparison
FAIL: gcc.dg/pch/except-1.c -O0 -g
FAIL: gcc.dg/pch/except-1.c -O0 -g assembly comparison
FAIL: gcc.dg/pch/except-1.c  -O0 
FAIL: gcc.dg/pch/except-1.c  -O0  assembly comparison
FAIL: gcc.dg/pch/except-1.c  -O1 
FAIL: gcc.dg/pch/except-1.c  -O1  assembly comparison
FAIL: gcc.dg/pch/except-1.c  -O2 
FAIL: gcc.dg/pch/except-1.c  -O2  assembly comparison
FAIL: gcc.dg/pch/except-1.c  -O3 -fomit-frame-pointer 
FAIL: gcc.dg/pch/except-1.c  -O3 -fomit-frame-pointer  assembly comparison
FAIL: gcc.dg/pch/except-1.c  -O3 -g 
FAIL: gcc.dg/pch/except-1.c  -O3 -g  assembly comparison
FAIL: gcc.dg/pch/except-1.c  -Os 
FAIL: gcc.dg/pch/except-1.c  -Os  assembly comparison
FAIL: gcc.dg/pch/global-1.c -O0 -g
FAIL: gcc.dg/pch/global-1.c -O0 -g assembly comparison
FAIL: gcc.dg/pch/global-1.c  -O0 
FAIL: gcc.dg/pch/global-1.c  -O0  assembly comparison
FAIL: gcc.dg/pch/global-1.c  -O1 
FAIL: gcc.dg/pch/global-1.c  -O1  assembly comparison
FAIL: gcc.dg/pch/global-1.c  -O2 
FAIL: gcc.dg/pch/global-1.c  -O2  assembly comparison
FAIL: gcc.dg/pch/global-1.c  -O3 -fomit-frame-pointer 
FAIL: gcc.dg/pch/global-1.c  -O3 -fomit-frame-pointer  assembly comparison
FAIL: gcc.dg/pch/global-1.c  -O3 -g 
FAIL: gcc.dg/pch/global-1.c  -O3 -g  assembly comparison
FAIL: gcc.dg/pch/global-1.c  -Os 
FAIL: gcc.dg/pch/global-1.c  -Os  assembly comparison
FAIL: gcc.dg/pch/import-1.c -O0 -g
FAIL: gcc.dg/pch/import-1.c -O0 -g assembly comparison
FAIL: gcc.dg/pch/import-1.c  -O0 
FAIL: gcc.dg/pch/import-1.c  -O0  assembly comparison
FAIL: gcc.dg/pch/import-1.c  -O1 
FAIL: gcc.dg/pch/import-1.c  -O1  assembly comparison
FAIL: gcc.dg/pch/import-1.c  -O2 
FAIL: gcc.dg/pch/import-1.c  -O2  assembly comparison
FAIL: gcc.dg/pch/import-1.c  -O3 -fomit-frame-pointer 
FAIL: gcc.dg/pch/import-1.c  -O3 -fomit-frame-pointer  assembly comparison
FAIL: gcc.dg/pch/import-1.c  -O3 -g 
FAIL: gcc.dg/pch/import-1.c  -O3 -g  assembly comparison
FAIL: gcc.dg/pch/import-1.c  -Os 
FAIL: gcc.dg/pch/import-1.c  -Os  assembly comparison
FAIL: gcc.dg/pch/import-2.c -O0 -g
FAIL: gcc.dg/pch/import-2.c -O0 -g assembly comparison
FAIL: gcc.dg/pch/import-2.c  -O0 
FAIL: gcc.dg/pch/import-2.c  -O0  assembly comparison
FAIL: gcc.dg/pch/import-2.c  -O1 
FAIL: gcc.dg/pch/import-2.c  -O1  assembly comparison
FAIL: gcc.dg/pch/import-2.c  -O2 
FAIL: gcc.dg/pch/import-2.c  -O2  assembly comparison
FAIL: gcc.dg/pch/import-2.c  -O3 -fomit-frame-pointer 
FAIL: gcc.dg/pch/import-2.c  -O3 -fomit-frame-pointer  assembly comparison
FAIL: gcc.dg/pch/import-2.c  -O3 -g 
FAIL: gcc.dg/pch/import-2.c  -O3 -g  assembly comparison
FAIL: gcc.dg/pch/import-2.c  -Os 
FAIL: gcc.dg/pch/import-2.c  -Os  assembly comparison
FAIL: gcc.dg/pch/inline-1.c -O0 -g
FAIL: gcc.dg/pch/inline-1.c -O0 -g assembly comparison
FAIL: gcc.dg/pch/inline-1.c  -O0 
FAIL: gcc.dg/pch/inline-1.c  -O0  assembly comparison
FAIL: gcc.dg/pch/inline-1.c  -O1 
FAIL: gcc.dg/pch/inline-1.c  -O1  assembly comparison
FAIL: gcc.dg/pch/inline-1.c  -O2 
FAIL: gcc.dg/pch/inline-1.c  -O2  assembly comparison
FAIL: gcc.dg/pch/inline-1.c  -O3 -fomit-frame-pointer 
FAIL: gcc.dg/pch/inline-1.c  -O3 -fomit-frame-pointer  assembly comparison
FAIL: gcc.dg/pch/inline-1.c  -O3 -g 
FAIL: gcc.dg/pch/inline-1.c  -O3 -g  assembly comparison
FAIL: gcc.dg/pch/inline-1.c  -Os 
FAIL: gcc.dg/pch/inline-1.c  -Os  assembly comparison
FAIL: gcc.dg/pch/inline-2.c -O0 -g
FAIL: gcc.dg/pch/inline-2.c -O0 -g assembly comparison
FAIL: gcc.dg/pch/inline-2.c  -O0 
FAIL: gcc.dg/pch/inline-2.c  -O0  assembly comparison
FAIL: gcc.dg/pch/inline-2.c  -O1 
FAIL: gcc.dg/pch/inline-2.c  -O1  assembly comparison
FAIL: gcc.dg/pch/inline-2.c  -O2 
FAIL: gcc.dg/pch/inline-2.c  -O2  assembly comparison
FAIL: gcc.dg/pch/inline-2.c  -O3 -fomit-frame-pointer 
FAIL: gcc.dg/pch/inline-2.c  -O3 -fomit-frame-pointer  assembly comparison
FAIL: gcc.dg/pch/inline-2.c  -O3 -g 
FAIL: gcc.dg/pch/inline-2.c  -O3 -g  assembly comparison
FAIL: gcc.dg/pch/inline-2.c  -Os 
FAIL: gcc.dg/pch/inline-2.c  -Os  assembly comparison
FAIL: gcc.dg/pch/inline-3.c -O0 -g
FAIL: gcc.dg/pch/inline-3.c -O0 -g assembly comparison
FAIL: gcc.dg/pch/inline-3.c  -O0 
FAIL: gcc.dg/pch/inline-3.c  -O0  assembly comparison
FAIL: gcc.dg/pch/inline-3.c  -O1 
FAIL: gcc.dg/pch/inline-3.c  -O1  assembly comparison
FAIL: gcc.dg/pch/inline-3.c  -O2 
FAIL: gcc.dg/pch/inline-3.c  -O2  assembly comparison
FAIL: gcc.dg/pch/inline-3.c  -O3 -fomit-frame-pointer 
FAIL: gcc.dg/pch/inline-3.c  -O3 -fomit-frame-pointer  assembly comparison
FAIL: gcc.dg/pch/inline-3.c  -O3 -g 
FAIL: gcc.dg/pch/inline-3.c  -O3 -g  assembly comparison
FAIL: gcc.dg/pch/inline-3.c  -Os 
FAIL: gcc.dg/pch/inline-3.c  -Os  assembly comparison
FAIL: gcc.dg/pch/inline-4.c -O0 -g
FAIL: gcc.dg/pch/inline-4.c -O0 -g assembly comparison
FAIL: gcc.dg/pch/inline-4.c  -O0 
FAIL: gcc.dg/pch/inline-4.c  -O0  assembly comparison
FAIL: gcc.dg/pch/inline-4.c  -O1 
FAIL: gcc.dg/pch/inline-4.c  -O1  assembly comparison
FAIL: gcc.dg/pch/inline-4.c  -O2 
FAIL: gcc.dg/pch/inline-4.c  -O2  assembly comparison
FAIL: gcc.dg/pch/inline-4.c  -O3 -fomit-frame-pointer 
FAIL: gcc.dg/pch/inline-4.c  -O3 -fomit-frame-pointer  assembly comparison
FAIL: gcc.dg/pch/inline-4.c  -O3 -g 
FAIL: gcc.dg/pch/inline-4.c  -O3 -g  assembly comparison
FAIL: gcc.dg/pch/inline-4.c  -Os 
FAIL: gcc.dg/pch/inline-4.c  -Os  assembly comparison
FAIL: gcc.dg/pch/macro-1.c -O0 -g
FAIL: gcc.dg/pch/macro-1.c -O0 -g assembly comparison
FAIL: gcc.dg/pch/macro-1.c  -O0 
FAIL: gcc.dg/pch/macro-1.c  -O0  assembly comparison
FAIL: gcc.dg/pch/macro-1.c  -O1 
FAIL: gcc.dg/pch/macro-1.c  -O1  assembly comparison
FAIL: gcc.dg/pch/macro-1.c  -O2 
FAIL: gcc.dg/pch/macro-1.c  -O2  assembly comparison
FAIL: gcc.dg/pch/macro-1.c  -O3 -fomit-frame-pointer 
FAIL: gcc.dg/pch/macro-1.c  -O3 -fomit-frame-pointer  assembly comparison
FAIL: gcc.dg/pch/macro-1.c  -O3 -g 
FAIL: gcc.dg/pch/macro-1.c  -O3 -g  assembly comparison
FAIL: gcc.dg/pch/macro-1.c  -Os 
FAIL: gcc.dg/pch/macro-1.c  -Os  assembly comparison
FAIL: gcc.dg/pch/macro-2.c -O0 -g
FAIL: gcc.dg/pch/macro-2.c -O0 -g assembly comparison
FAIL: gcc.dg/pch/macro-2.c  -O0 
FAIL: gcc.dg/pch/macro-2.c  -O0  assembly comparison
FAIL: gcc.dg/pch/macro-2.c  -O1 
FAIL: gcc.dg/pch/macro-2.c  -O1  assembly comparison
FAIL: gcc.dg/pch/macro-2.c  -O2 
FAIL: gcc.dg/pch/macro-2.c  -O2  assembly comparison
FAIL: gcc.dg/pch/macro-2.c  -O3 -fomit-frame-pointer 
FAIL: gcc.dg/pch/macro-2.c  -O3 -fomit-frame-pointer  assembly comparison
FAIL: gcc.dg/pch/macro-2.c  -O3 -g 
FAIL: gcc.dg/pch/macro-2.c  -O3 -g  assembly comparison
FAIL: gcc.dg/pch/macro-2.c  -Os 
FAIL: gcc.dg/pch/macro-2.c  -Os  assembly comparison
FAIL: gcc.dg/pch/macro-3.c -O0 -g
FAIL: gcc.dg/pch/macro-3.c -O0 -g assembly comparison
FAIL: gcc.dg/pch/macro-3.c  -O0 
FAIL: gcc.dg/pch/macro-3.c  -O0  assembly comparison
FAIL: gcc.dg/pch/macro-3.c  -O1 
FAIL: gcc.dg/pch/macro-3.c  -O1  assembly comparison
FAIL: gcc.dg/pch/macro-3.c  -O2 
FAIL: gcc.dg/pch/macro-3.c  -O2  assembly comparison
FAIL: gcc.dg/pch/macro-3.c  -O3 -fomit-frame-pointer 
FAIL: gcc.dg/pch/macro-3.c  -O3 -fomit-frame-pointer  assembly comparison
FAIL: gcc.dg/pch/macro-3.c  -O3 -g 
FAIL: gcc.dg/pch/macro-3.c  -O3 -g  assembly comparison
FAIL: gcc.dg/pch/macro-3.c  -Os 
FAIL: gcc.dg/pch/macro-3.c  -Os  assembly comparison
FAIL: gcc.dg/pch/macro-4.c -O0 -g
FAIL: gcc.dg/pch/macro-4.c -O0 -g assembly comparison
FAIL: gcc.dg/pch/macro-4.c  -O0 
FAIL: gcc.dg/pch/macro-4.c  -O0  assembly comparison
FAIL: gcc.dg/pch/macro-4.c  -O1 
FAIL: gcc.dg/pch/macro-4.c  -O1  assembly comparison
FAIL: gcc.dg/pch/macro-4.c  -O2 
FAIL: gcc.dg/pch/macro-4.c  -O2  assembly comparison
FAIL: gcc.dg/pch/macro-4.c  -O3 -fomit-frame-pointer 
FAIL: gcc.dg/pch/macro-4.c  -O3 -fomit-frame-pointer  assembly comparison
FAIL: gcc.dg/pch/macro-4.c  -O3 -g 
FAIL: gcc.dg/pch/macro-4.c  -O3 -g  assembly comparison
FAIL: gcc.dg/pch/macro-4.c  -Os 
FAIL: gcc.dg/pch/macro-4.c  -Os  assembly comparison
FAIL: gcc.dg/pch/pushpop-1.c -O0 -g
FAIL: gcc.dg/pch/pushpop-1.c -O0 -g assembly comparison
FAIL: gcc.dg/pch/pushpop-1.c  -O0 
FAIL: gcc.dg/pch/pushpop-1.c  -O0  assembly comparison
FAIL: gcc.dg/pch/pushpop-1.c  -O1 
FAIL: gcc.dg/pch/pushpop-1.c  -O1  assembly comparison
FAIL: gcc.dg/pch/pushpop-1.c  -O2 
FAIL: gcc.dg/pch/pushpop-1.c  -O2  assembly comparison
FAIL: gcc.dg/pch/pushpop-1.c  -O3 -fomit-frame-pointer 
FAIL: gcc.dg/pch/pushpop-1.c  -O3 -fomit-frame-pointer  assembly comparison
FAIL: gcc.dg/pch/pushpop-1.c  -O3 -g 
FAIL: gcc.dg/pch/pushpop-1.c  -O3 -g  assembly comparison
FAIL: gcc.dg/pch/pushpop-1.c  -Os 
FAIL: gcc.dg/pch/pushpop-1.c  -Os  assembly comparison
FAIL: gcc.dg/pch/save-temps-1.c -O0 -g
FAIL: gcc.dg/pch/save-temps-1.c -O0 -g assembly comparison
FAIL: gcc.dg/pch/save-temps-1.c  -O0 
FAIL: gcc.dg/pch/save-temps-1.c  -O0  assembly comparison
FAIL: gcc.dg/pch/save-temps-1.c  -O1 
FAIL: gcc.dg/pch/save-temps-1.c  -O1  assembly comparison
FAIL: gcc.dg/pch/save-temps-1.c  -O2 
FAIL: gcc.dg/pch/save-temps-1.c  -O2  assembly comparison
FAIL: gcc.dg/pch/save-temps-1.c  -O3 -fomit-frame-pointer 
FAIL: gcc.dg/pch/save-temps-1.c  -O3 -fomit-frame-pointer  assembly comparison
FAIL: gcc.dg/pch/save-temps-1.c  -O3 -g 
FAIL: gcc.dg/pch/save-temps-1.c  -O3 -g  assembly comparison
FAIL: gcc.dg/pch/save-temps-1.c  -Os 
FAIL: gcc.dg/pch/save-temps-1.c  -Os  assembly comparison
FAIL: gcc.dg/pch/static-1.c -O0 -g
FAIL: gcc.dg/pch/static-1.c -O0 -g assembly comparison
FAIL: gcc.dg/pch/static-1.c  -O0 
FAIL: gcc.dg/pch/static-1.c  -O0  assembly comparison
FAIL: gcc.dg/pch/static-1.c  -O1 
FAIL: gcc.dg/pch/static-1.c  -O1  assembly comparison
FAIL: gcc.dg/pch/static-1.c  -O2 
FAIL: gcc.dg/pch/static-1.c  -O2  assembly comparison
FAIL: gcc.dg/pch/static-1.c  -O3 -fomit-frame-pointer 
FAIL: gcc.dg/pch/static-1.c  -O3 -fomit-frame-pointer  assembly comparison
FAIL: gcc.dg/pch/static-1.c  -O3 -g 
FAIL: gcc.dg/pch/static-1.c  -O3 -g  assembly comparison
FAIL: gcc.dg/pch/static-1.c  -Os 
FAIL: gcc.dg/pch/static-1.c  -Os  assembly comparison
FAIL: gcc.dg/pch/static-2.c -O0 -g
FAIL: gcc.dg/pch/static-2.c -O0 -g assembly comparison
FAIL: gcc.dg/pch/static-2.c  -O0 
FAIL: gcc.dg/pch/static-2.c  -O0  assembly comparison
FAIL: gcc.dg/pch/static-2.c  -O1 
FAIL: gcc.dg/pch/static-2.c  -O1  assembly comparison
FAIL: gcc.dg/pch/static-2.c  -O2 
FAIL: gcc.dg/pch/static-2.c  -O2  assembly comparison
FAIL: gcc.dg/pch/static-2.c  -O3 -fomit-frame-pointer 
FAIL: gcc.dg/pch/static-2.c  -O3 -fomit-frame-pointer  assembly comparison
FAIL: gcc.dg/pch/static-2.c  -O3 -g 
FAIL: gcc.dg/pch/static-2.c  -O3 -g  assembly comparison
FAIL: gcc.dg/pch/static-2.c  -Os 
FAIL: gcc.dg/pch/static-2.c  -Os  assembly comparison
FAIL: gcc.dg/pch/static-3.c -O0 -g
FAIL: gcc.dg/pch/static-3.c -O0 -g assembly comparison
FAIL: gcc.dg/pch/static-3.c  -O0 
FAIL: gcc.dg/pch/static-3.c  -O0  assembly comparison
FAIL: gcc.dg/pch/static-3.c  -O1 
FAIL: gcc.dg/pch/static-3.c  -O1  assembly comparison
FAIL: gcc.dg/pch/static-3.c  -O2 
FAIL: gcc.dg/pch/static-3.c  -O2  assembly comparison
FAIL: gcc.dg/pch/static-3.c  -O3 -fomit-frame-pointer 
FAIL: gcc.dg/pch/static-3.c  -O3 -fomit-frame-pointer  assembly comparison
FAIL: gcc.dg/pch/static-3.c  -O3 -g 
FAIL: gcc.dg/pch/static-3.c  -O3 -g  assembly comparison
FAIL: gcc.dg/pch/static-3.c  -Os 
FAIL: gcc.dg/pch/static-3.c  -Os  assembly comparison
FAIL: gcc.dg/pch/struct-1.c -O0 -g
FAIL: gcc.dg/pch/struct-1.c -O0 -g assembly comparison
FAIL: gcc.dg/pch/struct-1.c  -O0 
FAIL: gcc.dg/pch/struct-1.c  -O0  assembly comparison
FAIL: gcc.dg/pch/struct-1.c  -O1 
FAIL: gcc.dg/pch/struct-1.c  -O1  assembly comparison
FAIL: gcc.dg/pch/struct-1.c  -O2 
FAIL: gcc.dg/pch/struct-1.c  -O2  assembly comparison
FAIL: gcc.dg/pch/struct-1.c  -O3 -fomit-frame-pointer 
FAIL: gcc.dg/pch/struct-1.c  -O3 -fomit-frame-pointer  assembly comparison
FAIL: gcc.dg/pch/struct-1.c  -O3 -g 
FAIL: gcc.dg/pch/struct-1.c  -O3 -g  assembly comparison
FAIL: gcc.dg/pch/struct-1.c  -Os 
FAIL: gcc.dg/pch/struct-1.c  -Os  assembly comparison
FAIL: gcc.dg/pch/system-1.c -O0 -g
FAIL: gcc.dg/pch/system-1.c -O0 -g assembly comparison
FAIL: gcc.dg/pch/system-1.c  -O0 
FAIL: gcc.dg/pch/system-1.c  -O0  assembly comparison
FAIL: gcc.dg/pch/system-1.c  -O1 
FAIL: gcc.dg/pch/system-1.c  -O1  assembly comparison
FAIL: gcc.dg/pch/system-1.c  -O2 
FAIL: gcc.dg/pch/system-1.c  -O2  assembly comparison
FAIL: gcc.dg/pch/system-1.c  -O3 -fomit-frame-pointer 
FAIL: gcc.dg/pch/system-1.c  -O3 -fomit-frame-pointer  assembly comparison
FAIL: gcc.dg/pch/system-1.c  -O3 -g 
FAIL: gcc.dg/pch/system-1.c  -O3 -g  assembly comparison
FAIL: gcc.dg/pch/system-1.c  -Os 
FAIL: gcc.dg/pch/system-1.c  -Os  assembly comparison
FAIL: gcc.dg/pch/valid-1.c -O0 -g
FAIL: gcc.dg/pch/valid-1.c  -O0 
FAIL: gcc.dg/pch/valid-1.c  -O1 
FAIL: gcc.dg/pch/valid-1.c  -O2 
FAIL: gcc.dg/pch/valid-1.c  -O3 -fomit-frame-pointer 
FAIL: gcc.dg/pch/valid-1.c  -O3 -g 
FAIL: gcc.dg/pch/valid-1.c  -Os 
FAIL: gcc.dg/pch/valid-1b.c -O0 -g
FAIL: gcc.dg/pch/valid-1b.c -O0 -g assembly comparison
FAIL: gcc.dg/pch/valid-1b.c  -O0 
FAIL: gcc.dg/pch/valid-1b.c  -O0  assembly comparison
FAIL: gcc.dg/pch/valid-1b.c  -O1 
FAIL: gcc.dg/pch/valid-1b.c  -O1  assembly comparison
FAIL: gcc.dg/pch/valid-1b.c  -O2 
FAIL: gcc.dg/pch/valid-1b.c  -O2  assembly comparison
FAIL: gcc.dg/pch/valid-1b.c  -O3 -fomit-frame-pointer 
FAIL: gcc.dg/pch/valid-1b.c  -O3 -fomit-frame-pointer  assembly comparison
FAIL: gcc.dg/pch/valid-1b.c  -O3 -g 
FAIL: gcc.dg/pch/valid-1b.c  -O3 -g  assembly comparison
FAIL: gcc.dg/pch/valid-1b.c  -Os 
FAIL: gcc.dg/pch/valid-1b.c  -Os  assembly comparison
FAIL: gcc.dg/pch/valid-2.c -O0 -g
FAIL: gcc.dg/pch/valid-2.c  -O0 
FAIL: gcc.dg/pch/valid-2.c  -O1 
FAIL: gcc.dg/pch/valid-2.c  -O2 
FAIL: gcc.dg/pch/valid-2.c  -O3 -fomit-frame-pointer 
FAIL: gcc.dg/pch/valid-2.c  -O3 -g 
FAIL: gcc.dg/pch/valid-2.c  -Os 
FAIL: gcc.dg/pch/valid-4.c -O0 -g
FAIL: gcc.dg/pch/valid-4.c -O0 -g assembly comparison
FAIL: gcc.dg/pch/valid-4.c  -O0 
FAIL: gcc.dg/pch/valid-4.c  -O0  assembly comparison
FAIL: gcc.dg/pch/valid-4.c  -O1 
FAIL: gcc.dg/pch/valid-4.c  -O1  assembly comparison
FAIL: gcc.dg/pch/valid-4.c  -O2 
FAIL: gcc.dg/pch/valid-4.c  -O2  assembly comparison
FAIL: gcc.dg/pch/valid-4.c  -O3 -fomit-frame-pointer 
FAIL: gcc.dg/pch/valid-4.c  -O3 -fomit-frame-pointer  assembly comparison
FAIL: gcc.dg/pch/valid-4.c  -O3 -g 
FAIL: gcc.dg/pch/valid-4.c  -O3 -g  assembly comparison
FAIL: gcc.dg/pch/valid-4.c  -Os 
FAIL: gcc.dg/pch/valid-4.c  -Os  assembly comparison
FAIL: gcc.dg/pch/valid-5.c -O0 -g
FAIL: gcc.dg/pch/valid-5.c -O0 -g assembly comparison
FAIL: gcc.dg/pch/valid-5.c  -O0 
FAIL: gcc.dg/pch/valid-5.c  -O0  assembly comparison
FAIL: gcc.dg/pch/valid-5.c  -O1 
FAIL: gcc.dg/pch/valid-5.c  -O1  assembly comparison
FAIL: gcc.dg/pch/valid-5.c  -O2 
FAIL: gcc.dg/pch/valid-5.c  -O2  assembly comparison
FAIL: gcc.dg/pch/valid-5.c  -O3 -fomit-frame-pointer 
FAIL: gcc.dg/pch/valid-5.c  -O3 -fomit-frame-pointer  assembly comparison
FAIL: gcc.dg/pch/valid-5.c  -O3 -g 
FAIL: gcc.dg/pch/valid-5.c  -O3 -g  assembly comparison
FAIL: gcc.dg/pch/valid-5.c  -Os 
FAIL: gcc.dg/pch/valid-5.c  -Os  assembly comparison
FAIL: gcc.dg/pch/valid-6.c -O0 -g
FAIL: gcc.dg/pch/valid-6.c -O0 -g assembly comparison
FAIL: gcc.dg/pch/valid-6.c  -O0 
FAIL: gcc.dg/pch/valid-6.c  -O0  assembly comparison
FAIL: gcc.dg/pch/valid-6.c  -O1 
FAIL: gcc.dg/pch/valid-6.c  -O1  assembly comparison
FAIL: gcc.dg/pch/valid-6.c  -O2 
FAIL: gcc.dg/pch/valid-6.c  -O2  assembly comparison
FAIL: gcc.dg/pch/valid-6.c  -O3 -fomit-frame-pointer 
FAIL: gcc.dg/pch/valid-6.c  -O3 -fomit-frame-pointer  assembly comparison
FAIL: gcc.dg/pch/valid-6.c  -O3 -g 
FAIL: gcc.dg/pch/valid-6.c  -O3 -g  assembly comparison
FAIL: gcc.dg/pch/valid-6.c  -Os 
FAIL: gcc.dg/pch/valid-6.c  -Os  assembly comparison
FAIL: gcc.dg/pch/warn-1.c -O0 -g
FAIL: gcc.dg/pch/warn-1.c  -O0 
FAIL: gcc.dg/pch/warn-1.c  -O1 
FAIL: gcc.dg/pch/warn-1.c  -O2 
FAIL: gcc.dg/pch/warn-1.c  -O3 -fomit-frame-pointer 
FAIL: gcc.dg/pch/warn-1.c  -O3 -g 
FAIL: gcc.dg/pch/warn-1.c  -Os 
FAIL: gcc.dg/pch/largefile.c -O0 -g
FAIL: gcc.dg/pch/largefile.c -O0 -g assembly comparison
FAIL: gcc.dg/pch/largefile.c  -O0 
FAIL: gcc.dg/pch/largefile.c  -O0  assembly comparison
FAIL: gcc.dg/pch/largefile.c  -O1 
FAIL: gcc.dg/pch/largefile.c  -O1  assembly comparison
FAIL: gcc.dg/pch/largefile.c  -O2 
FAIL: gcc.dg/pch/largefile.c  -O2  assembly comparison
FAIL: gcc.dg/pch/largefile.c  -O3 -fomit-frame-pointer 
FAIL: gcc.dg/pch/largefile.c  -O3 -fomit-frame-pointer  assembly comparison
FAIL: gcc.dg/pch/largefile.c  -O3 -g 
FAIL: gcc.dg/pch/largefile.c  -O3 -g  assembly comparison
FAIL: gcc.dg/pch/largefile.c  -Os 
FAIL: gcc.dg/pch/largefile.c  -Os  assembly comparison

		=== gcc Summary ===

# of expected passes		54148
# of unexpected failures	549
# of unexpected successes	15
# of expected failures		238
# of unresolved testcases	788
# of unsupported tests		1696
/home/ronis/objdir/gcc/xgcc  version 4.6.0 (GCC) 

		=== gfortran tests ===


Running target unix
UNRESOLVED: gfortran.dg/lto/20091015-1 f_lto_20091015-1_0.o-f_lto_20091015-1_2.o link -O0 -flto -flto-partition=none 
UNRESOLVED: gfortran.dg/lto/20091015-1 f_lto_20091015-1_0.o-f_lto_20091015-1_2.o execute -O0 -flto -flto-partition=none 
UNRESOLVED: gfortran.dg/lto/20091015-1 f_lto_20091015-1_0.o-f_lto_20091015-1_2.o link -O2 -flto -flto-partition=none 
UNRESOLVED: gfortran.dg/lto/20091015-1 f_lto_20091015-1_0.o-f_lto_20091015-1_2.o execute -O2 -flto -flto-partition=none 
UNRESOLVED: gfortran.dg/lto/20091015-1 f_lto_20091015-1_0.o-f_lto_20091015-1_2.o link -O0 -flto -flto-partition=1to1 
UNRESOLVED: gfortran.dg/lto/20091015-1 f_lto_20091015-1_0.o-f_lto_20091015-1_2.o execute -O0 -flto -flto-partition=1to1 
UNRESOLVED: gfortran.dg/lto/20091015-1 f_lto_20091015-1_0.o-f_lto_20091015-1_2.o link -O2 -flto -flto-partition=1to1 
UNRESOLVED: gfortran.dg/lto/20091015-1 f_lto_20091015-1_0.o-f_lto_20091015-1_2.o execute -O2 -flto -flto-partition=1to1 
UNRESOLVED: gfortran.dg/lto/20091015-1 f_lto_20091015-1_0.o-f_lto_20091015-1_2.o link -O0 -flto
UNRESOLVED: gfortran.dg/lto/20091015-1 f_lto_20091015-1_0.o-f_lto_20091015-1_2.o execute -O0 -flto
UNRESOLVED: gfortran.dg/lto/20091015-1 f_lto_20091015-1_0.o-f_lto_20091015-1_2.o link -O2 -flto
UNRESOLVED: gfortran.dg/lto/20091015-1 f_lto_20091015-1_0.o-f_lto_20091015-1_2.o execute -O2 -flto
UNRESOLVED: gfortran.dg/lto/20091016-1 f_lto_20091016-1_0.o-f_lto_20091016-1_0.o link -flto -g -fPIC -r -nostdlib
UNRESOLVED: gfortran.dg/lto/20091016-1 f_lto_20091016-1_0.o-f_lto_20091016-1_0.o execute -flto -g -fPIC -r -nostdlib
UNRESOLVED: gfortran.dg/lto/20091016-1 f_lto_20091016-1_0.o-f_lto_20091016-1_0.o link -O -flto -g -fPIC -r -nostdlib
UNRESOLVED: gfortran.dg/lto/20091016-1 f_lto_20091016-1_0.o-f_lto_20091016-1_0.o execute -O -flto -g -fPIC -r -nostdlib
UNRESOLVED: gfortran.dg/lto/20091028-1 f_lto_20091028-1_0.o-f_lto_20091028-1_1.o link -O0 -flto -flto-partition=none 
UNRESOLVED: gfortran.dg/lto/20091028-1 f_lto_20091028-1_0.o-f_lto_20091028-1_1.o execute -O0 -flto -flto-partition=none 
UNRESOLVED: gfortran.dg/lto/20091028-1 f_lto_20091028-1_0.o-f_lto_20091028-1_1.o link -O2 -flto -flto-partition=none 
UNRESOLVED: gfortran.dg/lto/20091028-1 f_lto_20091028-1_0.o-f_lto_20091028-1_1.o execute -O2 -flto -flto-partition=none 
UNRESOLVED: gfortran.dg/lto/20091028-1 f_lto_20091028-1_0.o-f_lto_20091028-1_1.o link -O0 -flto -flto-partition=1to1 
UNRESOLVED: gfortran.dg/lto/20091028-1 f_lto_20091028-1_0.o-f_lto_20091028-1_1.o execute -O0 -flto -flto-partition=1to1 
UNRESOLVED: gfortran.dg/lto/20091028-1 f_lto_20091028-1_0.o-f_lto_20091028-1_1.o link -O2 -flto -flto-partition=1to1 
UNRESOLVED: gfortran.dg/lto/20091028-1 f_lto_20091028-1_0.o-f_lto_20091028-1_1.o execute -O2 -flto -flto-partition=1to1 
UNRESOLVED: gfortran.dg/lto/20091028-1 f_lto_20091028-1_0.o-f_lto_20091028-1_1.o link -O0 -flto
UNRESOLVED: gfortran.dg/lto/20091028-1 f_lto_20091028-1_0.o-f_lto_20091028-1_1.o execute -O0 -flto
UNRESOLVED: gfortran.dg/lto/20091028-1 f_lto_20091028-1_0.o-f_lto_20091028-1_1.o link -O2 -flto
UNRESOLVED: gfortran.dg/lto/20091028-1 f_lto_20091028-1_0.o-f_lto_20091028-1_1.o execute -O2 -flto
UNRESOLVED: gfortran.dg/lto/20091028-2 f_lto_20091028-2_0.o-f_lto_20091028-2_1.o link -O0 -flto -flto-partition=none 
UNRESOLVED: gfortran.dg/lto/20091028-2 f_lto_20091028-2_0.o-f_lto_20091028-2_1.o execute -O0 -flto -flto-partition=none 
UNRESOLVED: gfortran.dg/lto/20091028-2 f_lto_20091028-2_0.o-f_lto_20091028-2_1.o link -O2 -flto -flto-partition=none 
UNRESOLVED: gfortran.dg/lto/20091028-2 f_lto_20091028-2_0.o-f_lto_20091028-2_1.o execute -O2 -flto -flto-partition=none 
UNRESOLVED: gfortran.dg/lto/20091028-2 f_lto_20091028-2_0.o-f_lto_20091028-2_1.o link -O0 -flto -flto-partition=1to1 
UNRESOLVED: gfortran.dg/lto/20091028-2 f_lto_20091028-2_0.o-f_lto_20091028-2_1.o execute -O0 -flto -flto-partition=1to1 
UNRESOLVED: gfortran.dg/lto/20091028-2 f_lto_20091028-2_0.o-f_lto_20091028-2_1.o link -O2 -flto -flto-partition=1to1 
UNRESOLVED: gfortran.dg/lto/20091028-2 f_lto_20091028-2_0.o-f_lto_20091028-2_1.o execute -O2 -flto -flto-partition=1to1 
UNRESOLVED: gfortran.dg/lto/20091028-2 f_lto_20091028-2_0.o-f_lto_20091028-2_1.o link -O0 -flto
UNRESOLVED: gfortran.dg/lto/20091028-2 f_lto_20091028-2_0.o-f_lto_20091028-2_1.o execute -O0 -flto
UNRESOLVED: gfortran.dg/lto/20091028-2 f_lto_20091028-2_0.o-f_lto_20091028-2_1.o link -O2 -flto
UNRESOLVED: gfortran.dg/lto/20091028-2 f_lto_20091028-2_0.o-f_lto_20091028-2_1.o execute -O2 -flto
UNRESOLVED: gfortran.dg/lto/20100110-1 f_lto_20100110-1_0.o-f_lto_20100110-1_0.o link  -flto 
UNRESOLVED: gfortran.dg/lto/20100110-1 f_lto_20100110-1_0.o-f_lto_20100110-1_0.o execute  -flto 
UNRESOLVED: gfortran.dg/lto/20100222-1 f_lto_20100222-1_0.o-f_lto_20100222-1_1.o link -O0 -flto -flto-partition=none 
UNRESOLVED: gfortran.dg/lto/20100222-1 f_lto_20100222-1_0.o-f_lto_20100222-1_1.o execute -O0 -flto -flto-partition=none 
UNRESOLVED: gfortran.dg/lto/20100222-1 f_lto_20100222-1_0.o-f_lto_20100222-1_1.o link -O2 -flto -flto-partition=none 
UNRESOLVED: gfortran.dg/lto/20100222-1 f_lto_20100222-1_0.o-f_lto_20100222-1_1.o execute -O2 -flto -flto-partition=none 
UNRESOLVED: gfortran.dg/lto/20100222-1 f_lto_20100222-1_0.o-f_lto_20100222-1_1.o link -O0 -flto -flto-partition=1to1 
UNRESOLVED: gfortran.dg/lto/20100222-1 f_lto_20100222-1_0.o-f_lto_20100222-1_1.o execute -O0 -flto -flto-partition=1to1 
UNRESOLVED: gfortran.dg/lto/20100222-1 f_lto_20100222-1_0.o-f_lto_20100222-1_1.o link -O2 -flto -flto-partition=1to1 
UNRESOLVED: gfortran.dg/lto/20100222-1 f_lto_20100222-1_0.o-f_lto_20100222-1_1.o execute -O2 -flto -flto-partition=1to1 
UNRESOLVED: gfortran.dg/lto/20100222-1 f_lto_20100222-1_0.o-f_lto_20100222-1_1.o link -O0 -flto
UNRESOLVED: gfortran.dg/lto/20100222-1 f_lto_20100222-1_0.o-f_lto_20100222-1_1.o execute -O0 -flto
UNRESOLVED: gfortran.dg/lto/20100222-1 f_lto_20100222-1_0.o-f_lto_20100222-1_1.o link -O2 -flto
UNRESOLVED: gfortran.dg/lto/20100222-1 f_lto_20100222-1_0.o-f_lto_20100222-1_1.o execute -O2 -flto
UNRESOLVED: gfortran.dg/lto/pr40724 f_lto_pr40724_0.o-f_lto_pr40724_1.o link -O0 -flto -flto-partition=none 
UNRESOLVED: gfortran.dg/lto/pr40724 f_lto_pr40724_0.o-f_lto_pr40724_1.o execute -O0 -flto -flto-partition=none 
UNRESOLVED: gfortran.dg/lto/pr40724 f_lto_pr40724_0.o-f_lto_pr40724_1.o link -O2 -flto -flto-partition=none 
UNRESOLVED: gfortran.dg/lto/pr40724 f_lto_pr40724_0.o-f_lto_pr40724_1.o execute -O2 -flto -flto-partition=none 
UNRESOLVED: gfortran.dg/lto/pr40724 f_lto_pr40724_0.o-f_lto_pr40724_1.o link -O0 -flto -flto-partition=1to1 
UNRESOLVED: gfortran.dg/lto/pr40724 f_lto_pr40724_0.o-f_lto_pr40724_1.o execute -O0 -flto -flto-partition=1to1 
UNRESOLVED: gfortran.dg/lto/pr40724 f_lto_pr40724_0.o-f_lto_pr40724_1.o link -O2 -flto -flto-partition=1to1 
UNRESOLVED: gfortran.dg/lto/pr40724 f_lto_pr40724_0.o-f_lto_pr40724_1.o execute -O2 -flto -flto-partition=1to1 
UNRESOLVED: gfortran.dg/lto/pr40724 f_lto_pr40724_0.o-f_lto_pr40724_1.o link -O0 -flto
UNRESOLVED: gfortran.dg/lto/pr40724 f_lto_pr40724_0.o-f_lto_pr40724_1.o execute -O0 -flto
UNRESOLVED: gfortran.dg/lto/pr40724 f_lto_pr40724_0.o-f_lto_pr40724_1.o link -O2 -flto
UNRESOLVED: gfortran.dg/lto/pr40724 f_lto_pr40724_0.o-f_lto_pr40724_1.o execute -O2 -flto
UNRESOLVED: gfortran.dg/lto/pr40725 f_lto_pr40725_0.o-f_lto_pr40725_1.o link -O0 -flto -flto-partition=none 
UNRESOLVED: gfortran.dg/lto/pr40725 f_lto_pr40725_0.o-f_lto_pr40725_1.o execute -O0 -flto -flto-partition=none 
UNRESOLVED: gfortran.dg/lto/pr40725 f_lto_pr40725_0.o-f_lto_pr40725_1.o link -O2 -flto -flto-partition=none 
UNRESOLVED: gfortran.dg/lto/pr40725 f_lto_pr40725_0.o-f_lto_pr40725_1.o execute -O2 -flto -flto-partition=none 
UNRESOLVED: gfortran.dg/lto/pr40725 f_lto_pr40725_0.o-f_lto_pr40725_1.o link -O0 -flto -flto-partition=1to1 
UNRESOLVED: gfortran.dg/lto/pr40725 f_lto_pr40725_0.o-f_lto_pr40725_1.o execute -O0 -flto -flto-partition=1to1 
UNRESOLVED: gfortran.dg/lto/pr40725 f_lto_pr40725_0.o-f_lto_pr40725_1.o link -O2 -flto -flto-partition=1to1 
UNRESOLVED: gfortran.dg/lto/pr40725 f_lto_pr40725_0.o-f_lto_pr40725_1.o execute -O2 -flto -flto-partition=1to1 
UNRESOLVED: gfortran.dg/lto/pr40725 f_lto_pr40725_0.o-f_lto_pr40725_1.o link -O0 -flto
UNRESOLVED: gfortran.dg/lto/pr40725 f_lto_pr40725_0.o-f_lto_pr40725_1.o execute -O0 -flto
UNRESOLVED: gfortran.dg/lto/pr40725 f_lto_pr40725_0.o-f_lto_pr40725_1.o link -O2 -flto
UNRESOLVED: gfortran.dg/lto/pr40725 f_lto_pr40725_0.o-f_lto_pr40725_1.o execute -O2 -flto
UNRESOLVED: gfortran.dg/lto/pr41069 f_lto_pr41069_0.o-f_lto_pr41069_2.o link -O0 -flto -flto-partition=none 
UNRESOLVED: gfortran.dg/lto/pr41069 f_lto_pr41069_0.o-f_lto_pr41069_2.o execute -O0 -flto -flto-partition=none 
UNRESOLVED: gfortran.dg/lto/pr41069 f_lto_pr41069_0.o-f_lto_pr41069_2.o link -O2 -flto -flto-partition=none 
UNRESOLVED: gfortran.dg/lto/pr41069 f_lto_pr41069_0.o-f_lto_pr41069_2.o execute -O2 -flto -flto-partition=none 
UNRESOLVED: gfortran.dg/lto/pr41069 f_lto_pr41069_0.o-f_lto_pr41069_2.o link -O0 -flto -flto-partition=1to1 
UNRESOLVED: gfortran.dg/lto/pr41069 f_lto_pr41069_0.o-f_lto_pr41069_2.o execute -O0 -flto -flto-partition=1to1 
UNRESOLVED: gfortran.dg/lto/pr41069 f_lto_pr41069_0.o-f_lto_pr41069_2.o link -O2 -flto -flto-partition=1to1 
UNRESOLVED: gfortran.dg/lto/pr41069 f_lto_pr41069_0.o-f_lto_pr41069_2.o execute -O2 -flto -flto-partition=1to1 
UNRESOLVED: gfortran.dg/lto/pr41069 f_lto_pr41069_0.o-f_lto_pr41069_2.o link -O0 -flto
UNRESOLVED: gfortran.dg/lto/pr41069 f_lto_pr41069_0.o-f_lto_pr41069_2.o execute -O0 -flto
UNRESOLVED: gfortran.dg/lto/pr41069 f_lto_pr41069_0.o-f_lto_pr41069_2.o link -O2 -flto
UNRESOLVED: gfortran.dg/lto/pr41069 f_lto_pr41069_0.o-f_lto_pr41069_2.o execute -O2 -flto
UNRESOLVED: gfortran.dg/lto/pr41521 f_lto_pr41521_0.o-f_lto_pr41521_1.o link -g -flto
UNRESOLVED: gfortran.dg/lto/pr41521 f_lto_pr41521_0.o-f_lto_pr41521_1.o execute -g -flto
UNRESOLVED: gfortran.dg/lto/pr41521 f_lto_pr41521_0.o-f_lto_pr41521_1.o link -g -O -flto
UNRESOLVED: gfortran.dg/lto/pr41521 f_lto_pr41521_0.o-f_lto_pr41521_1.o execute -g -O -flto
UNRESOLVED: gfortran.dg/lto/pr41764 f_lto_pr41764_0.o-f_lto_pr41764_0.o link -O0 -flto -flto-partition=none 
UNRESOLVED: gfortran.dg/lto/pr41764 f_lto_pr41764_0.o-f_lto_pr41764_0.o execute -O0 -flto -flto-partition=none 
UNRESOLVED: gfortran.dg/lto/pr41764 f_lto_pr41764_0.o-f_lto_pr41764_0.o link -O2 -flto -flto-partition=none 
UNRESOLVED: gfortran.dg/lto/pr41764 f_lto_pr41764_0.o-f_lto_pr41764_0.o execute -O2 -flto -flto-partition=none 
UNRESOLVED: gfortran.dg/lto/pr41764 f_lto_pr41764_0.o-f_lto_pr41764_0.o link -O0 -flto -flto-partition=1to1 
UNRESOLVED: gfortran.dg/lto/pr41764 f_lto_pr41764_0.o-f_lto_pr41764_0.o execute -O0 -flto -flto-partition=1to1 
UNRESOLVED: gfortran.dg/lto/pr41764 f_lto_pr41764_0.o-f_lto_pr41764_0.o link -O2 -flto -flto-partition=1to1 
UNRESOLVED: gfortran.dg/lto/pr41764 f_lto_pr41764_0.o-f_lto_pr41764_0.o execute -O2 -flto -flto-partition=1to1 
UNRESOLVED: gfortran.dg/lto/pr41764 f_lto_pr41764_0.o-f_lto_pr41764_0.o link -O0 -flto
UNRESOLVED: gfortran.dg/lto/pr41764 f_lto_pr41764_0.o-f_lto_pr41764_0.o execute -O0 -flto
UNRESOLVED: gfortran.dg/lto/pr41764 f_lto_pr41764_0.o-f_lto_pr41764_0.o link -O2 -flto
UNRESOLVED: gfortran.dg/lto/pr41764 f_lto_pr41764_0.o-f_lto_pr41764_0.o execute -O2 -flto
UNRESOLVED: gfortran.dg/lto/pr45586 f_lto_pr45586_0.o-f_lto_pr45586_0.o link -O0 -flto -flto-partition=none 
UNRESOLVED: gfortran.dg/lto/pr45586 f_lto_pr45586_0.o-f_lto_pr45586_0.o execute -O0 -flto -flto-partition=none 
UNRESOLVED: gfortran.dg/lto/pr45586 f_lto_pr45586_0.o-f_lto_pr45586_0.o link -O2 -flto -flto-partition=none 
UNRESOLVED: gfortran.dg/lto/pr45586 f_lto_pr45586_0.o-f_lto_pr45586_0.o execute -O2 -flto -flto-partition=none 
UNRESOLVED: gfortran.dg/lto/pr45586 f_lto_pr45586_0.o-f_lto_pr45586_0.o link -O0 -flto -flto-partition=1to1 
UNRESOLVED: gfortran.dg/lto/pr45586 f_lto_pr45586_0.o-f_lto_pr45586_0.o execute -O0 -flto -flto-partition=1to1 
UNRESOLVED: gfortran.dg/lto/pr45586 f_lto_pr45586_0.o-f_lto_pr45586_0.o link -O2 -flto -flto-partition=1to1 
UNRESOLVED: gfortran.dg/lto/pr45586 f_lto_pr45586_0.o-f_lto_pr45586_0.o execute -O2 -flto -flto-partition=1to1 
UNRESOLVED: gfortran.dg/lto/pr45586 f_lto_pr45586_0.o-f_lto_pr45586_0.o link -O0 -flto
UNRESOLVED: gfortran.dg/lto/pr45586 f_lto_pr45586_0.o-f_lto_pr45586_0.o execute -O0 -flto
UNRESOLVED: gfortran.dg/lto/pr45586 f_lto_pr45586_0.o-f_lto_pr45586_0.o link -O2 -flto
UNRESOLVED: gfortran.dg/lto/pr45586 f_lto_pr45586_0.o-f_lto_pr45586_0.o execute -O2 -flto
UNRESOLVED: gfortran.dg/lto/pr46036 f_lto_pr46036_0.o-f_lto_pr46036_0.o link  -O -flto -ftree-vectorize 
UNRESOLVED: gfortran.dg/lto/pr46036 f_lto_pr46036_0.o-f_lto_pr46036_0.o execute  -O -flto -ftree-vectorize 
UNRESOLVED: gfortran.dg/lto/pr46911 f_lto_pr46911_0.o-f_lto_pr46911_0.o link  -O2 -flto -g 
UNRESOLVED: gfortran.dg/lto/pr46911 f_lto_pr46911_0.o-f_lto_pr46911_0.o execute  -O2 -flto -g 
UNRESOLVED: gfortran.dg/lto/pr47839 f_lto_pr47839_0.o-f_lto_pr47839_1.o link  -g -flto 
UNRESOLVED: gfortran.dg/lto/pr47839 f_lto_pr47839_0.o-f_lto_pr47839_1.o execute  -g -flto 

		=== gfortran Summary ===

# of expected passes		4772
# of expected failures		3
# of unresolved testcases	124
# of unsupported tests		24
/home/ronis/objdir/gcc/testsuite/gfortran/../../gfortran  version 4.6.0 (GCC) 

		=== objc tests ===


Running target unix
UNRESOLVED: objc.dg/lto/trivial-1 objc_lto_trivial-1_0.o-objc_lto_trivial-1_0.o link -O0 -flto -fgnu-runtime
UNRESOLVED: objc.dg/lto/trivial-1 objc_lto_trivial-1_0.o-objc_lto_trivial-1_0.o execute -O0 -flto -fgnu-runtime
UNRESOLVED: objc.dg/lto/trivial-1 objc_lto_trivial-1_0.o-objc_lto_trivial-1_0.o link -O2 -flto -fgnu-runtime
UNRESOLVED: objc.dg/lto/trivial-1 objc_lto_trivial-1_0.o-objc_lto_trivial-1_0.o execute -O2 -flto -fgnu-runtime
UNRESOLVED: objc.dg/lto/trivial-1 objc_lto_trivial-1_0.o-objc_lto_trivial-1_0.o link -O0 -flto -flto-partition=none -fgnu-runtime
UNRESOLVED: objc.dg/lto/trivial-1 objc_lto_trivial-1_0.o-objc_lto_trivial-1_0.o execute -O0 -flto -flto-partition=none -fgnu-runtime
UNRESOLVED: objc.dg/lto/trivial-1 objc_lto_trivial-1_0.o-objc_lto_trivial-1_0.o link -O2 -flto -flto-partition=none -fgnu-runtime
UNRESOLVED: objc.dg/lto/trivial-1 objc_lto_trivial-1_0.o-objc_lto_trivial-1_0.o execute -O2 -flto -flto-partition=none -fgnu-runtime
FAIL: objc.dg/pch/interface-1.m -O0 -g
FAIL: objc.dg/pch/interface-1.m -O0 -g assembly comparison
FAIL: objc.dg/pch/interface-1.m  -O0 
FAIL: objc.dg/pch/interface-1.m  -O0  assembly comparison
FAIL: objc.dg/pch/interface-1.m  -O1 
FAIL: objc.dg/pch/interface-1.m  -O1  assembly comparison
FAIL: objc.dg/pch/interface-1.m  -O2 
FAIL: objc.dg/pch/interface-1.m  -O2  assembly comparison
FAIL: objc.dg/pch/interface-1.m  -O3 -fomit-frame-pointer 
FAIL: objc.dg/pch/interface-1.m  -O3 -fomit-frame-pointer  assembly comparison
FAIL: objc.dg/pch/interface-1.m  -O3 -g 
FAIL: objc.dg/pch/interface-1.m  -O3 -g  assembly comparison
FAIL: objc.dg/pch/interface-1.m  -Os 
FAIL: objc.dg/pch/interface-1.m  -Os  assembly comparison

		=== objc Summary ===

# of expected passes		2889
# of unexpected failures	14
# of expected failures		6
# of unresolved testcases	8
# of unsupported tests		74
/home/ronis/objdir/gcc/xgcc  version 4.6.0 (GCC) 

		=== libffi tests ===


Running target unix

		=== libffi Summary ===

# of expected passes		1634
# of expected failures		10
# of unsupported tests		15
		=== libgomp tests ===


Running target unix

		=== libgomp Summary ===

# of expected passes		2542
		=== libjava tests ===


Running target unix

		=== libjava Summary ===

# of expected passes		2574
		=== libmudflap tests ===


Running target unix
FAIL: libmudflap.c/fail40-frag.c output pattern test
FAIL: libmudflap.c/pass49-frag.c execution test
FAIL: libmudflap.c/pass49-frag.c output pattern test
FAIL: libmudflap.c/pass49-frag.c execution test
FAIL: libmudflap.c/pass49-frag.c output pattern test
FAIL: libmudflap.c/pass51-frag.c execution test
FAIL: libmudflap.c/pass51-frag.c execution test
FAIL: libmudflap.c/fail40-frag.c (-static) output pattern test
FAIL: libmudflap.c/pass49-frag.c (-static) execution test
FAIL: libmudflap.c/pass49-frag.c (-static) output pattern test
FAIL: libmudflap.c/pass49-frag.c (-static) execution test
FAIL: libmudflap.c/pass49-frag.c (-static) output pattern test
FAIL: libmudflap.c/pass51-frag.c (-static) execution test
FAIL: libmudflap.c/pass51-frag.c (-static) execution test
FAIL: libmudflap.c/fail40-frag.c (-O2) output pattern test
FAIL: libmudflap.c/pass49-frag.c (-O2) execution test
FAIL: libmudflap.c/pass49-frag.c (-O2) output pattern test
FAIL: libmudflap.c/pass49-frag.c (-O2) execution test
FAIL: libmudflap.c/pass49-frag.c (-O2) output pattern test
FAIL: libmudflap.c/pass51-frag.c (-O2) execution test
FAIL: libmudflap.c/pass51-frag.c (-O2) execution test
FAIL: libmudflap.c/fail40-frag.c (-O3) output pattern test
FAIL: libmudflap.c/pass49-frag.c (-O3) execution test
FAIL: libmudflap.c/pass49-frag.c (-O3) output pattern test
FAIL: libmudflap.c/pass49-frag.c (-O3) execution test
FAIL: libmudflap.c/pass49-frag.c (-O3) output pattern test
FAIL: libmudflap.c/pass51-frag.c (-O3) execution test
FAIL: libmudflap.c/pass51-frag.c (-O3) execution test
FAIL: libmudflap.cth/pass37-frag.c (-static -DSTATIC) execution test
FAIL: libmudflap.cth/pass37-frag.c (-static -DSTATIC) output pattern test
FAIL: libmudflap.cth/pass37-frag.c (-static -DSTATIC) (rerun 1) execution test
FAIL: libmudflap.cth/pass37-frag.c (-static -DSTATIC) (rerun 1) output pattern test
FAIL: libmudflap.cth/pass37-frag.c (-static -DSTATIC) (rerun 2) execution test
FAIL: libmudflap.cth/pass37-frag.c (-static -DSTATIC) (rerun 2) output pattern test
FAIL: libmudflap.cth/pass37-frag.c (-static -DSTATIC) (rerun 3) execution test
FAIL: libmudflap.cth/pass37-frag.c (-static -DSTATIC) (rerun 3) output pattern test
FAIL: libmudflap.cth/pass37-frag.c (-static -DSTATIC) (rerun 4) execution test
FAIL: libmudflap.cth/pass37-frag.c (-static -DSTATIC) (rerun 4) output pattern test
FAIL: libmudflap.cth/pass37-frag.c (-static -DSTATIC) (rerun 5) execution test
FAIL: libmudflap.cth/pass37-frag.c (-static -DSTATIC) (rerun 5) output pattern test
FAIL: libmudflap.cth/pass37-frag.c (-static -DSTATIC) (rerun 6) execution test
FAIL: libmudflap.cth/pass37-frag.c (-static -DSTATIC) (rerun 6) output pattern test
FAIL: libmudflap.cth/pass37-frag.c (-static -DSTATIC) (rerun 7) execution test
FAIL: libmudflap.cth/pass37-frag.c (-static -DSTATIC) (rerun 7) output pattern test
FAIL: libmudflap.cth/pass37-frag.c (-static -DSTATIC) (rerun 8) execution test
FAIL: libmudflap.cth/pass37-frag.c (-static -DSTATIC) (rerun 8) output pattern test
FAIL: libmudflap.cth/pass37-frag.c (-static -DSTATIC) (rerun 9) execution test
FAIL: libmudflap.cth/pass37-frag.c (-static -DSTATIC) (rerun 9) output pattern test
FAIL: libmudflap.cth/pass37-frag.c (-static -DSTATIC) (rerun 10) execution test
FAIL: libmudflap.cth/pass37-frag.c (-static -DSTATIC) (rerun 10) output pattern test
FAIL: libmudflap.cth/pass37-frag.c (-static -DSTATIC) (rerun 11) execution test
FAIL: libmudflap.cth/pass37-frag.c (-static -DSTATIC) (rerun 11) output pattern test
FAIL: libmudflap.cth/pass37-frag.c (-static -DSTATIC) (rerun 12) execution test
FAIL: libmudflap.cth/pass37-frag.c (-static -DSTATIC) (rerun 12) output pattern test
FAIL: libmudflap.cth/pass37-frag.c (-static -DSTATIC) (rerun 13) execution test
FAIL: libmudflap.cth/pass37-frag.c (-static -DSTATIC) (rerun 13) output pattern test
FAIL: libmudflap.cth/pass37-frag.c (-static -DSTATIC) (rerun 14) execution test
FAIL: libmudflap.cth/pass37-frag.c (-static -DSTATIC) (rerun 14) output pattern test
FAIL: libmudflap.cth/pass37-frag.c (-static -DSTATIC) (rerun 15) execution test
FAIL: libmudflap.cth/pass37-frag.c (-static -DSTATIC) (rerun 15) output pattern test
FAIL: libmudflap.cth/pass37-frag.c (-static -DSTATIC) (rerun 16) execution test
FAIL: libmudflap.cth/pass37-frag.c (-static -DSTATIC) (rerun 16) output pattern test
FAIL: libmudflap.cth/pass37-frag.c (-static -DSTATIC) (rerun 17) execution test
FAIL: libmudflap.cth/pass37-frag.c (-static -DSTATIC) (rerun 17) output pattern test
FAIL: libmudflap.cth/pass37-frag.c (-static -DSTATIC) (rerun 18) execution test
FAIL: libmudflap.cth/pass37-frag.c (-static -DSTATIC) (rerun 18) output pattern test
FAIL: libmudflap.cth/pass37-frag.c (-static -DSTATIC) (rerun 19) execution test
FAIL: libmudflap.cth/pass37-frag.c (-static -DSTATIC) (rerun 19) output pattern test
FAIL: libmudflap.cth/pass39-frag.c (-static -DSTATIC) execution test
FAIL: libmudflap.cth/pass39-frag.c (-static -DSTATIC) output pattern test
FAIL: libmudflap.cth/pass39-frag.c (-static -DSTATIC) (rerun 1) execution test
FAIL: libmudflap.cth/pass39-frag.c (-static -DSTATIC) (rerun 1) output pattern test
FAIL: libmudflap.cth/pass39-frag.c (-static -DSTATIC) (rerun 2) execution test
FAIL: libmudflap.cth/pass39-frag.c (-static -DSTATIC) (rerun 2) output pattern test
FAIL: libmudflap.cth/pass39-frag.c (-static -DSTATIC) (rerun 3) execution test
FAIL: libmudflap.cth/pass39-frag.c (-static -DSTATIC) (rerun 3) output pattern test
FAIL: libmudflap.cth/pass39-frag.c (-static -DSTATIC) (rerun 4) execution test
FAIL: libmudflap.cth/pass39-frag.c (-static -DSTATIC) (rerun 4) output pattern test
FAIL: libmudflap.cth/pass39-frag.c (-static -DSTATIC) (rerun 5) execution test
FAIL: libmudflap.cth/pass39-frag.c (-static -DSTATIC) (rerun 5) output pattern test
FAIL: libmudflap.cth/pass39-frag.c (-static -DSTATIC) (rerun 6) execution test
FAIL: libmudflap.cth/pass39-frag.c (-static -DSTATIC) (rerun 6) output pattern test
FAIL: libmudflap.cth/pass39-frag.c (-static -DSTATIC) (rerun 7) execution test
FAIL: libmudflap.cth/pass39-frag.c (-static -DSTATIC) (rerun 7) output pattern test
FAIL: libmudflap.cth/pass39-frag.c (-static -DSTATIC) (rerun 8) execution test
FAIL: libmudflap.cth/pass39-frag.c (-static -DSTATIC) (rerun 8) output pattern test
FAIL: libmudflap.cth/pass39-frag.c (-static -DSTATIC) (rerun 9) execution test
FAIL: libmudflap.cth/pass39-frag.c (-static -DSTATIC) (rerun 9) output pattern test
FAIL: libmudflap.cth/pass39-frag.c (-static -DSTATIC) (rerun 10) execution test
FAIL: libmudflap.cth/pass39-frag.c (-static -DSTATIC) (rerun 10) output pattern test
FAIL: libmudflap.cth/pass39-frag.c (-static -DSTATIC) (rerun 11) execution test
FAIL: libmudflap.cth/pass39-frag.c (-static -DSTATIC) (rerun 11) output pattern test
FAIL: libmudflap.cth/pass39-frag.c (-static -DSTATIC) (rerun 12) execution test
FAIL: libmudflap.cth/pass39-frag.c (-static -DSTATIC) (rerun 12) output pattern test
FAIL: libmudflap.cth/pass39-frag.c (-static -DSTATIC) (rerun 13) execution test
FAIL: libmudflap.cth/pass39-frag.c (-static -DSTATIC) (rerun 13) output pattern test
FAIL: libmudflap.cth/pass39-frag.c (-static -DSTATIC) (rerun 14) execution test
FAIL: libmudflap.cth/pass39-frag.c (-static -DSTATIC) (rerun 14) output pattern test
FAIL: libmudflap.cth/pass39-frag.c (-static -DSTATIC) (rerun 15) execution test
FAIL: libmudflap.cth/pass39-frag.c (-static -DSTATIC) (rerun 15) output pattern test
FAIL: libmudflap.cth/pass39-frag.c (-static -DSTATIC) (rerun 16) execution test
FAIL: libmudflap.cth/pass39-frag.c (-static -DSTATIC) (rerun 16) output pattern test
FAIL: libmudflap.cth/pass39-frag.c (-static -DSTATIC) (rerun 17) execution test
FAIL: libmudflap.cth/pass39-frag.c (-static -DSTATIC) (rerun 17) output pattern test
FAIL: libmudflap.cth/pass39-frag.c (-static -DSTATIC) (rerun 18) execution test
FAIL: libmudflap.cth/pass39-frag.c (-static -DSTATIC) (rerun 18) output pattern test
FAIL: libmudflap.cth/pass39-frag.c (-static -DSTATIC) (rerun 19) execution test
FAIL: libmudflap.cth/pass39-frag.c (-static -DSTATIC) (rerun 19) output pattern test
FAIL: libmudflap.cth/pass40-frag.c (-static -DSTATIC) execution test
FAIL: libmudflap.cth/pass40-frag.c (-static -DSTATIC) output pattern test
FAIL: libmudflap.cth/pass59-frag.c (-static -DSTATIC) execution test
FAIL: libmudflap.cth/pass59-frag.c (-static -DSTATIC) output pattern test

		=== libmudflap Summary ===

# of expected passes		1782
# of unexpected failures	112
		=== libstdc++ tests ===


Running target unix

		=== libstdc++ Summary ===

# of expected passes		1

Compiler version: 4.6.0 (GCC) 
Platform: i686-pc-linux-gnu
configure flags: --prefix=/usr --with-gnu-as --enable-shared --with-gnu-ld --enable-threads=posix --with-ecj-jar=/usr/share/java/ecj.jar --enable-languages=c,c++,fortran,java,objc --enable-bootstrap
BOOT_CFLAGS=
CFLAGS (set before configure)=
CXXFLAGS (set before configure)=
Counting all warnings,
there are 0 warnings in stage3 of this bootstrap.

Number of warnings per file:

Number of warning types:


Index Nav: [Date Index] [Subject Index] [Author Index] [Thread Index]
Message Nav: [Date Prev] [Date Next] [Thread Prev] [Thread Next]