This is the mail archive of the gcc-testresults@gcc.gnu.org mailing list for the GCC project.


Index Nav: [Date Index] [Subject Index] [Author Index] [Thread Index]
Message Nav: [Date Prev] [Date Next] [Thread Prev] [Thread Next]
Other format: [Raw text]

Results for 4.6.0 (GCC) testsuite on mips-sgi-irix6.5


Built with:
GNU as 2.18
IRIX ld 7.44
gmp 5.0.1
mpfr 2.4.2p3
mpc 0.8.2
ppl 0.11.2
cloog 0.16.2

Bootstrap compiler:
Using built-in specs.
COLLECT_GCC=gcc
COLLECT_LTO_WRAPPER=/usr/people/tgc/local/libexec/gcc/mips-sgi-irix6.5/4.6.0/lto-wrapper
Target: mips-sgi-irix6.5
Configured with: ../gcc-4.6.0/configure --prefix=/usr/people/tgc/local --with-local-prefix=/usr/people/tgc/local --with-gmp=/usr/people/tgc/local/gmp --with-mpfr=/usr/people/tgc/local/mpfr --with-mpc=/usr/people/tgc/local/mpc --disable-nls --disable-shared --enable-languages=c,ada,c++ --with-gnu-as --with-as=/usr/nekoware/gnu-binutils/bin/gas
Thread model: posix
gcc version 4.6.0 (GCC) 

LAST_UPDATED: Obtained from SVN: tags/gcc_4_6_0_release revision 171513

		=== acats tests ===
FAIL:	c52103x
FAIL:	c52104x
FAIL:	c52104y
FAIL:	cb1010a
FAIL:	cb1010c
FAIL:	cb1010d
FAIL:	cxg2001
FAIL:	cxg2002
FAIL:	cxg2003
FAIL:	cxg2004
FAIL:	cxg2005
FAIL:	cxg2006
FAIL:	cxg2007
FAIL:	cxg2010
FAIL:	cxg2011
FAIL:	cxg2012
FAIL:	cxg2013
FAIL:	cxg2014
FAIL:	cxg2015
FAIL:	cxg2016
FAIL:	cxg2017
FAIL:	cxg2018
FAIL:	cxg2019
FAIL:	cxg2020
FAIL:	cxg2021
FAIL:	cxg2024

		=== acats Summary ===
# of expected passes		2295
# of unexpected failures	26
Native configuration is mips-sgi-irix6.5

		=== g++ tests ===


Running target unix/-mabi=64
FAIL: g++.dg/debug/dwarf2/icf.C scan-assembler \\\\.section.*.debug_dcall
FAIL: g++.dg/debug/dwarf2/icf.C scan-assembler New caller
FAIL: g++.dg/debug/dwarf2/icf.C scan-assembler Caller DIE offset
FAIL: g++.dg/debug/dwarf2/icf.C scan-assembler Callee DIE offset
FAIL: g++.dg/debug/dwarf2/lineno-simple1.C scan-assembler \\\\t\\\\.loc [0-9]+ 4 0( [^\\\\n]*)?\\\\n\\\\t\\\\.set\\\\t(no)?mips16\\\\n\\\\t\\\\.ent\\\\t_ZN1CC[12]Ev\\\\n\\\\t\\\\.type\\\\t_ZN1CC[12]Ev, @function\\\\n_ZN1CC[12]Ev:\\\\n
FAIL: g++.dg/debug/dwarf2/lineno-simple1.C scan-assembler \\\\t\\\\.loc [0-9]+ 6 0( [^\\\\n]*)?\\\\n\\\\t\\\\.set\\\\t(no)?mips16\\\\n\\\\t\\\\.ent\\\\t_ZN1C3fooEv\\\\n\\\\t\\\\.type\\\\t_ZN1C3fooEv, @function\\\\n_ZN1C3fooEv:\\\\n
FAIL: g++.dg/debug/dwarf2/lineno-simple1.C scan-assembler \\\\t\\\\.loc [0-9]+ 12 0( [^\\\\n]*)?\\\\n\\\\t\\\\.set\\\\t(no)?mips16\\\\n\\\\t\\\\.ent\\\\tmain\\\\n\\\\t\\\\.type\\\\tmain, @function\\\\nmain:\\\\n
FAIL: g++.dg/debug/dwarf2/pr44641.C scan-assembler \\\\t\\\\.loc [0-9]+ 21 0( [^\\\\n]*)?\\\\n\\\\t\\\\.set\\\\t(no)?mips16\\\\n\\\\t\\\\.ent\\\\t_ZN12MisplacedDbgI4FullEC[12]Ev\\\\n\\\\t\\\\.type\\\\t_ZN12MisplacedDbgI4FullEC[12]Ev, @function\\\\n_ZN12MisplacedDbgI4FullEC[12]Ev:\\\\n
FAIL: g++.dg/debug/dwarf2/pr44641.C scan-assembler \\\\t\\\\.loc [0-9]+ 21 0( [^\\\\n]*)?\\\\n\\\\t\\\\.set\\\\t(no)?mips16\\\\n\\\\t\\\\.ent\\\\t_ZN12MisplacedDbgI4FullED0Ev\\\\n\\\\t\\\\.type\\\\t_ZN12MisplacedDbgI4FullED0Ev, @function\\\\n_ZN12MisplacedDbgI4FullED0Ev:\\\\n
FAIL: g++.dg/debug/dwarf2/pr44641.C scan-assembler \\\\t\\\\.loc [0-9]+ 28 0( [^\\\\n]*)?\\\\n\\\\t\\\\.set\\\\t(no)?mips16\\\\n\\\\t\\\\.ent\\\\t_ZN12MisplacedDbgIP3ArgEC[12]Ev\\\\n\\\\t\\\\.type\\\\t_ZN12MisplacedDbgIP3ArgEC[12]Ev, @function\\\\n_ZN12MisplacedDbgIP3ArgEC[12]Ev:\\\\n
FAIL: g++.dg/debug/dwarf2/pr44641.C scan-assembler \\\\t\\\\.loc [0-9]+ 28 0( [^\\\\n]*)?\\\\n\\\\t\\\\.set\\\\t(no)?mips16\\\\n\\\\t\\\\.ent\\\\t_ZN12MisplacedDbgIP3ArgED0Ev\\\\n\\\\t\\\\.type\\\\t_ZN12MisplacedDbgIP3ArgED0Ev, @function\\\\n_ZN12MisplacedDbgIP3ArgED0Ev:\\\\n
FAIL: g++.dg/debug/dwarf2/pr44641.C scan-assembler \\\\t\\\\.loc [0-9]+ 34 0( [^\\\\n]*)?\\\\n\\\\t\\\\.set\\\\t(no)?mips16\\\\n\\\\t\\\\.ent\\\\t_ZN12MisplacedDbgI3ArgEC[12]Ev\\\\n\\\\t\\\\.type\\\\t_ZN12MisplacedDbgI3ArgEC[12]Ev, @function\\\\n_ZN12MisplacedDbgI3ArgEC[12]Ev:\\\\n
FAIL: g++.dg/debug/dwarf2/pr44641.C scan-assembler \\\\t\\\\.loc [0-9]+ 34 0( [^\\\\n]*)?\\\\n\\\\t\\\\.set\\\\t(no)?mips16\\\\n\\\\t\\\\.ent\\\\t_ZN12MisplacedDbgI3ArgED0Ev\\\\n\\\\t\\\\.type\\\\t_ZN12MisplacedDbgI3ArgED0Ev, @function\\\\n_ZN12MisplacedDbgI3ArgED0Ev:\\\\n
FAIL: g++.dg/debug/dwarf2/pr46527.C scan-assembler \\\\t\\\\.loc [0-9]+ 12 0( [^\\\\n]*)?\\\\n\\\\t\\\\.set\\\\t(no)?mips16\\\\n\\\\t\\\\.ent\\\\t_ZN6StructIdE13defined_laterEv\\\\n\\\\t\\\\.type\\\\t_ZN6StructIdE13defined_laterEv, @function\\\\n_ZN6StructIdE13defined_laterEv:\\\\n
FAIL: g++.dg/torture/pr31863.C  -O2 -flto  (test for excess errors)
FAIL: g++.dg/torture/type-generic-1.C  -O0  execution test
FAIL: g++.dg/torture/type-generic-1.C  -O1  execution test
FAIL: g++.dg/torture/type-generic-1.C  -O2  execution test
FAIL: g++.dg/torture/type-generic-1.C  -O3 -fomit-frame-pointer  execution test
FAIL: g++.dg/torture/type-generic-1.C  -O3 -g  execution test
FAIL: g++.dg/torture/type-generic-1.C  -Os  execution test
FAIL: g++.dg/torture/type-generic-1.C  -O2 -flto -flto-partition=none  execution test
FAIL: g++.dg/torture/type-generic-1.C  -O2 -flto  execution test

		=== g++ Summary for unix/-mabi=64 ===

# of expected passes		26475
# of unexpected failures	23
# of expected failures		162
# of unsupported tests		493

Running target unix/-mabi=n32
FAIL: g++.dg/debug/dwarf2/icf.C scan-assembler \\\\.section.*.debug_dcall
FAIL: g++.dg/debug/dwarf2/icf.C scan-assembler New caller
FAIL: g++.dg/debug/dwarf2/icf.C scan-assembler Caller DIE offset
FAIL: g++.dg/debug/dwarf2/icf.C scan-assembler Callee DIE offset
FAIL: g++.dg/debug/dwarf2/lineno-simple1.C scan-assembler \\\\t\\\\.loc [0-9]+ 4 0( [^\\\\n]*)?\\\\n\\\\t\\\\.set\\\\t(no)?mips16\\\\n\\\\t\\\\.ent\\\\t_ZN1CC[12]Ev\\\\n\\\\t\\\\.type\\\\t_ZN1CC[12]Ev, @function\\\\n_ZN1CC[12]Ev:\\\\n
FAIL: g++.dg/debug/dwarf2/lineno-simple1.C scan-assembler \\\\t\\\\.loc [0-9]+ 6 0( [^\\\\n]*)?\\\\n\\\\t\\\\.set\\\\t(no)?mips16\\\\n\\\\t\\\\.ent\\\\t_ZN1C3fooEv\\\\n\\\\t\\\\.type\\\\t_ZN1C3fooEv, @function\\\\n_ZN1C3fooEv:\\\\n
FAIL: g++.dg/debug/dwarf2/lineno-simple1.C scan-assembler \\\\t\\\\.loc [0-9]+ 12 0( [^\\\\n]*)?\\\\n\\\\t\\\\.set\\\\t(no)?mips16\\\\n\\\\t\\\\.ent\\\\tmain\\\\n\\\\t\\\\.type\\\\tmain, @function\\\\nmain:\\\\n
FAIL: g++.dg/debug/dwarf2/pr44641.C scan-assembler \\\\t\\\\.loc [0-9]+ 21 0( [^\\\\n]*)?\\\\n\\\\t\\\\.set\\\\t(no)?mips16\\\\n\\\\t\\\\.ent\\\\t_ZN12MisplacedDbgI4FullEC[12]Ev\\\\n\\\\t\\\\.type\\\\t_ZN12MisplacedDbgI4FullEC[12]Ev, @function\\\\n_ZN12MisplacedDbgI4FullEC[12]Ev:\\\\n
FAIL: g++.dg/debug/dwarf2/pr44641.C scan-assembler \\\\t\\\\.loc [0-9]+ 21 0( [^\\\\n]*)?\\\\n\\\\t\\\\.set\\\\t(no)?mips16\\\\n\\\\t\\\\.ent\\\\t_ZN12MisplacedDbgI4FullED0Ev\\\\n\\\\t\\\\.type\\\\t_ZN12MisplacedDbgI4FullED0Ev, @function\\\\n_ZN12MisplacedDbgI4FullED0Ev:\\\\n
FAIL: g++.dg/debug/dwarf2/pr44641.C scan-assembler \\\\t\\\\.loc [0-9]+ 28 0( [^\\\\n]*)?\\\\n\\\\t\\\\.set\\\\t(no)?mips16\\\\n\\\\t\\\\.ent\\\\t_ZN12MisplacedDbgIP3ArgEC[12]Ev\\\\n\\\\t\\\\.type\\\\t_ZN12MisplacedDbgIP3ArgEC[12]Ev, @function\\\\n_ZN12MisplacedDbgIP3ArgEC[12]Ev:\\\\n
FAIL: g++.dg/debug/dwarf2/pr44641.C scan-assembler \\\\t\\\\.loc [0-9]+ 28 0( [^\\\\n]*)?\\\\n\\\\t\\\\.set\\\\t(no)?mips16\\\\n\\\\t\\\\.ent\\\\t_ZN12MisplacedDbgIP3ArgED0Ev\\\\n\\\\t\\\\.type\\\\t_ZN12MisplacedDbgIP3ArgED0Ev, @function\\\\n_ZN12MisplacedDbgIP3ArgED0Ev:\\\\n
FAIL: g++.dg/debug/dwarf2/pr44641.C scan-assembler \\\\t\\\\.loc [0-9]+ 34 0( [^\\\\n]*)?\\\\n\\\\t\\\\.set\\\\t(no)?mips16\\\\n\\\\t\\\\.ent\\\\t_ZN12MisplacedDbgI3ArgEC[12]Ev\\\\n\\\\t\\\\.type\\\\t_ZN12MisplacedDbgI3ArgEC[12]Ev, @function\\\\n_ZN12MisplacedDbgI3ArgEC[12]Ev:\\\\n
FAIL: g++.dg/debug/dwarf2/pr44641.C scan-assembler \\\\t\\\\.loc [0-9]+ 34 0( [^\\\\n]*)?\\\\n\\\\t\\\\.set\\\\t(no)?mips16\\\\n\\\\t\\\\.ent\\\\t_ZN12MisplacedDbgI3ArgED0Ev\\\\n\\\\t\\\\.type\\\\t_ZN12MisplacedDbgI3ArgED0Ev, @function\\\\n_ZN12MisplacedDbgI3ArgED0Ev:\\\\n
FAIL: g++.dg/debug/dwarf2/pr46527.C scan-assembler \\\\t\\\\.loc [0-9]+ 12 0( [^\\\\n]*)?\\\\n\\\\t\\\\.set\\\\t(no)?mips16\\\\n\\\\t\\\\.ent\\\\t_ZN6StructIdE13defined_laterEv\\\\n\\\\t\\\\.type\\\\t_ZN6StructIdE13defined_laterEv, @function\\\\n_ZN6StructIdE13defined_laterEv:\\\\n
WARNING: program timed out.
FAIL: g++.dg/torture/pr31863.C  -O2 -flto  (test for excess errors)
FAIL: g++.dg/torture/type-generic-1.C  -O0  execution test
FAIL: g++.dg/torture/type-generic-1.C  -O1  execution test
FAIL: g++.dg/torture/type-generic-1.C  -O2  execution test
FAIL: g++.dg/torture/type-generic-1.C  -O3 -fomit-frame-pointer  execution test
FAIL: g++.dg/torture/type-generic-1.C  -O3 -g  execution test
FAIL: g++.dg/torture/type-generic-1.C  -Os  execution test
FAIL: g++.dg/torture/type-generic-1.C  -O2 -flto -flto-partition=none  execution test
FAIL: g++.dg/torture/type-generic-1.C  -O2 -flto  execution test

		=== g++ Summary for unix/-mabi=n32 ===

# of expected passes		26514
# of unexpected failures	23
# of expected failures		162
# of unsupported tests		492

		=== g++ Summary ===

# of expected passes		52989
# of unexpected failures	46
# of expected failures		324
# of unsupported tests		985
/usr/people/tgc/work/gcc460-nojava/gcc/testsuite/g++/../../g++  version 4.6.0 (GCC) 

		=== gcc tests ===


Running target unix/-mabi=64
FAIL: gcc.dg/intmax_t-1.c (test for excess errors)
FAIL: gcc.dg/graphite/id-pr46845.c (internal compiler error)
FAIL: gcc.dg/graphite/id-pr46845.c (test for excess errors)
WARNING: program timed out.
FAIL: gcc.dg/graphite/block-8.c (test for excess errors)
WARNING: gcc.dg/graphite/block-8.c compilation failed to produce executable
FAIL: gcc.dg/lto/20090116 c_lto_20090116_0.o-c_lto_20090116_0.o link, -O1 -flto -flto-partition=1to1 -fPIC (internal compiler error)
UNRESOLVED: gcc.dg/lto/20090116 c_lto_20090116_0.o-c_lto_20090116_0.o execute -O1 -flto -flto-partition=1to1 -fPIC
FAIL: gcc.dg/torture/builtin-modf-1.c  -O0  (test for excess errors)
FAIL: gcc.dg/torture/builtin-modf-1.c  -O1  (test for excess errors)
FAIL: gcc.dg/torture/builtin-modf-1.c  -O2  (test for excess errors)
FAIL: gcc.dg/torture/builtin-modf-1.c  -O3 -fomit-frame-pointer  (test for excess errors)
FAIL: gcc.dg/torture/builtin-modf-1.c  -O3 -fomit-frame-pointer -funroll-loops  (test for excess errors)
FAIL: gcc.dg/torture/builtin-modf-1.c  -O3 -fomit-frame-pointer -funroll-all-loops -finline-functions  (test for excess errors)
FAIL: gcc.dg/torture/builtin-modf-1.c  -O3 -g  (test for excess errors)
FAIL: gcc.dg/torture/builtin-modf-1.c  -Os  (test for excess errors)
FAIL: gcc.dg/torture/builtin-modf-1.c  -O2 -flto -flto-partition=none  (test for excess errors)
FAIL: gcc.dg/torture/builtin-modf-1.c  -O2 -flto  (test for excess errors)
FAIL: gcc.dg/torture/type-generic-1.c  -O0  execution test
FAIL: gcc.dg/torture/type-generic-1.c  -O1  execution test
FAIL: gcc.dg/torture/type-generic-1.c  -O2  execution test
FAIL: gcc.dg/torture/type-generic-1.c  -O3 -fomit-frame-pointer  execution test
FAIL: gcc.dg/torture/type-generic-1.c  -O3 -g  execution test
FAIL: gcc.dg/torture/type-generic-1.c  -Os  execution test
FAIL: gcc.dg/torture/type-generic-1.c  -O2 -flto -flto-partition=none  execution test
FAIL: gcc.dg/torture/type-generic-1.c  -O2 -flto  execution test
FAIL: gcc.target/mips/dspr2-MULT.c scan-assembler ac2
FAIL: gcc.target/mips/dspr2-MULTU.c scan-assembler ac2
FAIL: gcc.target/mips/extend-1.c scan-assembler-times \\tdsll\\t 5
FAIL: gcc.target/mips/extend-1.c scan-assembler-times \\tdsra\\t 5
FAIL: gcc.target/mips/mult-1.c scan-assembler \\tdins\\t
FAIL: gcc.target/mips/octeon-bbit-2.c scan-assembler \\tbnel\\t
FAIL: gcc.target/mips/octeon-bbit-2.c scan-assembler-not \\tbne\\t
FAIL: gcc.target/mips/octeon-exts-6.c scan-assembler-times \\texts\\t 5

		=== gcc Summary for unix/-mabi=64 ===

# of expected passes		69947
# of unexpected failures	31
# of expected failures		134
# of unresolved testcases	1
# of unsupported tests		1032

Running target unix/-mabi=n32
WARNING: program timed out.
FAIL: gcc.dg/graphite/id-pr46845.c (internal compiler error)
FAIL: gcc.dg/graphite/id-pr46845.c (test for excess errors)
WARNING: program timed out.
FAIL: gcc.dg/graphite/block-7.c (test for excess errors)
WARNING: gcc.dg/graphite/block-7.c compilation failed to produce executable
WARNING: program timed out.
FAIL: gcc.dg/graphite/block-8.c (test for excess errors)
WARNING: gcc.dg/graphite/block-8.c compilation failed to produce executable
FAIL: gcc.dg/graphite/block-8.c scan-tree-dump-times graphite "will be loop blocked" 1
FAIL: gcc.dg/torture/builtin-modf-1.c  -O0  (test for excess errors)
FAIL: gcc.dg/torture/builtin-modf-1.c  -O1  (test for excess errors)
FAIL: gcc.dg/torture/builtin-modf-1.c  -O2  (test for excess errors)
FAIL: gcc.dg/torture/builtin-modf-1.c  -O3 -fomit-frame-pointer  (test for excess errors)
FAIL: gcc.dg/torture/builtin-modf-1.c  -O3 -fomit-frame-pointer -funroll-loops  (test for excess errors)
FAIL: gcc.dg/torture/builtin-modf-1.c  -O3 -fomit-frame-pointer -funroll-all-loops -finline-functions  (test for excess errors)
FAIL: gcc.dg/torture/builtin-modf-1.c  -O3 -g  (test for excess errors)
FAIL: gcc.dg/torture/builtin-modf-1.c  -Os  (test for excess errors)
FAIL: gcc.dg/torture/builtin-modf-1.c  -O2 -flto -flto-partition=none  (test for excess errors)
FAIL: gcc.dg/torture/builtin-modf-1.c  -O2 -flto  (test for excess errors)
FAIL: gcc.dg/torture/type-generic-1.c  -O0  execution test
FAIL: gcc.dg/torture/type-generic-1.c  -O1  execution test
FAIL: gcc.dg/torture/type-generic-1.c  -O2  execution test
FAIL: gcc.dg/torture/type-generic-1.c  -O3 -fomit-frame-pointer  execution test
FAIL: gcc.dg/torture/type-generic-1.c  -O3 -g  execution test
FAIL: gcc.dg/torture/type-generic-1.c  -Os  execution test
FAIL: gcc.dg/torture/type-generic-1.c  -O2 -flto -flto-partition=none  execution test
FAIL: gcc.dg/torture/type-generic-1.c  -O2 -flto  execution test
FAIL: gcc.target/mips/dspr2-MULT.c scan-assembler ac2
FAIL: gcc.target/mips/dspr2-MULTU.c scan-assembler ac2
FAIL: gcc.target/mips/extend-1.c scan-assembler-times \\tdsll\\t 5
FAIL: gcc.target/mips/extend-1.c scan-assembler-times \\tdsra\\t 5
FAIL: gcc.target/mips/octeon-exts-6.c scan-assembler-times \\texts\\t 5

		=== gcc Summary for unix/-mabi=n32 ===

# of expected passes		69935
# of unexpected failures	28
# of expected failures		133
# of unsupported tests		1041

		=== gcc Summary ===

# of expected passes		139882
# of unexpected failures	59
# of expected failures		267
# of unresolved testcases	1
# of unsupported tests		2073
/usr/people/tgc/work/gcc460-nojava/gcc/xgcc  version 4.6.0 (GCC) 

		=== gfortran tests ===


Running target unix/-mabi=64
FAIL: gfortran.dg/complex_intrinsic_5.f90  -O0  execution test
FAIL: gfortran.dg/complex_intrinsic_5.f90  -O1  execution test
FAIL: gfortran.dg/complex_intrinsic_5.f90  -O2  execution test
FAIL: gfortran.dg/complex_intrinsic_5.f90  -O3 -fomit-frame-pointer  execution test
FAIL: gfortran.dg/complex_intrinsic_5.f90  -O3 -fomit-frame-pointer -funroll-loops  execution test
FAIL: gfortran.dg/complex_intrinsic_5.f90  -O3 -fomit-frame-pointer -funroll-all-loops -finline-functions  execution test
FAIL: gfortran.dg/complex_intrinsic_5.f90  -O3 -g  execution test
FAIL: gfortran.dg/complex_intrinsic_5.f90  -Os  execution test
FAIL: gfortran.dg/default_format_1.f90  -O0  execution test
FAIL: gfortran.dg/default_format_1.f90  -O1  execution test
FAIL: gfortran.dg/default_format_1.f90  -O2  execution test
FAIL: gfortran.dg/default_format_1.f90  -O3 -fomit-frame-pointer  execution test
FAIL: gfortran.dg/default_format_1.f90  -O3 -fomit-frame-pointer -funroll-loops  execution test
FAIL: gfortran.dg/default_format_1.f90  -O3 -fomit-frame-pointer -funroll-all-loops -finline-functions  execution test
FAIL: gfortran.dg/default_format_1.f90  -O3 -g  execution test
FAIL: gfortran.dg/default_format_1.f90  -Os  execution test
FAIL: gfortran.dg/default_format_denormal_1.f90  -O0  execution test
FAIL: gfortran.dg/default_format_denormal_1.f90  -O1  execution test
FAIL: gfortran.dg/default_format_denormal_1.f90  -O2  execution test
FAIL: gfortran.dg/default_format_denormal_1.f90  -O3 -fomit-frame-pointer  execution test
FAIL: gfortran.dg/default_format_denormal_1.f90  -O3 -fomit-frame-pointer -funroll-loops  execution test
FAIL: gfortran.dg/default_format_denormal_1.f90  -O3 -fomit-frame-pointer -funroll-all-loops -finline-functions  execution test
FAIL: gfortran.dg/default_format_denormal_1.f90  -O3 -g  execution test
FAIL: gfortran.dg/default_format_denormal_1.f90  -Os  execution test
FAIL: gfortran.dg/default_format_denormal_2.f90  -O0  execution test
FAIL: gfortran.dg/default_format_denormal_2.f90  -O1  execution test
FAIL: gfortran.dg/default_format_denormal_2.f90  -O2  execution test
FAIL: gfortran.dg/default_format_denormal_2.f90  -O3 -fomit-frame-pointer  execution test
FAIL: gfortran.dg/default_format_denormal_2.f90  -O3 -fomit-frame-pointer -funroll-loops  execution test
FAIL: gfortran.dg/default_format_denormal_2.f90  -O3 -fomit-frame-pointer -funroll-all-loops -finline-functions  execution test
FAIL: gfortran.dg/default_format_denormal_2.f90  -O3 -g  execution test
FAIL: gfortran.dg/default_format_denormal_2.f90  -Os  execution test
FAIL: gfortran.dg/integer_exponentiation_2.f90  -O0  execution test
FAIL: gfortran.dg/integer_exponentiation_2.f90  -O1  execution test
FAIL: gfortran.dg/integer_exponentiation_2.f90  -O2  execution test
FAIL: gfortran.dg/integer_exponentiation_2.f90  -O3 -fomit-frame-pointer  execution test
FAIL: gfortran.dg/integer_exponentiation_2.f90  -O3 -fomit-frame-pointer -funroll-loops  execution test
FAIL: gfortran.dg/integer_exponentiation_2.f90  -O3 -fomit-frame-pointer -funroll-all-loops -finline-functions  execution test
FAIL: gfortran.dg/integer_exponentiation_2.f90  -O3 -g  execution test
FAIL: gfortran.dg/integer_exponentiation_2.f90  -Os  execution test
FAIL: gfortran.dg/large_real_kind_2.F90  -O1  execution test
FAIL: gfortran.dg/large_real_kind_2.F90  -O3 -fomit-frame-pointer -funroll-loops  execution test
FAIL: gfortran.dg/large_real_kind_2.F90  -O3 -fomit-frame-pointer -funroll-all-loops -finline-functions  execution test
FAIL: gfortran.dg/large_real_kind_2.F90  -Os  execution test
FAIL: gfortran.dg/large_real_kind_form_io_2.f90  -O0  execution test
FAIL: gfortran.dg/large_real_kind_form_io_2.f90  -O1  execution test
FAIL: gfortran.dg/large_real_kind_form_io_2.f90  -O2  execution test
FAIL: gfortran.dg/large_real_kind_form_io_2.f90  -O3 -fomit-frame-pointer  execution test
FAIL: gfortran.dg/large_real_kind_form_io_2.f90  -O3 -fomit-frame-pointer -funroll-loops  execution test
FAIL: gfortran.dg/large_real_kind_form_io_2.f90  -O3 -fomit-frame-pointer -funroll-all-loops -finline-functions  execution test
FAIL: gfortran.dg/large_real_kind_form_io_2.f90  -O3 -g  execution test
FAIL: gfortran.dg/large_real_kind_form_io_2.f90  -Os  execution test
FAIL: gfortran.dg/nan_3.f90  -O0  execution test
FAIL: gfortran.dg/nan_3.f90  -O1  execution test
FAIL: gfortran.dg/nan_3.f90  -O2  execution test
FAIL: gfortran.dg/nan_3.f90  -O3 -fomit-frame-pointer  execution test
FAIL: gfortran.dg/nan_3.f90  -O3 -fomit-frame-pointer -funroll-loops  execution test
FAIL: gfortran.dg/nan_3.f90  -O3 -fomit-frame-pointer -funroll-all-loops -finline-functions  execution test
FAIL: gfortran.dg/nan_3.f90  -O3 -g  execution test
FAIL: gfortran.dg/nan_3.f90  -Os  execution test
FAIL: gfortran.dg/nan_6.f90  -O0  execution test
FAIL: gfortran.dg/nan_6.f90  -O1  execution test
FAIL: gfortran.dg/nan_6.f90  -O2  execution test
FAIL: gfortran.dg/nan_6.f90  -O3 -fomit-frame-pointer  execution test
FAIL: gfortran.dg/nan_6.f90  -O3 -fomit-frame-pointer -funroll-loops  execution test
FAIL: gfortran.dg/nan_6.f90  -O3 -fomit-frame-pointer -funroll-all-loops -finline-functions  execution test
FAIL: gfortran.dg/nan_6.f90  -O3 -g  execution test
FAIL: gfortran.dg/nan_6.f90  -Os  execution test
FAIL: gfortran.dg/nan_7.f90  -O0  execution test
FAIL: gfortran.dg/nan_7.f90  -O1  execution test
FAIL: gfortran.dg/nan_7.f90  -O2  execution test
FAIL: gfortran.dg/nan_7.f90  -O3 -fomit-frame-pointer  execution test
FAIL: gfortran.dg/nan_7.f90  -O3 -fomit-frame-pointer -funroll-loops  execution test
FAIL: gfortran.dg/nan_7.f90  -O3 -fomit-frame-pointer -funroll-all-loops -finline-functions  execution test
FAIL: gfortran.dg/nan_7.f90  -O3 -g  execution test
FAIL: gfortran.dg/nan_7.f90  -Os  execution test
FAIL: gfortran.dg/nearest_1.f90  -O0  execution test
FAIL: gfortran.dg/nearest_1.f90  -O1  execution test
FAIL: gfortran.dg/nearest_1.f90  -O2  execution test
FAIL: gfortran.dg/nearest_1.f90  -O3 -fomit-frame-pointer  execution test
FAIL: gfortran.dg/nearest_1.f90  -O3 -fomit-frame-pointer -funroll-loops  execution test
FAIL: gfortran.dg/nearest_1.f90  -O3 -fomit-frame-pointer -funroll-all-loops -finline-functions  execution test
FAIL: gfortran.dg/nearest_1.f90  -O3 -g  execution test
FAIL: gfortran.dg/nearest_1.f90  -Os  execution test
FAIL: gfortran.dg/pr45636.f90  -O  scan-tree-dump-times forwprop2 "memset" 0
FAIL: gfortran.dg/read_infnan_1.f90  -O0  execution test
FAIL: gfortran.dg/read_infnan_1.f90  -O1  execution test
FAIL: gfortran.dg/read_infnan_1.f90  -O2  execution test
FAIL: gfortran.dg/read_infnan_1.f90  -O3 -fomit-frame-pointer  execution test
FAIL: gfortran.dg/read_infnan_1.f90  -O3 -fomit-frame-pointer -funroll-loops  execution test
FAIL: gfortran.dg/read_infnan_1.f90  -O3 -fomit-frame-pointer -funroll-all-loops -finline-functions  execution test
FAIL: gfortran.dg/read_infnan_1.f90  -O3 -g  execution test
FAIL: gfortran.dg/read_infnan_1.f90  -Os  execution test
FAIL: gfortran.dg/specifics_1.f90  -O0  execution test
FAIL: gfortran.dg/specifics_1.f90  -O1  execution test
FAIL: gfortran.dg/specifics_1.f90  -O2  execution test
FAIL: gfortran.dg/specifics_1.f90  -O3 -fomit-frame-pointer  execution test
FAIL: gfortran.dg/specifics_1.f90  -O3 -fomit-frame-pointer -funroll-loops  execution test
FAIL: gfortran.dg/specifics_1.f90  -O3 -fomit-frame-pointer -funroll-all-loops -finline-functions  execution test
FAIL: gfortran.dg/specifics_1.f90  -O3 -g  execution test
FAIL: gfortran.dg/specifics_1.f90  -Os  execution test
XPASS: gfortran.dg/g77/cabs.f  -O1  execution test
XPASS: gfortran.dg/g77/cabs.f  -O2  execution test
XPASS: gfortran.dg/g77/cabs.f  -O3 -fomit-frame-pointer  execution test
XPASS: gfortran.dg/g77/cabs.f  -O3 -fomit-frame-pointer -funroll-loops  execution test
XPASS: gfortran.dg/g77/cabs.f  -O3 -fomit-frame-pointer -funroll-all-loops -finline-functions  execution test
XPASS: gfortran.dg/g77/cabs.f  -O3 -g  execution test
XPASS: gfortran.dg/g77/cabs.f  -Os  execution test
WARNING: program timed out.
FAIL: gfortran.fortran-torture/execute/intrinsic_abs.f90 execution,  -O0 
FAIL: gfortran.fortran-torture/execute/specifics.f90 execution,  -O0 
FAIL: gfortran.fortran-torture/execute/specifics.f90 execution,  -O1 
FAIL: gfortran.fortran-torture/execute/specifics.f90 execution,  -O2 
FAIL: gfortran.fortran-torture/execute/specifics.f90 execution,  -O2 -fomit-frame-pointer -finline-functions 
FAIL: gfortran.fortran-torture/execute/specifics.f90 execution,  -O2 -fomit-frame-pointer -finline-functions -funroll-loops 
FAIL: gfortran.fortran-torture/execute/specifics.f90 execution,  -O2 -fbounds-check 
FAIL: gfortran.fortran-torture/execute/specifics.f90 execution,  -O3 -g 
FAIL: gfortran.fortran-torture/execute/specifics.f90 execution,  -Os 

		=== gfortran Summary for unix/-mabi=64 ===

# of expected passes		37915
# of unexpected failures	110
# of unexpected successes	7
# of expected failures		54
# of unsupported tests		92

Running target unix/-mabi=n32
FAIL: gfortran.dg/complex_intrinsic_5.f90  -O0  execution test
FAIL: gfortran.dg/complex_intrinsic_5.f90  -O1  execution test
FAIL: gfortran.dg/complex_intrinsic_5.f90  -O2  execution test
FAIL: gfortran.dg/complex_intrinsic_5.f90  -O3 -fomit-frame-pointer  execution test
FAIL: gfortran.dg/complex_intrinsic_5.f90  -O3 -fomit-frame-pointer -funroll-loops  execution test
FAIL: gfortran.dg/complex_intrinsic_5.f90  -O3 -fomit-frame-pointer -funroll-all-loops -finline-functions  execution test
FAIL: gfortran.dg/complex_intrinsic_5.f90  -O3 -g  execution test
FAIL: gfortran.dg/complex_intrinsic_5.f90  -Os  execution test
FAIL: gfortran.dg/default_format_1.f90  -O0  execution test
FAIL: gfortran.dg/default_format_1.f90  -O1  execution test
FAIL: gfortran.dg/default_format_1.f90  -O2  execution test
FAIL: gfortran.dg/default_format_1.f90  -O3 -fomit-frame-pointer  execution test
FAIL: gfortran.dg/default_format_1.f90  -O3 -fomit-frame-pointer -funroll-loops  execution test
FAIL: gfortran.dg/default_format_1.f90  -O3 -fomit-frame-pointer -funroll-all-loops -finline-functions  execution test
FAIL: gfortran.dg/default_format_1.f90  -O3 -g  execution test
FAIL: gfortran.dg/default_format_1.f90  -Os  execution test
FAIL: gfortran.dg/default_format_denormal_1.f90  -O0  execution test
FAIL: gfortran.dg/default_format_denormal_1.f90  -O1  execution test
FAIL: gfortran.dg/default_format_denormal_1.f90  -O2  execution test
FAIL: gfortran.dg/default_format_denormal_1.f90  -O3 -fomit-frame-pointer  execution test
FAIL: gfortran.dg/default_format_denormal_1.f90  -O3 -fomit-frame-pointer -funroll-loops  execution test
FAIL: gfortran.dg/default_format_denormal_1.f90  -O3 -fomit-frame-pointer -funroll-all-loops -finline-functions  execution test
FAIL: gfortran.dg/default_format_denormal_1.f90  -O3 -g  execution test
FAIL: gfortran.dg/default_format_denormal_1.f90  -Os  execution test
FAIL: gfortran.dg/default_format_denormal_2.f90  -O0  execution test
FAIL: gfortran.dg/default_format_denormal_2.f90  -O1  execution test
FAIL: gfortran.dg/default_format_denormal_2.f90  -O2  execution test
FAIL: gfortran.dg/default_format_denormal_2.f90  -O3 -fomit-frame-pointer  execution test
FAIL: gfortran.dg/default_format_denormal_2.f90  -O3 -fomit-frame-pointer -funroll-loops  execution test
FAIL: gfortran.dg/default_format_denormal_2.f90  -O3 -fomit-frame-pointer -funroll-all-loops -finline-functions  execution test
FAIL: gfortran.dg/default_format_denormal_2.f90  -O3 -g  execution test
FAIL: gfortran.dg/default_format_denormal_2.f90  -Os  execution test
FAIL: gfortran.dg/integer_exponentiation_2.f90  -O0  execution test
FAIL: gfortran.dg/integer_exponentiation_2.f90  -O1  execution test
FAIL: gfortran.dg/integer_exponentiation_2.f90  -O2  execution test
FAIL: gfortran.dg/integer_exponentiation_2.f90  -O3 -fomit-frame-pointer  execution test
FAIL: gfortran.dg/integer_exponentiation_2.f90  -O3 -fomit-frame-pointer -funroll-loops  execution test
FAIL: gfortran.dg/integer_exponentiation_2.f90  -O3 -fomit-frame-pointer -funroll-all-loops -finline-functions  execution test
FAIL: gfortran.dg/integer_exponentiation_2.f90  -O3 -g  execution test
FAIL: gfortran.dg/integer_exponentiation_2.f90  -Os  execution test
FAIL: gfortran.dg/large_real_kind_2.F90  -O1  execution test
FAIL: gfortran.dg/large_real_kind_2.F90  -O3 -fomit-frame-pointer -funroll-loops  execution test
FAIL: gfortran.dg/large_real_kind_2.F90  -O3 -fomit-frame-pointer -funroll-all-loops -finline-functions  execution test
FAIL: gfortran.dg/large_real_kind_2.F90  -Os  execution test
FAIL: gfortran.dg/large_real_kind_form_io_2.f90  -O0  execution test
FAIL: gfortran.dg/large_real_kind_form_io_2.f90  -O1  execution test
FAIL: gfortran.dg/large_real_kind_form_io_2.f90  -O2  execution test
FAIL: gfortran.dg/large_real_kind_form_io_2.f90  -O3 -fomit-frame-pointer  execution test
FAIL: gfortran.dg/large_real_kind_form_io_2.f90  -O3 -fomit-frame-pointer -funroll-loops  execution test
FAIL: gfortran.dg/large_real_kind_form_io_2.f90  -O3 -fomit-frame-pointer -funroll-all-loops -finline-functions  execution test
FAIL: gfortran.dg/large_real_kind_form_io_2.f90  -O3 -g  execution test
FAIL: gfortran.dg/large_real_kind_form_io_2.f90  -Os  execution test
FAIL: gfortran.dg/nan_3.f90  -O0  execution test
FAIL: gfortran.dg/nan_3.f90  -O1  execution test
FAIL: gfortran.dg/nan_3.f90  -O2  execution test
FAIL: gfortran.dg/nan_3.f90  -O3 -fomit-frame-pointer  execution test
FAIL: gfortran.dg/nan_3.f90  -O3 -fomit-frame-pointer -funroll-loops  execution test
FAIL: gfortran.dg/nan_3.f90  -O3 -fomit-frame-pointer -funroll-all-loops -finline-functions  execution test
FAIL: gfortran.dg/nan_3.f90  -O3 -g  execution test
FAIL: gfortran.dg/nan_3.f90  -Os  execution test
FAIL: gfortran.dg/nan_6.f90  -O0  execution test
FAIL: gfortran.dg/nan_6.f90  -O1  execution test
FAIL: gfortran.dg/nan_6.f90  -O2  execution test
FAIL: gfortran.dg/nan_6.f90  -O3 -fomit-frame-pointer  execution test
FAIL: gfortran.dg/nan_6.f90  -O3 -fomit-frame-pointer -funroll-loops  execution test
FAIL: gfortran.dg/nan_6.f90  -O3 -fomit-frame-pointer -funroll-all-loops -finline-functions  execution test
FAIL: gfortran.dg/nan_6.f90  -O3 -g  execution test
FAIL: gfortran.dg/nan_6.f90  -Os  execution test
FAIL: gfortran.dg/nan_7.f90  -O0  execution test
FAIL: gfortran.dg/nan_7.f90  -O1  execution test
FAIL: gfortran.dg/nan_7.f90  -O2  execution test
FAIL: gfortran.dg/nan_7.f90  -O3 -fomit-frame-pointer  execution test
FAIL: gfortran.dg/nan_7.f90  -O3 -fomit-frame-pointer -funroll-loops  execution test
FAIL: gfortran.dg/nan_7.f90  -O3 -fomit-frame-pointer -funroll-all-loops -finline-functions  execution test
FAIL: gfortran.dg/nan_7.f90  -O3 -g  execution test
FAIL: gfortran.dg/nan_7.f90  -Os  execution test
FAIL: gfortran.dg/nearest_1.f90  -O0  execution test
FAIL: gfortran.dg/nearest_1.f90  -O1  execution test
FAIL: gfortran.dg/nearest_1.f90  -O2  execution test
FAIL: gfortran.dg/nearest_1.f90  -O3 -fomit-frame-pointer  execution test
FAIL: gfortran.dg/nearest_1.f90  -O3 -fomit-frame-pointer -funroll-loops  execution test
FAIL: gfortran.dg/nearest_1.f90  -O3 -fomit-frame-pointer -funroll-all-loops -finline-functions  execution test
FAIL: gfortran.dg/nearest_1.f90  -O3 -g  execution test
FAIL: gfortran.dg/nearest_1.f90  -Os  execution test
FAIL: gfortran.dg/pr45636.f90  -O  scan-tree-dump-times forwprop2 "memset" 0
FAIL: gfortran.dg/read_infnan_1.f90  -O0  execution test
FAIL: gfortran.dg/read_infnan_1.f90  -O1  execution test
FAIL: gfortran.dg/read_infnan_1.f90  -O2  execution test
FAIL: gfortran.dg/read_infnan_1.f90  -O3 -fomit-frame-pointer  execution test
FAIL: gfortran.dg/read_infnan_1.f90  -O3 -fomit-frame-pointer -funroll-loops  execution test
FAIL: gfortran.dg/read_infnan_1.f90  -O3 -fomit-frame-pointer -funroll-all-loops -finline-functions  execution test
FAIL: gfortran.dg/read_infnan_1.f90  -O3 -g  execution test
FAIL: gfortran.dg/read_infnan_1.f90  -Os  execution test
FAIL: gfortran.dg/specifics_1.f90  -O0  execution test
FAIL: gfortran.dg/specifics_1.f90  -O1  execution test
FAIL: gfortran.dg/specifics_1.f90  -O2  execution test
FAIL: gfortran.dg/specifics_1.f90  -O3 -fomit-frame-pointer  execution test
FAIL: gfortran.dg/specifics_1.f90  -O3 -fomit-frame-pointer -funroll-loops  execution test
FAIL: gfortran.dg/specifics_1.f90  -O3 -fomit-frame-pointer -funroll-all-loops -finline-functions  execution test
FAIL: gfortran.dg/specifics_1.f90  -O3 -g  execution test
FAIL: gfortran.dg/specifics_1.f90  -Os  execution test
XPASS: gfortran.dg/g77/cabs.f  -O1  execution test
XPASS: gfortran.dg/g77/cabs.f  -O2  execution test
XPASS: gfortran.dg/g77/cabs.f  -O3 -fomit-frame-pointer  execution test
XPASS: gfortran.dg/g77/cabs.f  -O3 -fomit-frame-pointer -funroll-loops  execution test
XPASS: gfortran.dg/g77/cabs.f  -O3 -fomit-frame-pointer -funroll-all-loops -finline-functions  execution test
XPASS: gfortran.dg/g77/cabs.f  -O3 -g  execution test
XPASS: gfortran.dg/g77/cabs.f  -Os  execution test
FAIL: gfortran.fortran-torture/execute/intrinsic_abs.f90 execution,  -O0 
FAIL: gfortran.fortran-torture/execute/specifics.f90 execution,  -O0 
FAIL: gfortran.fortran-torture/execute/specifics.f90 execution,  -O1 
FAIL: gfortran.fortran-torture/execute/specifics.f90 execution,  -O2 
FAIL: gfortran.fortran-torture/execute/specifics.f90 execution,  -O2 -fomit-frame-pointer -finline-functions 
FAIL: gfortran.fortran-torture/execute/specifics.f90 execution,  -O2 -fomit-frame-pointer -finline-functions -funroll-loops 
FAIL: gfortran.fortran-torture/execute/specifics.f90 execution,  -O2 -fbounds-check 
FAIL: gfortran.fortran-torture/execute/specifics.f90 execution,  -O3 -g 
FAIL: gfortran.fortran-torture/execute/specifics.f90 execution,  -Os 

		=== gfortran Summary for unix/-mabi=n32 ===

# of expected passes		37931
# of unexpected failures	110
# of unexpected successes	7
# of expected failures		54
# of unsupported tests		76

		=== gfortran Summary ===

# of expected passes		75846
# of unexpected failures	220
# of unexpected successes	14
# of expected failures		108
# of unsupported tests		168
/usr/people/tgc/work/gcc460-nojava/gcc/testsuite/gfortran/../../gfortran  version 4.6.0 (GCC) 

		=== gnat tests ===


Running target unix/-mabi=n32
FAIL: gnat.dg/frame_overflow.adb (test for excess errors)
WARNING: program timed out.
FAIL: gnat.dg/lto8.adb execution test
FAIL: gnat.dg/null_pointer_deref1.adb execution test
FAIL: gnat.dg/null_pointer_deref2.adb execution test
FAIL: gnat.dg/stack_check1.adb execution test
FAIL: gnat.dg/stack_check2.adb execution test
WARNING: program timed out.
FAIL: gnat.dg/test_prio.adb execution test
FAIL: gnat.dg/specs/addr1.ads  (test for bogus messages, line 24)
FAIL: gnat.dg/specs/addr1.ads (test for excess errors)

		=== gnat Summary for unix/-mabi=n32 ===

# of expected passes		852
# of unexpected failures	9
# of expected failures		10
# of unsupported tests		5

Running target unix/-mabi=64
FAIL: gnat.dg/align_max.adb execution test
FAIL: gnat.dg/allocator_maxalign1.adb execution test
FAIL: gnat.dg/null_pointer_deref1.adb execution test
FAIL: gnat.dg/null_pointer_deref2.adb execution test
FAIL: gnat.dg/socket1.adb execution test
FAIL: gnat.dg/stack_check1.adb execution test
FAIL: gnat.dg/stack_check2.adb execution test
FAIL: gnat.dg/test_allocator_maxalign2.adb execution test

		=== gnat Summary for unix/-mabi=64 ===

# of expected passes		853
# of unexpected failures	8
# of expected failures		10
# of unsupported tests		5

		=== gnat Summary ===

# of expected passes		1705
# of unexpected failures	17
# of expected failures		20
# of unsupported tests		10
/usr/people/tgc/work/gcc460-nojava/gcc/gnatmake version 4.6.0

		=== obj-c++ tests ===


Running target unix/-mabi=n32

		=== obj-c++ Summary for unix/-mabi=n32 ===

# of expected passes		1386
# of expected failures		2
# of unsupported tests		86

Running target unix/-mabi=64

		=== obj-c++ Summary for unix/-mabi=64 ===

# of expected passes		1378
# of expected failures		10
# of unsupported tests		86

		=== obj-c++ Summary ===

# of expected passes		2764
# of expected failures		12
# of unsupported tests		172
/usr/people/tgc/work/gcc460-nojava/gcc/testsuite/obj-c++/../../g++  version 4.6.0 (GCC) 

		=== objc tests ===


Running target unix/-mabi=64
FAIL: objc.dg/stabs-1.m scan-assembler (.SUBSPA.*[\$]CODE[\$]|.text"?)\\n\\t.stabs.*100,0,0,([.\$])?L?L[\$]?etext[0-9]*\\n([.\$])?L?L[\$]?etext

		=== objc Summary for unix/-mabi=64 ===

# of expected passes		2913
# of unexpected failures	1
# of expected failures		10
# of unsupported tests		74

Running target unix/-mabi=n32
FAIL: objc.dg/stabs-1.m scan-assembler (.SUBSPA.*[\$]CODE[\$]|.text"?)\\n\\t.stabs.*100,0,0,([.\$])?L?L[\$]?etext[0-9]*\\n([.\$])?L?L[\$]?etext

		=== objc Summary for unix/-mabi=n32 ===

# of expected passes		2913
# of unexpected failures	1
# of expected failures		10
# of unsupported tests		74

		=== objc Summary ===

# of expected passes		5826
# of unexpected failures	2
# of expected failures		20
# of unsupported tests		148
/usr/people/tgc/work/gcc460-nojava/gcc/xgcc  version 4.6.0 (GCC) 

		=== libgomp tests ===


Running target unix/-mabi=n32

		=== libgomp Summary for unix/-mabi=n32 ===

# of expected passes		2584
# of unsupported tests		2

Running target unix/-mabi=64

		=== libgomp Summary for unix/-mabi=64 ===

# of expected passes		2584
# of unsupported tests		2

		=== libgomp Summary ===

# of expected passes		5168
# of unsupported tests		4
		=== libstdc++ tests ===


Running target unix/-mabi=64
FAIL: 18_support/numeric_limits/epsilon.cc execution test
FAIL: 21_strings/basic_string/inserters_extractors/wchar_t/1.cc execution test
FAIL: 21_strings/basic_string/inserters_extractors/wchar_t/11.cc execution test
FAIL: 21_strings/basic_string/inserters_extractors/wchar_t/5.cc execution test
FAIL: 22_locale/ctype/cons/char/1.cc execution test
FAIL: 22_locale/ctype/is/wchar_t/1.cc execution test
FAIL: 22_locale/ctype/scan/wchar_t/1.cc execution test
FAIL: 22_locale/money_get/get/wchar_t/19.cc execution test
FAIL: 22_locale/money_get/get/wchar_t/8.cc execution test
FAIL: 26_numerics/complex/inserters_extractors/wchar_t/1.cc execution test
FAIL: 26_numerics/headers/cmath/c99_classification_macros_c.cc (test for excess errors)
FAIL: 27_io/basic_istream/extractors_arithmetic/char/12.cc execution test
FAIL: 27_io/basic_istream/extractors_arithmetic/wchar_t/01.cc execution test
FAIL: 27_io/basic_istream/extractors_arithmetic/wchar_t/07.cc execution test
FAIL: 27_io/basic_istream/extractors_arithmetic/wchar_t/08.cc execution test
FAIL: 27_io/basic_istream/extractors_arithmetic/wchar_t/10.cc execution test
FAIL: 27_io/basic_istream/extractors_arithmetic/wchar_t/12.cc execution test
FAIL: 27_io/basic_istream/extractors_arithmetic/wchar_t/13.cc execution test
FAIL: 27_io/basic_istream/extractors_character/wchar_t/1.cc execution test
FAIL: 27_io/basic_istream/extractors_character/wchar_t/11095-i.cc execution test
FAIL: 27_io/basic_istream/extractors_character/wchar_t/2.cc execution test
FAIL: 27_io/basic_istream/extractors_character/wchar_t/3.cc execution test
FAIL: 27_io/basic_istream/extractors_character/wchar_t/4.cc execution test
FAIL: 27_io/basic_istream/sentry/wchar_t/2.cc execution test
FAIL: 27_io/basic_istream/ws/wchar_t/1.cc execution test

		=== libstdc++ Summary for unix/-mabi=64 ===

# of expected passes		6860
# of unexpected failures	25
# of expected failures		80
# of unsupported tests		712

Running target unix/-mabi=n32
FAIL: 18_support/numeric_limits/epsilon.cc execution test
FAIL: 21_strings/basic_string/inserters_extractors/wchar_t/1.cc execution test
FAIL: 21_strings/basic_string/inserters_extractors/wchar_t/11.cc execution test
FAIL: 21_strings/basic_string/inserters_extractors/wchar_t/5.cc execution test
FAIL: 22_locale/ctype/cons/char/1.cc execution test
FAIL: 22_locale/ctype/is/wchar_t/1.cc execution test
FAIL: 22_locale/ctype/scan/wchar_t/1.cc execution test
FAIL: 22_locale/money_get/get/wchar_t/19.cc execution test
FAIL: 22_locale/money_get/get/wchar_t/8.cc execution test
FAIL: 26_numerics/complex/inserters_extractors/wchar_t/1.cc execution test
FAIL: 26_numerics/headers/cmath/c99_classification_macros_c.cc (test for excess errors)
FAIL: 27_io/basic_istream/extractors_arithmetic/char/12.cc execution test
FAIL: 27_io/basic_istream/extractors_arithmetic/wchar_t/01.cc execution test
FAIL: 27_io/basic_istream/extractors_arithmetic/wchar_t/07.cc execution test
FAIL: 27_io/basic_istream/extractors_arithmetic/wchar_t/08.cc execution test
FAIL: 27_io/basic_istream/extractors_arithmetic/wchar_t/10.cc execution test
FAIL: 27_io/basic_istream/extractors_arithmetic/wchar_t/12.cc execution test
FAIL: 27_io/basic_istream/extractors_arithmetic/wchar_t/13.cc execution test
FAIL: 27_io/basic_istream/extractors_character/wchar_t/1.cc execution test
FAIL: 27_io/basic_istream/extractors_character/wchar_t/11095-i.cc execution test
FAIL: 27_io/basic_istream/extractors_character/wchar_t/2.cc execution test
FAIL: 27_io/basic_istream/extractors_character/wchar_t/3.cc execution test
FAIL: 27_io/basic_istream/extractors_character/wchar_t/4.cc execution test
FAIL: 27_io/basic_istream/sentry/wchar_t/2.cc execution test
FAIL: 27_io/basic_istream/ws/wchar_t/1.cc execution test

		=== libstdc++ Summary for unix/-mabi=n32 ===

# of expected passes		6860
# of unexpected failures	25
# of expected failures		80
# of unsupported tests		712

		=== libstdc++ Summary ===

# of expected passes		13720
# of unexpected failures	50
# of expected failures		160
# of unsupported tests		1424

		=== libstdc++ Summary ===


Compiler version: 4.6.0 (GCC) 
Platform: mips-sgi-irix6.5
configure flags: --prefix=/usr/people/tgc/local --with-local-prefix=/usr/people/tgc/local --with-gmp=/usr/people/tgc/local/gmp --with-mpfr=/usr/people/tgc/local/mpfr --with-mpc=/usr/people/tgc/local/mpc --with-ppl=/usr/people/tgc/local/ppl --with-cloog=/usr/people/tgc/local/cloog --enable-cloog-backend=isl --disable-nls --disable-shared --enable-libgcj --with-gnu-as --with-as=/usr/people/tgc/local/binutils/bin/as --with-host-libstdcxx='-L/usr/people/tgc/local/lib32 -lstdc++' --enable-languages=c,ada,c++,fortran,objc,obj-c++


Index Nav: [Date Index] [Subject Index] [Author Index] [Thread Index]
Message Nav: [Date Prev] [Date Next] [Thread Prev] [Thread Next]