This is the mail archive of the gcc-testresults@gcc.gnu.org mailing list for the GCC project.


Index Nav: [Date Index] [Subject Index] [Author Index] [Thread Index]
Message Nav: [Date Prev] [Date Next] [Thread Prev] [Thread Next]
Other format: [Raw text]

Results for 4.7.0 20110331 (experimental) [trunk revision 171793] (GCC) testsuite on powerpc64-unknown-linux-gnu


Linux 2.6.16.46-0.4-ppc64 ppc64
GNU C Library development release version 2.4 (20070330)
GNU ld (GNU Binutils) 2.20
GNU assembler (GNU Binutils) 2.20
GNU Make 3.80

DejaGnu:
	Expect version is	5.43.0
	Tcl version is		8.4
	Framework version is	1.4.4

32-bit biarch default32

LAST_UPDATED: Thu Mar 31 17:40:55 UTC 2011 (revision 171793)

Native configuration is powerpc64-unknown-linux-gnu

		=== gcc tests ===


Running target unix/-m32
FAIL: gcc.c-torture/execute/20041011-1.c compilation,  -O1  (internal compiler error)
UNRESOLVED: gcc.c-torture/execute/20041011-1.c execution,  -O1 
FAIL: gcc.dg/and-1.c scan-assembler-not nand
FAIL: gcc.dg/cproj-fails-with-broken-glibc.c execution test
FAIL: gcc.dg/sms-2.c scan-rtl-dump-times sms "SMS succeeded" 1
FAIL: gcc.dg/sms-3.c scan-rtl-dump-times sms "SMS succeeded" 1
FAIL: gcc.dg/sms-4.c scan-rtl-dump-times sms "SMS succeeded" 1
FAIL: gcc.dg/sms-5.c scan-rtl-dump-times sms "SMS succeeded" 1
FAIL: gcc.dg/sms-6.c scan-rtl-dump-times sms "SMS succeeded" 3
FAIL: gcc.dg/sms-7.c scan-rtl-dump-times sms "SMS succeeded" 3
FAIL: gcc.dg/sms-8.c scan-rtl-dump-times sms "SMS succeeded" 1
FAIL: gcc.dg/tree-ssa/vrp47.c scan-tree-dump-times vrp1 "[xy][^ ]* !=" 0
FAIL: gcc.dg/tree-ssa/vrp47.c scan-tree-dump-times dom1 "x[^ ]* & y" 1
FAIL: gcc.dg/vect/pr38529.c scan-tree-dump-times vect "OUTER LOOP VECTORIZED" 1
FAIL: gcc.dg/vect/vect-10.c (internal compiler error)
FAIL: gcc.dg/vect/vect-10.c (test for excess errors)
FAIL: gcc.dg/vect/vect-complex-5.c (internal compiler error)
FAIL: gcc.dg/vect/vect-complex-5.c (test for excess errors)
WARNING: gcc.dg/vect/vect-complex-5.c compilation failed to produce executable
FAIL: gcc.dg/vect/vect-cselim-1.c (internal compiler error)
FAIL: gcc.dg/vect/vect-cselim-1.c (test for excess errors)
WARNING: gcc.dg/vect/vect-cselim-1.c compilation failed to produce executable
FAIL: gcc.dg/vect/vect-double-reduc-5.c (internal compiler error)
FAIL: gcc.dg/vect/vect-double-reduc-5.c (test for excess errors)
WARNING: gcc.dg/vect/vect-double-reduc-5.c compilation failed to produce executable
FAIL: gcc.dg/vect/vect-outer-1.c (internal compiler error)
FAIL: gcc.dg/vect/vect-outer-1.c (test for excess errors)
FAIL: gcc.dg/vect/vect-outer-1a.c (internal compiler error)
FAIL: gcc.dg/vect/vect-outer-1a.c (test for excess errors)
FAIL: gcc.dg/vect/vect-outer-1b.c (internal compiler error)
FAIL: gcc.dg/vect/vect-outer-1b.c (test for excess errors)
FAIL: gcc.dg/vect/vect-outer-4f.c (internal compiler error)
FAIL: gcc.dg/vect/vect-outer-4f.c (test for excess errors)
WARNING: gcc.dg/vect/vect-outer-4f.c compilation failed to produce executable
FAIL: gcc.dg/vect/vect-outer-4g.c (internal compiler error)
FAIL: gcc.dg/vect/vect-outer-4g.c (test for excess errors)
WARNING: gcc.dg/vect/vect-outer-4g.c compilation failed to produce executable
FAIL: gcc.dg/vect/vect-outer-4k.c (internal compiler error)
FAIL: gcc.dg/vect/vect-outer-4k.c (test for excess errors)
WARNING: gcc.dg/vect/vect-outer-4k.c compilation failed to produce executable
FAIL: gcc.dg/vect/vect-outer-4l.c (internal compiler error)
FAIL: gcc.dg/vect/vect-outer-4l.c (test for excess errors)
WARNING: gcc.dg/vect/vect-outer-4l.c compilation failed to produce executable
FAIL: gcc.dg/vect/vect-strided-a-mult.c (internal compiler error)
FAIL: gcc.dg/vect/vect-strided-a-mult.c (test for excess errors)
WARNING: gcc.dg/vect/vect-strided-a-mult.c compilation failed to produce executable
FAIL: gcc.dg/vect/vect-strided-a-u16-i2.c (internal compiler error)
FAIL: gcc.dg/vect/vect-strided-a-u16-i2.c (test for excess errors)
WARNING: gcc.dg/vect/vect-strided-a-u16-i2.c compilation failed to produce executable
FAIL: gcc.dg/vect/vect-strided-a-u16-i4.c (internal compiler error)
FAIL: gcc.dg/vect/vect-strided-a-u16-i4.c (test for excess errors)
WARNING: gcc.dg/vect/vect-strided-a-u16-i4.c compilation failed to produce executable
FAIL: gcc.dg/vect/vect-strided-a-u16-mult.c (internal compiler error)
FAIL: gcc.dg/vect/vect-strided-a-u16-mult.c (test for excess errors)
WARNING: gcc.dg/vect/vect-strided-a-u16-mult.c compilation failed to produce executable
FAIL: gcc.dg/vect/vect-strided-a-u8-i2-gap.c (internal compiler error)
FAIL: gcc.dg/vect/vect-strided-a-u8-i2-gap.c (test for excess errors)
WARNING: gcc.dg/vect/vect-strided-a-u8-i2-gap.c compilation failed to produce executable
FAIL: gcc.dg/vect/vect-strided-a-u8-i8-gap2.c (internal compiler error)
FAIL: gcc.dg/vect/vect-strided-a-u8-i8-gap2.c (test for excess errors)
WARNING: gcc.dg/vect/vect-strided-a-u8-i8-gap2.c compilation failed to produce executable
FAIL: gcc.dg/vect/vect-strided-a-u8-i8-gap7.c (internal compiler error)
FAIL: gcc.dg/vect/vect-strided-a-u8-i8-gap7.c (test for excess errors)
WARNING: gcc.dg/vect/vect-strided-a-u8-i8-gap7.c compilation failed to produce executable
FAIL: gcc.dg/vect/vect-strided-mult-char-ls.c (internal compiler error)
FAIL: gcc.dg/vect/vect-strided-mult-char-ls.c (test for excess errors)
WARNING: gcc.dg/vect/vect-strided-mult-char-ls.c compilation failed to produce executable
FAIL: gcc.dg/vect/vect-strided-mult.c (internal compiler error)
FAIL: gcc.dg/vect/vect-strided-mult.c (test for excess errors)
WARNING: gcc.dg/vect/vect-strided-mult.c compilation failed to produce executable
FAIL: gcc.dg/vect/vect-strided-same-dr.c (internal compiler error)
FAIL: gcc.dg/vect/vect-strided-same-dr.c (test for excess errors)
WARNING: gcc.dg/vect/vect-strided-same-dr.c compilation failed to produce executable
FAIL: gcc.dg/vect/vect-strided-u16-i2.c (internal compiler error)
FAIL: gcc.dg/vect/vect-strided-u16-i2.c (test for excess errors)
WARNING: gcc.dg/vect/vect-strided-u16-i2.c compilation failed to produce executable
FAIL: gcc.dg/vect/vect-strided-u16-i4.c (internal compiler error)
FAIL: gcc.dg/vect/vect-strided-u16-i4.c (test for excess errors)
WARNING: gcc.dg/vect/vect-strided-u16-i4.c compilation failed to produce executable
FAIL: gcc.dg/vect/vect-strided-u8-i2-gap.c (internal compiler error)
FAIL: gcc.dg/vect/vect-strided-u8-i2-gap.c (test for excess errors)
WARNING: gcc.dg/vect/vect-strided-u8-i2-gap.c compilation failed to produce executable
FAIL: gcc.dg/vect/vect-strided-u8-i2.c (internal compiler error)
FAIL: gcc.dg/vect/vect-strided-u8-i2.c (test for excess errors)
WARNING: gcc.dg/vect/vect-strided-u8-i2.c compilation failed to produce executable
FAIL: gcc.dg/vect/vect-strided-u8-i8-gap2.c (internal compiler error)
FAIL: gcc.dg/vect/vect-strided-u8-i8-gap2.c (test for excess errors)
WARNING: gcc.dg/vect/vect-strided-u8-i8-gap2.c compilation failed to produce executable
FAIL: gcc.dg/vect/vect-strided-u8-i8-gap4.c (internal compiler error)
FAIL: gcc.dg/vect/vect-strided-u8-i8-gap4.c (test for excess errors)
WARNING: gcc.dg/vect/vect-strided-u8-i8-gap4.c compilation failed to produce executable
FAIL: gcc.dg/vect/vect-strided-u8-i8-gap7.c (internal compiler error)
FAIL: gcc.dg/vect/vect-strided-u8-i8-gap7.c (test for excess errors)
WARNING: gcc.dg/vect/vect-strided-u8-i8-gap7.c compilation failed to produce executable
FAIL: gcc.dg/vect/vect-strided-u8-i8.c (internal compiler error)
FAIL: gcc.dg/vect/vect-strided-u8-i8.c (test for excess errors)
WARNING: gcc.dg/vect/vect-strided-u8-i8.c compilation failed to produce executable
FAIL: gcc.dg/vect/vect-vfa-03.c (internal compiler error)
FAIL: gcc.dg/vect/vect-vfa-03.c (test for excess errors)
WARNING: gcc.dg/vect/vect-vfa-03.c compilation failed to produce executable
FAIL: gcc.dg/vect/slp-13.c (internal compiler error)
FAIL: gcc.dg/vect/slp-13.c (test for excess errors)
WARNING: gcc.dg/vect/slp-13.c compilation failed to produce executable
FAIL: gcc.dg/vect/slp-21.c (internal compiler error)
FAIL: gcc.dg/vect/slp-21.c (test for excess errors)
WARNING: gcc.dg/vect/slp-21.c compilation failed to produce executable
FAIL: gcc.dg/vect/slp-reduc-3.c (internal compiler error)
FAIL: gcc.dg/vect/slp-reduc-3.c (test for excess errors)
WARNING: gcc.dg/vect/slp-reduc-3.c compilation failed to produce executable
FAIL: gcc.dg/vect/slp-reduc-3.c scan-tree-dump-times vect "vectorized 1 loops" 2
FAIL: gcc.dg/vmx/3c-01a.c  -O2  (internal compiler error)
FAIL: gcc.dg/vmx/3c-01a.c  -O2  (test for excess errors)
FAIL: gcc.dg/vmx/3c-01a.c  -O3 -fomit-frame-pointer  (internal compiler error)
FAIL: gcc.dg/vmx/3c-01a.c  -O3 -fomit-frame-pointer  (test for excess errors)
FAIL: gcc.dg/vmx/3c-01a.c  -O3 -g  (internal compiler error)
FAIL: gcc.dg/vmx/3c-01a.c  -O3 -g  (test for excess errors)
FAIL: gcc.dg/vmx/3c-01a.c  -O2 -flto -flto-partition=none  (internal compiler error)
FAIL: gcc.dg/vmx/3c-01a.c  -O2 -flto -flto-partition=none  (test for excess errors)
FAIL: gcc.dg/vmx/3c-01a.c  -O2 -flto  (internal compiler error)
FAIL: gcc.dg/vmx/3c-01a.c  -O2 -flto  (test for excess errors)
FAIL: gcc.dg/vmx/ops.c  -O2  (internal compiler error)
FAIL: gcc.dg/vmx/ops.c  -O2  (test for excess errors)
FAIL: gcc.dg/vmx/ops.c  -O3 -fomit-frame-pointer  (internal compiler error)
FAIL: gcc.dg/vmx/ops.c  -O3 -fomit-frame-pointer  (test for excess errors)
FAIL: gcc.dg/vmx/ops.c  -O3 -g  (internal compiler error)
FAIL: gcc.dg/vmx/ops.c  -O3 -g  (test for excess errors)
FAIL: gcc.dg/vmx/ops.c  -O2 -flto -flto-partition=none  (internal compiler error)
FAIL: gcc.dg/vmx/ops.c  -O2 -flto -flto-partition=none  (test for excess errors)
FAIL: gcc.dg/vmx/ops.c  -O2 -flto  (internal compiler error)
FAIL: gcc.dg/vmx/ops.c  -O2 -flto  (test for excess errors)
FAIL: gcc.target/powerpc/405-dlmzb-strlen-1.c scan-assembler dlmzb\\\\. 
FAIL: gcc.target/powerpc/440-dlmzb-strlen-1.c scan-assembler dlmzb\\\\. 
FAIL: gcc.target/powerpc/ppc-vector-memcpy.c scan-assembler lvx
FAIL: gcc.target/powerpc/pr47755-2.c execution test

		=== gcc Summary for unix/-m32 ===

# of expected passes		73362
# of unexpected failures	104
# of expected failures		165
# of unresolved testcases	1
# of unsupported tests		1023

Running target unix/-m64
FAIL: gcc.c-torture/compile/sync-2.c  -O2  (internal compiler error)
FAIL: gcc.c-torture/compile/sync-2.c  -O2  (test for excess errors)
FAIL: gcc.c-torture/compile/sync-2.c  -O3 -fomit-frame-pointer  (internal compiler error)
FAIL: gcc.c-torture/compile/sync-2.c  -O3 -fomit-frame-pointer  (test for excess errors)
FAIL: gcc.c-torture/compile/sync-2.c  -O3 -g  (internal compiler error)
FAIL: gcc.c-torture/compile/sync-2.c  -O3 -g  (test for excess errors)
FAIL: gcc.c-torture/compile/sync-2.c  -O2 -flto -flto-partition=none  (internal compiler error)
FAIL: gcc.c-torture/compile/sync-2.c  -O2 -flto -flto-partition=none  (test for excess errors)
FAIL: gcc.c-torture/compile/sync-2.c  -O2 -flto  (internal compiler error)
FAIL: gcc.c-torture/compile/sync-2.c  -O2 -flto  (test for excess errors)
FAIL: gcc.c-torture/compile/sync-3.c  -O2  (internal compiler error)
FAIL: gcc.c-torture/compile/sync-3.c  -O2  (test for excess errors)
FAIL: gcc.c-torture/compile/sync-3.c  -O3 -fomit-frame-pointer  (internal compiler error)
FAIL: gcc.c-torture/compile/sync-3.c  -O3 -fomit-frame-pointer  (test for excess errors)
FAIL: gcc.c-torture/compile/sync-3.c  -O3 -g  (internal compiler error)
FAIL: gcc.c-torture/compile/sync-3.c  -O3 -g  (test for excess errors)
FAIL: gcc.c-torture/compile/sync-3.c  -O2 -flto -flto-partition=none  (internal compiler error)
FAIL: gcc.c-torture/compile/sync-3.c  -O2 -flto -flto-partition=none  (test for excess errors)
FAIL: gcc.c-torture/compile/sync-3.c  -O2 -flto  (internal compiler error)
FAIL: gcc.c-torture/compile/sync-3.c  -O2 -flto  (test for excess errors)
FAIL: c-c++-common/dfp/pr35620.c (internal compiler error)
FAIL: c-c++-common/dfp/pr35620.c (test for excess errors)
FAIL: gcc.dg/and-1.c scan-assembler-not nand
FAIL: gcc.dg/cproj-fails-with-broken-glibc.c execution test
FAIL: gcc.dg/sms-2.c scan-rtl-dump-times sms "SMS succeeded" 1
FAIL: gcc.dg/sms-4.c scan-rtl-dump-times sms "SMS succeeded" 1
FAIL: gcc.dg/sms-5.c scan-rtl-dump-times sms "SMS succeeded" 1
FAIL: gcc.dg/sms-6.c scan-rtl-dump-times sms "SMS succeeded" 3
FAIL: gcc.dg/sms-7.c scan-rtl-dump-times sms "SMS succeeded" 3
FAIL: gcc.dg/sms-8.c scan-rtl-dump-times sms "SMS succeeded" 1
FAIL: gcc.dg/lto/20090116 c_lto_20090116_0.o-c_lto_20090116_0.o link, -O1 -flto -flto-partition=1to1 -fPIC (internal compiler error)
UNRESOLVED: gcc.dg/lto/20090116 c_lto_20090116_0.o-c_lto_20090116_0.o execute -O1 -flto -flto-partition=1to1 -fPIC
FAIL: gcc.dg/tree-ssa/vrp47.c scan-tree-dump-times vrp1 "[xy][^ ]* !=" 0
FAIL: gcc.dg/tree-ssa/vrp47.c scan-tree-dump-times dom1 "x[^ ]* & y" 1
FAIL: gcc.dg/vect/pr38529.c scan-tree-dump-times vect "OUTER LOOP VECTORIZED" 1
FAIL: gcc.dg/vect/vect-10.c (internal compiler error)
FAIL: gcc.dg/vect/vect-10.c (test for excess errors)
FAIL: gcc.dg/vect/vect-complex-5.c (internal compiler error)
FAIL: gcc.dg/vect/vect-complex-5.c (test for excess errors)
WARNING: gcc.dg/vect/vect-complex-5.c compilation failed to produce executable
FAIL: gcc.dg/vect/vect-cselim-1.c (internal compiler error)
FAIL: gcc.dg/vect/vect-cselim-1.c (test for excess errors)
WARNING: gcc.dg/vect/vect-cselim-1.c compilation failed to produce executable
FAIL: gcc.dg/vect/vect-double-reduc-5.c (internal compiler error)
FAIL: gcc.dg/vect/vect-double-reduc-5.c (test for excess errors)
WARNING: gcc.dg/vect/vect-double-reduc-5.c compilation failed to produce executable
FAIL: gcc.dg/vect/vect-outer-1.c (internal compiler error)
FAIL: gcc.dg/vect/vect-outer-1.c (test for excess errors)
FAIL: gcc.dg/vect/vect-outer-1a.c (internal compiler error)
FAIL: gcc.dg/vect/vect-outer-1a.c (test for excess errors)
FAIL: gcc.dg/vect/vect-outer-1b.c (internal compiler error)
FAIL: gcc.dg/vect/vect-outer-1b.c (test for excess errors)
FAIL: gcc.dg/vect/vect-outer-4f.c (internal compiler error)
FAIL: gcc.dg/vect/vect-outer-4f.c (test for excess errors)
WARNING: gcc.dg/vect/vect-outer-4f.c compilation failed to produce executable
FAIL: gcc.dg/vect/vect-outer-4g.c (internal compiler error)
FAIL: gcc.dg/vect/vect-outer-4g.c (test for excess errors)
WARNING: gcc.dg/vect/vect-outer-4g.c compilation failed to produce executable
FAIL: gcc.dg/vect/vect-outer-4k.c (internal compiler error)
FAIL: gcc.dg/vect/vect-outer-4k.c (test for excess errors)
WARNING: gcc.dg/vect/vect-outer-4k.c compilation failed to produce executable
FAIL: gcc.dg/vect/vect-outer-4l.c (internal compiler error)
FAIL: gcc.dg/vect/vect-outer-4l.c (test for excess errors)
WARNING: gcc.dg/vect/vect-outer-4l.c compilation failed to produce executable
FAIL: gcc.dg/vect/vect-strided-a-mult.c (internal compiler error)
FAIL: gcc.dg/vect/vect-strided-a-mult.c (test for excess errors)
WARNING: gcc.dg/vect/vect-strided-a-mult.c compilation failed to produce executable
FAIL: gcc.dg/vect/vect-strided-a-u16-i2.c (internal compiler error)
FAIL: gcc.dg/vect/vect-strided-a-u16-i2.c (test for excess errors)
WARNING: gcc.dg/vect/vect-strided-a-u16-i2.c compilation failed to produce executable
FAIL: gcc.dg/vect/vect-strided-a-u16-i4.c (internal compiler error)
FAIL: gcc.dg/vect/vect-strided-a-u16-i4.c (test for excess errors)
WARNING: gcc.dg/vect/vect-strided-a-u16-i4.c compilation failed to produce executable
FAIL: gcc.dg/vect/vect-strided-a-u16-mult.c (internal compiler error)
FAIL: gcc.dg/vect/vect-strided-a-u16-mult.c (test for excess errors)
WARNING: gcc.dg/vect/vect-strided-a-u16-mult.c compilation failed to produce executable
FAIL: gcc.dg/vect/vect-strided-a-u8-i2-gap.c (internal compiler error)
FAIL: gcc.dg/vect/vect-strided-a-u8-i2-gap.c (test for excess errors)
WARNING: gcc.dg/vect/vect-strided-a-u8-i2-gap.c compilation failed to produce executable
FAIL: gcc.dg/vect/vect-strided-a-u8-i8-gap2.c (internal compiler error)
FAIL: gcc.dg/vect/vect-strided-a-u8-i8-gap2.c (test for excess errors)
WARNING: gcc.dg/vect/vect-strided-a-u8-i8-gap2.c compilation failed to produce executable
FAIL: gcc.dg/vect/vect-strided-a-u8-i8-gap7.c (internal compiler error)
FAIL: gcc.dg/vect/vect-strided-a-u8-i8-gap7.c (test for excess errors)
WARNING: gcc.dg/vect/vect-strided-a-u8-i8-gap7.c compilation failed to produce executable
FAIL: gcc.dg/vect/vect-strided-mult-char-ls.c (internal compiler error)
FAIL: gcc.dg/vect/vect-strided-mult-char-ls.c (test for excess errors)
WARNING: gcc.dg/vect/vect-strided-mult-char-ls.c compilation failed to produce executable
FAIL: gcc.dg/vect/vect-strided-mult.c (internal compiler error)
FAIL: gcc.dg/vect/vect-strided-mult.c (test for excess errors)
WARNING: gcc.dg/vect/vect-strided-mult.c compilation failed to produce executable
FAIL: gcc.dg/vect/vect-strided-same-dr.c (internal compiler error)
FAIL: gcc.dg/vect/vect-strided-same-dr.c (test for excess errors)
WARNING: gcc.dg/vect/vect-strided-same-dr.c compilation failed to produce executable
FAIL: gcc.dg/vect/vect-strided-u16-i2.c (internal compiler error)
FAIL: gcc.dg/vect/vect-strided-u16-i2.c (test for excess errors)
WARNING: gcc.dg/vect/vect-strided-u16-i2.c compilation failed to produce executable
FAIL: gcc.dg/vect/vect-strided-u16-i4.c (internal compiler error)
FAIL: gcc.dg/vect/vect-strided-u16-i4.c (test for excess errors)
WARNING: gcc.dg/vect/vect-strided-u16-i4.c compilation failed to produce executable
FAIL: gcc.dg/vect/vect-strided-u8-i2-gap.c (internal compiler error)
FAIL: gcc.dg/vect/vect-strided-u8-i2-gap.c (test for excess errors)
WARNING: gcc.dg/vect/vect-strided-u8-i2-gap.c compilation failed to produce executable
FAIL: gcc.dg/vect/vect-strided-u8-i2.c (internal compiler error)
FAIL: gcc.dg/vect/vect-strided-u8-i2.c (test for excess errors)
WARNING: gcc.dg/vect/vect-strided-u8-i2.c compilation failed to produce executable
FAIL: gcc.dg/vect/vect-strided-u8-i8-gap2.c (internal compiler error)
FAIL: gcc.dg/vect/vect-strided-u8-i8-gap2.c (test for excess errors)
WARNING: gcc.dg/vect/vect-strided-u8-i8-gap2.c compilation failed to produce executable
FAIL: gcc.dg/vect/vect-strided-u8-i8-gap4.c (internal compiler error)
FAIL: gcc.dg/vect/vect-strided-u8-i8-gap4.c (test for excess errors)
WARNING: gcc.dg/vect/vect-strided-u8-i8-gap4.c compilation failed to produce executable
FAIL: gcc.dg/vect/vect-strided-u8-i8-gap7.c (internal compiler error)
FAIL: gcc.dg/vect/vect-strided-u8-i8-gap7.c (test for excess errors)
WARNING: gcc.dg/vect/vect-strided-u8-i8-gap7.c compilation failed to produce executable
FAIL: gcc.dg/vect/vect-strided-u8-i8.c (internal compiler error)
FAIL: gcc.dg/vect/vect-strided-u8-i8.c (test for excess errors)
WARNING: gcc.dg/vect/vect-strided-u8-i8.c compilation failed to produce executable
FAIL: gcc.dg/vect/vect-vfa-03.c (internal compiler error)
FAIL: gcc.dg/vect/vect-vfa-03.c (test for excess errors)
WARNING: gcc.dg/vect/vect-vfa-03.c compilation failed to produce executable
FAIL: gcc.dg/vect/slp-13.c (internal compiler error)
FAIL: gcc.dg/vect/slp-13.c (test for excess errors)
WARNING: gcc.dg/vect/slp-13.c compilation failed to produce executable
FAIL: gcc.dg/vect/slp-21.c (internal compiler error)
FAIL: gcc.dg/vect/slp-21.c (test for excess errors)
WARNING: gcc.dg/vect/slp-21.c compilation failed to produce executable
FAIL: gcc.dg/vect/slp-reduc-3.c (internal compiler error)
FAIL: gcc.dg/vect/slp-reduc-3.c (test for excess errors)
WARNING: gcc.dg/vect/slp-reduc-3.c compilation failed to produce executable
FAIL: gcc.dg/vect/slp-reduc-3.c scan-tree-dump-times vect "vectorized 1 loops" 2
FAIL: gcc.dg/vmx/ops.c  -O2  (internal compiler error)
FAIL: gcc.dg/vmx/ops.c  -O2  (test for excess errors)
FAIL: gcc.dg/vmx/ops.c  -O3 -fomit-frame-pointer  (internal compiler error)
FAIL: gcc.dg/vmx/ops.c  -O3 -fomit-frame-pointer  (test for excess errors)
FAIL: gcc.dg/vmx/ops.c  -O3 -g  (internal compiler error)
FAIL: gcc.dg/vmx/ops.c  -O3 -g  (test for excess errors)
FAIL: gcc.dg/vmx/ops.c  -O2 -flto -flto-partition=none  (internal compiler error)
FAIL: gcc.dg/vmx/ops.c  -O2 -flto -flto-partition=none  (test for excess errors)
FAIL: gcc.dg/vmx/ops.c  -O2 -flto  (internal compiler error)
FAIL: gcc.dg/vmx/ops.c  -O2 -flto  (test for excess errors)
FAIL: gcc.target/powerpc/ppc-vector-memcpy.c scan-assembler lvx
FAIL: gcc.target/powerpc/pr47755-2.c execution test
FAIL: gcc.target/powerpc/vsx-vectorize-2.c (internal compiler error)
FAIL: gcc.target/powerpc/vsx-vectorize-2.c (test for excess errors)
FAIL: gcc.target/powerpc/vsx-vectorize-4.c (internal compiler error)
FAIL: gcc.target/powerpc/vsx-vectorize-4.c (test for excess errors)
FAIL: gcc.target/powerpc/vsx-vectorize-6.c (internal compiler error)
FAIL: gcc.target/powerpc/vsx-vectorize-6.c (test for excess errors)
FAIL: gcc.target/powerpc/vsx-vectorize-7.c (internal compiler error)
FAIL: gcc.target/powerpc/vsx-vectorize-7.c (test for excess errors)

		=== gcc Summary for unix/-m64 ===

# of expected passes		73968
# of unexpected failures	121
# of expected failures		176
# of unresolved testcases	1
# of unsupported tests		1066

		=== gcc Summary ===

# of expected passes		147330
# of unexpected failures	225
# of expected failures		341
# of unresolved testcases	2
# of unsupported tests		2089
/home/gccbuild/build/nightly/build-gcc-trunk/gcc/xgcc  version 4.7.0 20110331 (experimental) [trunk revision 171793] (GCC) 

		=== gfortran tests ===


Running target unix/-m32
XPASS: gfortran.dg/default_format_denormal_2.f90  -O0  execution test
XPASS: gfortran.dg/default_format_denormal_2.f90  -O1  execution test
XPASS: gfortran.dg/default_format_denormal_2.f90  -O2  execution test
XPASS: gfortran.dg/default_format_denormal_2.f90  -O3 -fomit-frame-pointer  execution test
XPASS: gfortran.dg/default_format_denormal_2.f90  -O3 -fomit-frame-pointer -funroll-loops  execution test
XPASS: gfortran.dg/default_format_denormal_2.f90  -O3 -fomit-frame-pointer -funroll-all-loops -finline-functions  execution test
XPASS: gfortran.dg/default_format_denormal_2.f90  -O3 -g  execution test
XPASS: gfortran.dg/default_format_denormal_2.f90  -Os  execution test

		=== gfortran Summary for unix/-m32 ===

# of expected passes		38266
# of unexpected successes	8
# of expected failures		58
# of unsupported tests		222

Running target unix/-m64
XPASS: gfortran.dg/default_format_denormal_2.f90  -O0  execution test
XPASS: gfortran.dg/default_format_denormal_2.f90  -O1  execution test
XPASS: gfortran.dg/default_format_denormal_2.f90  -O2  execution test
XPASS: gfortran.dg/default_format_denormal_2.f90  -O3 -fomit-frame-pointer  execution test
XPASS: gfortran.dg/default_format_denormal_2.f90  -O3 -fomit-frame-pointer -funroll-loops  execution test
XPASS: gfortran.dg/default_format_denormal_2.f90  -O3 -fomit-frame-pointer -funroll-all-loops -finline-functions  execution test
XPASS: gfortran.dg/default_format_denormal_2.f90  -O3 -g  execution test
XPASS: gfortran.dg/default_format_denormal_2.f90  -Os  execution test

		=== gfortran Summary for unix/-m64 ===

# of expected passes		38579
# of unexpected successes	8
# of expected failures		58
# of unsupported tests		75

		=== gfortran Summary ===

# of expected passes		76845
# of unexpected successes	16
# of expected failures		116
# of unsupported tests		297
/home/gccbuild/build/nightly/build-gcc-trunk/gcc/testsuite/gfortran/../../gfortran  version 4.7.0 20110331 (experimental) [trunk revision 171793] (GCC) 

		=== g++ tests ===


Running target unix/-m32
WARNING: program timed out.
FAIL: g++.dg/bprob/g++-bprob-2.C execution,    -Os  -fprofile-use
FAIL: g++.dg/ext/altivec-cell-1.C (internal compiler error)
FAIL: g++.dg/ext/altivec-cell-1.C (test for excess errors)

		=== g++ Summary for unix/-m32 ===

# of expected passes		26687
# of unexpected failures	3
# of expected failures		164
# of unsupported tests		362

Running target unix/-m64
FAIL: c-c++-common/dfp/pr35620.c (internal compiler error)
FAIL: c-c++-common/dfp/pr35620.c (test for excess errors)
FAIL: g++.dg/ext/altivec-cell-1.C (internal compiler error)
FAIL: g++.dg/ext/altivec-cell-1.C (test for excess errors)

		=== g++ Summary for unix/-m64 ===

# of expected passes		27298
# of unexpected failures	4
# of expected failures		164
# of unsupported tests		360

		=== g++ Summary ===

# of expected passes		53985
# of unexpected failures	7
# of expected failures		328
# of unsupported tests		722
/home/gccbuild/build/nightly/build-gcc-trunk/gcc/testsuite/g++/../../g++  version 4.7.0 20110331 (experimental) [trunk revision 171793] (GCC) 

		=== obj-c++ tests ===


Running target unix/-m32

		=== obj-c++ Summary for unix/-m32 ===

# of expected passes		1386
# of expected failures		2
# of unsupported tests		86

Running target unix/-m64

		=== obj-c++ Summary for unix/-m64 ===

# of expected passes		1378
# of expected failures		10
# of unsupported tests		86

		=== obj-c++ Summary ===

# of expected passes		2764
# of expected failures		12
# of unsupported tests		172
/home/gccbuild/build/nightly/build-gcc-trunk/gcc/testsuite/obj-c++/../../g++  version 4.7.0 20110331 (experimental) [trunk revision 171793] (GCC) 

		=== objc tests ===


Running target unix/-m32

		=== objc Summary for unix/-m32 ===

# of expected passes		2914
# of expected failures		10
# of unsupported tests		74

Running target unix/-m64

		=== objc Summary for unix/-m64 ===

# of expected passes		2914
# of expected failures		10
# of unsupported tests		74

		=== objc Summary ===

# of expected passes		5828
# of expected failures		20
# of unsupported tests		148
/home/gccbuild/build/nightly/build-gcc-trunk/gcc/xgcc  version 4.7.0 20110331 (experimental) [trunk revision 171793] (GCC) 

		=== libgomp tests ===


Running target unix/-m32

		=== libgomp Summary for unix/-m32 ===

# of expected passes		2542

Running target unix/-m64
FAIL: libgomp.c/icv-2.c execution test
FAIL: libgomp.c/lock-3.c execution test
FAIL: libgomp.c/pr33880.c execution test
FAIL: libgomp.fortran/omp_parse1.f90  -O0  execution test
FAIL: libgomp.fortran/omp_parse1.f90  -O1  execution test
FAIL: libgomp.fortran/omp_parse1.f90  -O2  execution test
FAIL: libgomp.fortran/omp_parse1.f90  -O3 -fomit-frame-pointer  execution test
FAIL: libgomp.fortran/omp_parse1.f90  -O3 -fomit-frame-pointer -funroll-loops  execution test
FAIL: libgomp.fortran/omp_parse1.f90  -O3 -fomit-frame-pointer -funroll-all-loops -finline-functions  execution test
FAIL: libgomp.fortran/omp_parse1.f90  -O3 -g  execution test
FAIL: libgomp.fortran/omp_parse1.f90  -Os  execution test

		=== libgomp Summary for unix/-m64 ===

# of expected passes		2531
# of unexpected failures	11

		=== libgomp Summary ===

# of expected passes		5073
# of unexpected failures	11
		=== libmudflap tests ===


Running target unix/-m32
FAIL: libmudflap.c/fail40-frag.c output pattern test
FAIL: libmudflap.c/pass51-frag.c execution test
FAIL: libmudflap.c/pass51-frag.c execution test
FAIL: libmudflap.c/fail40-frag.c (-static) output pattern test
FAIL: libmudflap.c/pass51-frag.c (-static) execution test
FAIL: libmudflap.c/pass51-frag.c (-static) execution test
FAIL: libmudflap.c/fail40-frag.c (-O2) output pattern test
FAIL: libmudflap.c/pass51-frag.c (-O2) execution test
FAIL: libmudflap.c/pass51-frag.c (-O2) execution test
FAIL: libmudflap.c/fail40-frag.c (-O3) output pattern test
FAIL: libmudflap.c/pass51-frag.c (-O3) execution test
FAIL: libmudflap.c/pass51-frag.c (-O3) execution test
FAIL: libmudflap.c++/pass28-frag.cxx (-static) (test for excess errors)
WARNING: libmudflap.c++/pass28-frag.cxx (-static) compilation failed to produce executable
FAIL: libmudflap.c++/pass41-frag.cxx (-static) (test for excess errors)
WARNING: libmudflap.c++/pass41-frag.cxx (-static) compilation failed to produce executable
FAIL: libmudflap.c++/pass55-frag.cxx (-static) (test for excess errors)
WARNING: libmudflap.c++/pass55-frag.cxx (-static) compilation failed to produce executable
WARNING: libmudflap.c++/pass57-frag.cxx (-static) compilation failed to produce executable

		=== libmudflap Summary for unix/-m32 ===

# of expected passes		1875
# of unexpected failures	15

Running target unix/-m64
FAIL: libmudflap.c/fail40-frag.c output pattern test
FAIL: libmudflap.c/pass51-frag.c execution test
FAIL: libmudflap.c/pass51-frag.c execution test
FAIL: libmudflap.c/fail40-frag.c (-static) output pattern test
FAIL: libmudflap.c/pass51-frag.c (-static) execution test
FAIL: libmudflap.c/pass51-frag.c (-static) execution test
FAIL: libmudflap.c/fail40-frag.c (-O2) output pattern test
FAIL: libmudflap.c/pass51-frag.c (-O2) execution test
FAIL: libmudflap.c/pass51-frag.c (-O2) execution test
FAIL: libmudflap.c/fail40-frag.c (-O3) output pattern test
FAIL: libmudflap.c/pass51-frag.c (-O3) execution test
FAIL: libmudflap.c/pass51-frag.c (-O3) execution test

		=== libmudflap Summary for unix/-m64 ===

# of expected passes		1882
# of unexpected failures	12

		=== libmudflap Summary ===

# of expected passes		3757
# of unexpected failures	27
		=== libstdc++ tests ===


Running target unix/-m32
FAIL: libstdc++-abi/abi_check

		=== libstdc++ Summary for unix/-m32 ===

# of expected passes		8273
# of unexpected failures	1
# of expected failures		84
# of unsupported tests		110

Running target unix/-m64

		=== libstdc++ Summary for unix/-m64 ===

# of expected passes		8274
# of expected failures		84
# of unsupported tests		110

		=== libstdc++ Summary ===

# of expected passes		16547
# of unexpected failures	1
# of expected failures		168
# of unsupported tests		220

Compiler version: 4.7.0 20110331 (experimental) [trunk revision 171793] (GCC) 
Platform: powerpc64-unknown-linux-gnu
configure flags: --prefix=/opt/gcc-nightly/trunk-20110331 --build=powerpc64-linux --host=powerpc64-linux --target=powerpc64-linux --with-cpu=default32 --with-as=/opt/gcc-nightly/binutils-2.20/bin/as --with-ld=/opt/gcc-nightly/binutils-2.20/bin/ld --enable-threads=posix --enable-shared --enable-__cxa_atexit --enable-languages=c,c++,fortran,objc,obj-c++ --with-long-double-128 --enable-secureplt --enable-checking --disable-alsa --with-gmp=/opt/gcc-nightly/gcc-host-libs-32 --with-mpfr=/opt/gcc-nightly/gcc-host-libs-32 --with-mpc=/opt/gcc-nightly/gcc-host-libs-32 --with-libelf=/opt/gcc-nightly/gcc-host-libs-32 --with-host-libstdcxx=-Wl,-Bstatic,-L/opt/gcc-nightly/gcc-host-libs-32/lib,-lstdc++,-Bdynamic,-lm

		=== Test Framework Summary ===

# of expected passes		2531


Index Nav: [Date Index] [Subject Index] [Author Index] [Thread Index]
Message Nav: [Date Prev] [Date Next] [Thread Prev] [Thread Next]