This is the mail archive of the gcc-testresults@gcc.gnu.org mailing list for the GCC project.


Index Nav: [Date Index] [Subject Index] [Author Index] [Thread Index]
Message Nav: [Date Prev] [Date Next] [Thread Prev] [Thread Next]
Other format: [Raw text]

Results for 4.6.0 (GCC) testsuite on i386-pc-solaris2.11


LAST_UPDATED: Obtained from SVN: tags/gcc_4_6_0_release revision 171513

Native configuration is i386-pc-solaris2.11

=== g++ tests ===


Running target unix FAIL: g++.dg/torture/pr31863.C -O2 -flto (test for excess errors)

=== g++ Summary ===

# of expected passes		26415
# of unexpected failures	1
# of expected failures		162
# of unsupported tests		254
/var/tmp/gcc-4.6.0-obj/gcc/testsuite/g++/../../g++  version 4.6.0 (GCC)

=== gcc tests ===


Running target unix
FAIL: gcc.dg/lto/20110201-1 c_lto_20110201-1_0.o-c_lto_20110201-1_0.o link, -O0 -flto
UNRESOLVED: gcc.dg/lto/20110201-1 c_lto_20110201-1_0.o-c_lto_20110201-1_0.o execute -O0 -flto
FAIL: gcc.target/i386/avx-vmovntdq-256-1.c (test for excess errors)
UNRESOLVED: gcc.target/i386/avx-vmovntdq-256-1.c compilation failed to produce executable
FAIL: gcc.target/i386/avx-vmovntpd-256-1.c (test for excess errors)
UNRESOLVED: gcc.target/i386/avx-vmovntpd-256-1.c compilation failed to produce executable
FAIL: gcc.target/i386/avx-vmovntps-256-1.c (test for excess errors)
UNRESOLVED: gcc.target/i386/avx-vmovntps-256-1.c compilation failed to produce executable


=== gcc Summary ===

# of expected passes		75271
# of unexpected failures	4
# of expected failures		213
# of unresolved testcases	4
# of unsupported tests		852
/var/tmp/gcc-4.6.0-obj/gcc/xgcc  version 4.6.0 (GCC)

=== libgomp tests ===


Running target unix


=== libgomp Summary ===

# of expected passes		1025
# of unsupported tests		2
		=== libstdc++ tests ===


Running target unix


=== libstdc++ Summary ===

# of expected passes		7359
# of expected failures		81
# of unsupported tests		460

Compiler version: 4.6.0 (GCC)
Platform: i386-pc-solaris2.11
configure flags: --prefix=/usr/local/gcc-4.6.0 --with-as=/usr/bin/gas --with-gnu-as --with-ld=/usr/bin/ld --without-gnu-ld --enable-shared --enable-threads --enable-languages=c++ --with-gmp-include=/usr/include/gmp --with-mpfr-include=/usr/include/mpfr --with-mpc=/usr/local/gcc-4.5-reqs/



Index Nav: [Date Index] [Subject Index] [Author Index] [Thread Index]
Message Nav: [Date Prev] [Date Next] [Thread Prev] [Thread Next]