This is the mail archive of the
gcc-testresults@gcc.gnu.org
mailing list for the GCC project.
Results for 4.7.0 20110331 (experimental) [trunk revision 171770] (GCC) testsuite on i386-pc-solaris2.9
- From: Rainer Orth <ro at CeBiTec dot Uni-Bielefeld dot DE>
- To: gcc-testresults at gcc dot gnu dot org
- Date: Thu, 31 Mar 2011 18:20:36 +0200 (MEST)
- Subject: Results for 4.7.0 20110331 (experimental) [trunk revision 171770] (GCC) testsuite on i386-pc-solaris2.9
LAST_UPDATED: Thu Mar 31 08:52:43 UTC 2011 (revision 171770)
=== acats tests ===
FAIL: cc3601a
=== acats Summary ===
# of expected passes 2320
# of unexpected failures 1
Native configuration is i386-pc-solaris2.9
=== g++ tests ===
Running target unix
FAIL: g++.dg/lto/20091219 cp_lto_20091219_0.o-cp_lto_20091219_0.o link, -O3 -flto
UNRESOLVED: g++.dg/lto/20091219 cp_lto_20091219_0.o-cp_lto_20091219_0.o execute -O3 -flto
FAIL: g++.dg/torture/pr31863.C -O2 -flto (test for excess errors)
=== g++ Summary ===
# of expected passes 26544
# of unexpected failures 2
# of expected failures 165
# of unresolved testcases 1
# of unsupported tests 256
/var/gcc/regression/trunk/9-gcc/build/gcc/testsuite/g++/../../g++ version 4.7.0 20110331 (experimental) [trunk revision 171770] (GCC)
=== gcc tests ===
Running target unix
FAIL: gcc.dg/torture/pr47917.c -O0 (test for excess errors)
FAIL: gcc.dg/torture/pr47917.c -O1 (test for excess errors)
FAIL: gcc.dg/torture/pr47917.c -O2 (test for excess errors)
FAIL: gcc.dg/torture/pr47917.c -O3 -fomit-frame-pointer (test for excess errors)
FAIL: gcc.dg/torture/pr47917.c -O3 -g (test for excess errors)
FAIL: gcc.dg/torture/pr47917.c -Os (test for excess errors)
FAIL: gcc.dg/torture/pr47917.c -O2 -flto -flto-partition=none (test for excess errors)
FAIL: gcc.dg/torture/pr47917.c -O2 -flto (test for excess errors)
FAIL: gcc.dg/vect/pr38529.c scan-tree-dump-times vect "OUTER LOOP VECTORIZED" 1
=== gcc Summary ===
# of expected passes 74367
# of unexpected failures 9
# of expected failures 186
# of unsupported tests 1509
/var/gcc/regression/trunk/9-gcc/build/gcc/xgcc version 4.7.0 20110331 (experimental) [trunk revision 171770] (GCC)
=== gfortran tests ===
Running target unix
FAIL: gfortran.dg/cray_pointers_8.f90 -O2 execution test
FAIL: gfortran.dg/cray_pointers_8.f90 -O3 -fomit-frame-pointer execution test
FAIL: gfortran.dg/cray_pointers_8.f90 -O3 -fomit-frame-pointer -funroll-loops execution test
FAIL: gfortran.dg/cray_pointers_8.f90 -O3 -fomit-frame-pointer -funroll-all-loops -finline-functions execution test
FAIL: gfortran.dg/cray_pointers_8.f90 -O3 -g execution test
FAIL: gfortran.dg/cray_pointers_8.f90 -Os execution test
FAIL: gfortran.dg/graphite/vect-pr40979.f90 -O scan-tree-dump-times vect "vectorized 1 loops" 1
=== gfortran Summary ===
# of expected passes 38105
# of unexpected failures 7
# of expected failures 53
# of unsupported tests 366
/var/gcc/regression/trunk/9-gcc/build/gcc/testsuite/gfortran/../../gfortran version 4.7.0 20110331 (experimental) [trunk revision 171770] (GCC)
=== gnat tests ===
Running target unix
=== gnat Summary ===
# of expected passes 878
# of expected failures 11
# of unsupported tests 3
/var/gcc/regression/trunk/9-gcc/build/gcc/gnatmake version 4.7.0 20110331 (experimental) [trunk revision 171770]
=== go tests ===
Running target unix
=== go Summary ===
# of expected passes 2987
# of expected failures 23
/var/gcc/regression/trunk/9-gcc/build/gcc/testsuite/go/../../gccgo version 4.7.0 20110331 (experimental) [trunk revision 171770] (GCC)
=== objc tests ===
Running target unix
=== objc Summary ===
# of expected passes 2918
# of expected failures 6
# of unsupported tests 74
/var/gcc/regression/trunk/9-gcc/build/gcc/xgcc version 4.7.0 20110331 (experimental) [trunk revision 171770] (GCC)
=== boehm-gc tests ===
Running target unix
=== boehm-gc Summary ===
# of expected passes 12
# of unsupported tests 1
=== libffi tests ===
Running target unix
=== libffi Summary ===
# of expected passes 1634
# of expected failures 10
# of unsupported tests 15
=== libgomp tests ===
Running target unix
FAIL: libgomp.graphite/force-parallel-1.c execution test
=== libgomp Summary ===
# of expected passes 2583
# of unexpected failures 1
# of unsupported tests 2
=== libjava tests ===
Running target unix
FAIL: Divide_1 output - source compiled test
FAIL: Divide_1 -findirect-dispatch output - source compiled test
FAIL: Divide_1 -O3 output - source compiled test
FAIL: Divide_1 -O3 -findirect-dispatch output - source compiled test
FAIL: InvokeInterface execution - source compiled test
FAIL: InvokeInterface -O3 execution - source compiled test
=== libjava Summary ===
# of expected passes 2566
# of unexpected failures 6
# of untested testcases 2
=== libstdc++ tests ===
Running target unix
FAIL: 27_io/basic_stringbuf/seekoff/wchar_t/1.cc execution test
=== libstdc++ Summary ===
# of expected passes 6854
# of unexpected failures 1
# of expected failures 85
# of unsupported tests 744
Compiler version: 4.7.0 20110331 (experimental) [trunk revision 171770] (GCC)
Platform: i386-pc-solaris2.9
configure flags: --prefix=/vol/gcc --target=i386-pc-solaris2.9 --with-host-libstdcxx='-Wl,-Bstatic -lstdc++ -Wl,-Bdynamic -lm' --with-boot-ldflags='-static-libstdc++ -static-libgcc -L/vol/gcc-4.4/lib' --with-gmp=/vol/gcc --with-mpfr=/vol/gcc --with-mpc=/vol/gcc --enable-languages=all,ada,go --with-ppl=/vol/gcc --with-cloog=/vol/gcc --enable-cloog-backend=ppl
BOOT_CFLAGS=-g -O2