This is the mail archive of the gcc-testresults@gcc.gnu.org mailing list for the GCC project.


Index Nav: [Date Index] [Subject Index] [Author Index] [Thread Index]
Message Nav: [Date Prev] [Date Next] [Thread Prev] [Thread Next]
Other format: [Raw text]

Results for 4.7.0 20110330 (experimental) (GCC) testsuite on spu-unknown-elf


GCC Version:      4.7.0, SVN revision: 171715
                  svn co -r 171715 svn://gcc.gnu.org/svn/gcc/trunk
Newlib Version:   2011-03-30 04:01 UTC
                  cvs -z 9 -d :pserver:anoncvs@sources.redhat.com:/cvs/src co -D '2011-03-30 04:01 UTC' newlib
Binutils Version: 2011-03-30 04:01 UTC
                  cvs -z 9 -d :pserver:anoncvs@sourceware.org:/cvs/src co -D '2011-03-30 04:01 UTC' binutils
GDB Version:      2011-03-30 04:01 UTC
                  cvs -d :pserver:anoncvs@sourceware.org:/cvs/src co -D '2011-03-30 04:01 UTC' gdb


build host info: 
$ uname -s -r -m -p -i -o
Linux 2.6.18-238.1.1.el5 ppc64 ppc64 ppc64 GNU/Linux

$ gcc -v
Using built-in specs.
Target: ppc64-redhat-linux
Configured with: ../configure --prefix=/usr --mandir=/usr/share/man --infodir=/usr/share/info --enable-shared --enable-threads=posix --enable-checking=release --with-system-zlib --enable-__cxa_atexit --disable-libunwind-exceptions --enable-libgcj-multifile --enable-languages=c,c++,objc,obj-c++,java,fortran --enable-java-awt=gtk --disable-dssi --disable-plugin --with-java-home=/usr/lib/jvm/java-1.4.2-gcj-1.4.2.0/jre --enable-secureplt --with-long-double-128 --host=ppc64-redhat-linux --build=ppc64-redhat-linux --target=ppc64-redhat-linux --with-cpu=default32
Thread model: posix
gcc version 4.1.2 20080704 (Red Hat 4.1.2-50)

$ ld -v
GNU ld version 2.17.50.0.6-14.el5 20061020



############################################################
# GCC test suite results                                   #
############################################################
Target is spu-unknown-elf

		=== g++ tests ===


Running target cell-native
FAIL: g++.dg/opt/longbranch1.C (test for excess errors)
FAIL: g++.dg/torture/pr39002.C  -O2 -flto -flto-partition=none  (test for excess errors)
WARNING: g++.dg/torture/pr39002.C  -O2 -flto -flto-partition=none  compilation failed to produce executable
FAIL: g++.dg/torture/pr39002.C  -O2 -flto  (test for excess errors)
WARNING: g++.dg/torture/pr39002.C  -O2 -flto  compilation failed to produce executable
FAIL: g++.old-deja/g++.jason/thunk3.C (test for excess errors)
WARNING: g++.old-deja/g++.jason/thunk3.C compilation failed to produce executable

		=== g++ Summary ===

# of expected passes		26224
# of unexpected failures	4
# of expected failures		163
# of unsupported tests		497
/home/kwerner/dailybuild/spu-tc-2011-03-30/gcc-build/gcc/testsuite/g++/../../g++  version 4.7.0 20110330 (experimental) (GCC) 

		=== gcc tests ===


Running target cell-native
FAIL: gcc.c-torture/execute/980709-1.c compilation,  -O2 -flto -flto-partition=none 
UNRESOLVED: gcc.c-torture/execute/980709-1.c execution,  -O2 -flto -flto-partition=none 
FAIL: gcc.c-torture/execute/980709-1.c compilation,  -O2 -flto 
UNRESOLVED: gcc.c-torture/execute/980709-1.c execution,  -O2 -flto 
FAIL: gcc.c-torture/execute/ieee/20041213-1.c compilation,  -O2 -flto -flto-partition=none 
UNRESOLVED: gcc.c-torture/execute/ieee/20041213-1.c execution,  -O2 -flto -flto-partition=none 
FAIL: gcc.c-torture/execute/ieee/20041213-1.c compilation,  -O2 -flto 
UNRESOLVED: gcc.c-torture/execute/ieee/20041213-1.c execution,  -O2 -flto 
FAIL: tmpdir-gcc.dg-struct-layout-1/t028 c_compat_x_tst.o-c_compat_y_tst.o link
UNRESOLVED: tmpdir-gcc.dg-struct-layout-1/t028 c_compat_x_tst.o-c_compat_y_tst.o execute 
WARNING: program timed out.
FAIL: gcc.dg/pr48141.c (test for excess errors)
FAIL: gcc.dg/sms-2.c scan-rtl-dump-times sms "SMS succeeded" 1
FAIL: gcc.dg/sms-3.c scan-rtl-dump-times sms "SMS succeeded" 1
FAIL: gcc.dg/sms-5.c scan-rtl-dump-times sms "SMS succeeded" 1
FAIL: gcc.dg/sms-6.c scan-rtl-dump-times sms "SMS succeeded" 1
FAIL: gcc.dg/sms-7.c scan-rtl-dump-times sms "SMS succeeded" 1
FAIL: gcc.dg/lto/20110201-1 c_lto_20110201-1_0.o-c_lto_20110201-1_0.o link,  -O0 -flto 
UNRESOLVED: gcc.dg/lto/20110201-1 c_lto_20110201-1_0.o-c_lto_20110201-1_0.o execute  -O0 -flto 
FAIL: gcc.dg/vect/pr38529.c scan-tree-dump-times vect "OUTER LOOP VECTORIZED" 1
FAIL: gcc.dg/vect/vect-70.c execution test

		=== gcc Summary ===

# of expected passes		69948
# of unexpected failures	14
# of expected failures		172
# of unresolved testcases	6
# of unsupported tests		1119
/home/kwerner/dailybuild/spu-tc-2011-03-30/gcc-build/gcc/xgcc  version 4.7.0 20110330 (experimental) (GCC) 

		=== gfortran tests ===


Running target cell-native
FAIL: gfortran.dg/complex_intrinsic_5.f90  -O0  execution test
FAIL: gfortran.dg/complex_intrinsic_5.f90  -O1  execution test
FAIL: gfortran.dg/complex_intrinsic_5.f90  -O2  execution test
FAIL: gfortran.dg/complex_intrinsic_5.f90  -O3 -fomit-frame-pointer  execution test
FAIL: gfortran.dg/complex_intrinsic_5.f90  -O3 -fomit-frame-pointer -funroll-loops  execution test
FAIL: gfortran.dg/complex_intrinsic_5.f90  -O3 -fomit-frame-pointer -funroll-all-loops -finline-functions  execution test
FAIL: gfortran.dg/complex_intrinsic_5.f90  -O3 -g  execution test
FAIL: gfortran.dg/complex_intrinsic_5.f90  -Os  execution test
FAIL: gfortran.dg/scratch_1.f90  -O0  execution test
FAIL: gfortran.dg/scratch_1.f90  -O1  execution test
FAIL: gfortran.dg/scratch_1.f90  -O2  execution test
FAIL: gfortran.dg/scratch_1.f90  -O3 -fomit-frame-pointer  execution test
FAIL: gfortran.dg/scratch_1.f90  -O3 -fomit-frame-pointer -funroll-loops  execution test
FAIL: gfortran.dg/scratch_1.f90  -O3 -fomit-frame-pointer -funroll-all-loops -finline-functions  execution test
FAIL: gfortran.dg/scratch_1.f90  -O3 -g  execution test
FAIL: gfortran.dg/scratch_1.f90  -Os  execution test

		=== gfortran Summary ===

# of expected passes		37121
# of unexpected failures	16
# of expected failures		102
# of unsupported tests		498
/home/kwerner/dailybuild/spu-tc-2011-03-30/gcc-build/gcc/testsuite/gfortran/../../gfortran  version 4.7.0 20110330 (experimental) (GCC) 


Compiler version: 4.7.0 20110330 (experimental) (GCC) 
Platform: spu-unknown-elf
configure flags: --target=spu --disable-nls --enable-languages=c,c++,fortran --with-newlib --with-headers --enable-version-specific-runtime-libs --prefix=/home/kwerner/dailybuild/spu-tc-2011-03-30/spu-toolchain

############################################################
# Binutils test suite results                              #
############################################################
Target is spu-unknown-elf
Host   is powerpc64-unknown-linux-gnu

		=== binutils tests ===


Running target unix
WARNING: Assuming target board is the local machine (which is probably wrong).

		=== binutils Summary ===

# of expected passes		76
# of unsupported tests		5
Host   is powerpc64-unknown-linux-gnu

		=== gas tests ===


Running target unix
WARNING: Assuming target board is the local machine (which is probably wrong).

		=== gas Summary ===

# of expected passes		121
Host   is powerpc64-unknown-linux-gnu

		=== ld tests ===


Running target unix
WARNING: Assuming target board is the local machine (which is probably wrong).

		=== ld Summary ===

# of expected passes		196
# of expected failures		9
# of untested testcases		1
# of unsupported tests		3

Platform: spu-unknown-elf
configure flags: --target=spu --prefix=/home/kwerner/dailybuild/spu-tc-2011-03-30/spu-toolchain

############################################################
# GDB test suite results                                   #
############################################################
Native configuration is powerpc64-unknown-linux-gnu

		=== gdb tests ===


Running target cell-native
FAIL: gdb.base/frame-args.exp: frame 1 with print frame-arguments set to scalars
FAIL: gdb.base/interrupt.exp: call function when asleep (wrong output)
FAIL: gdb.base/interrupt.exp: Send Control-C, second time
FAIL: gdb.base/interrupt.exp: signal SIGINT (the program is no longer running)
FAIL: gdb.base/interrupt.exp: send end of file
FAIL: one_jit_test-1 info function jit_function
FAIL: one_jit_test-2 info function jit_function
FAIL: gdb.base/longjmp.exp: next over longjmp(1)
FAIL: gdb.base/longjmp.exp: next over call_longjmp (2)
FAIL: gdb.base/longjmp.exp: next over patt3
FAIL: gdb.base/macscp.exp: info macro FROM_COMMANDLINE
FAIL: gdb.base/prelink.exp: seen displacement message
FAIL: gdb.base/siginfo-infcall.exp: continue to the handler
FAIL: gdb.base/watch-read.exp: read watchpoint triggers when value doesn't change, trapping reads and writes
FAIL: gdb.base/watch-read.exp: only read watchpoint triggers when value doesn't change
FAIL: gdb.base/watch-vfork.exp: Watchpoint triggers after vfork (sw) (timeout)
FAIL: gdb.cp/abstract-origin.exp: p problem
FAIL: gdb.cp/anon-struct.exp: print type of t::t
FAIL: gdb.cp/anon-struct.exp: print type of X::t2::t2
FAIL: gdb.cp/anon-struct.exp: print type of t3::~t3
FAIL: gdb.cp/cpexprs.exp: list base::overload(void)
FAIL: gdb.cp/cpexprs.exp: setting breakpoint at base::overload(void)
FAIL: gdb.cp/cpexprs.exp: continue to base::overload(void)
FAIL: gdb.cp/namespace.exp: whatis C::cOtherFileType
FAIL: gdb.cp/namespace.exp: whatis ::C::cOtherFileType
FAIL: gdb.cp/namespace.exp: whatis C::cOtherFileVar
FAIL: gdb.cp/namespace.exp: whatis ::C::cOtherFileVar
FAIL: gdb.cp/namespace.exp: print C::cOtherFileVar
FAIL: gdb.cp/namespace.exp: print ::C::cOtherFileVar
FAIL: gdb.cp/temargs.exp: continue to breakpoint: continue to fourth breakpoint for temargs
FAIL: gdb.cp/templates.exp: ptype empty
FAIL: gdb.cp/templates.exp: ptype arg
FAIL: gdb.dwarf2/dw2-ranges.exp: info line main
FAIL: gdb.dwarf2/dw2-ranges.exp: info line main2
FAIL: gdb.mi/mi-var-cmd.exp: in-and-out-of-scope: in scope now
FAIL: gdb.modula2/unbounded-array.exp: print unbounded array contents
FAIL: gdb.objc/objcdecode.exp: continue after break on multiply defined symbol (GDB internal error)
FAIL: gdb.opencl/datatypes.exp: p sizeof(b)
FAIL: gdb.opencl/datatypes.exp: whatis ph
FAIL: gdb.opencl/datatypes.exp: whatis *ph
FAIL: gdb.opt/inline-bt.exp: continue to bar (1)
FAIL: gdb.opt/inline-bt.exp: continue to bar (2)
FAIL: gdb.opt/inline-bt.exp: continue to bar (3)
FAIL: gdb.opt/inline-cmds.exp: continue to bar (1)
FAIL: gdb.opt/inline-cmds.exp: continue to bar (2)
FAIL: gdb.opt/inline-cmds.exp: continue to marker
FAIL: gdb.opt/inline-cmds.exp: step into finish marker
FAIL: gdb.opt/inline-cmds.exp: enter inlined_fn from noinline
FAIL: gdb.opt/inline-cmds.exp: backtrace at inlined_fn from noinline
FAIL: gdb.opt/inline-cmds.exp: inlined_fn from noinline inlined
FAIL: gdb.opt/inline-cmds.exp: up to noinline
FAIL: gdb.opt/inline-cmds.exp: noinline from outer_inline1 not inlined
FAIL: gdb.opt/inline-cmds.exp: up to outer_inline1
FAIL: gdb.opt/inline-cmds.exp: outer_inline1 inlined
FAIL: gdb.opt/inline-cmds.exp: up to outer_inline2
FAIL: gdb.opt/inline-cmds.exp: outer_inline2 inlined
FAIL: gdb.opt/inline-cmds.exp: up from outer_inline2
FAIL: gdb.opt/inline-cmds.exp: main not inlined
FAIL: gdb.opt/inline-locals.exp: continue to bar (1)
FAIL: gdb.opt/inline-locals.exp: continue to bar (2)
FAIL: gdb.opt/inline-locals.exp: continue to bar (3)
FAIL: gdb.python/py-evthreads.exp: thread 2
FAIL: gdb.trace/tfile.exp: print constglob on trace file

		=== gdb Summary ===

# of expected passes		24404
# of unexpected failures	63
# of expected failures		68
# of known failures		77
# of untested testcases		17
# of unsupported tests		68
/home/kwerner/dailybuild/spu-tc-2011-03-30/gdb-build/gdb/testsuite/../../gdb/gdb version  7.2.50.20110330-cvs -nw -nx -data-directory /home/kwerner/dailybuild/spu-tc-2011-03-30/gdb-build/gdb/testsuite/../data-directory 


Platform: powerpc64-unknown-linux-gnu
configure flags: --enable-targets=spu --with-expat --disable-nls --disable-install-libbfd --prefix=/home/kwerner/dailybuild/spu-tc-2011-03-30/spu-toolchain


Index Nav: [Date Index] [Subject Index] [Author Index] [Thread Index]
Message Nav: [Date Prev] [Date Next] [Thread Prev] [Thread Next]