This is the mail archive of the
gcc-testresults@gcc.gnu.org
mailing list for the GCC project.
Results for 4.6.0 (Blastwave.org Inc. Mon Mar 28 13:18:17 GMT 2011) testsuite on i386-pc-solaris2.8
- From: Dennis Clarke <dclarke at blastwave dot org>
- To: gcc-testresults at gcc dot gnu dot org
- Date: Wed, 30 Mar 2011 11:31:29 -0400 (EDT)
- Subject: Results for 4.6.0 (Blastwave.org Inc. Mon Mar 28 13:18:17 GMT 2011) testsuite on i386-pc-solaris2.8
- Reply-to: dclarke at blastwave dot org
[titan] $ uname -a
SunOS titan 5.8 Generic_127722-03 i86pc i386 i86pc
[titan] $ which gcc
/opt/bw/bin/gcc
[titan] $ gcc --version
gcc (Blastwave.org Inc. Mon Aug 9 07:10:45 GMT 2010) 4.5.1
Copyright (C) 2010 Free Software Foundation, Inc.
This is free software; see the source for copying conditions. There is NO
warranty; not even for MERCHANTABILITY or FITNESS FOR A PARTICULAR PURPOSE.
[titan] $ which as
/usr/ccs/bin/as
[titan] $ cat /etc/release
Solaris 8 2/02 s28x_u7wos_08a INTEL
Copyright 2002 Sun Microsystems, Inc. All Rights Reserved.
Assembled 18 December 2001
[titan] $ date
Wed Mar 30 15:28:58 GMT 2011
[titan] $ ../gcc-4.6.0/contrib/test_summary
cat <<'EOF' |
LAST_UPDATED: Obtained from SVN: tags/gcc_4_6_0_release revision 171513
=== acats tests ===
=== acats Summary ===
# of expected passes 2321
# of unexpected failures 0
Native configuration is i386-pc-solaris2.8
=== g++ tests ===
Running target unix
FAIL: g++.dg/lto/20091219 cp_lto_20091219_0.o-cp_lto_20091219_0.o link,
-O3 -flto
UNRESOLVED: g++.dg/lto/20091219 cp_lto_20091219_0.o-cp_lto_20091219_0.o
execute -O3 -flto
FAIL: g++.dg/torture/pr31863.C -O2 -flto (test for excess errors)
=== g++ Summary ===
# of expected passes 26377
# of unexpected failures 2
# of expected failures 163
# of unresolved testcases 1
# of unsupported tests 273
/opt/bw/src/GCC/gcc-4.6.0_SunOS5.8_i386.001/gcc/testsuite/g++/../../g++
version 4.6.0 (Blastwave.org Inc. Mon Mar 28 13:18:17 GMT 2011)
=== gcc tests ===
Running target unix
FAIL: gcc.c-torture/compile/limits-exprparen.c -O0 (internal compiler
error)
FAIL: gcc.c-torture/compile/limits-exprparen.c -O0 (test for excess errors)
FAIL: gcc.c-torture/compile/limits-exprparen.c -O1 (internal compiler
error)
FAIL: gcc.c-torture/compile/limits-exprparen.c -O1 (test for excess errors)
FAIL: gcc.c-torture/compile/limits-exprparen.c -O2 (internal compiler
error)
FAIL: gcc.c-torture/compile/limits-exprparen.c -O2 (test for excess errors)
FAIL: gcc.c-torture/compile/limits-exprparen.c -O3 -fomit-frame-pointer
(internal compiler error)
FAIL: gcc.c-torture/compile/limits-exprparen.c -O3 -fomit-frame-pointer
(test for excess errors)
FAIL: gcc.c-torture/compile/limits-exprparen.c -O3 -g (internal compiler
error)
FAIL: gcc.c-torture/compile/limits-exprparen.c -O3 -g (test for excess
errors)
FAIL: gcc.c-torture/compile/limits-exprparen.c -Os (internal compiler
error)
FAIL: gcc.c-torture/compile/limits-exprparen.c -Os (test for excess errors)
FAIL: gcc.c-torture/compile/limits-exprparen.c -O2 -flto
-flto-partition=none (internal compiler error)
FAIL: gcc.c-torture/compile/limits-exprparen.c -O2 -flto
-flto-partition=none (test for excess errors)
FAIL: gcc.c-torture/compile/limits-exprparen.c -O2 -flto (internal
compiler error)
FAIL: gcc.c-torture/compile/limits-exprparen.c -O2 -flto (test for
excess errors)
WARNING: program timed out.
FAIL: gcc.c-torture/compile/pr37669-2.c -Os (test for excess errors)
FAIL: gcc.dg/lto/20110201-1 c_lto_20110201-1_0.o-c_lto_20110201-1_0.o
link, -O0 -flto
UNRESOLVED: gcc.dg/lto/20110201-1
c_lto_20110201-1_0.o-c_lto_20110201-1_0.o execute -O0 -flto
=== gcc Summary ===
# of expected passes 72652
# of unexpected failures 18
# of expected failures 212
# of unresolved testcases 1
# of unsupported tests 1874
/opt/bw/src/GCC/gcc-4.6.0_SunOS5.8_i386.001/gcc/xgcc version 4.6.0
(Blastwave.org Inc. Mon Mar 28 13:18:17 GMT 2011)
=== gfortran tests ===
Running target unix
=== gfortran Summary ===
# of expected passes 37395
# of expected failures 41
# of unsupported tests 375
/opt/bw/src/GCC/gcc-4.6.0_SunOS5.8_i386.001/gcc/testsuite/gfortran/../../gfortran
version 4.6.0 (Blastwave.org Inc. Mon Mar 28 13:18:17 GMT 2011)
=== gnat tests ===
Running target unix
=== gnat Summary ===
# of expected passes 864
# of expected failures 10
# of unsupported tests 4
/opt/bw/src/GCC/gcc-4.6.0_SunOS5.8_i386.001/gcc/gnatmake version 4.6.0
=== objc tests ===
Running target unix
=== objc Summary ===
# of expected passes 2918
# of expected failures 6
# of unsupported tests 74
/opt/bw/src/GCC/gcc-4.6.0_SunOS5.8_i386.001/gcc/xgcc version 4.6.0
(Blastwave.org Inc. Mon Mar 28 13:18:17 GMT 2011)
=== libgomp tests ===
Running target unix
=== libgomp Summary ===
# of expected passes 2538
# of unsupported tests 2
=== libstdc++ tests ===
Running target unix
=== libstdc++ Summary ===
# of expected passes 6841
# of expected failures 83
# of unsupported tests 740
Compiler version: 4.6.0 (Blastwave.org Inc. Mon Mar 28 13:18:17 GMT 2011)
Platform: i386-pc-solaris2.8
configure flags: --host=i386-pc-solaris2.8 --build=i386-pc-solaris2.8
--with-as=/usr/ccs/bin/as --without-gnu-ld --with-ld=/usr/ccs/bin/ld
--with-cpu=i386 --enable-stage1-languages=c --enable-nls
--enable-threads=posix --prefix=/opt/bw --enable-shared
--libdir=/opt/bw/lib/i386 --enable-multilib
--with-mpc-include=/opt/bw/include --with-mpc-lib=/opt/bw/lib/i386
--with-mpfr-include=/opt/bw/include --with-mpfr-lib=/opt/bw/lib/i386
--with-gmp-include=/opt/bw/include --with-gmp-lib=/opt/bw/lib/i386
--with-pkgversion='Blastwave.org Inc. Mon Mar 28 13:18:17 GMT 2011'
--with-bugurl=http://www.blastwave.org/support
--enable-languages=c,c++,objc,fortran,ada --enable-bootstrap
EOF
--
Dennis Clarke
dclarke@opensolaris.ca <- Email related to the open source Solaris
dclarke@blastwave.org <- Email related to open source for Solaris